[INFO] cloning repository https://github.com/butaraul/Rust-KVdb
[INFO] running `Command { std: "git" "-c" "credential.helper=" "-c" "credential.helper=/workspace/cargo-home/bin/git-credential-null" "clone" "--bare" "https://github.com/butaraul/Rust-KVdb" "/workspace/cache/git-repos/https%3A%2F%2Fgithub.com%2Fbutaraul%2FRust-KVdb", kill_on_drop: false }`
[INFO] [stderr] Cloning into bare repository '/workspace/cache/git-repos/https%3A%2F%2Fgithub.com%2Fbutaraul%2FRust-KVdb'...
[INFO] running `Command { std: "git" "rev-parse" "HEAD", kill_on_drop: false }`
[INFO] [stdout] d82477d405c3aff5475fc036d04a76ccb30965db
[INFO] checking butaraul/Rust-KVdb against 3154cc1a3e6424e44f438a95007d043ed5ceaaf6+rustflags=-Znext-solver=coherence for pr-133502-30
[INFO] running `Command { std: "git" "clone" "/workspace/cache/git-repos/https%3A%2F%2Fgithub.com%2Fbutaraul%2FRust-KVdb" "/workspace/builds/worker-7-tc1/source", kill_on_drop: false }`
[INFO] [stderr] Cloning into '/workspace/builds/worker-7-tc1/source'...
[INFO] [stderr] done.
[INFO] started tweaking git repo https://github.com/butaraul/Rust-KVdb
[INFO] finished tweaking git repo https://github.com/butaraul/Rust-KVdb
[INFO] tweaked toml for git repo https://github.com/butaraul/Rust-KVdb written to /workspace/builds/worker-7-tc1/source/Cargo.toml
[INFO] validating manifest of git repo https://github.com/butaraul/Rust-KVdb on toolchain 3154cc1a3e6424e44f438a95007d043ed5ceaaf6
[INFO] running `Command { std: CARGO_HOME="/workspace/cargo-home" RUSTUP_HOME="/workspace/rustup-home" "/workspace/cargo-home/bin/cargo" "+3154cc1a3e6424e44f438a95007d043ed5ceaaf6" "metadata" "--manifest-path" "Cargo.toml" "--no-deps", kill_on_drop: false }`
[INFO] crate git repo https://github.com/butaraul/Rust-KVdb already has a lockfile, it will not be regenerated
[INFO] running `Command { std: CARGO_HOME="/workspace/cargo-home" RUSTUP_HOME="/workspace/rustup-home" "/workspace/cargo-home/bin/cargo" "+3154cc1a3e6424e44f438a95007d043ed5ceaaf6" "fetch" "--manifest-path" "Cargo.toml", kill_on_drop: false }`
[INFO] [stderr] warning: unused field `rust-version` in `workspace.package`
[INFO] [stderr]   --> Cargo.toml:18:1
[INFO] [stderr]    |
[INFO] [stderr] 18 | rust-version = "1.75"
[INFO] [stderr]    | ^^^^^^^^^^^^
[INFO] [stderr]    |
[INFO] [stderr]    = note: `cargo::unused_workspace_package_fields` is set to `warn` by default
[INFO] [stderr] help: consider removing the field `workspace.package.rust-version`
[INFO] [stderr] warning: workspace (manifest) generated 1 warning
[INFO] [stderr]  Downloading crates ...
[INFO] [stderr]   Downloaded tokio-tungstenite v0.24.0
[INFO] [stderr]   Downloaded tungstenite v0.24.0
[INFO] running `Command { std: "docker" "create" "-v" "/var/lib/crater-agent-workspace/builds/worker-7-tc1/source:/opt/rustwide/workdir:ro,Z" "-v" "/var/lib/crater-agent-workspace/builds/worker-7-tc1/target:/opt/rustwide/target:rw,Z" "-v" "/var/lib/crater-agent-workspace/cargo-home:/opt/rustwide/cargo-home:ro,Z" "-v" "/var/lib/crater-agent-workspace/rustup-home:/opt/rustwide/rustup-home:ro,Z" "-m" "1610612736" "--network" "none" "ghcr.io/rust-lang/crates-build-env/linux@sha256:77db811e55d90add9212f6832c23229e3de5f1c1f9905e8cb07319ea15df73ac" "sleep" "infinity", kill_on_drop: false }`
[INFO] [stdout] ed7236f339cae5a4b915d9135c18c7407d842f7332fe13245c86462121f9e460
[INFO] running `Command { std: "docker" "start" "ed7236f339cae5a4b915d9135c18c7407d842f7332fe13245c86462121f9e460", kill_on_drop: false }`
[INFO] running `Command { std: "docker" "inspect" "ed7236f339cae5a4b915d9135c18c7407d842f7332fe13245c86462121f9e460", kill_on_drop: false }`
[INFO] running `Command { std: "docker" "exec" "-e" "SOURCE_DIR=/opt/rustwide/workdir" "-e" "CARGO_HOME=/opt/rustwide/cargo-home" "-e" "RUSTUP_HOME=/opt/rustwide/rustup-home" "-e" "CARGO_TARGET_DIR=/opt/rustwide/target" "-w" "/opt/rustwide/workdir" "--user" "0:0" "ed7236f339cae5a4b915d9135c18c7407d842f7332fe13245c86462121f9e460" "/opt/rustwide/cargo-home/bin/cargo" "+3154cc1a3e6424e44f438a95007d043ed5ceaaf6" "metadata" "--no-deps" "--format-version=1", kill_on_drop: false }`
[INFO] running `Command { std: "docker" "inspect" "ed7236f339cae5a4b915d9135c18c7407d842f7332fe13245c86462121f9e460", kill_on_drop: false }`
[INFO] running `Command { std: "docker" "exec" "-e" "SOURCE_DIR=/opt/rustwide/workdir" "-e" "CARGO_HOME=/opt/rustwide/cargo-home" "-e" "RUSTUP_HOME=/opt/rustwide/rustup-home" "-e" "CARGO_TARGET_DIR=/opt/rustwide/target" "-e" "CARGO_INCREMENTAL=0" "-e" "RUST_BACKTRACE=full" "-e" "RUSTFLAGS=--cap-lints=forbid -Znext-solver=coherence" "-e" "RUSTDOCFLAGS=--cap-lints=forbid" "-w" "/opt/rustwide/workdir" "--user" "0:0" "ed7236f339cae5a4b915d9135c18c7407d842f7332fe13245c86462121f9e460" "/opt/rustwide/cargo-home/bin/cargo" "+3154cc1a3e6424e44f438a95007d043ed5ceaaf6" "check" "--frozen" "--all" "--all-targets" "--message-format=json", kill_on_drop: false }`
[INFO] [stderr] warning: unused field `rust-version` in `workspace.package`
[INFO] [stderr]   --> Cargo.toml:18:1
[INFO] [stderr]    |
[INFO] [stderr] 18 | rust-version = "1.75"
[INFO] [stderr]    | ^^^^^^^^^^^^
[INFO] [stderr]    |
[INFO] [stderr]    = note: `cargo::unused_workspace_package_fields` is set to `warn` by default
[INFO] [stderr] help: consider removing the field `workspace.package.rust-version`
[INFO] [stderr] warning: workspace (manifest) generated 1 warning
[INFO] [stderr]    Compiling zerocopy v0.8.56
[INFO] [stderr]     Checking http v1.5.0
[INFO] [stderr]    Compiling syn v2.0.119
[INFO] [stderr]    Compiling syn v3.0.4
[INFO] [stderr]     Checking getrandom v0.2.17
[INFO] [stderr]    Compiling typenum v1.20.1
[INFO] [stderr]    Compiling serde_json v1.0.151
[INFO] [stderr]     Checking socket2 v0.6.5
[INFO] [stderr]     Checking mio v1.2.2
[INFO] [stderr]     Checking rand_core v0.6.4
[INFO] [stderr]     Checking futures-sink v0.3.34
[INFO] [stderr]    Compiling const-oid v0.10.2
[INFO] [stderr]     Checking regex-syntax v0.8.11
[INFO] [stderr]     Checking futures-task v0.3.34
[INFO] [stderr]    Compiling mime_guess v2.0.5
[INFO] [stderr]     Checking futures-util v0.3.34
[INFO] [stderr]     Checking http-body v1.1.0
[INFO] [stderr]     Checking digest v0.10.7
[INFO] [stderr]     Checking smallvec v1.15.2
[INFO] [stderr]    Compiling same-file v1.0.6
[INFO] [stderr]    Compiling cpufeatures v0.3.0
[INFO] [stderr]    Compiling hybrid-array v0.4.14
[INFO] [stderr]    Compiling walkdir v2.5.0
[INFO] [stderr]     Checking sha1 v0.10.7
[INFO] [stderr]     Checking digest v0.11.3
[INFO] [stderr]     Checking http-body-util v0.1.5
[INFO] [stderr]     Checking futures-channel v0.3.34
[INFO] [stderr]     Checking sync_wrapper v1.0.2
[INFO] [stderr]    Compiling mime v0.3.17
[INFO] [stderr]     Checking storage v0.1.0 (/opt/rustwide/workdir/crates/storage)
[INFO] [stderr]     Checking regex-automata v0.4.18
[INFO] [stderr]     Checking httpdate v1.0.3
[INFO] [stderr]     Checking data-encoding v2.11.1
[INFO] [stderr]     Checking clap_builder v4.6.6
[INFO] [stderr]    Compiling block-buffer v0.12.1
[INFO] [stderr]    Compiling crypto-common v0.2.2
[INFO] [stderr]     Checking sha2 v0.11.0
[INFO] [stderr]     Checking protocol v0.1.0 (/opt/rustwide/workdir/crates/protocol)
[INFO] [stderr]    Compiling crossbeam-utils v0.8.22
[INFO] [stderr]     Checking serde_path_to_error v0.1.20
[INFO] [stderr]     Checking rust-embed-utils v8.12.0
[INFO] [stderr]     Checking matchit v0.7.3
[INFO] [stderr]    Compiling crossbeam-epoch v0.9.20
[INFO] [stderr]    Compiling getrandom v0.4.3
[INFO] [stderr]    Compiling crossbeam-deque v0.8.7
[INFO] [stderr]    Compiling num-traits v0.2.19
[INFO] [stderr]    Compiling anyhow v1.0.104
[INFO] [stderr]     Checking tracing-log v0.2.0
[INFO] [stderr]     Checking thread_local v1.1.10
[INFO] [stderr]     Checking either v1.18.0
[INFO] [stderr]     Checking rustix v1.1.4
[INFO] [stderr]     Checking ciborium-io v0.2.2
[INFO] [stderr]     Checking plotters-backend v0.3.7
[INFO] [stderr]     Checking rayon-core v1.13.0
[INFO] [stderr]     Checking plotters-svg v0.3.7
[INFO] [stderr]     Checking matchers v0.2.0
[INFO] [stderr]     Checking itertools v0.10.5
[INFO] [stderr]     Checking cast v0.3.0
[INFO] [stderr]     Checking regex v1.13.1
[INFO] [stderr]     Checking is-terminal v0.4.17
[INFO] [stderr]     Checking anes v0.1.6
[INFO] [stderr]     Checking oorandom v11.1.5
[INFO] [stderr]     Checking rayon v1.12.0
[INFO] [stderr]     Checking plotters v0.3.7
[INFO] [stderr]    Compiling serde_derive v1.0.229
[INFO] [stderr]    Compiling tokio-macros v2.7.2
[INFO] [stderr]    Compiling async-trait v0.1.92
[INFO] [stderr]    Compiling clap_derive v4.6.4
[INFO] [stderr]     Checking tempfile v3.27.0
[INFO] [stderr]     Checking criterion-plot v0.5.0
[INFO] [stderr]     Checking tokio v1.53.1
[INFO] [stderr]    Compiling zerocopy-derive v0.8.56
[INFO] [stderr]    Compiling tracing-attributes v0.1.31
[INFO] [stderr]    Compiling thiserror-impl v1.0.69
[INFO] [stderr]    Compiling rust-embed-impl v8.12.0
[INFO] [stderr]     Checking rust-embed v8.12.0
[INFO] [stderr]     Checking thiserror v1.0.69
[INFO] [stderr]     Checking clap v4.6.6
[INFO] [stderr]     Checking tracing v0.1.44
[INFO] [stderr]     Checking axum-core v0.4.5
[INFO] [stderr]     Checking tower-http v0.5.2
[INFO] [stderr]     Checking persistence v0.1.0 (/opt/rustwide/workdir/crates/persistence)
[INFO] [stderr]     Checking tracing-subscriber v0.3.23
[INFO] [stderr]     Checking serde v1.0.229
[INFO] [stderr]     Checking serde_urlencoded v0.7.1
[INFO] [stderr]     Checking tinytemplate v1.2.1
[INFO] [stderr]     Checking hyper v1.11.0
[INFO] [stderr]     Checking tower v0.5.3
[INFO] [stderr]     Checking hyper-util v0.1.20
[INFO] [stderr]     Checking ppv-lite86 v0.2.21
[INFO] [stderr]     Checking half v2.7.1
[INFO] [stderr]     Checking ciborium-ll v0.2.2
[INFO] [stderr]     Checking ciborium v0.2.2
[INFO] [stderr]     Checking rand_chacha v0.3.1
[INFO] [stderr]     Checking rand v0.8.8
[INFO] [stderr]     Checking criterion v0.5.1
[INFO] [stderr]     Checking tungstenite v0.24.0
[INFO] [stderr]     Checking tokio-tungstenite v0.24.0
[INFO] [stderr]     Checking axum v0.7.9
[INFO] [stderr]     Checking web v0.1.0 (/opt/rustwide/workdir/crates/web)
[INFO] [stdout] error: #[derive(RustEmbed)] folder '/opt/rustwide/workdir/crates/web/../../dashboard/dist' does not exist. cwd: '/opt/rustwide/workdir'
[INFO] [stdout]   --> crates/web/src/http.rs:22:1
[INFO] [stdout]    |
[INFO] [stdout] 22 | / #[folder = "../../dashboard/dist"]
[INFO] [stdout] 23 | | struct Dashboard;
[INFO] [stdout]    | |_________________^
[INFO] [stdout] 
[INFO] [stdout] 
[INFO] [stdout] error: #[derive(RustEmbed)] folder '/opt/rustwide/workdir/crates/web/../../dashboard/dist' does not exist. cwd: '/opt/rustwide/workdir'
[INFO] [stdout]   --> crates/web/src/http.rs:22:1
[INFO] [stdout]    |
[INFO] [stdout] 22 | / #[folder = "../../dashboard/dist"]
[INFO] [stdout] 23 | | struct Dashboard;
[INFO] [stdout]    | |_________________^
[INFO] [stdout] 
[INFO] [stdout] 
[INFO] [stdout] error[E0599]: no associated function or constant named `get` found for struct `Dashboard` in the current scope
[INFO] [stdout]    --> crates/web/src/http.rs:169:39
[INFO] [stdout]     |
[INFO] [stdout]  23 | struct Dashboard;
[INFO] [stdout]     | ---------------- associated function or constant `get` not found for this struct
[INFO] [stdout] ...
[INFO] [stdout] 169 |     if let Some(content) = Dashboard::get(&path) {
[INFO] [stdout]     |                                       ^^^ associated function or constant not found in `Dashboard`
[INFO] [stdout]     |
[INFO] [stdout]     = help: items from traits can only be used if the trait is implemented and in scope
[INFO] [stdout]     = note: the following traits define an item `get`, perhaps you need to implement one of them:
[INFO] [stdout]             candidate #1: `Embed`
[INFO] [stdout]             candidate #2: `SliceIndex`
[INFO] [stdout] 
[INFO] [stdout] 
[INFO] [stdout] error[E0599]: no associated function or constant named `get` found for struct `Dashboard` in the current scope
[INFO] [stdout]    --> crates/web/src/http.rs:169:39
[INFO] [stdout]     |
[INFO] [stdout]  23 | struct Dashboard;
[INFO] [stdout]     | ---------------- associated function or constant `get` not found for this struct
[INFO] [stdout] ...
[INFO] [stdout] 169 |     if let Some(content) = Dashboard::get(&path) {
[INFO] [stdout]     |                                       ^^^ associated function or constant not found in `Dashboard`
[INFO] [stdout]     |
[INFO] [stdout]     = help: items from traits can only be used if the trait is implemented and in scope
[INFO] [stdout]     = note: the following traits define an item `get`, perhaps you need to implement one of them:
[INFO] [stdout]             candidate #1: `Embed`
[INFO] [stdout]             candidate #2: `SliceIndex`
[INFO] [stdout] 
[INFO] [stdout] 
[INFO] [stdout] error[E0599]: no associated function or constant named `get` found for struct `Dashboard` in the current scope
[INFO] [stdout]    --> crates/web/src/http.rs:178:39
[INFO] [stdout]     |
[INFO] [stdout]  23 | struct Dashboard;
[INFO] [stdout]     | ---------------- associated function or constant `get` not found for this struct
[INFO] [stdout] ...
[INFO] [stdout] 178 |     if let Some(content) = Dashboard::get("index.html") {
[INFO] [stdout]     |                                       ^^^ associated function or constant not found in `Dashboard`
[INFO] [stdout]     |
[INFO] [stdout]     = help: items from traits can only be used if the trait is implemented and in scope
[INFO] [stdout]     = note: the following traits define an item `get`, perhaps you need to implement one of them:
[INFO] [stdout]             candidate #1: `Embed`
[INFO] [stdout]             candidate #2: `SliceIndex`
[INFO] [stdout] 
[INFO] [stdout] 
[INFO] [stdout] error[E0599]: no associated function or constant named `get` found for struct `Dashboard` in the current scope
[INFO] [stdout]    --> crates/web/src/http.rs:178:39
[INFO] [stdout]     |
[INFO] [stdout]  23 | struct Dashboard;
[INFO] [stdout]     | ---------------- associated function or constant `get` not found for this struct
[INFO] [stdout] ...
[INFO] [stdout] 178 |     if let Some(content) = Dashboard::get("index.html") {
[INFO] [stdout]     |                                       ^^^ associated function or constant not found in `Dashboard`
[INFO] [stdout]     |
[INFO] [stdout]     = help: items from traits can only be used if the trait is implemented and in scope
[INFO] [stdout]     = note: the following traits define an item `get`, perhaps you need to implement one of them:
[INFO] [stdout]             candidate #1: `Embed`
[INFO] [stdout]             candidate #2: `SliceIndex`
[INFO] [stdout] 
[INFO] [stdout] 
[INFO] [stdout] For more information about this error, try `rustc --explain E0599`.
[INFO] [stdout] 
[INFO] [stderr] error: could not compile `web` (lib) due to 3 previous errors
[INFO] [stderr] warning: build failed, waiting for other jobs to finish...
[INFO] [stdout] For more information about this error, try `rustc --explain E0599`.
[INFO] [stdout] 
[INFO] [stderr] error: could not compile `web` (lib test) due to 3 previous errors
[INFO] [stderr] warning: unused dependency `tower-http`
[INFO] [stderr]   --> crates/web/Cargo.toml:12:1
[INFO] [stderr]    |
[INFO] [stderr] 12 | tower-http = { version = "0.5", features = ["trace", "cors"] }
[INFO] [stderr]    | ^^^^^^^^^^^^^^^^^^^^^^^^^^^^^^^^^^^^^^^^^^^^^^^^^^^^^^^^^^^^^^
[INFO] [stderr]    |
[INFO] [stderr]    = note: `cargo::unused_dependencies` is set to `warn` by default
[INFO] [stderr] help: consider removing the dependency on `tower-http`
[INFO] [stderr] warning: `web` (manifest) generated 1 warning
[INFO] running `Command { std: "docker" "inspect" "ed7236f339cae5a4b915d9135c18c7407d842f7332fe13245c86462121f9e460", kill_on_drop: false }`
[INFO] running `Command { std: "docker" "rm" "-f" "ed7236f339cae5a4b915d9135c18c7407d842f7332fe13245c86462121f9e460", kill_on_drop: false }`
[INFO] [stdout] ed7236f339cae5a4b915d9135c18c7407d842f7332fe13245c86462121f9e460
