[INFO] cloning repository https://github.com/butageek/linkport
[INFO] running `Command { std: "git" "-c" "credential.helper=" "-c" "credential.helper=/workspace/cargo-home/bin/git-credential-null" "clone" "--bare" "https://github.com/butageek/linkport" "/workspace/cache/git-repos/https%3A%2F%2Fgithub.com%2Fbutageek%2Flinkport", kill_on_drop: false }`
[INFO] [stderr] Cloning into bare repository '/workspace/cache/git-repos/https%3A%2F%2Fgithub.com%2Fbutageek%2Flinkport'...
[INFO] running `Command { std: "git" "rev-parse" "HEAD", kill_on_drop: false }`
[INFO] [stdout] f1f3c983f0a669ebc017ebefe0b3299d9020a431
[INFO] checking butageek/linkport against 3154cc1a3e6424e44f438a95007d043ed5ceaaf6+rustflags=-Znext-solver=coherence for pr-133502-30
[INFO] running `Command { std: "git" "clone" "/workspace/cache/git-repos/https%3A%2F%2Fgithub.com%2Fbutageek%2Flinkport" "/workspace/builds/worker-5-tc1/source", kill_on_drop: false }`
[INFO] [stderr] Cloning into '/workspace/builds/worker-5-tc1/source'...
[INFO] [stderr] done.
[INFO] removed /workspace/builds/worker-5-tc1/source/rust-toolchain.toml
[INFO] started tweaking git repo https://github.com/butageek/linkport
[INFO] finished tweaking git repo https://github.com/butageek/linkport
[INFO] tweaked toml for git repo https://github.com/butageek/linkport written to /workspace/builds/worker-5-tc1/source/Cargo.toml
[INFO] validating manifest of git repo https://github.com/butageek/linkport on toolchain 3154cc1a3e6424e44f438a95007d043ed5ceaaf6
[INFO] running `Command { std: CARGO_HOME="/workspace/cargo-home" RUSTUP_HOME="/workspace/rustup-home" "/workspace/cargo-home/bin/cargo" "+3154cc1a3e6424e44f438a95007d043ed5ceaaf6" "metadata" "--manifest-path" "Cargo.toml" "--no-deps", kill_on_drop: false }`
[INFO] crate git repo https://github.com/butageek/linkport already has a lockfile, it will not be regenerated
[INFO] running `Command { std: CARGO_HOME="/workspace/cargo-home" RUSTUP_HOME="/workspace/rustup-home" "/workspace/cargo-home/bin/cargo" "+3154cc1a3e6424e44f438a95007d043ed5ceaaf6" "fetch" "--manifest-path" "Cargo.toml", kill_on_drop: false }`
[INFO] [stderr]     Blocking waiting for file lock on package cache
[INFO] [stderr]     Updating crates.io index
[INFO] [stderr]     Blocking waiting for file lock on package cache
[INFO] [stderr]  Downloading crates ...
[INFO] [stderr]   Downloaded winreg v0.52.0
[INFO] [stderr]   Downloaded globset v0.4.20
[INFO] [stderr]   Downloaded winresource v0.1.31
[INFO] [stderr]   Downloaded bstr v1.13.1
[INFO] [stderr]   Downloaded ureq v2.12.1
[INFO] [stderr]   Downloaded tray-icon v0.19.3
[INFO] [stderr]   Downloaded muda v0.15.3
[INFO] [stderr]   Downloaded libxdo v0.6.0
[INFO] [stderr]   Downloaded libxdo-sys v0.11.0
[INFO] [stderr]   Downloaded libredox v0.1.20
[INFO] [stderr]   Downloaded clap_builder v4.6.6
[INFO] [stderr]   Downloaded clap v4.6.6
[INFO] running `Command { std: "docker" "create" "-v" "/var/lib/crater-agent-workspace/builds/worker-5-tc1/source:/opt/rustwide/workdir:ro,Z" "-v" "/var/lib/crater-agent-workspace/builds/worker-5-tc1/target:/opt/rustwide/target:rw,Z" "-v" "/var/lib/crater-agent-workspace/cargo-home:/opt/rustwide/cargo-home:ro,Z" "-v" "/var/lib/crater-agent-workspace/rustup-home:/opt/rustwide/rustup-home:ro,Z" "-m" "1610612736" "--network" "none" "ghcr.io/rust-lang/crates-build-env/linux@sha256:77db811e55d90add9212f6832c23229e3de5f1c1f9905e8cb07319ea15df73ac" "sleep" "infinity", kill_on_drop: false }`
[INFO] [stdout] 0a0b806cad2fcd7b23dd37e8c9998201d6e4e815159bd09330773097c3e16566
[INFO] running `Command { std: "docker" "start" "0a0b806cad2fcd7b23dd37e8c9998201d6e4e815159bd09330773097c3e16566", kill_on_drop: false }`
[INFO] running `Command { std: "docker" "inspect" "0a0b806cad2fcd7b23dd37e8c9998201d6e4e815159bd09330773097c3e16566", kill_on_drop: false }`
[INFO] running `Command { std: "docker" "exec" "-e" "SOURCE_DIR=/opt/rustwide/workdir" "-e" "CARGO_HOME=/opt/rustwide/cargo-home" "-e" "RUSTUP_HOME=/opt/rustwide/rustup-home" "-e" "CARGO_TARGET_DIR=/opt/rustwide/target" "-w" "/opt/rustwide/workdir" "--user" "0:0" "0a0b806cad2fcd7b23dd37e8c9998201d6e4e815159bd09330773097c3e16566" "/opt/rustwide/cargo-home/bin/cargo" "+3154cc1a3e6424e44f438a95007d043ed5ceaaf6" "metadata" "--no-deps" "--format-version=1", kill_on_drop: false }`
[INFO] running `Command { std: "docker" "inspect" "0a0b806cad2fcd7b23dd37e8c9998201d6e4e815159bd09330773097c3e16566", kill_on_drop: false }`
[INFO] running `Command { std: "docker" "exec" "-e" "SOURCE_DIR=/opt/rustwide/workdir" "-e" "CARGO_HOME=/opt/rustwide/cargo-home" "-e" "RUSTUP_HOME=/opt/rustwide/rustup-home" "-e" "CARGO_TARGET_DIR=/opt/rustwide/target" "-e" "CARGO_INCREMENTAL=0" "-e" "RUST_BACKTRACE=full" "-e" "RUSTFLAGS=--cap-lints=forbid -Znext-solver=coherence" "-e" "RUSTDOCFLAGS=--cap-lints=forbid" "-w" "/opt/rustwide/workdir" "--user" "0:0" "0a0b806cad2fcd7b23dd37e8c9998201d6e4e815159bd09330773097c3e16566" "/opt/rustwide/cargo-home/bin/cargo" "+3154cc1a3e6424e44f438a95007d043ed5ceaaf6" "check" "--frozen" "--all" "--all-targets" "--message-format=json", kill_on_drop: false }`
[INFO] [stderr]    Compiling proc-macro2 v1.0.107
[INFO] [stderr]    Compiling quote v1.0.47
[INFO] [stderr]    Compiling unicode-ident v1.0.24
[INFO] [stderr]     Checking stable_deref_trait v1.2.1
[INFO] [stderr]    Compiling libc v0.2.189
[INFO] [stderr]    Compiling serde_core v1.0.229
[INFO] [stderr]     Checking itoa v1.0.18
[INFO] [stderr]    Compiling serde v1.0.229
[INFO] [stderr]     Checking writeable v0.6.4
[INFO] [stderr]     Checking smallvec v1.15.2
[INFO] [stderr]     Checking litemap v0.8.3
[INFO] [stderr]     Checking memchr v2.8.3
[INFO] [stderr]     Checking log v0.4.34
[INFO] [stderr]    Compiling icu_normalizer_data v2.3.0
[INFO] [stderr]    Compiling icu_properties_data v2.3.0
[INFO] [stderr]     Checking pin-project-lite v0.2.17
[INFO] [stderr]     Checking cfg-if v1.0.4
[INFO] [stderr]     Checking percent-encoding v2.3.2
[INFO] [stderr]     Checking bytes v1.12.1
[INFO] [stderr]    Compiling autocfg v1.5.1
[INFO] [stderr]    Compiling typenum v1.20.1
[INFO] [stderr]    Compiling find-msvc-tools v0.1.11
[INFO] [stderr]     Checking form_urlencoded v1.2.2
[INFO] [stderr]    Compiling zmij v1.0.23
[INFO] [stderr]    Compiling shlex v2.0.1
[INFO] [stderr]     Checking futures-core v0.3.34
[INFO] [stderr]     Checking hashbrown v0.17.1
[INFO] [stderr]    Compiling serde_json v1.0.151
[INFO] [stderr]     Checking regex-syntax v0.8.11
[INFO] [stderr]     Checking once_cell v1.21.4
[INFO] [stderr]    Compiling cc v1.4.4
[INFO] [stderr]     Checking equivalent v1.0.2
[INFO] [stderr]     Checking zeroize v1.9.0
[INFO] [stderr]     Checking winnow v0.5.40
[INFO] [stderr]    Compiling httparse v1.10.1
[INFO] [stderr]     Checking tower-service v0.3.3
[INFO] [stderr]     Checking rustls-pki-types v1.15.1
[INFO] [stderr]    Compiling num-traits v0.2.19
[INFO] [stderr]     Checking iana-time-zone v0.1.65
[INFO] [stderr]    Compiling const-oid v0.10.2
[INFO] [stderr]     Checking http v1.5.0
[INFO] [stderr]    Compiling unicase v2.9.0
[INFO] [stderr]     Checking aho-corasick v1.1.5
[INFO] [stderr]     Checking indexmap v2.14.0
[INFO] [stderr]     Checking bstr v1.13.1
[INFO] [stderr]    Compiling winnow v1.0.4
[INFO] [stderr]    Compiling syn v3.0.4
[INFO] [stderr]    Compiling syn v2.0.119
[INFO] [stderr]     Checking mio v1.2.2
[INFO] [stderr]    Compiling hybrid-array v0.4.14
[INFO] [stderr]     Checking socket2 v0.6.5
[INFO] [stderr]    Compiling toml_parser v1.1.3+spec-1.1.0
[INFO] [stderr]     Checking getrandom v0.2.17
[INFO] [stderr]    Compiling mime_guess v2.0.5
[INFO] [stderr]     Checking tracing-core v0.1.36
[INFO] [stderr]     Checking http-body v1.1.0
[INFO] [stderr]    Compiling crypto-common v0.2.2
[INFO] [stderr]    Compiling block-buffer v0.12.1
[INFO] [stderr]    Compiling cpufeatures v0.3.0
[INFO] [stderr]     Checking utf8parse v0.2.2
[INFO] [stderr]     Checking tower-layer v0.3.3
[INFO] [stderr]    Compiling crc32fast v1.5.1
[INFO] [stderr]     Checking untrusted v0.9.0
[INFO] [stderr]     Checking anstyle-parse v1.0.0
[INFO] [stderr]     Checking futures-channel v0.3.34
[INFO] [stderr]     Checking anstyle v1.0.14
[INFO] [stderr]     Checking slab v0.4.12
[INFO] [stderr]     Checking adler2 v2.0.1
[INFO] [stderr]     Checking tracing v0.1.44
[INFO] [stderr]     Checking futures-task v0.3.34
[INFO] [stderr]     Checking simd-adler32 v0.3.10
[INFO] [stderr]     Checking anstyle-query v1.1.5
[INFO] [stderr]     Checking sync_wrapper v1.0.2
[INFO] [stderr]     Checking colorchoice v1.0.5
[INFO] [stderr]     Checking httpdate v1.0.3
[INFO] [stderr]     Checking is_terminal_polyfill v1.70.2
[INFO] [stderr]     Checking atomic-waker v1.1.2
[INFO] [stderr]    Compiling mime v0.3.17
[INFO] [stderr]    Compiling rustls v0.23.43
[INFO] [stderr]     Checking futures-util v0.3.34
[INFO] [stderr]     Checking miniz_oxide v0.8.9
[INFO] [stderr]     Checking anstream v1.0.0
[INFO] [stderr]     Checking walkdir v2.5.0
[INFO] [stderr]     Checking http-body-util v0.1.5
[INFO] [stderr]     Checking regex-automata v0.4.18
[INFO] [stderr]     Checking webpki-roots v1.0.9
[INFO] [stderr]    Compiling anyhow v1.0.104
[INFO] [stderr]    Compiling ring v0.17.14
[INFO] [stderr]     Checking subtle v2.6.1
[INFO] [stderr]     Checking clap_lex v1.1.0
[INFO] [stderr]     Checking strsim v0.11.1
[INFO] [stderr]    Compiling heck v0.5.0
[INFO] [stderr]     Checking option-ext v0.2.0
[INFO] [stderr]     Checking ryu v1.0.23
[INFO] [stderr]     Checking flate2 v1.1.9
[INFO] [stderr]     Checking axum-core v0.5.6
[INFO] [stderr]     Checking dirs-sys v0.4.1
[INFO] [stderr]     Checking clap_builder v4.6.6
[INFO] [stderr]     Checking webpki-roots v0.26.11
[INFO] [stderr]     Checking base64 v0.22.1
[INFO] [stderr]     Checking bitflags v2.13.1
[INFO] [stderr]     Checking matchit v0.8.4
[INFO] [stderr]    Compiling digest v0.11.3
[INFO] [stderr]     Checking tower-http v0.6.11
[INFO] [stderr]     Checking serde_path_to_error v0.1.20
[INFO] [stderr]    Compiling sha2 v0.11.0
[INFO] [stderr]     Checking dirs v5.0.1
[INFO] [stderr]     Checking rust-embed-utils v8.12.0
[INFO] [stderr]    Compiling toml_datetime v1.1.1+spec-1.1.0
[INFO] [stderr]    Compiling serde_spanned v1.1.1
[INFO] [stderr]    Compiling toml v1.1.4+spec-1.1.0
[INFO] [stderr]    Compiling synstructure v0.13.2
[INFO] [stderr]    Compiling winresource v0.1.31
[INFO] [stderr]     Checking regex v1.13.1
[INFO] [stderr]     Checking globset v0.4.20
[INFO] [stderr]    Compiling thiserror-impl v1.0.69
[INFO] [stderr]    Compiling rust-embed-impl v8.12.0
[INFO] [stderr]    Compiling linkport v0.4.1 (/opt/rustwide/workdir/crates/linkport)
[INFO] [stderr]    Compiling zerofrom-derive v0.1.7
[INFO] [stderr]    Compiling yoke-derive v0.8.2
[INFO] [stderr] warning: linkport@0.4.1: created placeholder portal at /opt/rustwide/workdir/crates/linkport/../../frontend/out (build the real UI with `cd frontend && npm run build`)
[INFO] [stderr]     Checking rust-embed v8.12.0
[INFO] [stderr]     Checking thiserror v1.0.69
[INFO] [stderr]     Checking zerofrom v0.1.8
[INFO] [stderr]     Checking yoke v0.8.3
[INFO] [stderr]    Compiling zerovec-derive v0.11.6
[INFO] [stderr]    Compiling displaydoc v0.2.7
[INFO] [stderr]    Compiling serde_derive v1.0.229
[INFO] [stderr]    Compiling tokio-macros v2.7.2
[INFO] [stderr]    Compiling clap_derive v4.6.4
[INFO] [stderr]     Checking tokio v1.53.1
[INFO] [stderr]     Checking zerotrie v0.2.5
[INFO] [stderr]     Checking zerovec v0.11.8
[INFO] [stderr]     Checking rustls-webpki v0.103.15
[INFO] [stderr]     Checking tinystr v0.8.4
[INFO] [stderr]     Checking potential_utf v0.1.6
[INFO] [stderr]     Checking icu_collections v2.3.0
[INFO] [stderr]     Checking icu_locale_core v2.3.0
[INFO] [stderr]     Checking clap v4.6.6
[INFO] [stderr]     Checking icu_provider v2.3.1
[INFO] [stderr]     Checking icu_normalizer v2.3.0
[INFO] [stderr]     Checking icu_properties v2.3.0
[INFO] [stderr]     Checking hyper v1.11.0
[INFO] [stderr]     Checking tower v0.5.3
[INFO] [stderr]     Checking serde_spanned v0.6.9
[INFO] [stderr]     Checking toml_datetime v0.6.3
[INFO] [stderr]     Checking chrono v0.4.45
[INFO] [stderr]     Checking serde_urlencoded v0.7.1
[INFO] [stderr]     Checking toml_edit v0.20.2
[INFO] [stderr]     Checking hyper-util v0.1.20
[INFO] [stderr]     Checking axum v0.8.9
[INFO] [stderr]     Checking idna_adapter v1.2.2
[INFO] [stderr]     Checking idna v1.1.0
[INFO] [stderr]     Checking url v2.5.8
[INFO] [stderr]     Checking toml v0.8.2
[INFO] [stderr]     Checking ureq v2.12.1
[INFO] [stderr]     Checking linkport-core v0.4.1 (/opt/rustwide/workdir/crates/linkport-core)
[INFO] [stderr]     Checking linkport-win v0.4.1 (/opt/rustwide/workdir/crates/linkport-win)
[INFO] [stdout] error: #[derive(RustEmbed)] folder '/opt/rustwide/workdir/crates/linkport/../../frontend/out' does not exist. cwd: '/opt/rustwide/workdir'
[INFO] [stdout]   --> crates/linkport/src/portal.rs:19:1
[INFO] [stdout]    |
[INFO] [stdout] 19 | / #[folder = "../../frontend/out"]
[INFO] [stdout] 20 | | struct Assets;
[INFO] [stdout]    | |______________^
[INFO] [stdout] 
[INFO] [stdout] 
[INFO] [stdout] error: #[derive(RustEmbed)] folder '/opt/rustwide/workdir/crates/linkport/../../frontend/out' does not exist. cwd: '/opt/rustwide/workdir'
[INFO] [stdout]   --> crates/linkport/src/portal.rs:19:1
[INFO] [stdout]    |
[INFO] [stdout] 19 | / #[folder = "../../frontend/out"]
[INFO] [stdout] 20 | | struct Assets;
[INFO] [stdout]    | |______________^
[INFO] [stdout] 
[INFO] [stdout] 
[INFO] [stdout] error[E0599]: no associated function or constant named `get` found for struct `Assets` in the current scope
[INFO] [stdout]    --> crates/linkport/src/portal.rs:359:33
[INFO] [stdout]     |
[INFO] [stdout]  20 | struct Assets;
[INFO] [stdout]     | ------------- associated function or constant `get` not found for this struct
[INFO] [stdout] ...
[INFO] [stdout] 359 |     if let Some(file) = Assets::get(path) {
[INFO] [stdout]     |                                 ^^^ associated function or constant not found in `Assets`
[INFO] [stdout]     |
[INFO] [stdout]     = help: items from traits can only be used if the trait is implemented and in scope
[INFO] [stdout]     = note: the following traits define an item `get`, perhaps you need to implement one of them:
[INFO] [stdout]             candidate #1: `Embed`
[INFO] [stdout]             candidate #2: `SliceIndex`
[INFO] [stdout]             candidate #3: `StoresServerSessions`
[INFO] [stdout]             candidate #4: `icu_collections::codepointtrie::cptrie::TypedCodePointTrie`
[INFO] [stdout]             candidate #5: `icu_properties::names::PropertyEnumToValueNameLookup`
[INFO] [stdout]             candidate #6: `icu_provider::baked::DataStore`
[INFO] [stdout]             candidate #7: `toml_edit::table::TableLike`
[INFO] [stdout] 
[INFO] [stdout] 
[INFO] [stdout] error[E0599]: no associated function or constant named `get` found for struct `Assets` in the current scope
[INFO] [stdout]    --> crates/linkport/src/portal.rs:364:33
[INFO] [stdout]     |
[INFO] [stdout]  20 | struct Assets;
[INFO] [stdout]     | ------------- associated function or constant `get` not found for this struct
[INFO] [stdout] ...
[INFO] [stdout] 364 |     if let Some(file) = Assets::get(&html) {
[INFO] [stdout]     |                                 ^^^ associated function or constant not found in `Assets`
[INFO] [stdout]     |
[INFO] [stdout]     = help: items from traits can only be used if the trait is implemented and in scope
[INFO] [stdout]     = note: the following traits define an item `get`, perhaps you need to implement one of them:
[INFO] [stdout]             candidate #1: `Embed`
[INFO] [stdout]             candidate #2: `SliceIndex`
[INFO] [stdout]             candidate #3: `StoresServerSessions`
[INFO] [stdout]             candidate #4: `icu_collections::codepointtrie::cptrie::TypedCodePointTrie`
[INFO] [stdout]             candidate #5: `icu_properties::names::PropertyEnumToValueNameLookup`
[INFO] [stdout]             candidate #6: `icu_provider::baked::DataStore`
[INFO] [stdout]             candidate #7: `toml_edit::table::TableLike`
[INFO] [stdout] 
[INFO] [stdout] 
[INFO] [stdout] error[E0599]: no associated function or constant named `get` found for struct `Assets` in the current scope
[INFO] [stdout]    --> crates/linkport/src/portal.rs:359:33
[INFO] [stdout]     |
[INFO] [stdout]  20 | struct Assets;
[INFO] [stdout]     | ------------- associated function or constant `get` not found for this struct
[INFO] [stdout] ...
[INFO] [stdout] 359 |     if let Some(file) = Assets::get(path) {
[INFO] [stdout]     |                                 ^^^ associated function or constant not found in `Assets`
[INFO] [stdout]     |
[INFO] [stdout]     = help: items from traits can only be used if the trait is implemented and in scope
[INFO] [stdout]     = note: the following traits define an item `get`, perhaps you need to implement one of them:
[INFO] [stdout]             candidate #1: `Embed`
[INFO] [stdout]             candidate #2: `SliceIndex`
[INFO] [stdout]             candidate #3: `StoresServerSessions`
[INFO] [stdout]             candidate #4: `icu_collections::codepointtrie::cptrie::TypedCodePointTrie`
[INFO] [stdout]             candidate #5: `icu_properties::names::PropertyEnumToValueNameLookup`
[INFO] [stdout]             candidate #6: `icu_provider::baked::DataStore`
[INFO] [stdout]             candidate #7: `toml_edit::table::TableLike`
[INFO] [stdout] 
[INFO] [stdout] 
[INFO] [stdout] error[E0599]: no associated function or constant named `get` found for struct `Assets` in the current scope
[INFO] [stdout]    --> crates/linkport/src/portal.rs:367:33
[INFO] [stdout]     |
[INFO] [stdout]  20 | struct Assets;
[INFO] [stdout]     | ------------- associated function or constant `get` not found for this struct
[INFO] [stdout] ...
[INFO] [stdout] 367 |     if let Some(file) = Assets::get("index.html") {
[INFO] [stdout]     |                                 ^^^ associated function or constant not found in `Assets`
[INFO] [stdout]     |
[INFO] [stdout]     = help: items from traits can only be used if the trait is implemented and in scope
[INFO] [stdout]     = note: the following traits define an item `get`, perhaps you need to implement one of them:
[INFO] [stdout]             candidate #1: `Embed`
[INFO] [stdout]             candidate #2: `SliceIndex`
[INFO] [stdout]             candidate #3: `StoresServerSessions`
[INFO] [stdout]             candidate #4: `icu_collections::codepointtrie::cptrie::TypedCodePointTrie`
[INFO] [stdout]             candidate #5: `icu_properties::names::PropertyEnumToValueNameLookup`
[INFO] [stdout]             candidate #6: `icu_provider::baked::DataStore`
[INFO] [stdout]             candidate #7: `toml_edit::table::TableLike`
[INFO] [stdout] 
[INFO] [stdout] 
[INFO] [stdout] error[E0599]: no associated function or constant named `get` found for struct `Assets` in the current scope
[INFO] [stdout]    --> crates/linkport/src/portal.rs:364:33
[INFO] [stdout]     |
[INFO] [stdout]  20 | struct Assets;
[INFO] [stdout]     | ------------- associated function or constant `get` not found for this struct
[INFO] [stdout] ...
[INFO] [stdout] 364 |     if let Some(file) = Assets::get(&html) {
[INFO] [stdout]     |                                 ^^^ associated function or constant not found in `Assets`
[INFO] [stdout]     |
[INFO] [stdout]     = help: items from traits can only be used if the trait is implemented and in scope
[INFO] [stdout]     = note: the following traits define an item `get`, perhaps you need to implement one of them:
[INFO] [stdout]             candidate #1: `Embed`
[INFO] [stdout]             candidate #2: `SliceIndex`
[INFO] [stdout]             candidate #3: `StoresServerSessions`
[INFO] [stdout]             candidate #4: `icu_collections::codepointtrie::cptrie::TypedCodePointTrie`
[INFO] [stdout]             candidate #5: `icu_properties::names::PropertyEnumToValueNameLookup`
[INFO] [stdout]             candidate #6: `icu_provider::baked::DataStore`
[INFO] [stdout]             candidate #7: `toml_edit::table::TableLike`
[INFO] [stdout] 
[INFO] [stdout] 
[INFO] [stdout] error[E0599]: no associated function or constant named `get` found for struct `Assets` in the current scope
[INFO] [stdout]    --> crates/linkport/src/portal.rs:367:33
[INFO] [stdout]     |
[INFO] [stdout]  20 | struct Assets;
[INFO] [stdout]     | ------------- associated function or constant `get` not found for this struct
[INFO] [stdout] ...
[INFO] [stdout] 367 |     if let Some(file) = Assets::get("index.html") {
[INFO] [stdout]     |                                 ^^^ associated function or constant not found in `Assets`
[INFO] [stdout]     |
[INFO] [stdout]     = help: items from traits can only be used if the trait is implemented and in scope
[INFO] [stdout]     = note: the following traits define an item `get`, perhaps you need to implement one of them:
[INFO] [stdout]             candidate #1: `Embed`
[INFO] [stdout]             candidate #2: `SliceIndex`
[INFO] [stdout]             candidate #3: `StoresServerSessions`
[INFO] [stdout]             candidate #4: `icu_collections::codepointtrie::cptrie::TypedCodePointTrie`
[INFO] [stdout]             candidate #5: `icu_properties::names::PropertyEnumToValueNameLookup`
[INFO] [stdout]             candidate #6: `icu_provider::baked::DataStore`
[INFO] [stdout]             candidate #7: `toml_edit::table::TableLike`
[INFO] [stdout] 
[INFO] [stdout] 
[INFO] [stdout] For more information about this error, try `rustc --explain E0599`.
[INFO] [stdout] 
[INFO] [stdout] For more information about this error, try `rustc --explain E0599`.
[INFO] [stdout] 
[INFO] [stderr] warning: linkport@0.4.1: created placeholder portal at /opt/rustwide/workdir/crates/linkport/../../frontend/out (build the real UI with `cd frontend && npm run build`)
[INFO] [stderr] error: could not compile `linkport` (lib test) due to 4 previous errors
[INFO] [stderr] warning: build failed, waiting for other jobs to finish...
[INFO] [stderr] warning: linkport@0.4.1: created placeholder portal at /opt/rustwide/workdir/crates/linkport/../../frontend/out (build the real UI with `cd frontend && npm run build`)
[INFO] [stderr] error: could not compile `linkport` (lib) due to 4 previous errors
[INFO] [stderr] warning: unused dependency `linkport-core`
[INFO] [stderr]   --> crates/linkport-win/Cargo.toml:10:1
[INFO] [stderr]    |
[INFO] [stderr] 10 | linkport-core = { workspace = true }
[INFO] [stderr]    | ^^^^^^^^^^^^^^^^^^^^^^^^^^^^^^^^^^^^
[INFO] [stderr]    |
[INFO] [stderr]    = note: `cargo::unused_dependencies` is set to `warn` by default
[INFO] [stderr] help: consider removing the dependency on `linkport-core`
[INFO] [stderr] warning: `linkport-win` (manifest) generated 1 warning
[INFO] running `Command { std: "docker" "inspect" "0a0b806cad2fcd7b23dd37e8c9998201d6e4e815159bd09330773097c3e16566", kill_on_drop: false }`
[INFO] running `Command { std: "docker" "rm" "-f" "0a0b806cad2fcd7b23dd37e8c9998201d6e4e815159bd09330773097c3e16566", kill_on_drop: false }`
[INFO] [stdout] 0a0b806cad2fcd7b23dd37e8c9998201d6e4e815159bd09330773097c3e16566
