[INFO] cloning repository https://github.com/bridge-y/webscraper
[INFO] running `Command { std: "git" "-c" "credential.helper=" "-c" "credential.helper=/workspace/cargo-home/bin/git-credential-null" "clone" "--bare" "https://github.com/bridge-y/webscraper" "/workspace/cache/git-repos/https%3A%2F%2Fgithub.com%2Fbridge-y%2Fwebscraper", kill_on_drop: false }`
[INFO] [stderr] Cloning into bare repository '/workspace/cache/git-repos/https%3A%2F%2Fgithub.com%2Fbridge-y%2Fwebscraper'...
[INFO] running `Command { std: "git" "rev-parse" "HEAD", kill_on_drop: false }`
[INFO] [stdout] 874fbf27f4fa82ba4b6e0ab1392466cd99e579fc
[INFO] checking bridge-y/webscraper against 3154cc1a3e6424e44f438a95007d043ed5ceaaf6+rustflags=-Znext-solver=coherence for pr-133502-30
[INFO] running `Command { std: "git" "clone" "/workspace/cache/git-repos/https%3A%2F%2Fgithub.com%2Fbridge-y%2Fwebscraper" "/workspace/builds/worker-4-tc1/source", kill_on_drop: false }`
[INFO] [stderr] Cloning into '/workspace/builds/worker-4-tc1/source'...
[INFO] [stderr] done.
[INFO] started tweaking git repo https://github.com/bridge-y/webscraper
[INFO] finished tweaking git repo https://github.com/bridge-y/webscraper
[INFO] tweaked toml for git repo https://github.com/bridge-y/webscraper written to /workspace/builds/worker-4-tc1/source/Cargo.toml
[INFO] validating manifest of git repo https://github.com/bridge-y/webscraper on toolchain 3154cc1a3e6424e44f438a95007d043ed5ceaaf6
[INFO] running `Command { std: CARGO_HOME="/workspace/cargo-home" RUSTUP_HOME="/workspace/rustup-home" "/workspace/cargo-home/bin/cargo" "+3154cc1a3e6424e44f438a95007d043ed5ceaaf6" "metadata" "--manifest-path" "Cargo.toml" "--no-deps", kill_on_drop: false }`
[INFO] crate git repo https://github.com/bridge-y/webscraper already has a lockfile, it will not be regenerated
[INFO] running `Command { std: CARGO_HOME="/workspace/cargo-home" RUSTUP_HOME="/workspace/rustup-home" "/workspace/cargo-home/bin/cargo" "+3154cc1a3e6424e44f438a95007d043ed5ceaaf6" "fetch" "--manifest-path" "Cargo.toml", kill_on_drop: false }`
[INFO] [stderr]     Blocking waiting for file lock on package cache
[INFO] [stderr]     Updating crates.io index
[INFO] [stderr]     Blocking waiting for file lock on package cache
[INFO] [stderr]  Downloading crates ...
[INFO] [stderr]   Downloaded worker-macros v0.7.2
[INFO] [stderr]   Downloaded worker-sys v0.7.2
[INFO] [stderr]   Downloaded worker v0.7.2
[INFO] [stderr]   Downloaded syn v2.0.92
[INFO] [stderr]   Downloaded webpki-root-certs v1.0.4
[INFO] [stderr]   Downloaded aws-lc-rs v1.15.2
[INFO] [stderr]   Downloaded typed-builder-macro v0.21.2
[INFO] [stderr]   Downloaded wreq-util v2.2.6
[INFO] [stderr]   Downloaded typed-builder v0.21.2
[INFO] [stderr]   Downloaded dom-content-extraction v0.3.15
[INFO] [stderr]   Downloaded tokio-boring2 v4.15.15
[INFO] [stderr]   Downloaded boring2 v4.15.15
[INFO] [stderr]   Downloaded wreq v5.3.0
[INFO] [stderr]   Downloaded http2 v0.4.21
[INFO] [stderr]   Downloaded cookie_store v0.21.1
[INFO] [stderr]   Downloaded async-compression v0.4.35
[INFO] [stderr]   Downloaded scraper v0.24.0
[INFO] [stderr]   Downloaded hyper2 v1.5.5
[INFO] [stderr]   Downloaded compression-codecs v0.4.34
[INFO] [stderr]   Downloaded cssparser v0.35.0
[INFO] [stderr]   Downloaded derive_more v2.1.0
[INFO] [stderr]   Downloaded web_atoms v0.1.3
[INFO] [stderr]   Downloaded html5ever v0.35.0
[INFO] [stderr]   Downloaded servo_arc v0.4.0
[INFO] [stderr]   Downloaded derive_more-impl v2.1.0
[INFO] [stderr]   Downloaded selectors v0.31.0
[INFO] [stderr]   Downloaded match_token v0.35.0
[INFO] [stderr]   Downloaded htmd v0.3.2
[INFO] [stderr]   Downloaded xml5ever v0.35.0
[INFO] [stderr]   Downloaded markup5ever v0.35.0
[INFO] [stderr]   Downloaded markup5ever_rcdom v0.35.0+unofficial
[INFO] [stderr]   Downloaded boring-sys2 v4.15.15
[INFO] [stderr]   Downloaded aws-lc-sys v0.35.0
[INFO] running `Command { std: "docker" "create" "-v" "/var/lib/crater-agent-workspace/builds/worker-4-tc1/source:/opt/rustwide/workdir:ro,Z" "-v" "/var/lib/crater-agent-workspace/builds/worker-4-tc1/target:/opt/rustwide/target:rw,Z" "-v" "/var/lib/crater-agent-workspace/cargo-home:/opt/rustwide/cargo-home:ro,Z" "-v" "/var/lib/crater-agent-workspace/rustup-home:/opt/rustwide/rustup-home:ro,Z" "-m" "1610612736" "--network" "none" "ghcr.io/rust-lang/crates-build-env/linux@sha256:77db811e55d90add9212f6832c23229e3de5f1c1f9905e8cb07319ea15df73ac" "sleep" "infinity", kill_on_drop: false }`
[INFO] [stdout] 4d3a4366589ced0e2b1ff012b2ecd0456b7aba721a751fafc1453d848bb868bd
[INFO] running `Command { std: "docker" "start" "4d3a4366589ced0e2b1ff012b2ecd0456b7aba721a751fafc1453d848bb868bd", kill_on_drop: false }`
[INFO] running `Command { std: "docker" "inspect" "4d3a4366589ced0e2b1ff012b2ecd0456b7aba721a751fafc1453d848bb868bd", kill_on_drop: false }`
[INFO] running `Command { std: "docker" "exec" "-e" "SOURCE_DIR=/opt/rustwide/workdir" "-e" "CARGO_HOME=/opt/rustwide/cargo-home" "-e" "RUSTUP_HOME=/opt/rustwide/rustup-home" "-e" "CARGO_TARGET_DIR=/opt/rustwide/target" "-w" "/opt/rustwide/workdir" "--user" "0:0" "4d3a4366589ced0e2b1ff012b2ecd0456b7aba721a751fafc1453d848bb868bd" "/opt/rustwide/cargo-home/bin/cargo" "+3154cc1a3e6424e44f438a95007d043ed5ceaaf6" "metadata" "--no-deps" "--format-version=1", kill_on_drop: false }`
[INFO] running `Command { std: "docker" "inspect" "4d3a4366589ced0e2b1ff012b2ecd0456b7aba721a751fafc1453d848bb868bd", kill_on_drop: false }`
[INFO] running `Command { std: "docker" "exec" "-e" "SOURCE_DIR=/opt/rustwide/workdir" "-e" "CARGO_HOME=/opt/rustwide/cargo-home" "-e" "RUSTUP_HOME=/opt/rustwide/rustup-home" "-e" "CARGO_TARGET_DIR=/opt/rustwide/target" "-e" "CARGO_INCREMENTAL=0" "-e" "RUST_BACKTRACE=full" "-e" "RUSTFLAGS=--cap-lints=forbid -Znext-solver=coherence" "-e" "RUSTDOCFLAGS=--cap-lints=forbid" "-w" "/opt/rustwide/workdir" "--user" "0:0" "4d3a4366589ced0e2b1ff012b2ecd0456b7aba721a751fafc1453d848bb868bd" "/opt/rustwide/cargo-home/bin/cargo" "+3154cc1a3e6424e44f438a95007d043ed5ceaaf6" "check" "--frozen" "--all" "--all-targets" "--message-format=json", kill_on_drop: false }`
[INFO] [stderr]    Compiling unicode-ident v1.0.14
[INFO] [stderr]    Compiling proc-macro2 v1.0.92
[INFO] [stderr]    Compiling find-msvc-tools v0.1.6
[INFO] [stderr]     Checking pin-project-lite v0.2.15
[INFO] [stderr]     Checking once_cell v1.20.2
[INFO] [stderr]     Checking itoa v1.0.14
[INFO] [stderr]     Checking stable_deref_trait v1.2.0
[INFO] [stderr]    Compiling wasm-bindgen-shared v0.2.106
[INFO] [stderr]    Compiling rand_core v0.6.4
[INFO] [stderr]    Compiling libc v0.2.177
[INFO] [stderr]    Compiling phf_shared v0.11.2
[INFO] [stderr]    Compiling rustversion v1.0.20
[INFO] [stderr]     Checking parking_lot_core v0.9.10
[INFO] [stderr]     Checking socket2 v0.5.8
[INFO] [stderr]     Checking mio v1.0.3
[INFO] [stderr]     Checking signal-hook-registry v1.4.7
[INFO] [stderr]    Compiling bumpalo v3.16.0
[INFO] [stderr]     Checking writeable v0.5.5
[INFO] [stderr]     Checking litemap v0.7.4
[INFO] [stderr]     Checking http v1.4.0
[INFO] [stderr]    Compiling rand v0.8.5
[INFO] [stderr]     Checking icu_locid_transform_data v1.5.0
[INFO] [stderr]    Compiling pkg-config v0.3.31
[INFO] [stderr]    Compiling clang-sys v1.8.1
[INFO] [stderr]     Checking parking_lot v0.12.3
[INFO] [stderr]     Checking rustls-pki-types v1.13.2
[INFO] [stderr]     Checking icu_properties_data v1.5.0
[INFO] [stderr]     Checking bitflags v2.6.0
[INFO] [stderr]    Compiling memchr v2.7.4
[INFO] [stderr]     Checking utf16_iter v1.0.5
[INFO] [stderr]    Compiling phf_generator v0.11.2
[INFO] [stderr]    Compiling regex-syntax v0.8.8
[INFO] [stderr]     Checking icu_normalizer_data v1.5.0
[INFO] [stderr]     Checking write16 v1.0.0
[INFO] [stderr]     Checking hashbrown v0.15.2
[INFO] [stderr]    Compiling libloading v0.8.9
[INFO] [stderr]    Compiling phf_codegen v0.11.2
[INFO] [stderr]    Compiling bindgen v0.72.1
[INFO] [stderr]    Compiling either v1.15.0
[INFO] [stderr]    Compiling httparse v1.9.5
[INFO] [stderr]     Checking tracing-core v0.1.33
[INFO] [stderr]    Compiling aws-lc-rs v1.15.2
[INFO] [stderr]    Compiling rustc-hash v2.1.1
[INFO] [stderr]     Checking miniz_oxide v0.8.9
[INFO] [stderr]    Compiling itertools v0.13.0
[INFO] [stderr]     Checking crc32fast v1.5.0
[INFO] [stderr]     Checking indexmap v2.7.0
[INFO] [stderr]     Checking deranged v0.5.5
[INFO] [stderr]    Compiling cookie v0.18.1
[INFO] [stderr]    Compiling wasm-bindgen v0.2.106
[INFO] [stderr]    Compiling rustls v0.23.35
[INFO] [stderr]     Checking foreign-types-shared v0.3.1
[INFO] [stderr]     Checking serde_json v1.0.145
[INFO] [stderr]     Checking encoding_rs v0.8.35
[INFO] [stderr]     Checking compression-core v0.4.31
[INFO] [stderr]    Compiling quote v1.0.38
[INFO] [stderr]    Compiling jobserver v0.1.34
[INFO] [stderr]    Compiling fslock v0.2.1
[INFO] [stderr]     Checking dtoa v1.0.9
[INFO] [stderr]     Checking psl-types v2.0.11
[INFO] [stderr]    Compiling syn v2.0.92
[INFO] [stderr]    Compiling string_cache_codegen v0.5.4
[INFO] [stderr]     Checking dtoa-short v0.3.5
[INFO] [stderr]     Checking webpki-root-certs v1.0.4
[INFO] [stderr]    Compiling cc v1.2.51
[INFO] [stderr]    Compiling selectors v0.31.0
[INFO] [stderr]    Compiling nom v7.1.3
[INFO] [stderr]     Checking flate2 v1.1.5
[INFO] [stderr]    Compiling num-traits v0.2.19
[INFO] [stderr]     Checking regex-automata v0.4.13
[INFO] [stderr]     Checking linked_hash_set v0.1.6
[INFO] [stderr]     Checking webpki-root-certs v0.26.11
[INFO] [stderr]     Checking servo_arc v0.4.0
[INFO] [stderr]     Checking antidote v1.0.0
[INFO] [stderr]     Checking arc-swap v1.7.1
[INFO] [stderr]     Checking lru v0.13.0
[INFO] [stderr]    Compiling web_atoms v0.1.3
[INFO] [stderr]     Checking openssl-probe v0.2.0
[INFO] [stderr]     Checking clap_lex v0.7.6
[INFO] [stderr]     Checking http-body v1.0.1
[INFO] [stderr]    Compiling thiserror v2.0.9
[INFO] [stderr]     Checking rustls-native-certs v0.8.3
[INFO] [stderr]     Checking rustix v1.1.2
[INFO] [stderr]     Checking clap_builder v4.5.53
[INFO] [stderr]     Checking getrandom v0.3.4
[INFO] [stderr]     Checking tracing-log v0.2.0
[INFO] [stderr]     Checking ego-tree v0.10.0
[INFO] [stderr]     Checking strum v0.27.2
[INFO] [stderr]     Checking chardetng v0.1.17
[INFO] [stderr]     Checking getrandom v0.2.16
[INFO] [stderr]     Checking time v0.3.47
[INFO] [stderr]    Compiling cmake v0.1.54
[INFO] [stderr]     Checking chrono v0.4.42
[INFO] [stderr]    Compiling zstd-sys v2.0.16+zstd.1.5.7
[INFO] [stderr]    Compiling aws-lc-sys v0.35.0
[INFO] [stderr]     Checking matchers v0.2.0
[INFO] [stderr]     Checking tempfile v3.23.0
[INFO] [stderr]    Compiling cexpr v0.6.0
[INFO] [stderr]    Compiling regex v1.12.2
[INFO] [stderr]    Compiling synstructure v0.13.1
[INFO] [stderr]    Compiling wasm-bindgen-macro-support v0.2.106
[INFO] [stderr]    Compiling zstd-safe v7.2.4
[INFO] [stderr]     Checking zstd v0.13.3
[INFO] [stderr]     Checking compression-codecs v0.4.34
[INFO] [stderr]    Compiling zerofrom-derive v0.1.5
[INFO] [stderr]    Compiling tokio-macros v2.5.0
[INFO] [stderr]    Compiling yoke-derive v0.7.5
[INFO] [stderr]    Compiling zerovec-derive v0.10.3
[INFO] [stderr]    Compiling displaydoc v0.2.5
[INFO] [stderr]    Compiling serde_derive v1.0.228
[INFO] [stderr]    Compiling futures-macro v0.3.31
[INFO] [stderr]    Compiling icu_provider_macros v1.5.0
[INFO] [stderr]    Compiling phf_macros v0.11.2
[INFO] [stderr]     Checking tokio v1.44.2
[INFO] [stderr]    Compiling tracing-attributes v0.1.31
[INFO] [stderr]    Compiling foreign-types-macros v0.2.3
[INFO] [stderr]    Compiling openssl-macros v0.1.1
[INFO] [stderr]    Compiling thiserror-impl v1.0.69
[INFO] [stderr]    Compiling match_token v0.35.0
[INFO] [stderr]     Checking phf v0.11.2
[INFO] [stderr]     Checking futures-util v0.3.31
[INFO] [stderr]    Compiling derive_more-impl v2.1.0
[INFO] [stderr]    Compiling typed-builder-macro v0.21.2
[INFO] [stderr]     Checking foreign-types v0.5.0
[INFO] [stderr]    Compiling cssparser-macros v0.6.1
[INFO] [stderr]    Compiling pin-project-internal v1.1.7
[INFO] [stderr]    Compiling thiserror-impl v2.0.9
[INFO] [stderr]     Checking zerofrom v0.1.5
[INFO] [stderr]     Checking cssparser v0.35.0
[INFO] [stderr]    Compiling async-trait v0.1.89
[INFO] [stderr]     Checking yoke v0.7.5
[INFO] [stderr]     Checking zerovec v0.10.4
[INFO] [stderr]     Checking tracing v0.1.41
[INFO] [stderr]     Checking thiserror v1.0.69
[INFO] [stderr]    Compiling clap_derive v4.5.49
[INFO] [stderr]     Checking derive_more v2.1.0
[INFO] [stderr]    Compiling strum_macros v0.27.2
[INFO] [stderr]     Checking tracing-subscriber v0.3.20
[INFO] [stderr]     Checking pin-project v1.1.7
[INFO] [stderr]    Compiling wasm-bindgen-macro v0.2.106
[INFO] [stderr]     Checking typed-builder v0.21.2
[INFO] [stderr]     Checking tinystr v0.7.6
[INFO] [stderr]     Checking icu_locid v1.5.0
[INFO] [stderr]     Checking icu_collections v1.5.0
[INFO] [stderr]    Compiling js-sys v0.3.83
[INFO] [stderr]     Checking icu_provider v1.5.0
[INFO] [stderr]     Checking console_error_panic_hook v0.1.7
[INFO] [stderr]     Checking icu_locid_transform v1.5.0
[INFO] [stderr]     Checking http-body-util v0.1.2
[INFO] [stderr]     Checking serde v1.0.228
[INFO] [stderr]     Checking clap v4.5.53
[INFO] [stderr]     Checking icu_properties v1.5.1
[INFO] [stderr]     Checking string_cache v0.8.9
[INFO] [stderr]     Checking serde_urlencoded v0.7.1
[INFO] [stderr]    Compiling boring-sys2 v4.15.15
[INFO] [stderr]     Checking markup5ever v0.35.0
[INFO] [stderr]     Checking html5ever v0.35.0
[INFO] [stderr]     Checking xml5ever v0.35.0
[INFO] [stderr]     Checking tokio-util v0.7.13
[INFO] [stderr]     Checking tower v0.5.2
[INFO] [stderr]     Checking async-compression v0.4.35
[INFO] [stderr]     Checking tokio-socks v0.5.2
[INFO] [stderr]     Checking h2 v0.4.7
[INFO] [stderr]     Checking http2 v0.4.21
[INFO] [stderr]     Checking markup5ever_rcdom v0.35.0+unofficial
[INFO] [stderr]     Checking scraper v0.24.0
[INFO] [stderr]     Checking htmd v0.3.2
[INFO] [stderr]     Checking tower-http v0.6.8
[INFO] [stderr]     Checking icu_normalizer v1.5.0
[INFO] [stderr]     Checking rustls-webpki v0.103.10
[INFO] [stderr]     Checking idna_adapter v1.2.0
[INFO] [stderr]     Checking idna v1.0.3
[INFO] [stderr]    Compiling web-sys v0.3.83
[INFO] [stderr]    Compiling wasm-bindgen-futures v0.4.56
[INFO] [stderr]     Checking url v2.5.4
[INFO] [stderr]     Checking publicsuffix v2.3.0
[INFO] [stderr]     Checking hyper2 v1.5.5
[INFO] [stderr]     Checking cookie_store v0.21.1
[INFO] [stderr]     Checking serde-wasm-bindgen v0.6.5
[INFO] [stderr]     Checking hyper v1.7.0
[INFO] [stderr]    Compiling worker-sys v0.7.2
[INFO] [stderr]     Checking hyper-util v0.1.17
[INFO] [stderr] error: could not compile `web-sys` (lib)
[INFO] [stderr] 
[INFO] [stderr] Caused by:
[INFO] [stderr]   process didn't exit successfully: `/opt/rustwide/rustup-home/toolchains/3154cc1a3e6424e44f438a95007d043ed5ceaaf6/bin/rustc --crate-name web_sys --edition=2021 /opt/rustwide/cargo-home/registry/src/index.crates.io-1949cf8c6b5b557f/web-sys-0.3.83/src/lib.rs --error-format=json --json=diagnostic-rendered-ansi,artifacts,future-incompat,unused-externs-silent --crate-type lib --emit=dep-info,metadata -C embed-bitcode=no -C debuginfo=2 --cfg 'feature="AbortController"' --cfg 'feature="AbortSignal"' --cfg 'feature="BinaryType"' --cfg 'feature="Blob"' --cfg 'feature="Cache"' --cfg 'feature="CacheQueryOptions"' --cfg 'feature="CacheStorage"' --cfg 'feature="CloseEvent"' --cfg 'feature="ErrorEvent"' --cfg 'feature="Event"' --cfg 'feature="EventTarget"' --cfg 'feature="File"' --cfg 'feature="FormData"' --cfg 'feature="Headers"' --cfg 'feature="MessageEvent"' --cfg 'feature="ProgressEvent"' --cfg 'feature="QueuingStrategy"' --cfg 'feature="ReadableByteStreamController"' --cfg 'feature="ReadableStream"' --cfg 'feature="ReadableStreamByobReader"' --cfg 'feature="ReadableStreamByobRequest"' --cfg 'feature="ReadableStreamDefaultController"' --cfg 'feature="ReadableStreamDefaultReader"' --cfg 'feature="ReadableStreamGetReaderOptions"' --cfg 'feature="ReadableStreamReadResult"' --cfg 'feature="ReadableStreamReaderMode"' --cfg 'feature="ReadableStreamType"' --cfg 'feature="ReadableWritablePair"' --cfg 'feature="Request"' --cfg 'feature="RequestInit"' --cfg 'feature="RequestRedirect"' --cfg 'feature="Response"' --cfg 'feature="ResponseInit"' --cfg 'feature="StreamPipeOptions"' --cfg 'feature="TransformStream"' --cfg 'feature="TransformStreamDefaultController"' --cfg 'feature="Transformer"' --cfg 'feature="UnderlyingSink"' --cfg 'feature="UnderlyingSource"' --cfg 'feature="WebSocket"' --cfg 'feature="WorkerGlobalScope"' --cfg 'feature="WritableStream"' --cfg 'feature="WritableStreamDefaultController"' --cfg 'feature="WritableStreamDefaultWriter"' --cfg 'feature="console"' --cfg 'feature="default"' --cfg 'feature="std"' --check-cfg 'cfg(docsrs,test)' --check-cfg 'cfg(feature, values("AbortController", "AbortSignal", "AddEventListenerOptions", "AesCbcParams", "AesCtrParams", "AesDerivedKeyParams", "AesGcmParams", "AesKeyAlgorithm", "AesKeyGenParams", "Algorithm", "AlignSetting", "AllowedBluetoothDevice", "AllowedUsbDevice", "AlphaOption", "AnalyserNode", "AnalyserOptions", "AngleInstancedArrays", "Animation", "AnimationEffect", "AnimationEvent", "AnimationEventInit", "AnimationPlayState", "AnimationPlaybackEvent", "AnimationPlaybackEventInit", "AnimationPropertyDetails", "AnimationPropertyValueDetails", "AnimationTimeline", "AssignedNodesOptions", "AttestationConveyancePreference", "Attr", "AttributeNameValue", "AudioBuffer", "AudioBufferOptions", "AudioBufferSourceNode", "AudioBufferSourceOptions", "AudioConfiguration", "AudioContext", "AudioContextLatencyCategory", "AudioContextOptions", "AudioContextState", "AudioData", "AudioDataCopyToOptions", "AudioDataInit", "AudioDecoder", "AudioDecoderConfig", "AudioDecoderInit", "AudioDecoderSupport", "AudioDestinationNode", "AudioEncoder", "AudioEncoderConfig", "AudioEncoderInit", "AudioEncoderSupport", "AudioListener", "AudioNode", "AudioNodeOptions", "AudioParam", "AudioParamMap", "AudioProcessingEvent", "AudioSampleFormat", "AudioScheduledSourceNode", "AudioSinkInfo", "AudioSinkOptions", "AudioSinkType", "AudioStreamTrack", "AudioTrack", "AudioTrackList", "AudioWorklet", "AudioWorkletGlobalScope", "AudioWorkletNode", "AudioWorkletNodeOptions", "AudioWorkletProcessor", "AuthenticationExtensionsClientInputs", "AuthenticationExtensionsClientInputsJson", "AuthenticationExtensionsClientOutputs", "AuthenticationExtensionsClientOutputsJson", "AuthenticationExtensionsDevicePublicKeyInputs", "AuthenticationExtensionsDevicePublicKeyOutputs", "AuthenticationExtensionsLargeBlobInputs", "AuthenticationExtensionsLargeBlobOutputs", "AuthenticationExtensionsPrfInputs", "AuthenticationExtensionsPrfOutputs", "AuthenticationExtensionsPrfValues", "AuthenticationResponseJson", "AuthenticatorAssertionResponse", "AuthenticatorAssertionResponseJson", "AuthenticatorAttachment", "AuthenticatorAttestationResponse", "AuthenticatorAttestationResponseJson", "AuthenticatorResponse", "AuthenticatorSelectionCriteria", "AuthenticatorTransport", "AutoKeyword", "AutocompleteInfo", "BarProp", "BaseAudioContext", "BaseComputedKeyframe", "BaseKeyframe", "BasePropertyIndexedKeyframe", "BasicCardRequest", "BasicCardResponse", "BasicCardType", "BatteryManager", "BeforeUnloadEvent", "BinaryType", "BiquadFilterNode", "BiquadFilterOptions", "BiquadFilterType", "Blob", "BlobEvent", "BlobEventInit", "BlobPropertyBag", "BlockParsingOptions", "Bluetooth", "BluetoothAdvertisingEvent", "BluetoothAdvertisingEventInit", "BluetoothCharacteristicProperties", "BluetoothDataFilterInit", "BluetoothDevice", "BluetoothLeScanFilterInit", "BluetoothManufacturerDataMap", "BluetoothPermissionDescriptor", "BluetoothPermissionResult", "BluetoothPermissionStorage", "BluetoothRemoteGattCharacteristic", "BluetoothRemoteGattDescriptor", "BluetoothRemoteGattServer", "BluetoothRemoteGattService", "BluetoothServiceDataMap", "BluetoothUuid", "BoxQuadOptions", "BroadcastChannel", "BrowserElementDownloadOptions", "BrowserElementExecuteScriptOptions", "BrowserFeedWriter", "BrowserFindCaseSensitivity", "BrowserFindDirection", "ByteLengthQueuingStrategy", "Cache", "CacheBatchOperation", "CacheQueryOptions", "CacheStorage", "CacheStorageNamespace", "CanvasCaptureMediaStream", "CanvasCaptureMediaStreamTrack", "CanvasGradient", "CanvasPattern", "CanvasRenderingContext2d", "CanvasWindingRule", "CaretChangedReason", "CaretPosition", "CaretStateChangedEventInit", "CdataSection", "ChannelCountMode", "ChannelInterpretation", "ChannelMergerNode", "ChannelMergerOptions", "ChannelSplitterNode", "ChannelSplitterOptions", "CharacterData", "CheckerboardReason", "CheckerboardReport", "CheckerboardReportService", "ChromeFilePropertyBag", "ChromeWorker", "Client", "ClientQueryOptions", "ClientRectsAndTexts", "ClientType", "Clients", "Clipboard", "ClipboardEvent", "ClipboardEventInit", "ClipboardItem", "ClipboardItemOptions", "ClipboardPermissionDescriptor", "ClipboardUnsanitizedFormats", "CloseEvent", "CloseEventInit", "CodecState", "CollectedClientData", "ColorSpaceConversion", "Comment", "CompositeOperation", "CompositionEvent", "CompositionEventInit", "CompressionFormat", "CompressionStream", "ComputedEffectTiming", "ConnStatusDict", "ConnectionType", "ConsoleCounter", "ConsoleCounterError", "ConsoleEvent", "ConsoleInstance", "ConsoleInstanceOptions", "ConsoleLevel", "ConsoleLogLevel", "ConsoleProfileEvent", "ConsoleStackEntry", "ConsoleTimerError", "ConsoleTimerLogOrEnd", "ConsoleTimerStart", "ConstantSourceNode", "ConstantSourceOptions", "ConstrainBooleanParameters", "ConstrainDomStringParameters", "ConstrainDoubleRange", "ConstrainLongRange", "ContextAttributes2d", "ConvertCoordinateOptions", "ConvolverNode", "ConvolverOptions", "CookieChangeEvent", "CookieChangeEventInit", "CookieInit", "CookieListItem", "CookieSameSite", "CookieStore", "CookieStoreDeleteOptions", "CookieStoreGetOptions", "CookieStoreManager", "Coordinates", "CountQueuingStrategy", "Credential", "CredentialCreationOptions", "CredentialPropertiesOutput", "CredentialRequestOptions", "CredentialsContainer", "Crypto", "CryptoKey", "CryptoKeyPair", "CssAnimation", "CssBoxType", "CssConditionRule", "CssCounterStyleRule", "CssFontFaceRule", "CssFontFeatureValuesRule", "CssGroupingRule", "CssImportRule", "CssKeyframeRule", "CssKeyframesRule", "CssMediaRule", "CssNamespaceRule", "CssPageRule", "CssPseudoElement", "CssRule", "CssRuleList", "CssStyleDeclaration", "CssStyleRule", "CssStyleSheet", "CssStyleSheetParsingMode", "CssSupportsRule", "CssTransition", "CustomElementRegistry", "CustomEvent", "CustomEventInit", "DataTransfer", "DataTransferItem", "DataTransferItemList", "DateTimeValue", "DecoderDoctorNotification", "DecoderDoctorNotificationType", "DecompressionStream", "DedicatedWorkerGlobalScope", "DelayNode", "DelayOptions", "DeviceAcceleration", "DeviceAccelerationInit", "DeviceLightEvent", "DeviceLightEventInit", "DeviceMotionEvent", "DeviceMotionEventInit", "DeviceOrientationEvent", "DeviceOrientationEventInit", "DeviceProximityEvent", "DeviceProximityEventInit", "DeviceRotationRate", "DeviceRotationRateInit", "DhKeyDeriveParams", "DirectionSetting", "Directory", "DirectoryPickerOptions", "DisplayMediaStreamConstraints", "DisplayNameOptions", "DisplayNameResult", "DistanceModelType", "DnsCacheDict", "DnsCacheEntry", "DnsLookupDict", "Document", "DocumentFragment", "DocumentTimeline", "DocumentTimelineOptions", "DocumentType", "DomError", "DomException", "DomImplementation", "DomMatrix", "DomMatrix2dInit", "DomMatrixInit", "DomMatrixReadOnly", "DomParser", "DomPoint", "DomPointInit", "DomPointReadOnly", "DomQuad", "DomQuadInit", "DomQuadJson", "DomRect", "DomRectInit", "DomRectList", "DomRectReadOnly", "DomRequest", "DomRequestReadyState", "DomStringList", "DomStringMap", "DomTokenList", "DomWindowResizeEventDetail", "DoubleRange", "DragEvent", "DragEventInit", "DynamicsCompressorNode", "DynamicsCompressorOptions", "EcKeyAlgorithm", "EcKeyGenParams", "EcKeyImportParams", "EcdhKeyDeriveParams", "EcdsaParams", "EffectTiming", "Element", "ElementCreationOptions", "ElementDefinitionOptions", "EncodedAudioChunk", "EncodedAudioChunkInit", "EncodedAudioChunkMetadata", "EncodedAudioChunkType", "EncodedVideoChunk", "EncodedVideoChunkInit", "EncodedVideoChunkMetadata", "EncodedVideoChunkType", "EndingTypes", "ErrorCallback", "ErrorEvent", "ErrorEventInit", "Event", "EventInit", "EventListener", "EventListenerOptions", "EventModifierInit", "EventSource", "EventSourceInit", "EventTarget", "Exception", "ExtBlendMinmax", "ExtColorBufferFloat", "ExtColorBufferHalfFloat", "ExtDisjointTimerQuery", "ExtFragDepth", "ExtSRgb", "ExtShaderTextureLod", "ExtTextureFilterAnisotropic", "ExtTextureNorm16", "ExtendableCookieChangeEvent", "ExtendableCookieChangeEventInit", "ExtendableEvent", "ExtendableEventInit", "ExtendableMessageEvent", "ExtendableMessageEventInit", "External", "FakePluginMimeEntry", "FakePluginTagInit", "FetchEvent", "FetchEventInit", "FetchObserver", "FetchReadableStreamReadDataArray", "FetchReadableStreamReadDataDone", "FetchState", "File", "FileCallback", "FileList", "FilePickerAcceptType", "FilePickerOptions", "FilePropertyBag", "FileReader", "FileReaderSync", "FileSystem", "FileSystemCreateWritableOptions", "FileSystemDirectoryEntry", "FileSystemDirectoryHandle", "FileSystemDirectoryReader", "FileSystemEntriesCallback", "FileSystemEntry", "FileSystemEntryCallback", "FileSystemFileEntry", "FileSystemFileHandle", "FileSystemFlags", "FileSystemGetDirectoryOptions", "FileSystemGetFileOptions", "FileSystemHandle", "FileSystemHandleKind", "FileSystemHandlePermissionDescriptor", "FileSystemPermissionDescriptor", "FileSystemPermissionMode", "FileSystemReadWriteOptions", "FileSystemRemoveOptions", "FileSystemSyncAccessHandle", "FileSystemWritableFileStream", "FillMode", "FlashClassification", "FlowControlType", "FocusEvent", "FocusEventInit", "FocusOptions", "FontData", "FontFace", "FontFaceDescriptors", "FontFaceLoadStatus", "FontFaceSet", "FontFaceSetIterator", "FontFaceSetIteratorResult", "FontFaceSetLoadEvent", "FontFaceSetLoadEventInit", "FontFaceSetLoadStatus", "FormData", "FrameType", "FuzzingFunctions", "GainNode", "GainOptions", "Gamepad", "GamepadButton", "GamepadEffectParameters", "GamepadEvent", "GamepadEventInit", "GamepadHand", "GamepadHapticActuator", "GamepadHapticActuatorType", "GamepadHapticEffectType", "GamepadHapticsResult", "GamepadMappingType", "GamepadPose", "GamepadTouch", "Geolocation", "GestureEvent", "GetAnimationsOptions", "GetRootNodeOptions", "GetUserMediaRequest", "Gpu", "GpuAdapter", "GpuAdapterInfo", "GpuAddressMode", "GpuAutoLayoutMode", "GpuBindGroup", "GpuBindGroupDescriptor", "GpuBindGroupEntry", "GpuBindGroupLayout", "GpuBindGroupLayoutDescriptor", "GpuBindGroupLayoutEntry", "GpuBlendComponent", "GpuBlendFactor", "GpuBlendOperation", "GpuBlendState", "GpuBuffer", "GpuBufferBinding", "GpuBufferBindingLayout", "GpuBufferBindingType", "GpuBufferDescriptor", "GpuBufferMapState", "GpuCanvasAlphaMode", "GpuCanvasConfiguration", "GpuCanvasContext", "GpuCanvasToneMapping", "GpuCanvasToneMappingMode", "GpuColorDict", "GpuColorTargetState", "GpuCommandBuffer", "GpuCommandBufferDescriptor", "GpuCommandEncoder", "GpuCommandEncoderDescriptor", "GpuCompareFunction", "GpuCompilationInfo", "GpuCompilationMessage", "GpuCompilationMessageType", "GpuComputePassDescriptor", "GpuComputePassEncoder", "GpuComputePassTimestampWrites", "GpuComputePipeline", "GpuComputePipelineDescriptor", "GpuCopyExternalImageDestInfo", "GpuCopyExternalImageSourceInfo", "GpuCullMode", "GpuDepthStencilState", "GpuDevice", "GpuDeviceDescriptor", "GpuDeviceLostInfo", "GpuDeviceLostReason", "GpuError", "GpuErrorFilter", "GpuExtent3dDict", "GpuExternalTexture", "GpuExternalTextureBindingLayout", "GpuExternalTextureDescriptor", "GpuFeatureName", "GpuFilterMode", "GpuFragmentState", "GpuFrontFace", "GpuIndexFormat", "GpuInternalError", "GpuLoadOp", "GpuMipmapFilterMode", "GpuMultisampleState", "GpuObjectDescriptorBase", "GpuOrigin2dDict", "GpuOrigin3dDict", "GpuOutOfMemoryError", "GpuPipelineDescriptorBase", "GpuPipelineError", "GpuPipelineErrorInit", "GpuPipelineErrorReason", "GpuPipelineLayout", "GpuPipelineLayoutDescriptor", "GpuPowerPreference", "GpuPrimitiveState", "GpuPrimitiveTopology", "GpuProgrammableStage", "GpuQuerySet", "GpuQuerySetDescriptor", "GpuQueryType", "GpuQueue", "GpuQueueDescriptor", "GpuRenderBundle", "GpuRenderBundleDescriptor", "GpuRenderBundleEncoder", "GpuRenderBundleEncoderDescriptor", "GpuRenderPassColorAttachment", "GpuRenderPassDepthStencilAttachment", "GpuRenderPassDescriptor", "GpuRenderPassEncoder", "GpuRenderPassLayout", "GpuRenderPassTimestampWrites", "GpuRenderPipeline", "GpuRenderPipelineDescriptor", "GpuRequestAdapterOptions", "GpuSampler", "GpuSamplerBindingLayout", "GpuSamplerBindingType", "GpuSamplerDescriptor", "GpuShaderModule", "GpuShaderModuleCompilationHint", "GpuShaderModuleDescriptor", "GpuStencilFaceState", "GpuStencilOperation", "GpuStorageTextureAccess", "GpuStorageTextureBindingLayout", "GpuStoreOp", "GpuSupportedFeatures", "GpuSupportedLimits", "GpuTexelCopyBufferInfo", "GpuTexelCopyBufferLayout", "GpuTexelCopyTextureInfo", "GpuTexture", "GpuTextureAspect", "GpuTextureBindingLayout", "GpuTextureDescriptor", "GpuTextureDimension", "GpuTextureFormat", "GpuTextureSampleType", "GpuTextureView", "GpuTextureViewDescriptor", "GpuTextureViewDimension", "GpuUncapturedErrorEvent", "GpuUncapturedErrorEventInit", "GpuValidationError", "GpuVertexAttribute", "GpuVertexBufferLayout", "GpuVertexFormat", "GpuVertexState", "GpuVertexStepMode", "GroupedHistoryEventInit", "HalfOpenInfoDict", "HardwareAcceleration", "HashChangeEvent", "HashChangeEventInit", "Headers", "HeadersGuardEnum", "Hid", "HidCollectionInfo", "HidConnectionEvent", "HidConnectionEventInit", "HidDevice", "HidDeviceFilter", "HidDeviceRequestOptions", "HidInputReportEvent", "HidInputReportEventInit", "HidReportInfo", "HidReportItem", "HidUnitSystem", "HiddenPluginEventInit", "History", "HitRegionOptions", "HkdfParams", "HmacDerivedKeyParams", "HmacImportParams", "HmacKeyAlgorithm", "HmacKeyGenParams", "HtmlAllCollection", "HtmlAnchorElement", "HtmlAreaElement", "HtmlAudioElement", "HtmlBaseElement", "HtmlBodyElement", "HtmlBrElement", "HtmlButtonElement", "HtmlCanvasElement", "HtmlCollection", "HtmlDListElement", "HtmlDataElement", "HtmlDataListElement", "HtmlDetailsElement", "HtmlDialogElement", "HtmlDirectoryElement", "HtmlDivElement", "HtmlDocument", "HtmlElement", "HtmlEmbedElement", "HtmlFieldSetElement", "HtmlFontElement", "HtmlFormControlsCollection", "HtmlFormElement", "HtmlFrameElement", "HtmlFrameSetElement", "HtmlHeadElement", "HtmlHeadingElement", "HtmlHrElement", "HtmlHtmlElement", "HtmlIFrameElement", "HtmlImageElement", "HtmlInputElement", "HtmlLabelElement", "HtmlLegendElement", "HtmlLiElement", "HtmlLinkElement", "HtmlMapElement", "HtmlMediaElement", "HtmlMenuElement", "HtmlMenuItemElement", "HtmlMetaElement", "HtmlMeterElement", "HtmlModElement", "HtmlOListElement", "HtmlObjectElement", "HtmlOptGroupElement", "HtmlOptionElement", "HtmlOptionsCollection", "HtmlOutputElement", "HtmlParagraphElement", "HtmlParamElement", "HtmlPictureElement", "HtmlPreElement", "HtmlProgressElement", "HtmlQuoteElement", "HtmlScriptElement", "HtmlSelectElement", "HtmlSlotElement", "HtmlSourceElement", "HtmlSpanElement", "HtmlStyleElement", "HtmlTableCaptionElement", "HtmlTableCellElement", "HtmlTableColElement", "HtmlTableElement", "HtmlTableRowElement", "HtmlTableSectionElement", "HtmlTemplateElement", "HtmlTextAreaElement", "HtmlTimeElement", "HtmlTitleElement", "HtmlTrackElement", "HtmlUListElement", "HtmlUnknownElement", "HtmlVideoElement", "HttpConnDict", "HttpConnInfo", "HttpConnectionElement", "IdbCursor", "IdbCursorDirection", "IdbCursorWithValue", "IdbDatabase", "IdbFactory", "IdbFileHandle", "IdbFileMetadataParameters", "IdbFileRequest", "IdbIndex", "IdbIndexParameters", "IdbKeyRange", "IdbLocaleAwareKeyRange", "IdbMutableFile", "IdbObjectStore", "IdbObjectStoreParameters", "IdbOpenDbOptions", "IdbOpenDbRequest", "IdbRequest", "IdbRequestReadyState", "IdbTransaction", "IdbTransactionDurability", "IdbTransactionMode", "IdbTransactionOptions", "IdbVersionChangeEvent", "IdbVersionChangeEventInit", "IdleDeadline", "IdleRequestOptions", "IirFilterNode", "IirFilterOptions", "ImageBitmap", "ImageBitmapOptions", "ImageBitmapRenderingContext", "ImageCapture", "ImageCaptureError", "ImageCaptureErrorEvent", "ImageCaptureErrorEventInit", "ImageData", "ImageDecodeOptions", "ImageDecodeResult", "ImageDecoder", "ImageDecoderInit", "ImageEncodeOptions", "ImageOrientation", "ImageTrack", "ImageTrackList", "InputDeviceInfo", "InputEvent", "InputEventInit", "IntersectionObserver", "IntersectionObserverEntry", "IntersectionObserverEntryInit", "IntersectionObserverInit", "IntlUtils", "IsInputPendingOptions", "IterableKeyAndValueResult", "IterableKeyOrValueResult", "IterationCompositeOperation", "JsonWebKey", "KeyAlgorithm", "KeyEvent", "KeyFrameRequestEvent", "KeyIdsInitData", "KeyboardEvent", "KeyboardEventInit", "KeyframeAnimationOptions", "KeyframeEffect", "KeyframeEffectOptions", "L10nElement", "L10nValue", "LargeBlobSupport", "LatencyMode", "LifecycleCallbacks", "LineAlignSetting", "ListBoxObject", "LocalMediaStream", "LocaleInfo", "Location", "Lock", "LockInfo", "LockManager", "LockManagerSnapshot", "LockMode", "LockOptions", "MathMlElement", "MediaCapabilities", "MediaCapabilitiesInfo", "MediaConfiguration", "MediaDecodingConfiguration", "MediaDecodingType", "MediaDeviceInfo", "MediaDeviceKind", "MediaDevices", "MediaElementAudioSourceNode", "MediaElementAudioSourceOptions", "MediaEncodingConfiguration", "MediaEncodingType", "MediaEncryptedEvent", "MediaError", "MediaImage", "MediaKeyError", "MediaKeyMessageEvent", "MediaKeyMessageEventInit", "MediaKeyMessageType", "MediaKeyNeededEventInit", "MediaKeySession", "MediaKeySessionType", "MediaKeyStatus", "MediaKeyStatusMap", "MediaKeySystemAccess", "MediaKeySystemConfiguration", "MediaKeySystemMediaCapability", "MediaKeySystemStatus", "MediaKeys", "MediaKeysPolicy", "MediaKeysRequirement", "MediaList", "MediaMetadata", "MediaMetadataInit", "MediaPositionState", "MediaQueryList", "MediaQueryListEvent", "MediaQueryListEventInit", "MediaRecorder", "MediaRecorderErrorEvent", "MediaRecorderErrorEventInit", "MediaRecorderOptions", "MediaSession", "MediaSessionAction", "MediaSessionActionDetails", "MediaSessionPlaybackState", "MediaSource", "MediaSourceEndOfStreamError", "MediaSourceEnum", "MediaSourceReadyState", "MediaStream", "MediaStreamAudioDestinationNode", "MediaStreamAudioSourceNode", "MediaStreamAudioSourceOptions", "MediaStreamConstraints", "MediaStreamError", "MediaStreamEvent", "MediaStreamEventInit", "MediaStreamTrack", "MediaStreamTrackEvent", "MediaStreamTrackEventInit", "MediaStreamTrackGenerator", "MediaStreamTrackGeneratorInit", "MediaStreamTrackProcessor", "MediaStreamTrackProcessorInit", "MediaStreamTrackState", "MediaTrackCapabilities", "MediaTrackConstraintSet", "MediaTrackConstraints", "MediaTrackSettings", "MediaTrackSupportedConstraints", "MemoryAttribution", "MemoryAttributionContainer", "MemoryBreakdownEntry", "MemoryMeasurement", "MessageChannel", "MessageEvent", "MessageEventInit", "MessagePort", "MidiAccess", "MidiConnectionEvent", "MidiConnectionEventInit", "MidiInput", "MidiInputMap", "MidiMessageEvent", "MidiMessageEventInit", "MidiOptions", "MidiOutput", "MidiOutputMap", "MidiPort", "MidiPortConnectionState", "MidiPortDeviceState", "MidiPortType", "MimeType", "MimeTypeArray", "MouseEvent", "MouseEventInit", "MouseScrollEvent", "MozDebug", "MutationEvent", "MutationObserver", "MutationObserverInit", "MutationObservingInfo", "MutationRecord", "NamedNodeMap", "NativeOsFileReadOptions", "NativeOsFileWriteAtomicOptions", "NavigationType", "Navigator", "NavigatorAutomationInformation", "NavigatorUaBrandVersion", "NavigatorUaData", "NetworkCommandOptions", "NetworkInformation", "NetworkResultOptions", "Node", "NodeFilter", "NodeIterator", "NodeList", "Notification", "NotificationAction", "NotificationDirection", "NotificationEvent", "NotificationEventInit", "NotificationOptions", "NotificationPermission", "ObserverCallback", "OesElementIndexUint", "OesStandardDerivatives", "OesTextureFloat", "OesTextureFloatLinear", "OesTextureHalfFloat", "OesTextureHalfFloatLinear", "OesVertexArrayObject", "OfflineAudioCompletionEvent", "OfflineAudioCompletionEventInit", "OfflineAudioContext", "OfflineAudioContextOptions", "OfflineResourceList", "OffscreenCanvas", "OffscreenCanvasRenderingContext2d", "OpenFilePickerOptions", "OpenWindowEventDetail", "OptionalEffectTiming", "OrientationLockType", "OrientationType", "OscillatorNode", "OscillatorOptions", "OscillatorType", "OverSampleType", "OvrMultiview2", "PageTransitionEvent", "PageTransitionEventInit", "PaintRequest", "PaintRequestList", "PaintWorkletGlobalScope", "PannerNode", "PannerOptions", "PanningModelType", "ParityType", "Path2d", "PaymentAddress", "PaymentComplete", "PaymentMethodChangeEvent", "PaymentMethodChangeEventInit", "PaymentRequestUpdateEvent", "PaymentRequestUpdateEventInit", "PaymentResponse", "Pbkdf2Params", "PcImplIceConnectionState", "PcImplIceGatheringState", "PcImplSignalingState", "PcObserverStateType", "Performance", "PerformanceEntry", "PerformanceEntryEventInit", "PerformanceEntryFilterOptions", "PerformanceMark", "PerformanceMeasure", "PerformanceNavigation", "PerformanceNavigationTiming", "PerformanceObserver", "PerformanceObserverEntryList", "PerformanceObserverInit", "PerformanceResourceTiming", "PerformanceServerTiming", "PerformanceTiming", "PeriodicWave", "PeriodicWaveConstraints", "PeriodicWaveOptions", "PermissionDescriptor", "PermissionName", "PermissionState", "PermissionStatus", "Permissions", "PictureInPictureEvent", "PictureInPictureEventInit", "PictureInPictureWindow", "PlaneLayout", "PlaybackDirection", "Plugin", "PluginArray", "PluginCrashedEventInit", "PointerEvent", "PointerEventInit", "PopStateEvent", "PopStateEventInit", "PopupBlockedEvent", "PopupBlockedEventInit", "Position", "PositionAlignSetting", "PositionError", "PositionOptions", "PremultiplyAlpha", "Presentation", "PresentationAvailability", "PresentationConnection", "PresentationConnectionAvailableEvent", "PresentationConnectionAvailableEventInit", "PresentationConnectionBinaryType", "PresentationConnectionCloseEvent", "PresentationConnectionCloseEventInit", "PresentationConnectionClosedReason", "PresentationConnectionList", "PresentationConnectionState", "PresentationReceiver", "PresentationRequest", "PresentationStyle", "ProcessingInstruction", "ProfileTimelineLayerRect", "ProfileTimelineMarker", "ProfileTimelineMessagePortOperationType", "ProfileTimelineStackFrame", "ProfileTimelineWorkerOperationType", "ProgressEvent", "ProgressEventInit", "PromiseNativeHandler", "PromiseRejectionEvent", "PromiseRejectionEventInit", "PublicKeyCredential", "PublicKeyCredentialCreationOptions", "PublicKeyCredentialCreationOptionsJson", "PublicKeyCredentialDescriptor", "PublicKeyCredentialDescriptorJson", "PublicKeyCredentialEntity", "PublicKeyCredentialHints", "PublicKeyCredentialParameters", "PublicKeyCredentialRequestOptions", "PublicKeyCredentialRequestOptionsJson", "PublicKeyCredentialRpEntity", "PublicKeyCredentialType", "PublicKeyCredentialUserEntity", "PublicKeyCredentialUserEntityJson", "PushEncryptionKeyName", "PushEvent", "PushEventInit", "PushManager", "PushMessageData", "PushPermissionState", "PushSubscription", "PushSubscriptionInit", "PushSubscriptionJson", "PushSubscriptionKeys", "PushSubscriptionOptions", "PushSubscriptionOptionsInit", "QueryOptions", "QueuingStrategy", "QueuingStrategyInit", "RadioNodeList", "Range", "RcwnPerfStats", "RcwnStatus", "ReadableByteStreamController", "ReadableStream", "ReadableStreamByobReader", "ReadableStreamByobRequest", "ReadableStreamDefaultController", "ReadableStreamDefaultReader", "ReadableStreamGetReaderOptions", "ReadableStreamIteratorOptions", "ReadableStreamReadResult", "ReadableStreamReaderMode", "ReadableStreamType", "ReadableWritablePair", "RecordingState", "ReferrerPolicy", "RegisterRequest", "RegisterResponse", "RegisteredKey", "RegistrationOptions", "RegistrationResponseJson", "Request", "RequestCache", "RequestCredentials", "RequestDestination", "RequestDeviceOptions", "RequestInit", "RequestMediaKeySystemAccessNotification", "RequestMode", "RequestRedirect", "ResidentKeyRequirement", "ResizeObserver", "ResizeObserverBoxOptions", "ResizeObserverEntry", "ResizeObserverOptions", "ResizeObserverSize", "ResizeQuality", "Response", "ResponseInit", "ResponseType", "RsaHashedImportParams", "RsaOaepParams", "RsaOtherPrimesInfo", "RsaPssParams", "RtcAnswerOptions", "RtcBundlePolicy", "RtcCertificate", "RtcCertificateExpiration", "RtcCodecStats", "RtcConfiguration", "RtcDataChannel", "RtcDataChannelEvent", "RtcDataChannelEventInit", "RtcDataChannelInit", "RtcDataChannelState", "RtcDataChannelType", "RtcDegradationPreference", "RtcEncodedAudioFrame", "RtcEncodedAudioFrameMetadata", "RtcEncodedAudioFrameOptions", "RtcEncodedVideoFrame", "RtcEncodedVideoFrameMetadata", "RtcEncodedVideoFrameOptions", "RtcEncodedVideoFrameType", "RtcFecParameters", "RtcIceCandidate", "RtcIceCandidateInit", "RtcIceCandidatePairStats", "RtcIceCandidateStats", "RtcIceComponentStats", "RtcIceConnectionState", "RtcIceCredentialType", "RtcIceGatheringState", "RtcIceServer", "RtcIceTransportPolicy", "RtcIdentityAssertion", "RtcIdentityAssertionResult", "RtcIdentityProvider", "RtcIdentityProviderDetails", "RtcIdentityProviderOptions", "RtcIdentityProviderRegistrar", "RtcIdentityValidationResult", "RtcInboundRtpStreamStats", "RtcMediaStreamStats", "RtcMediaStreamTrackStats", "RtcOfferAnswerOptions", "RtcOfferOptions", "RtcOutboundRtpStreamStats", "RtcPeerConnection", "RtcPeerConnectionIceErrorEvent", "RtcPeerConnectionIceEvent", "RtcPeerConnectionIceEventInit", "RtcPeerConnectionState", "RtcPriorityType", "RtcRtcpParameters", "RtcRtpCapabilities", "RtcRtpCodecCapability", "RtcRtpCodecParameters", "RtcRtpContributingSource", "RtcRtpEncodingParameters", "RtcRtpHeaderExtensionCapability", "RtcRtpHeaderExtensionParameters", "RtcRtpParameters", "RtcRtpReceiver", "RtcRtpScriptTransform", "RtcRtpScriptTransformer", "RtcRtpSender", "RtcRtpSourceEntry", "RtcRtpSourceEntryType", "RtcRtpSynchronizationSource", "RtcRtpTransceiver", "RtcRtpTransceiverDirection", "RtcRtpTransceiverInit", "RtcRtxParameters", "RtcSdpType", "RtcSessionDescription", "RtcSessionDescriptionInit", "RtcSignalingState", "RtcStats", "RtcStatsIceCandidatePairState", "RtcStatsIceCandidateType", "RtcStatsReport", "RtcStatsReportInternal", "RtcStatsType", "RtcTrackEvent", "RtcTrackEventInit", "RtcTransformEvent", "RtcTransportStats", "RtcdtmfSender", "RtcdtmfToneChangeEvent", "RtcdtmfToneChangeEventInit", "RtcrtpContributingSourceStats", "RtcrtpStreamStats", "SFrameTransform", "SFrameTransformErrorEvent", "SFrameTransformErrorEventInit", "SFrameTransformErrorEventType", "SFrameTransformOptions", "SFrameTransformRole", "SaveFilePickerOptions", "Scheduler", "SchedulerPostTaskOptions", "Scheduling", "Screen", "ScreenColorGamut", "ScreenLuminance", "ScreenOrientation", "ScriptProcessorNode", "ScrollAreaEvent", "ScrollBehavior", "ScrollBoxObject", "ScrollIntoViewContainer", "ScrollIntoViewOptions", "ScrollLogicalPosition", "ScrollOptions", "ScrollRestoration", "ScrollSetting", "ScrollState", "ScrollToOptions", "ScrollViewChangeEventInit", "SecurityPolicyViolationEvent", "SecurityPolicyViolationEventDisposition", "SecurityPolicyViolationEventInit", "Selection", "SelectionMode", "Serial", "SerialInputSignals", "SerialOptions", "SerialOutputSignals", "SerialPort", "SerialPortFilter", "SerialPortInfo", "SerialPortRequestOptions", "ServerSocketOptions", "ServiceWorker", "ServiceWorkerContainer", "ServiceWorkerGlobalScope", "ServiceWorkerRegistration", "ServiceWorkerState", "ServiceWorkerUpdateViaCache", "ShadowRoot", "ShadowRootInit", "ShadowRootMode", "ShareData", "SharedWorker", "SharedWorkerGlobalScope", "SignResponse", "SocketElement", "SocketOptions", "SocketReadyState", "SocketsDict", "SourceBuffer", "SourceBufferAppendMode", "SourceBufferList", "SpeechGrammar", "SpeechGrammarList", "SpeechRecognition", "SpeechRecognitionAlternative", "SpeechRecognitionError", "SpeechRecognitionErrorCode", "SpeechRecognitionErrorInit", "SpeechRecognitionEvent", "SpeechRecognitionEventInit", "SpeechRecognitionResult", "SpeechRecognitionResultList", "SpeechSynthesis", "SpeechSynthesisErrorCode", "SpeechSynthesisErrorEvent", "SpeechSynthesisErrorEventInit", "SpeechSynthesisEvent", "SpeechSynthesisEventInit", "SpeechSynthesisUtterance", "SpeechSynthesisVoice", "StereoPannerNode", "StereoPannerOptions", "Storage", "StorageEstimate", "StorageEvent", "StorageEventInit", "StorageManager", "StorageType", "StreamPipeOptions", "StyleRuleChangeEventInit", "StyleSheet", "StyleSheetApplicableStateChangeEventInit", "StyleSheetChangeEventInit", "StyleSheetList", "SubmitEvent", "SubmitEventInit", "SubtleCrypto", "SupportedType", "SvcOutputMetadata", "SvgAngle", "SvgAnimateElement", "SvgAnimateMotionElement", "SvgAnimateTransformElement", "SvgAnimatedAngle", "SvgAnimatedBoolean", "SvgAnimatedEnumeration", "SvgAnimatedInteger", "SvgAnimatedLength", "SvgAnimatedLengthList", "SvgAnimatedNumber", "SvgAnimatedNumberList", "SvgAnimatedPreserveAspectRatio", "SvgAnimatedRect", "SvgAnimatedString", "SvgAnimatedTransformList", "SvgAnimationElement", "SvgBoundingBoxOptions", "SvgCircleElement", "SvgClipPathElement", "SvgComponentTransferFunctionElement", "SvgDefsElement", "SvgDescElement", "SvgElement", "SvgEllipseElement", "SvgFilterElement", "SvgForeignObjectElement", "SvgGeometryElement", "SvgGradientElement", "SvgGraphicsElement", "SvgImageElement", "SvgLength", "SvgLengthList", "SvgLineElement", "SvgLinearGradientElement", "SvgMarkerElement", "SvgMaskElement", "SvgMatrix", "SvgMetadataElement", "SvgNumber", "SvgNumberList", "SvgPathElement", "SvgPathSeg", "SvgPathSegArcAbs", "SvgPathSegArcRel", "SvgPathSegClosePath", "SvgPathSegCurvetoCubicAbs", "SvgPathSegCurvetoCubicRel", "SvgPathSegCurvetoCubicSmoothAbs", "SvgPathSegCurvetoCubicSmoothRel", "SvgPathSegCurvetoQuadraticAbs", "SvgPathSegCurvetoQuadraticRel", "SvgPathSegCurvetoQuadraticSmoothAbs", "SvgPathSegCurvetoQuadraticSmoothRel", "SvgPathSegLinetoAbs", "SvgPathSegLinetoHorizontalAbs", "SvgPathSegLinetoHorizontalRel", "SvgPathSegLinetoRel", "SvgPathSegLinetoVerticalAbs", "SvgPathSegLinetoVerticalRel", "SvgPathSegList", "SvgPathSegMovetoAbs", "SvgPathSegMovetoRel", "SvgPatternElement", "SvgPoint", "SvgPointList", "SvgPolygonElement", "SvgPolylineElement", "SvgPreserveAspectRatio", "SvgRadialGradientElement", "SvgRect", "SvgRectElement", "SvgScriptElement", "SvgSetElement", "SvgStopElement", "SvgStringList", "SvgStyleElement", "SvgSwitchElement", "SvgSymbolElement", "SvgTextContentElement", "SvgTextElement", "SvgTextPathElement", "SvgTextPositioningElement", "SvgTitleElement", "SvgTransform", "SvgTransformList", "SvgUnitTypes", "SvgUseElement", "SvgViewElement", "SvgZoomAndPan", "SvgaElement", "SvgfeBlendElement", "SvgfeColorMatrixElement", "SvgfeComponentTransferElement", "SvgfeCompositeElement", "SvgfeConvolveMatrixElement", "SvgfeDiffuseLightingElement", "SvgfeDisplacementMapElement", "SvgfeDistantLightElement", "SvgfeDropShadowElement", "SvgfeFloodElement", "SvgfeFuncAElement", "SvgfeFuncBElement", "SvgfeFuncGElement", "SvgfeFuncRElement", "SvgfeGaussianBlurElement", "SvgfeImageElement", "SvgfeMergeElement", "SvgfeMergeNodeElement", "SvgfeMorphologyElement", "SvgfeOffsetElement", "SvgfePointLightElement", "SvgfeSpecularLightingElement", "SvgfeSpotLightElement", "SvgfeTileElement", "SvgfeTurbulenceElement", "SvggElement", "SvgmPathElement", "SvgsvgElement", "SvgtSpanElement", "TaskController", "TaskControllerInit", "TaskPriority", "TaskPriorityChangeEvent", "TaskPriorityChangeEventInit", "TaskSignal", "TaskSignalAnyInit", "TcpReadyState", "TcpServerSocket", "TcpServerSocketEvent", "TcpServerSocketEventInit", "TcpSocket", "TcpSocketBinaryType", "TcpSocketErrorEvent", "TcpSocketErrorEventInit", "TcpSocketEvent", "TcpSocketEventInit", "Text", "TextDecodeOptions", "TextDecoder", "TextDecoderOptions", "TextEncoder", "TextMetrics", "TextTrack", "TextTrackCue", "TextTrackCueList", "TextTrackKind", "TextTrackList", "TextTrackMode", "TimeEvent", "TimeRanges", "ToggleEvent", "ToggleEventInit", "TokenBinding", "TokenBindingStatus", "Touch", "TouchEvent", "TouchEventInit", "TouchInit", "TouchList", "TrackEvent", "TrackEventInit", "TransformStream", "TransformStreamDefaultController", "Transformer", "TransitionEvent", "TransitionEventInit", "Transport", "TreeBoxObject", "TreeCellInfo", "TreeView", "TreeWalker", "U2f", "U2fClientData", "ULongRange", "UaDataValues", "UaLowEntropyJson", "UdpMessageEventInit", "UdpOptions", "UiEvent", "UiEventInit", "UnderlyingSink", "UnderlyingSource", "Url", "UrlSearchParams", "Usb", "UsbAlternateInterface", "UsbConfiguration", "UsbConnectionEvent", "UsbConnectionEventInit", "UsbControlTransferParameters", "UsbDevice", "UsbDeviceFilter", "UsbDeviceRequestOptions", "UsbDirection", "UsbEndpoint", "UsbEndpointType", "UsbInTransferResult", "UsbInterface", "UsbIsochronousInTransferPacket", "UsbIsochronousInTransferResult", "UsbIsochronousOutTransferPacket", "UsbIsochronousOutTransferResult", "UsbOutTransferResult", "UsbPermissionDescriptor", "UsbPermissionResult", "UsbPermissionStorage", "UsbRecipient", "UsbRequestType", "UsbTransferStatus", "UserActivation", "UserProximityEvent", "UserProximityEventInit", "UserVerificationRequirement", "ValidityState", "ValueEvent", "ValueEventInit", "VideoColorPrimaries", "VideoColorSpace", "VideoColorSpaceInit", "VideoConfiguration", "VideoDecoder", "VideoDecoderConfig", "VideoDecoderInit", "VideoDecoderSupport", "VideoEncoder", "VideoEncoderConfig", "VideoEncoderEncodeOptions", "VideoEncoderInit", "VideoEncoderSupport", "VideoFacingModeEnum", "VideoFrame", "VideoFrameBufferInit", "VideoFrameCopyToOptions", "VideoFrameInit", "VideoMatrixCoefficients", "VideoPixelFormat", "VideoPlaybackQuality", "VideoStreamTrack", "VideoTrack", "VideoTrackList", "VideoTransferCharacteristics", "ViewTransition", "VisibilityState", "VisualViewport", "VoidCallback", "VrDisplay", "VrDisplayCapabilities", "VrEye", "VrEyeParameters", "VrFieldOfView", "VrFrameData", "VrLayer", "VrMockController", "VrMockDisplay", "VrPose", "VrServiceTest", "VrStageParameters", "VrSubmitFrameResult", "VttCue", "VttRegion", "WakeLock", "WakeLockSentinel", "WakeLockType", "WatchAdvertisementsOptions", "WaveShaperNode", "WaveShaperOptions", "WebGl2RenderingContext", "WebGlActiveInfo", "WebGlBuffer", "WebGlContextAttributes", "WebGlContextEvent", "WebGlContextEventInit", "WebGlFramebuffer", "WebGlPowerPreference", "WebGlProgram", "WebGlQuery", "WebGlRenderbuffer", "WebGlRenderingContext", "WebGlSampler", "WebGlShader", "WebGlShaderPrecisionFormat", "WebGlSync", "WebGlTexture", "WebGlTransformFeedback", "WebGlUniformLocation", "WebGlVertexArrayObject", "WebKitCssMatrix", "WebSocket", "WebSocketDict", "WebSocketElement", "WebTransport", "WebTransportBidirectionalStream", "WebTransportCloseInfo", "WebTransportCongestionControl", "WebTransportDatagramDuplexStream", "WebTransportDatagramStats", "WebTransportError", "WebTransportErrorOptions", "WebTransportErrorSource", "WebTransportHash", "WebTransportOptions", "WebTransportReceiveStream", "WebTransportReceiveStreamStats", "WebTransportReliabilityMode", "WebTransportSendStream", "WebTransportSendStreamOptions", "WebTransportSendStreamStats", "WebTransportStats", "WebglColorBufferFloat", "WebglCompressedTextureAstc", "WebglCompressedTextureAtc", "WebglCompressedTextureEtc", "WebglCompressedTextureEtc1", "WebglCompressedTexturePvrtc", "WebglCompressedTextureS3tc", "WebglCompressedTextureS3tcSrgb", "WebglDebugRendererInfo", "WebglDebugShaders", "WebglDepthTexture", "WebglDrawBuffers", "WebglLoseContext", "WebglMultiDraw", "WellKnownDirectory", "WgslLanguageFeatures", "WheelEvent", "WheelEventInit", "WidevineCdmManifest", "Window", "WindowClient", "Worker", "WorkerDebuggerGlobalScope", "WorkerGlobalScope", "WorkerLocation", "WorkerNavigator", "WorkerOptions", "WorkerType", "Worklet", "WorkletGlobalScope", "WorkletOptions", "WritableStream", "WritableStreamDefaultController", "WritableStreamDefaultWriter", "WriteCommandType", "WriteParams", "XPathExpression", "XPathNsResolver", "XPathResult", "XmlDocument", "XmlHttpRequest", "XmlHttpRequestEventTarget", "XmlHttpRequestResponseType", "XmlHttpRequestUpload", "XmlSerializer", "XrBoundedReferenceSpace", "XrEye", "XrFrame", "XrHand", "XrHandJoint", "XrHandedness", "XrInputSource", "XrInputSourceArray", "XrInputSourceEvent", "XrInputSourceEventInit", "XrInputSourcesChangeEvent", "XrInputSourcesChangeEventInit", "XrJointPose", "XrJointSpace", "XrLayer", "XrPermissionDescriptor", "XrPermissionStatus", "XrPose", "XrReferenceSpace", "XrReferenceSpaceEvent", "XrReferenceSpaceEventInit", "XrReferenceSpaceType", "XrRenderState", "XrRenderStateInit", "XrRigidTransform", "XrSession", "XrSessionEvent", "XrSessionEventInit", "XrSessionInit", "XrSessionMode", "XrSessionSupportedPermissionDescriptor", "XrSpace", "XrSystem", "XrTargetRayMode", "XrView", "XrViewerPose", "XrViewport", "XrVisibilityState", "XrWebGlLayer", "XrWebGlLayerInit", "XsltProcessor", "console", "css", "default", "gpu_buffer_usage", "gpu_color_write", "gpu_map_mode", "gpu_shader_stage", "gpu_texture_usage", "std"))' -C metadata=f18b3ebd7cb1f877 -C extra-filename=-0f68b0f51543b774 --out-dir /opt/rustwide/target/debug/build/web-sys/0f68b0f51543b774/out -L dependency=/opt/rustwide/target/debug/build/cfg-if/dbbf0e19f44b3725/out -L dependency=/opt/rustwide/target/debug/build/once_cell/081573220ebc77cc/out -L dependency=/opt/rustwide/target/debug/build/unicode-ident/77ca43260f70c877/out -L dependency=/opt/rustwide/target/debug/build/wasm-bindgen-macro/4742108f2fe1752b/out -L dependency=/opt/rustwide/target/debug/build/wasm-bindgen-shared/46e9f551be05787c/out -L dependency=/opt/rustwide/target/debug/build/wasm-bindgen/4a51abd7f712a7fb/out --extern js_sys=/opt/rustwide/target/debug/build/js-sys/45e6a09628c56262/out/libjs_sys-45e6a09628c56262.rmeta --extern wasm_bindgen=/opt/rustwide/target/debug/build/wasm-bindgen/4a51abd7f712a7fb/out/libwasm_bindgen-4a51abd7f712a7fb.rmeta --cap-lints allow --cap-lints=forbid -Znext-solver=coherence --force-warn=unused_crate_dependencies` (signal: 9, SIGKILL: kill)
[INFO] [stderr] warning: build failed, waiting for other jobs to finish...
[INFO] [stderr] error: could not compile `rustls` (lib)
[INFO] [stderr] 
[INFO] [stderr] Caused by:
[INFO] [stderr]   process didn't exit successfully: `/opt/rustwide/rustup-home/toolchains/3154cc1a3e6424e44f438a95007d043ed5ceaaf6/bin/rustc --crate-name rustls --edition=2021 /opt/rustwide/cargo-home/registry/src/index.crates.io-1949cf8c6b5b557f/rustls-0.23.35/src/lib.rs --error-format=json --json=diagnostic-rendered-ansi,artifacts,future-incompat,unused-externs-silent --crate-type lib --emit=dep-info,metadata -C embed-bitcode=no -C debuginfo=2 --cfg 'feature="aws-lc-rs"' --cfg 'feature="aws_lc_rs"' --cfg 'feature="std"' --cfg 'feature="tls12"' --check-cfg 'cfg(docsrs,test)' --check-cfg 'cfg(feature, values("aws-lc-rs", "aws_lc_rs", "brotli", "custom-provider", "default", "fips", "hashbrown", "log", "logging", "prefer-post-quantum", "read_buf", "ring", "rustversion", "std", "tls12", "zlib"))' -C metadata=68464c9da9e25bd1 -C extra-filename=-74d08ad0dd644808 --out-dir /opt/rustwide/target/debug/build/rustls/74d08ad0dd644808/out -L dependency=/opt/rustwide/target/debug/build/aws-lc-rs/e57728cdffdd4266/out -L dependency=/opt/rustwide/target/debug/build/aws-lc-sys/a46298f3a0a7062f/out -L dependency=/opt/rustwide/target/debug/build/rustls-pki-types/55460ecbdc877e75/out -L dependency=/opt/rustwide/target/debug/build/untrusted/6fab01473f7c0eb0/out -L dependency=/opt/rustwide/target/debug/build/zeroize/a88c8b368f7d60ca/out --extern aws_lc_rs=/opt/rustwide/target/debug/build/aws-lc-rs/e57728cdffdd4266/out/libaws_lc_rs-e57728cdffdd4266.rmeta --extern once_cell=/opt/rustwide/target/debug/build/once_cell/081573220ebc77cc/out/libonce_cell-081573220ebc77cc.rmeta --extern pki_types=/opt/rustwide/target/debug/build/rustls-pki-types/55460ecbdc877e75/out/librustls_pki_types-55460ecbdc877e75.rmeta --extern webpki=/opt/rustwide/target/debug/build/rustls-webpki/8ae922cd41d3a5b0/out/libwebpki-8ae922cd41d3a5b0.rmeta --extern subtle=/opt/rustwide/target/debug/build/subtle/8f505b5194b43595/out/libsubtle-8f505b5194b43595.rmeta --extern zeroize=/opt/rustwide/target/debug/build/zeroize/a88c8b368f7d60ca/out/libzeroize-a88c8b368f7d60ca.rmeta --cap-lints allow --cap-lints=forbid -Znext-solver=coherence --force-warn=unused_crate_dependencies -L native=/opt/rustwide/target/debug/build/aws-lc-sys/f93b20e1131d8055/out` (signal: 9, SIGKILL: kill)
[INFO] [stderr] error: could not compile `worker-sys` (lib)
[INFO] [stderr] 
[INFO] [stderr] Caused by:
[INFO] [stderr]   process didn't exit successfully: `/opt/rustwide/rustup-home/toolchains/3154cc1a3e6424e44f438a95007d043ed5ceaaf6/bin/rustc --crate-name worker_sys --edition=2021 /opt/rustwide/cargo-home/registry/src/index.crates.io-1949cf8c6b5b557f/worker-sys-0.7.2/src/lib.rs --error-format=json --json=diagnostic-rendered-ansi,artifacts,future-incompat,unused-externs-silent --crate-type lib --emit=dep-info,metadata,link -Z embed-metadata=no -C embed-bitcode=no --cfg 'feature="d1"' --cfg 'feature="queue"' --check-cfg 'cfg(docsrs,test)' --check-cfg 'cfg(feature, values("d1", "queue"))' -C metadata=10eaaf0e6cf0c320 -C extra-filename=-af0f7bf831cca45d --out-dir /opt/rustwide/target/debug/build/worker-sys/af0f7bf831cca45d/out -L dependency=/opt/rustwide/target/debug/build/cfg-if/7c031f9c934324e6/out -L dependency=/opt/rustwide/target/debug/build/js-sys/1a862cc1e47e77fc/out -L dependency=/opt/rustwide/target/debug/build/once_cell/856fcaeb38535924/out -L dependency=/opt/rustwide/target/debug/build/unicode-ident/c413812cc29b86dd/out -L dependency=/opt/rustwide/target/debug/build/wasm-bindgen-macro/4742108f2fe1752b/out -L dependency=/opt/rustwide/target/debug/build/wasm-bindgen-shared/244f5656b225a305/out -L dependency=/opt/rustwide/target/debug/build/wasm-bindgen/3abe3c3e2a3cd98a/out --extern cfg_if=/opt/rustwide/target/debug/build/cfg-if/7c031f9c934324e6/out/libcfg_if-7c031f9c934324e6.rmeta --extern js_sys=/opt/rustwide/target/debug/build/js-sys/1a862cc1e47e77fc/out/libjs_sys-1a862cc1e47e77fc.rmeta --extern wasm_bindgen=/opt/rustwide/target/debug/build/wasm-bindgen/3abe3c3e2a3cd98a/out/libwasm_bindgen-3abe3c3e2a3cd98a.rmeta --extern web_sys=/opt/rustwide/target/debug/build/web-sys/f97bd19dcee056b0/out/libweb_sys-f97bd19dcee056b0.rmeta --cap-lints allow --cap-lints=forbid -Znext-solver=coherence --force-warn=unused_crate_dependencies` (signal: 9, SIGKILL: kill)
[INFO] [stderr] warning: boring-sys2@4.15.15: applying 44b3df6f03d85c901767250329c571db405122d5 patch to boringssl
[INFO] [stderr] warning: boring-sys2@4.15.15: applying loongarch patch to boringssl
[INFO] [stderr] error: failed to run custom build command for `boring-sys2 v4.15.15`
[INFO] [stderr] note: To improve backtraces for build dependencies, set the CARGO_PROFILE_DEV_BUILD_OVERRIDE_DEBUG=true environment variable to enable debug information generation.
[INFO] [stderr] 
[INFO] [stderr] Caused by:
[INFO] [stderr]   process didn't exit successfully: `/opt/rustwide/target/debug/build/boring-sys2/c9fe71df1daeade6/out/build_script_main` (exit status: 101)
[INFO] [stderr]   --- stdout
[INFO] [stderr]   cargo:rerun-if-env-changed=BORING_BSSL_PATH_x86_64-unknown-linux-gnu
[INFO] [stderr]   cargo:rerun-if-env-changed=BORING_BSSL_PATH_x86_64_unknown_linux_gnu
[INFO] [stderr]   cargo:rerun-if-env-changed=HOST_BORING_BSSL_PATH
[INFO] [stderr]   cargo:rerun-if-env-changed=BORING_BSSL_PATH
[INFO] [stderr]   cargo:rerun-if-env-changed=BORING_BSSL_INCLUDE_PATH_x86_64-unknown-linux-gnu
[INFO] [stderr]   cargo:rerun-if-env-changed=BORING_BSSL_INCLUDE_PATH_x86_64_unknown_linux_gnu
[INFO] [stderr]   cargo:rerun-if-env-changed=HOST_BORING_BSSL_INCLUDE_PATH
[INFO] [stderr]   cargo:rerun-if-env-changed=BORING_BSSL_INCLUDE_PATH
[INFO] [stderr]   cargo:rerun-if-env-changed=BORING_BSSL_SOURCE_PATH_x86_64-unknown-linux-gnu
[INFO] [stderr]   cargo:rerun-if-env-changed=BORING_BSSL_SOURCE_PATH_x86_64_unknown_linux_gnu
[INFO] [stderr]   cargo:rerun-if-env-changed=HOST_BORING_BSSL_SOURCE_PATH
[INFO] [stderr]   cargo:rerun-if-env-changed=BORING_BSSL_SOURCE_PATH
[INFO] [stderr]   cargo:rerun-if-env-changed=BORING_BSSL_PRECOMPILED_BCM_O_x86_64-unknown-linux-gnu
[INFO] [stderr]   cargo:rerun-if-env-changed=BORING_BSSL_PRECOMPILED_BCM_O_x86_64_unknown_linux_gnu
[INFO] [stderr]   cargo:rerun-if-env-changed=HOST_BORING_BSSL_PRECOMPILED_BCM_O
[INFO] [stderr]   cargo:rerun-if-env-changed=BORING_BSSL_PRECOMPILED_BCM_O
[INFO] [stderr]   cargo:rerun-if-env-changed=BORING_BSSL_ASSUME_PATCHED_x86_64-unknown-linux-gnu
[INFO] [stderr]   cargo:rerun-if-env-changed=BORING_BSSL_ASSUME_PATCHED_x86_64_unknown_linux_gnu
[INFO] [stderr]   cargo:rerun-if-env-changed=HOST_BORING_BSSL_ASSUME_PATCHED
[INFO] [stderr]   cargo:rerun-if-env-changed=BORING_BSSL_ASSUME_PATCHED
[INFO] [stderr]   cargo:rerun-if-env-changed=BORING_BSSL_SYSROOT_x86_64-unknown-linux-gnu
[INFO] [stderr]   cargo:rerun-if-env-changed=BORING_BSSL_SYSROOT_x86_64_unknown_linux_gnu
[INFO] [stderr]   cargo:rerun-if-env-changed=HOST_BORING_BSSL_SYSROOT
[INFO] [stderr]   cargo:rerun-if-env-changed=BORING_BSSL_SYSROOT
[INFO] [stderr]   cargo:rerun-if-env-changed=BORING_BSSL_COMPILER_EXTERNAL_TOOLCHAIN_x86_64-unknown-linux-gnu
[INFO] [stderr]   cargo:rerun-if-env-changed=BORING_BSSL_COMPILER_EXTERNAL_TOOLCHAIN_x86_64_unknown_linux_gnu
[INFO] [stderr]   cargo:rerun-if-env-changed=HOST_BORING_BSSL_COMPILER_EXTERNAL_TOOLCHAIN
[INFO] [stderr]   cargo:rerun-if-env-changed=BORING_BSSL_COMPILER_EXTERNAL_TOOLCHAIN
[INFO] [stderr]   cargo:rerun-if-env-changed=DEBUG_x86_64-unknown-linux-gnu
[INFO] [stderr]   cargo:rerun-if-env-changed=DEBUG_x86_64_unknown_linux_gnu
[INFO] [stderr]   cargo:rerun-if-env-changed=HOST_DEBUG
[INFO] [stderr]   cargo:rerun-if-env-changed=DEBUG
[INFO] [stderr]   cargo:rerun-if-env-changed=OPT_LEVEL_x86_64-unknown-linux-gnu
[INFO] [stderr]   cargo:rerun-if-env-changed=OPT_LEVEL_x86_64_unknown_linux_gnu
[INFO] [stderr]   cargo:rerun-if-env-changed=HOST_OPT_LEVEL
[INFO] [stderr]   cargo:rerun-if-env-changed=OPT_LEVEL
[INFO] [stderr]   cargo:rerun-if-env-changed=ANDROID_NDK_HOME_x86_64-unknown-linux-gnu
[INFO] [stderr]   cargo:rerun-if-env-changed=ANDROID_NDK_HOME_x86_64_unknown_linux_gnu
[INFO] [stderr]   cargo:rerun-if-env-changed=HOST_ANDROID_NDK_HOME
[INFO] [stderr]   cargo:rerun-if-env-changed=ANDROID_NDK_HOME
[INFO] [stderr]   cargo:rerun-if-env-changed=CMAKE_TOOLCHAIN_FILE_x86_64-unknown-linux-gnu
[INFO] [stderr]   cargo:rerun-if-env-changed=CMAKE_TOOLCHAIN_FILE_x86_64_unknown_linux_gnu
[INFO] [stderr]   cargo:rerun-if-env-changed=HOST_CMAKE_TOOLCHAIN_FILE
[INFO] [stderr]   cargo:rerun-if-env-changed=CMAKE_TOOLCHAIN_FILE
[INFO] [stderr]   cargo:rerun-if-env-changed=BORING_BSSL_RUST_CPPLIB_x86_64-unknown-linux-gnu
[INFO] [stderr]   cargo:rerun-if-env-changed=BORING_BSSL_RUST_CPPLIB_x86_64_unknown_linux_gnu
[INFO] [stderr]   cargo:rerun-if-env-changed=HOST_BORING_BSSL_RUST_CPPLIB
[INFO] [stderr]   cargo:rerun-if-env-changed=BORING_BSSL_RUST_CPPLIB
[INFO] [stderr]   Initialized empty Git repository in /opt/rustwide/target/debug/build/boring-sys2/3f6f6e3ccb764cbb/out/boringssl/.git/
[INFO] [stderr] 
[INFO] [stderr]   cargo:warning=applying 44b3df6f03d85c901767250329c571db405122d5 patch to boringssl
[INFO] [stderr] 
[INFO] [stderr]   cargo:warning=applying loongarch patch to boringssl
[INFO] [stderr] 
[INFO] [stderr]   CMAKE_TOOLCHAIN_FILE_x86_64-unknown-linux-gnu = None
[INFO] [stderr]   CMAKE_TOOLCHAIN_FILE_x86_64_unknown_linux_gnu = None
[INFO] [stderr]   HOST_CMAKE_TOOLCHAIN_FILE = None
[INFO] [stderr]   CMAKE_TOOLCHAIN_FILE = None
[INFO] [stderr]   CMAKE_GENERATOR_x86_64-unknown-linux-gnu = None
[INFO] [stderr]   CMAKE_GENERATOR_x86_64_unknown_linux_gnu = None
[INFO] [stderr]   HOST_CMAKE_GENERATOR = None
[INFO] [stderr]   CMAKE_GENERATOR = None
[INFO] [stderr]   CMAKE_PREFIX_PATH_x86_64-unknown-linux-gnu = None
[INFO] [stderr]   CMAKE_PREFIX_PATH_x86_64_unknown_linux_gnu = None
[INFO] [stderr]   HOST_CMAKE_PREFIX_PATH = None
[INFO] [stderr]   CMAKE_PREFIX_PATH = None
[INFO] [stderr]   CMAKE_x86_64-unknown-linux-gnu = None
[INFO] [stderr]   CMAKE_x86_64_unknown_linux_gnu = None
[INFO] [stderr]   HOST_CMAKE = None
[INFO] [stderr]   CMAKE = None
[INFO] [stderr]   running: cd "/opt/rustwide/target/debug/build/boring-sys2/3f6f6e3ccb764cbb/out/build" && CMAKE_BUILD_PARALLEL_LEVEL="16" CMAKE_PREFIX_PATH="" LC_ALL="C" "cmake" "/opt/rustwide/target/debug/build/boring-sys2/3f6f6e3ccb764cbb/out/boringssl" "-DCMAKE_INSTALL_PREFIX=/opt/rustwide/target/debug/build/boring-sys2/3f6f6e3ccb764cbb/out" "-DCMAKE_C_FLAGS= -ffunction-sections -fdata-sections -fPIC -m64 -w" "-DCMAKE_C_COMPILER=/usr/bin/cc" "-DCMAKE_CXX_FLAGS= -ffunction-sections -fdata-sections -fPIC -m64 -w" "-DCMAKE_CXX_COMPILER=/usr/bin/c++" "-DCMAKE_ASM_FLAGS= -ffunction-sections -fdata-sections -fPIC -m64 -w" "-DCMAKE_ASM_COMPILER=/usr/bin/cc" "-DCMAKE_BUILD_TYPE=Debug"
[INFO] [stderr]   -- The C compiler identification is GNU 15.2.0
[INFO] [stderr]   -- The CXX compiler identification is GNU 15.2.0
[INFO] [stderr]   -- Detecting C compiler ABI info
[INFO] [stderr]   -- Detecting C compiler ABI info - done
[INFO] [stderr]   -- Check for working C compiler: /usr/bin/cc - skipped
[INFO] [stderr]   -- Detecting C compile features
[INFO] [stderr]   -- Detecting C compile features - done
[INFO] [stderr]   -- Detecting CXX compiler ABI info
[INFO] [stderr]   -- Detecting CXX compiler ABI info - done
[INFO] [stderr]   -- Check for working CXX compiler: /usr/bin/c++ - skipped
[INFO] [stderr]   -- Detecting CXX compile features
[INFO] [stderr]   -- Detecting CXX compile features - done
[INFO] [stderr]   -- The ASM compiler identification is GNU
[INFO] [stderr]   -- Found assembler: /usr/bin/cc
[INFO] [stderr]   -- Performing Test CMAKE_HAVE_LIBC_PTHREAD
[INFO] [stderr]   -- Performing Test CMAKE_HAVE_LIBC_PTHREAD - Success
[INFO] [stderr]   -- Found Threads: TRUE
[INFO] [stderr]   -- Configuring done (3.0s)
[INFO] [stderr]   -- Generating done (0.6s)
[INFO] [stderr]   -- Build files have been written to: /opt/rustwide/target/debug/build/boring-sys2/3f6f6e3ccb764cbb/out/build
[INFO] [stderr]   running: cd "/opt/rustwide/target/debug/build/boring-sys2/3f6f6e3ccb764cbb/out/build" && CMAKE_BUILD_PARALLEL_LEVEL="16" LC_ALL="C" MAKEFLAGS="-j --jobserver-fds=4,5 --jobserver-auth=4,5" "cmake" "--build" "/opt/rustwide/target/debug/build/boring-sys2/3f6f6e3ccb764cbb/out/build" "--target" "ssl" "--config" "Debug"
[INFO] [stderr]   [  0%] Building ASM object CMakeFiles/crypto.dir/apple-aarch64/crypto/chacha/chacha-armv8-apple.S.o
[INFO] [stderr]   [  0%] Building ASM object CMakeFiles/crypto.dir/apple-aarch64/crypto/cipher_extra/chacha20_poly1305_armv8-apple.S.o
[INFO] [stderr]   [  0%] Building ASM object CMakeFiles/crypto.dir/apple-aarch64/crypto/fipsmodule/aesv8-gcm-armv8-apple.S.o
[INFO] [stderr]   [  0%] Building ASM object CMakeFiles/crypto.dir/apple-aarch64/crypto/fipsmodule/armv8-mont-apple.S.o
[INFO] [stderr]   [  0%] Building ASM object CMakeFiles/crypto.dir/apple-aarch64/crypto/fipsmodule/sha1-armv8-apple.S.o
[INFO] [stderr]   [  0%] Building ASM object CMakeFiles/crypto.dir/apple-aarch64/crypto/fipsmodule/bn-armv8-apple.S.o
[INFO] [stderr]   [  0%] Building ASM object CMakeFiles/crypto.dir/apple-aarch64/crypto/fipsmodule/ghashv8-armv8-apple.S.o
[INFO] [stderr]   [  1%] Building ASM object CMakeFiles/crypto.dir/apple-arm/crypto/chacha/chacha-armv4-apple.S.o
[INFO] [stderr]   [  1%] Building ASM object CMakeFiles/crypto.dir/apple-aarch64/crypto/fipsmodule/p256-armv8-asm-apple.S.o
[INFO] [stderr]   [  1%] Building ASM object CMakeFiles/crypto.dir/apple-aarch64/crypto/test/trampoline-armv8-apple.S.o
[INFO] [stderr]   [  1%] Building ASM object CMakeFiles/crypto.dir/apple-aarch64/crypto/fipsmodule/vpaes-armv8-apple.S.o
[INFO] [stderr]   [  2%] Building ASM object CMakeFiles/crypto.dir/apple-aarch64/crypto/fipsmodule/aesv8-armv8-apple.S.o
[INFO] [stderr]   [  2%] Building ASM object CMakeFiles/crypto.dir/apple-arm/crypto/fipsmodule/aesv8-armv7-apple.S.o
[INFO] [stderr]   [  2%] Building ASM object CMakeFiles/crypto.dir/apple-aarch64/crypto/fipsmodule/sha512-armv8-apple.S.o
[INFO] [stderr]   [  2%] Building ASM object CMakeFiles/crypto.dir/apple-arm/crypto/fipsmodule/armv4-mont-apple.S.o
[INFO] [stderr]   [  3%] Building ASM object CMakeFiles/crypto.dir/apple-arm/crypto/fipsmodule/ghash-armv4-apple.S.o
[INFO] [stderr]   [  4%] Building ASM object CMakeFiles/crypto.dir/apple-aarch64/crypto/fipsmodule/sha256-armv8-apple.S.o
[INFO] [stderr]   [  4%] Building ASM object CMakeFiles/crypto.dir/apple-aarch64/crypto/fipsmodule/p256_beeu-armv8-asm-apple.S.o
[INFO] [stderr]   [  4%] Building ASM object CMakeFiles/crypto.dir/apple-arm/crypto/fipsmodule/ghashv8-armv7-apple.S.o
[INFO] [stderr]   [  4%] Building ASM object CMakeFiles/crypto.dir/apple-arm/crypto/fipsmodule/sha256-armv4-apple.S.o
[INFO] [stderr]   [  5%] Building ASM object CMakeFiles/crypto.dir/apple-aarch64/crypto/fipsmodule/ghash-neon-armv8-apple.S.o
[INFO] [stderr]   [  5%] Building ASM object CMakeFiles/crypto.dir/apple-arm/crypto/fipsmodule/sha1-armv4-large-apple.S.o
[INFO] [stderr]   [  6%] Building ASM object CMakeFiles/crypto.dir/apple-arm/crypto/fipsmodule/sha512-armv4-apple.S.o
[INFO] [stderr]   [  6%] Building ASM object CMakeFiles/crypto.dir/apple-arm/crypto/fipsmodule/bsaes-armv7-apple.S.o
[INFO] [stderr]   [  6%] Building ASM object CMakeFiles/crypto.dir/apple-arm/crypto/fipsmodule/vpaes-armv7-apple.S.o
[INFO] [stderr]   [  6%] Building ASM object CMakeFiles/crypto.dir/apple-x86/crypto/chacha/chacha-x86-apple.S.o
[INFO] [stderr]   [  6%] Building ASM object CMakeFiles/crypto.dir/apple-x86/crypto/fipsmodule/ghash-ssse3-x86-apple.S.o
[INFO] [stderr]   [  6%] Building ASM object CMakeFiles/crypto.dir/apple-arm/crypto/test/trampoline-armv4-apple.S.o
[INFO] [stderr]   [  6%] Building ASM object CMakeFiles/crypto.dir/apple-x86/crypto/fipsmodule/sha1-586-apple.S.o
[INFO] [stderr]   [  6%] Building ASM object CMakeFiles/crypto.dir/apple-x86/crypto/fipsmodule/co-586-apple.S.o
[INFO] [stderr]   [  6%] Building ASM object CMakeFiles/crypto.dir/apple-x86/crypto/fipsmodule/md5-586-apple.S.o
[INFO] [stderr]   [  7%] Building ASM object CMakeFiles/crypto.dir/apple-x86/crypto/fipsmodule/aesni-x86-apple.S.o
[INFO] [stderr]   [  8%] Building ASM object CMakeFiles/crypto.dir/apple-x86/crypto/fipsmodule/ghash-x86-apple.S.o
[INFO] [stderr]   [  8%] Building ASM object CMakeFiles/crypto.dir/apple-x86/crypto/fipsmodule/bn-586-apple.S.o
[INFO] [stderr]   [  8%] Building ASM object CMakeFiles/crypto.dir/apple-x86/crypto/fipsmodule/x86-mont-apple.S.o
[INFO] [stderr]   [  8%] Building ASM object CMakeFiles/crypto.dir/apple-x86_64/crypto/chacha/chacha-x86_64-apple.S.o
[INFO] [stderr]   [  8%] Building ASM object CMakeFiles/crypto.dir/apple-x86/crypto/fipsmodule/vpaes-x86-apple.S.o
[INFO] [stderr]   [  8%] Building ASM object CMakeFiles/crypto.dir/apple-x86_64/crypto/cipher_extra/chacha20_poly1305_x86_64-apple.S.o
[INFO] [stderr]   [  8%] Building ASM object CMakeFiles/crypto.dir/apple-x86/crypto/fipsmodule/sha256-586-apple.S.o
[INFO] [stderr]   [  8%] Building ASM object CMakeFiles/crypto.dir/apple-x86/crypto/test/trampoline-x86-apple.S.o
[INFO] [stderr]   [  9%] Building ASM object CMakeFiles/crypto.dir/apple-x86_64/crypto/fipsmodule/ghash-ssse3-x86_64-apple.S.o
[INFO] [stderr]   [ 10%] Building ASM object CMakeFiles/crypto.dir/apple-x86/crypto/fipsmodule/sha512-586-apple.S.o
[INFO] [stderr]   [ 10%] Building ASM object CMakeFiles/crypto.dir/apple-x86_64/crypto/fipsmodule/aesni-gcm-x86_64-apple.S.o
[INFO] [stderr]   [ 10%] Building ASM object CMakeFiles/crypto.dir/apple-x86_64/crypto/fipsmodule/aesni-x86_64-apple.S.o
[INFO] [stderr]   [ 10%] Building ASM object CMakeFiles/crypto.dir/apple-x86_64/crypto/fipsmodule/p256-x86_64-asm-apple.S.o
[INFO] [stderr]   [ 10%] Building ASM object CMakeFiles/crypto.dir/apple-x86_64/crypto/fipsmodule/ghash-x86_64-apple.S.o
[INFO] [stderr]   [ 12%] Building ASM object CMakeFiles/crypto.dir/apple-x86_64/crypto/fipsmodule/p256_beeu-x86_64-asm-apple.S.o
[INFO] [stderr]   [ 11%] Building ASM object CMakeFiles/crypto.dir/apple-x86_64/crypto/cipher_extra/aes128gcmsiv-x86_64-apple.S.o
[INFO] [stderr]   [ 12%] Building ASM object CMakeFiles/crypto.dir/apple-x86_64/crypto/fipsmodule/md5-x86_64-apple.S.o
[INFO] [stderr]   [ 12%] Building ASM object CMakeFiles/crypto.dir/apple-x86_64/crypto/fipsmodule/rsaz-avx2-apple.S.o
[INFO] [stderr]   [ 12%] Building ASM object CMakeFiles/crypto.dir/apple-x86_64/crypto/fipsmodule/rdrand-x86_64-apple.S.o
[INFO] [stderr]   [ 13%] Building ASM object CMakeFiles/crypto.dir/apple-x86_64/crypto/fipsmodule/sha256-x86_64-apple.S.o
[INFO] [stderr]   [ 13%] Building ASM object CMakeFiles/crypto.dir/apple-x86_64/crypto/fipsmodule/sha1-x86_64-apple.S.o
[INFO] [stderr]   [ 13%] Building ASM object CMakeFiles/crypto.dir/apple-x86_64/crypto/fipsmodule/x86_64-mont-apple.S.o
[INFO] [stderr]   [ 14%] Building ASM object CMakeFiles/crypto.dir/apple-x86_64/crypto/fipsmodule/x86_64-mont5-apple.S.o
[INFO] [stderr]   [ 14%] Building ASM object CMakeFiles/crypto.dir/linux-aarch64/crypto/chacha/chacha-armv8-linux.S.o
[INFO] [stderr]   [ 14%] Building ASM object CMakeFiles/crypto.dir/apple-x86_64/crypto/test/trampoline-x86_64-apple.S.o
[INFO] [stderr]   [ 14%] Building ASM object CMakeFiles/crypto.dir/apple-x86_64/crypto/fipsmodule/vpaes-x86_64-apple.S.o
[INFO] [stderr]   [ 15%] Building ASM object CMakeFiles/crypto.dir/linux-aarch64/crypto/fipsmodule/aesv8-armv8-linux.S.o
[INFO] [stderr]   [ 16%] Building ASM object CMakeFiles/crypto.dir/linux-aarch64/crypto/fipsmodule/ghash-neon-armv8-linux.S.o
[INFO] [stderr]   [ 16%] Building ASM object CMakeFiles/crypto.dir/linux-aarch64/crypto/cipher_extra/chacha20_poly1305_armv8-linux.S.o
[INFO] [stderr]   [ 16%] Building ASM object CMakeFiles/crypto.dir/linux-aarch64/crypto/fipsmodule/armv8-mont-linux.S.o
[INFO] [stderr]   [ 16%] Building ASM object CMakeFiles/crypto.dir/linux-aarch64/crypto/fipsmodule/ghashv8-armv8-linux.S.o
[INFO] [stderr]   [ 16%] Building ASM object CMakeFiles/crypto.dir/apple-x86_64/crypto/fipsmodule/sha512-x86_64-apple.S.o
[INFO] [stderr]   [ 16%] Building ASM object CMakeFiles/crypto.dir/linux-aarch64/crypto/fipsmodule/p256-armv8-asm-linux.S.o
[INFO] [stderr]   [ 16%] Building ASM object CMakeFiles/crypto.dir/linux-aarch64/crypto/fipsmodule/sha1-armv8-linux.S.o
[INFO] [stderr]   [ 16%] Building ASM object CMakeFiles/crypto.dir/linux-aarch64/crypto/fipsmodule/bn-armv8-linux.S.o
[INFO] [stderr]   [ 16%] Building ASM object CMakeFiles/crypto.dir/linux-aarch64/crypto/fipsmodule/aesv8-gcm-armv8-linux.S.o
[INFO] [stderr]   [ 16%] Building ASM object CMakeFiles/crypto.dir/linux-aarch64/crypto/fipsmodule/p256_beeu-armv8-asm-linux.S.o
[INFO] [stderr]   [ 17%] Building ASM object CMakeFiles/crypto.dir/linux-arm/crypto/chacha/chacha-armv4-linux.S.o
[INFO] [stderr]   [ 17%] Building ASM object CMakeFiles/crypto.dir/linux-arm/crypto/fipsmodule/aesv8-armv7-linux.S.o
[INFO] [stderr]   [ 17%] Building ASM object CMakeFiles/crypto.dir/linux-arm/crypto/fipsmodule/armv4-mont-linux.S.o
[INFO] [stderr]   [ 17%] Building ASM object CMakeFiles/crypto.dir/linux-aarch64/crypto/fipsmodule/sha512-armv8-linux.S.o
[INFO] [stderr]   [ 17%] Building ASM object CMakeFiles/crypto.dir/linux-aarch64/crypto/fipsmodule/vpaes-armv8-linux.S.o
[INFO] [stderr]   [ 18%] Building ASM object CMakeFiles/crypto.dir/linux-aarch64/crypto/fipsmodule/sha256-armv8-linux.S.o
[INFO] [stderr]   [ 18%] Building ASM object CMakeFiles/crypto.dir/linux-arm/crypto/fipsmodule/sha256-armv4-linux.S.o
[INFO] [stderr]   [ 18%] Building ASM object CMakeFiles/crypto.dir/linux-aarch64/crypto/test/trampoline-armv8-linux.S.o
[INFO] [stderr]   [ 18%] Building ASM object CMakeFiles/crypto.dir/linux-arm/crypto/fipsmodule/vpaes-armv7-linux.S.o
[INFO] [stderr]   [ 19%] Building ASM object CMakeFiles/crypto.dir/linux-arm/crypto/fipsmodule/sha512-armv4-linux.S.o
[INFO] [stderr]   [ 19%] Building ASM object CMakeFiles/crypto.dir/linux-arm/crypto/test/trampoline-armv4-linux.S.o
[INFO] [stderr]   [ 19%] Building ASM object CMakeFiles/crypto.dir/linux-x86/crypto/chacha/chacha-x86-linux.S.o
[INFO] [stderr]   [ 19%] Building ASM object CMakeFiles/crypto.dir/linux-x86/crypto/fipsmodule/bn-586-linux.S.o
[INFO] [stderr]   [ 20%] Building ASM object CMakeFiles/crypto.dir/linux-x86/crypto/fipsmodule/aesni-x86-linux.S.o
[INFO] [stderr]   [ 20%] Building ASM object CMakeFiles/crypto.dir/linux-arm/crypto/fipsmodule/bsaes-armv7-linux.S.o
[INFO] [stderr]   [ 21%] Building ASM object CMakeFiles/crypto.dir/linux-arm/crypto/fipsmodule/ghash-armv4-linux.S.o
[INFO] [stderr]   [ 21%] Building ASM object CMakeFiles/crypto.dir/linux-arm/crypto/fipsmodule/sha1-armv4-large-linux.S.o
[INFO] [stderr]   [ 21%] Building ASM object CMakeFiles/crypto.dir/linux-arm/crypto/fipsmodule/ghashv8-armv7-linux.S.o
[INFO] [stderr]   [ 22%] Building ASM object CMakeFiles/crypto.dir/linux-x86/crypto/fipsmodule/ghash-x86-linux.S.o
[INFO] [stderr]   [ 22%] Building ASM object CMakeFiles/crypto.dir/linux-x86/crypto/fipsmodule/co-586-linux.S.o
[INFO] [stderr]   [ 22%] Building ASM object CMakeFiles/crypto.dir/linux-x86/crypto/fipsmodule/sha1-586-linux.S.o
[INFO] [stderr]   [ 22%] Building ASM object CMakeFiles/crypto.dir/linux-x86/crypto/fipsmodule/md5-586-linux.S.o
[INFO] [stderr]   [ 22%] Building ASM object CMakeFiles/crypto.dir/linux-x86/crypto/fipsmodule/ghash-ssse3-x86-linux.S.o
[INFO] [stderr]   [ 22%] Building ASM object CMakeFiles/crypto.dir/linux-x86/crypto/fipsmodule/sha512-586-linux.S.o
[INFO] [stderr]   [ 22%] Building ASM object CMakeFiles/crypto.dir/linux-x86/crypto/test/trampoline-x86-linux.S.o
[INFO] [stderr]   [ 22%] Building ASM object CMakeFiles/crypto.dir/linux-x86_64/crypto/chacha/chacha-x86_64-linux.S.o
[INFO] [stderr]   [ 23%] Building ASM object CMakeFiles/crypto.dir/linux-x86/crypto/fipsmodule/vpaes-x86-linux.S.o
[INFO] [stderr]   [ 23%] Building ASM object CMakeFiles/crypto.dir/linux-x86/crypto/fipsmodule/x86-mont-linux.S.o
[INFO] [stderr]   [ 23%] Building ASM object CMakeFiles/crypto.dir/linux-x86_64/crypto/fipsmodule/ghash-x86_64-linux.S.o
[INFO] [stderr]   [ 23%] Building ASM object CMakeFiles/crypto.dir/linux-x86_64/crypto/cipher_extra/chacha20_poly1305_x86_64-linux.S.o
[INFO] [stderr]   [ 23%] Building ASM object CMakeFiles/crypto.dir/linux-x86/crypto/fipsmodule/sha256-586-linux.S.o
[INFO] [stderr]   [ 25%] Building ASM object CMakeFiles/crypto.dir/linux-x86_64/crypto/cipher_extra/aes128gcmsiv-x86_64-linux.S.o
[INFO] [stderr]   [ 26%] Building ASM object CMakeFiles/crypto.dir/linux-x86_64/crypto/fipsmodule/p256_beeu-x86_64-asm-linux.S.o
[INFO] [stderr]   [ 26%] Building ASM object CMakeFiles/crypto.dir/linux-x86_64/crypto/fipsmodule/aesni-gcm-x86_64-linux.S.o
[INFO] [stderr]   [ 26%] Building ASM object CMakeFiles/crypto.dir/linux-x86_64/crypto/fipsmodule/p256-x86_64-asm-linux.S.o
[INFO] [stderr]   [ 26%] Building ASM object CMakeFiles/crypto.dir/linux-x86_64/crypto/fipsmodule/sha1-x86_64-linux.S.o
[INFO] [stderr]   [ 26%] Building ASM object CMakeFiles/crypto.dir/linux-x86_64/crypto/fipsmodule/aesni-x86_64-linux.S.o
[INFO] [stderr]   [ 27%] Building ASM object CMakeFiles/crypto.dir/linux-x86_64/crypto/fipsmodule/ghash-ssse3-x86_64-linux.S.o
[INFO] [stderr]   [ 27%] Building ASM object CMakeFiles/crypto.dir/linux-x86_64/crypto/fipsmodule/rdrand-x86_64-linux.S.o
[INFO] [stderr]   [ 27%] Building ASM object CMakeFiles/crypto.dir/linux-x86_64/crypto/fipsmodule/md5-x86_64-linux.S.o
[INFO] [stderr]   [ 27%] Building ASM object CMakeFiles/crypto.dir/linux-x86_64/crypto/fipsmodule/rsaz-avx2-linux.S.o
[INFO] [stderr]   [ 28%] Building ASM object CMakeFiles/crypto.dir/linux-x86_64/crypto/fipsmodule/x86_64-mont5-linux.S.o
[INFO] [stderr]   [ 28%] Building ASM object CMakeFiles/crypto.dir/linux-x86_64/crypto/fipsmodule/x86_64-mont-linux.S.o
[INFO] [stderr]   [ 29%] Building ASM object CMakeFiles/crypto.dir/linux-x86_64/crypto/fipsmodule/sha256-x86_64-linux.S.o
[INFO] [stderr]   [ 29%] Building ASM object CMakeFiles/crypto.dir/linux-x86_64/crypto/fipsmodule/vpaes-x86_64-linux.S.o
[INFO] [stderr]   [ 29%] Building ASM object CMakeFiles/crypto.dir/linux-x86_64/crypto/fipsmodule/sha512-x86_64-linux.S.o
[INFO] [stderr]   [ 30%] Building ASM object CMakeFiles/crypto.dir/src/crypto/poly1305/poly1305_arm_asm.S.o
[INFO] [stderr]   [ 30%] Building ASM object CMakeFiles/crypto.dir/win-aarch64/crypto/chacha/chacha-armv8-win.S.o
[INFO] [stderr]   [ 30%] Building ASM object CMakeFiles/crypto.dir/win-aarch64/crypto/cipher_extra/chacha20_poly1305_armv8-win.S.o
[INFO] [stderr]   [ 30%] Building ASM object CMakeFiles/crypto.dir/src/crypto/hrss/asm/poly_rq_mul.S.o
[INFO] [stderr]   [ 30%] Building ASM object CMakeFiles/crypto.dir/src/crypto/curve25519/asm/x25519-asm-arm.S.o
[INFO] [stderr]   [ 30%] Building ASM object CMakeFiles/crypto.dir/win-aarch64/crypto/fipsmodule/aesv8-armv8-win.S.o
[INFO] [stderr]   [ 31%] Building ASM object CMakeFiles/crypto.dir/linux-x86_64/crypto/test/trampoline-x86_64-linux.S.o
[INFO] [stderr]   [ 31%] Building ASM object CMakeFiles/crypto.dir/win-aarch64/crypto/fipsmodule/ghash-neon-armv8-win.S.o
[INFO] [stderr]   [ 31%] Building ASM object CMakeFiles/crypto.dir/win-aarch64/crypto/fipsmodule/armv8-mont-win.S.o
[INFO] [stderr]   [ 31%] Building ASM object CMakeFiles/crypto.dir/win-aarch64/crypto/fipsmodule/aesv8-gcm-armv8-win.S.o
[INFO] [stderr]   [ 31%] Building ASM object CMakeFiles/crypto.dir/win-aarch64/crypto/fipsmodule/bn-armv8-win.S.o
[INFO] [stderr]   [ 31%] Building ASM object CMakeFiles/crypto.dir/win-aarch64/crypto/fipsmodule/ghashv8-armv8-win.S.o
[INFO] [stderr]   [ 32%] Building ASM object CMakeFiles/crypto.dir/win-aarch64/crypto/fipsmodule/sha512-armv8-win.S.o
[INFO] [stderr]   [ 32%] Building ASM object CMakeFiles/crypto.dir/win-aarch64/crypto/fipsmodule/p256_beeu-armv8-asm-win.S.o
[INFO] [stderr]   [ 33%] Building ASM object CMakeFiles/crypto.dir/win-aarch64/crypto/fipsmodule/p256-armv8-asm-win.S.o
[INFO] [stderr]   [ 33%] Building ASM object CMakeFiles/crypto.dir/win-aarch64/crypto/fipsmodule/sha256-armv8-win.S.o
[INFO] [stderr]   [ 33%] Building ASM object CMakeFiles/crypto.dir/win-aarch64/crypto/fipsmodule/vpaes-armv8-win.S.o
[INFO] [stderr]   [ 33%] Building ASM object CMakeFiles/crypto.dir/win-aarch64/crypto/fipsmodule/sha1-armv8-win.S.o
[INFO] [stderr]   [ 33%] Building ASM object CMakeFiles/crypto.dir/win-aarch64/crypto/test/trampoline-armv8-win.S.o
[INFO] [stderr]   [ 33%] Building C object CMakeFiles/crypto.dir/err_data.c.o
[INFO] [stderr]   [ 33%] Building C object CMakeFiles/crypto.dir/src/crypto/asn1/a_dup.c.o
[INFO] [stderr]   [ 33%] Building C object CMakeFiles/crypto.dir/src/crypto/asn1/a_bool.c.o
[INFO] [stderr]   [ 34%] Building C object CMakeFiles/crypto.dir/src/crypto/asn1/a_bitstr.c.o
[INFO] [stderr]   [ 34%] Building C object CMakeFiles/crypto.dir/src/crypto/asn1/a_i2d_fp.c.o
[INFO] [stderr]   [ 34%] Building C object CMakeFiles/crypto.dir/src/crypto/asn1/a_d2i_fp.c.o
[INFO] [stderr]   [ 35%] Building C object CMakeFiles/crypto.dir/src/crypto/asn1/a_gentm.c.o
[INFO] [stderr]   [ 35%] Building C object CMakeFiles/crypto.dir/src/crypto/asn1/a_int.c.o
[INFO] [stderr]   [ 36%] Building C object CMakeFiles/crypto.dir/src/crypto/asn1/a_object.c.o
[INFO] [stderr]   [ 36%] Building C object CMakeFiles/crypto.dir/src/crypto/asn1/a_octet.c.o
[INFO] [stderr]   [ 36%] Building C object CMakeFiles/crypto.dir/src/crypto/asn1/a_strnid.c.o
[INFO] [stderr]   [ 36%] Building C object CMakeFiles/crypto.dir/src/crypto/asn1/a_type.c.o
[INFO] [stderr]   [ 36%] Building C object CMakeFiles/crypto.dir/src/crypto/asn1/a_utctm.c.o
[INFO] [stderr]   [ 36%] Building C object CMakeFiles/crypto.dir/src/crypto/asn1/a_strex.c.o
[INFO] [stderr]   [ 37%] Building C object CMakeFiles/crypto.dir/src/crypto/asn1/a_time.c.o
[INFO] [stderr]   [ 37%] Building C object CMakeFiles/crypto.dir/src/crypto/asn1/a_mbstr.c.o
[INFO] [stderr]   [ 37%] Building C object CMakeFiles/crypto.dir/src/crypto/asn1/asn1_lib.c.o
[INFO] [stderr]   [ 37%] Building C object CMakeFiles/crypto.dir/src/crypto/asn1/asn1_par.c.o
[INFO] [stderr]   [ 37%] Building C object CMakeFiles/crypto.dir/src/crypto/asn1/f_string.c.o
[INFO] [stderr]   [ 37%] Building C object CMakeFiles/crypto.dir/src/crypto/asn1/posix_time.c.o
[INFO] [stderr]   [ 38%] Building C object CMakeFiles/crypto.dir/src/crypto/asn1/asn_pack.c.o
[INFO] [stderr]   [ 39%] Building C object CMakeFiles/crypto.dir/src/crypto/asn1/tasn_dec.c.o
[INFO] [stderr]   [ 38%] Building C object CMakeFiles/crypto.dir/src/crypto/asn1/tasn_enc.c.o
[INFO] [stderr]   [ 39%] Building C object CMakeFiles/crypto.dir/src/crypto/asn1/f_int.c.o
[INFO] [stderr]   [ 39%] Building C object CMakeFiles/crypto.dir/src/crypto/asn1/tasn_fre.c.o
[INFO] [stderr]   [ 39%] Building C object CMakeFiles/crypto.dir/src/crypto/asn1/tasn_new.c.o
[INFO] [stderr]   [ 39%] Building C object CMakeFiles/crypto.dir/src/crypto/base64/base64.c.o
[INFO] [stderr]   [ 39%] Building C object CMakeFiles/crypto.dir/src/crypto/asn1/tasn_utl.c.o
[INFO] [stderr]   [ 40%] Building C object CMakeFiles/crypto.dir/src/crypto/bio/bio_mem.c.o
[INFO] [stderr]   [ 40%] Building C object CMakeFiles/crypto.dir/src/crypto/bio/bio.c.o
[INFO] [stderr]   [ 41%] Building C object CMakeFiles/crypto.dir/src/crypto/asn1/tasn_typ.c.o
[INFO] [stderr]   [ 41%] Building C object CMakeFiles/crypto.dir/src/crypto/bio/connect.c.o
[INFO] [stderr]   [ 42%] Building C object CMakeFiles/crypto.dir/src/crypto/bio/hexdump.c.o
[INFO] [stderr]   [ 42%] Building C object CMakeFiles/crypto.dir/src/crypto/bio/file.c.o
[INFO] [stderr]   [ 42%] Building C object CMakeFiles/crypto.dir/src/crypto/bio/pair.c.o
[INFO] [stderr]   [ 42%] Building C object CMakeFiles/crypto.dir/src/crypto/bio/fd.c.o
[INFO] [stderr]   [ 42%] Building C object CMakeFiles/crypto.dir/src/crypto/bio/printf.c.o
[INFO] [stderr]   [ 43%] Building C object CMakeFiles/crypto.dir/src/crypto/bio/socket_helper.c.o
[INFO] [stderr]   [ 43%] Building C object CMakeFiles/crypto.dir/src/crypto/bio/socket.c.o
[INFO] [stderr]   [ 43%] Building C object CMakeFiles/crypto.dir/src/crypto/bn_extra/bn_asn1.c.o
[INFO] [stderr]   [ 43%] Building C object CMakeFiles/crypto.dir/src/crypto/blake2/blake2.c.o
[INFO] [stderr]   [ 43%] Building C object CMakeFiles/crypto.dir/src/crypto/bn_extra/convert.c.o
[INFO] [stderr]   [ 43%] Building C object CMakeFiles/crypto.dir/src/crypto/buf/buf.c.o
[INFO] [stderr]   [ 44%] Building C object CMakeFiles/crypto.dir/src/crypto/bytestring/asn1_compat.c.o
[INFO] [stderr]   [ 44%] Building C object CMakeFiles/crypto.dir/src/crypto/bytestring/ber.c.o
[INFO] [stderr]   [ 44%] Building C object CMakeFiles/crypto.dir/src/crypto/bytestring/cbb.c.o
[INFO] [stderr]   [ 44%] Building C object CMakeFiles/crypto.dir/src/crypto/bytestring/cbs.c.o
[INFO] [stderr]   [ 44%] Building C object CMakeFiles/crypto.dir/src/crypto/chacha/chacha.c.o
[INFO] [stderr]   [ 45%] Building C object CMakeFiles/crypto.dir/src/crypto/bytestring/unicode.c.o
[INFO] [stderr]   [ 45%] Building C object CMakeFiles/crypto.dir/src/crypto/cipher_extra/derive_key.c.o
[INFO] [stderr]   [ 45%] Building C object CMakeFiles/crypto.dir/src/crypto/cipher_extra/cipher_extra.c.o
[INFO] [stderr]   [ 46%] Building C object CMakeFiles/crypto.dir/src/crypto/cipher_extra/e_aesctrhmac.c.o
[INFO] [stderr]   [ 46%] Building C object CMakeFiles/crypto.dir/src/crypto/cipher_extra/e_des.c.o
[INFO] [stderr]   [ 46%] Building C object CMakeFiles/crypto.dir/src/crypto/cipher_extra/e_chacha20poly1305.c.o
[INFO] [stderr]   [ 46%] Building C object CMakeFiles/crypto.dir/src/crypto/cipher_extra/e_aesgcmsiv.c.o
[INFO] [stderr]   [ 46%] Building C object CMakeFiles/crypto.dir/src/crypto/cipher_extra/e_rc4.c.o
[INFO] [stderr]   [ 46%] Building C object CMakeFiles/crypto.dir/src/crypto/cipher_extra/e_rc2.c.o
[INFO] [stderr]   [ 47%] Building C object CMakeFiles/crypto.dir/src/crypto/cipher_extra/e_null.c.o
[INFO] [stderr]   [ 47%] Building C object CMakeFiles/crypto.dir/src/crypto/cipher_extra/e_tls.c.o
[INFO] [stderr]   [ 47%] Building C object CMakeFiles/crypto.dir/src/crypto/conf/conf.c.o
[INFO] [stderr]   [ 47%] Building C object CMakeFiles/crypto.dir/src/crypto/cpu_aarch64_apple.c.o
[INFO] [stderr]   [ 48%] Building C object CMakeFiles/crypto.dir/src/crypto/cipher_extra/tls_cbc.c.o
[INFO] [stderr]   [ 48%] Building C object CMakeFiles/crypto.dir/src/crypto/cpu_aarch64_freebsd.c.o
[INFO] [stderr]   [ 50%] Building C object CMakeFiles/crypto.dir/src/crypto/cpu_aarch64_fuchsia.c.o
[INFO] [stderr]   [ 50%] Building C object CMakeFiles/crypto.dir/src/crypto/cpu_aarch64_linux.c.o
[INFO] [stderr]   [ 50%] Building C object CMakeFiles/crypto.dir/src/crypto/cpu_aarch64_win.c.o
[INFO] [stderr]   [ 51%] Building C object CMakeFiles/crypto.dir/src/crypto/cpu_arm_freebsd.c.o
[INFO] [stderr]   [ 51%] Building C object CMakeFiles/crypto.dir/src/crypto/cpu_arm.c.o
[INFO] [stderr]   [ 51%] Building C object CMakeFiles/crypto.dir/src/crypto/crypto.c.o
[INFO] [stderr]   [ 51%] Building C object CMakeFiles/crypto.dir/src/crypto/cpu_arm_linux.c.o
[INFO] [stderr]   [ 51%] Building C object CMakeFiles/crypto.dir/src/crypto/curve25519/curve25519.c.o
[INFO] [stderr]   [ 51%] Building C object CMakeFiles/crypto.dir/src/crypto/cpu_intel.c.o
[INFO] [stderr]   [ 51%] Building C object CMakeFiles/crypto.dir/src/crypto/des/des.c.o
[INFO] [stderr]   [ 52%] Building C object CMakeFiles/crypto.dir/src/crypto/curve25519/spake25519.c.o
[INFO] [stderr]   [ 52%] Building C object CMakeFiles/crypto.dir/src/crypto/dh_extra/dh_asn1.c.o
[INFO] [stderr]   [ 52%] Building C object CMakeFiles/crypto.dir/src/crypto/dh_extra/params.c.o
[INFO] [stderr]   [ 53%] Building C object CMakeFiles/crypto.dir/src/crypto/digest_extra/digest_extra.c.o
[INFO] [stderr]   [ 53%] Building C object CMakeFiles/crypto.dir/src/crypto/dsa/dsa.c.o
[INFO] [stderr]   [ 53%] Building C object CMakeFiles/crypto.dir/src/crypto/dsa/dsa_asn1.c.o
[INFO] [stderr]   [ 53%] Building C object CMakeFiles/crypto.dir/src/crypto/ec_extra/ec_asn1.c.o
[INFO] [stderr]   [ 53%] Building C object CMakeFiles/crypto.dir/src/crypto/ec_extra/hash_to_curve.c.o
[INFO] [stderr]   [ 54%] Building C object CMakeFiles/crypto.dir/src/crypto/ec_extra/ec_derive.c.o
[INFO] [stderr]   [ 54%] Building C object CMakeFiles/crypto.dir/src/crypto/ecdh_extra/ecdh_extra.c.o
[INFO] [stderr]   [ 55%] Building C object CMakeFiles/crypto.dir/src/crypto/engine/engine.c.o
[INFO] [stderr]   [ 55%] Building C object CMakeFiles/crypto.dir/src/crypto/evp/evp.c.o
[INFO] [stderr]   [ 55%] Building C object CMakeFiles/crypto.dir/src/crypto/ecdsa_extra/ecdsa_asn1.c.o
[INFO] [stderr]   [ 55%] Building C object CMakeFiles/crypto.dir/src/crypto/err/err.c.o
[INFO] [stderr]   [ 55%] Building C object CMakeFiles/crypto.dir/src/crypto/evp/evp_asn1.c.o
[INFO] [stderr]   [ 56%] Building C object CMakeFiles/crypto.dir/src/crypto/evp/evp_ctx.c.o
[INFO] [stderr]   [ 56%] Building C object CMakeFiles/crypto.dir/src/crypto/evp/p_ec.c.o
[INFO] [stderr]   [ 56%] Building C object CMakeFiles/crypto.dir/src/crypto/evp/p_dsa_asn1.c.o
[INFO] [stderr]   [ 56%] Building C object CMakeFiles/crypto.dir/src/crypto/evp/p_ec_asn1.c.o
[INFO] [stderr]   [ 56%] Building C object CMakeFiles/crypto.dir/src/crypto/evp/p_ed25519_asn1.c.o
[INFO] [stderr]   [ 57%] Building C object CMakeFiles/crypto.dir/src/crypto/evp/p_ed25519.c.o
[INFO] [stderr]   [ 57%] Building C object CMakeFiles/crypto.dir/src/crypto/evp/p_hkdf.c.o
[INFO] [stderr]   [ 57%] Building C object CMakeFiles/crypto.dir/src/crypto/evp/p_rsa.c.o
[INFO] [stderr]   [ 58%] Building C object CMakeFiles/crypto.dir/src/crypto/evp/p_rsa_asn1.c.o
[INFO] [stderr]   [ 58%] Building C object CMakeFiles/crypto.dir/src/crypto/evp/p_x25519.c.o
[INFO] [stderr]   [ 58%] Building C object CMakeFiles/crypto.dir/src/crypto/evp/p_x25519_asn1.c.o
[INFO] [stderr]   [ 58%] Building C object CMakeFiles/crypto.dir/src/crypto/evp/pbkdf.c.o
[INFO] [stderr]   [ 58%] Building C object CMakeFiles/crypto.dir/src/crypto/evp/sign.c.o
[INFO] [stderr]   [ 58%] Building C object CMakeFiles/crypto.dir/src/crypto/evp/print.c.o
[INFO] [stderr]   [ 58%] Building C object CMakeFiles/crypto.dir/src/crypto/fipsmodule/bcm.c.o
[INFO] [stderr]   [ 59%] Building C object CMakeFiles/crypto.dir/src/crypto/evp/scrypt.c.o
[INFO] [stderr]   [ 59%] Building C object CMakeFiles/crypto.dir/src/crypto/hpke/hpke.c.o
[INFO] [stderr]   [ 60%] Building C object CMakeFiles/crypto.dir/src/crypto/fipsmodule/fips_shared_support.c.o
[INFO] [stderr]   [ 60%] Building C object CMakeFiles/crypto.dir/src/crypto/ex_data.c.o
[INFO] [stderr]   [ 60%] Building C object CMakeFiles/crypto.dir/src/crypto/hrss/hrss.c.o
[INFO] [stderr]   [ 60%] Building C object CMakeFiles/crypto.dir/src/crypto/mem.c.o
[INFO] [stderr]   [ 61%] Building C object CMakeFiles/crypto.dir/src/crypto/kyber/kyber768.c.o
[INFO] [stderr]   [ 61%] Building C object CMakeFiles/crypto.dir/src/crypto/kyber/kyber512.c.o
[INFO] [stderr]   [ 61%] Building C object CMakeFiles/crypto.dir/src/crypto/obj/obj.c.o
[INFO] [stderr]   [ 61%] Building C object CMakeFiles/crypto.dir/src/crypto/lhash/lhash.c.o
[INFO] [stderr]   [ 62%] Building C object CMakeFiles/crypto.dir/src/crypto/obj/obj_xref.c.o
[INFO] [stderr]   [ 62%] Building C object CMakeFiles/crypto.dir/src/crypto/pem/pem_all.c.o
[INFO] [stderr]   [ 62%] Building C object CMakeFiles/crypto.dir/src/crypto/pem/pem_info.c.o
[INFO] [stderr]   [ 62%] Building C object CMakeFiles/crypto.dir/src/crypto/pem/pem_lib.c.o
[INFO] [stderr]   [ 63%] Building C object CMakeFiles/crypto.dir/src/crypto/pem/pem_oth.c.o
[INFO] [stderr]   [ 63%] Building C object CMakeFiles/crypto.dir/src/crypto/pem/pem_pk8.c.o
[INFO] [stderr]   [ 63%] Building C object CMakeFiles/crypto.dir/src/crypto/pem/pem_pkey.c.o
[INFO] [stderr]   [ 64%] Building C object CMakeFiles/crypto.dir/src/crypto/pem/pem_xaux.c.o
[INFO] [stderr]   [ 63%] Building C object CMakeFiles/crypto.dir/src/crypto/pem/pem_x509.c.o
[INFO] [stderr]   [ 64%] Building C object CMakeFiles/crypto.dir/src/crypto/pkcs7/pkcs7.c.o
[INFO] [stderr]   [ 64%] Building C object CMakeFiles/crypto.dir/src/crypto/pkcs7/pkcs7_x509.c.o
[INFO] [stderr]   [ 64%] Building C object CMakeFiles/crypto.dir/src/crypto/pkcs8/p5_pbev2.c.o
[INFO] [stderr]   [ 65%] Building C object CMakeFiles/crypto.dir/src/crypto/pkcs8/pkcs8_x509.c.o
[INFO] [stderr]   [ 65%] Building C object CMakeFiles/crypto.dir/src/crypto/pkcs8/pkcs8.c.o
[INFO] [stderr]   [ 65%] Building C object CMakeFiles/crypto.dir/src/crypto/poly1305/poly1305.c.o
[INFO] [stderr]   [ 65%] Building C object CMakeFiles/crypto.dir/src/crypto/poly1305/poly1305_arm.c.o
[INFO] [stderr]   [ 65%] Building C object CMakeFiles/crypto.dir/src/crypto/poly1305/poly1305_vec.c.o
[INFO] [stderr]   [ 66%] Building C object CMakeFiles/crypto.dir/src/crypto/pool/pool.c.o
[INFO] [stderr]   [ 66%] Building C object CMakeFiles/crypto.dir/src/crypto/rand_extra/deterministic.c.o
[INFO] [stderr]   [ 66%] Building C object CMakeFiles/crypto.dir/src/crypto/rand_extra/forkunsafe.c.o
[INFO] [stderr]   [ 66%] Building C object CMakeFiles/crypto.dir/src/crypto/rand_extra/fuchsia.c.o
[INFO] [stderr]   [ 67%] Building C object CMakeFiles/crypto.dir/src/crypto/rand_extra/passive.c.o
[INFO] [stderr]   [ 68%] Building C object CMakeFiles/crypto.dir/src/crypto/refcount_c11.c.o
[INFO] [stderr]   [ 68%] Building C object CMakeFiles/crypto.dir/src/crypto/rand_extra/rand_extra.c.o
[INFO] [stderr]   [ 68%] Building C object CMakeFiles/crypto.dir/src/crypto/rand_extra/windows.c.o
[INFO] [stderr]   [ 68%] Building C object CMakeFiles/crypto.dir/src/crypto/rc4/rc4.c.o
[INFO] [stderr]   [ 68%] Building C object CMakeFiles/crypto.dir/src/crypto/refcount_lock.c.o
[INFO] [stderr]   [ 68%] Building C object CMakeFiles/crypto.dir/src/crypto/rsa_extra/rsa_asn1.c.o
[INFO] [stderr]   [ 68%] Building C object CMakeFiles/crypto.dir/src/crypto/rsa_extra/rsa_crypt.c.o
[INFO] [stderr]   [ 68%] Building C object CMakeFiles/crypto.dir/src/crypto/siphash/siphash.c.o
[INFO] [stderr]   [ 68%] Building C object CMakeFiles/crypto.dir/src/crypto/stack/stack.c.o
[INFO] [stderr]   [ 69%] Building C object CMakeFiles/crypto.dir/src/crypto/rsa_extra/rsa_print.c.o
[INFO] [stderr]   [ 69%] Building C object CMakeFiles/crypto.dir/src/crypto/thread.c.o
[INFO] [stderr]   [ 69%] Building C object CMakeFiles/crypto.dir/src/crypto/thread_win.c.o
[INFO] [stderr]   [ 70%] Building C object CMakeFiles/crypto.dir/src/crypto/thread_none.c.o
[INFO] [stderr]   [ 71%] Building C object CMakeFiles/crypto.dir/src/crypto/trust_token/trust_token.c.o
[INFO] [stderr]   [ 71%] Building C object CMakeFiles/crypto.dir/src/crypto/trust_token/pmbtoken.c.o
[INFO] [stderr]   [ 71%] Building C object CMakeFiles/crypto.dir/src/crypto/trust_token/voprf.c.o
[INFO] [stderr]   [ 71%] Building C object CMakeFiles/crypto.dir/src/crypto/x509/a_digest.c.o
[INFO] [stderr]   [ 71%] Building C object CMakeFiles/crypto.dir/src/crypto/x509/a_sign.c.o
[INFO] [stderr]   [ 71%] Building C object CMakeFiles/crypto.dir/src/crypto/x509/a_verify.c.o
[INFO] [stderr]   [ 71%] Building C object CMakeFiles/crypto.dir/src/crypto/x509/asn1_gen.c.o
[INFO] [stderr]   [ 72%] Building C object CMakeFiles/crypto.dir/src/crypto/x509/algorithm.c.o
[INFO] [stderr]   [ 72%] Building C object CMakeFiles/crypto.dir/src/crypto/thread_pthread.c.o
[INFO] [stderr]   [ 72%] Building C object CMakeFiles/crypto.dir/src/crypto/x509/by_dir.c.o
[INFO] [stderr]   [ 72%] Building C object CMakeFiles/crypto.dir/src/crypto/x509/by_file.c.o
[INFO] [stderr]   [ 73%] Building C object CMakeFiles/crypto.dir/src/crypto/x509/i2d_pr.c.o
[INFO] [stderr]   [ 73%] Building C object CMakeFiles/crypto.dir/src/crypto/x509/name_print.c.o
[INFO] [stderr]   [ 73%] Building C object CMakeFiles/crypto.dir/src/crypto/x509/policy.c.o
[INFO] [stderr]   [ 73%] Building C object CMakeFiles/crypto.dir/src/crypto/x509/rsa_pss.c.o
[INFO] [stderr]   [ 75%] Building C object CMakeFiles/crypto.dir/src/crypto/x509/t_crl.c.o
[INFO] [stderr]   [ 75%] Building C object CMakeFiles/crypto.dir/src/crypto/x509/t_req.c.o
[INFO] [stderr]   [ 75%] Building C object CMakeFiles/crypto.dir/src/crypto/x509/t_x509.c.o
[INFO] [stderr]   [ 76%] Building C object CMakeFiles/crypto.dir/src/crypto/x509/t_x509a.c.o
[INFO] [stderr]   [ 76%] Building C object CMakeFiles/crypto.dir/src/crypto/x509/x509.c.o
[INFO] [stderr]   [ 76%] Building C object CMakeFiles/crypto.dir/src/crypto/x509/x509_cmp.c.o
[INFO] [stderr]   [ 76%] Building C object CMakeFiles/crypto.dir/src/crypto/x509/x509_att.c.o
[INFO] [stderr]   [ 76%] Building C object CMakeFiles/crypto.dir/src/crypto/x509/x509_d2.c.o
[INFO] [stderr]   [ 76%] Building C object CMakeFiles/crypto.dir/src/crypto/x509/x509_obj.c.o
[INFO] [stderr]   [ 77%] Building C object CMakeFiles/crypto.dir/src/crypto/x509/x509_def.c.o
[INFO] [stderr]   [ 77%] Building C object CMakeFiles/crypto.dir/src/crypto/x509/x509_ext.c.o
[INFO] [stderr]   [ 78%] Building C object CMakeFiles/crypto.dir/src/crypto/x509/x509_req.c.o
[INFO] [stderr]   [ 78%] Building C object CMakeFiles/crypto.dir/src/crypto/x509/x509_trs.c.o
[INFO] [stderr]   [ 78%] Building C object CMakeFiles/crypto.dir/src/crypto/x509/x509_lu.c.o
[INFO] [stderr]   [ 78%] Building C object CMakeFiles/crypto.dir/src/crypto/x509/x509_set.c.o
[INFO] [stderr]   [ 79%] Building C object CMakeFiles/crypto.dir/src/crypto/x509/x509_v3.c.o
[INFO] [stderr]   [ 79%] Building C object CMakeFiles/crypto.dir/src/crypto/x509/x509_txt.c.o
[INFO] [stderr]   [ 79%] Building C object CMakeFiles/crypto.dir/src/crypto/x509/x509_vfy.c.o
[INFO] [stderr]   [ 79%] Building C object CMakeFiles/crypto.dir/src/crypto/x509/x509cset.c.o
[INFO] [stderr]   [ 79%] Building C object CMakeFiles/crypto.dir/src/crypto/x509/x509_vpm.c.o
[INFO] [stderr]   [ 79%] Building C object CMakeFiles/crypto.dir/src/crypto/x509/x509name.c.o
[INFO] [stderr]   [ 80%] Building C object CMakeFiles/crypto.dir/src/crypto/x509/x509rset.c.o
[INFO] [stderr]   [ 80%] Building C object CMakeFiles/crypto.dir/src/crypto/x509/x509spki.c.o
[INFO] [stderr]   [ 80%] Building C object CMakeFiles/crypto.dir/src/crypto/x509/x_algor.c.o
[INFO] [stderr]   [ 80%] Building C object CMakeFiles/crypto.dir/src/crypto/x509/x_all.c.o
[INFO] [stderr]   [ 80%] Building C object CMakeFiles/crypto.dir/src/crypto/x509/x_crl.c.o
[INFO] [stderr]   [ 81%] Building C object CMakeFiles/crypto.dir/src/crypto/x509/x_attrib.c.o
[INFO] [stderr]   [ 81%] Building C object CMakeFiles/crypto.dir/src/crypto/x509/x_exten.c.o
[INFO] [stderr]   [ 81%] Building C object CMakeFiles/crypto.dir/src/crypto/x509/x_info.c.o
[INFO] [stderr]   [ 82%] Building C object CMakeFiles/crypto.dir/src/crypto/x509/x_name.c.o
[INFO] [stderr]   [ 82%] Building C object CMakeFiles/crypto.dir/src/crypto/x509/x_req.c.o
[INFO] [stderr]   [ 82%] Building C object CMakeFiles/crypto.dir/src/crypto/x509/x_pkey.c.o
[INFO] [stderr]   [ 83%] Building C object CMakeFiles/crypto.dir/src/crypto/x509/x_sig.c.o
[INFO] [stderr]   [ 83%] Building C object CMakeFiles/crypto.dir/src/crypto/x509/x_pubkey.c.o
[INFO] [stderr]   [ 83%] Building C object CMakeFiles/crypto.dir/src/crypto/x509/x_spki.c.o
[INFO] [stderr]   [ 83%] Building C object CMakeFiles/crypto.dir/src/crypto/x509/x_val.c.o
[INFO] [stderr]   [ 83%] Building C object CMakeFiles/crypto.dir/src/crypto/x509/x_x509.c.o
[INFO] [stderr]   [ 84%] Building C object CMakeFiles/crypto.dir/src/crypto/x509/x_x509a.c.o
[INFO] [stderr]   [ 84%] Building C object CMakeFiles/crypto.dir/src/crypto/x509v3/v3_akeya.c.o
[INFO] [stderr]   [ 84%] Building C object CMakeFiles/crypto.dir/src/crypto/x509v3/v3_akey.c.o
[INFO] [stderr]   [ 84%] Building C object CMakeFiles/crypto.dir/src/crypto/x509v3/v3_alt.c.o
[INFO] [stderr]   [ 84%] Building C object CMakeFiles/crypto.dir/src/crypto/x509v3/v3_conf.c.o
[INFO] [stderr]   [ 85%] Building C object CMakeFiles/crypto.dir/src/crypto/x509v3/v3_bcons.c.o
[INFO] [stderr]   [ 85%] Building C object CMakeFiles/crypto.dir/src/crypto/x509v3/v3_bitst.c.o
[INFO] [stderr]   [ 85%] Building C object CMakeFiles/crypto.dir/src/crypto/x509v3/v3_cpols.c.o
[INFO] [stderr]   [ 85%] Building C object CMakeFiles/crypto.dir/src/crypto/x509v3/v3_crld.c.o
[INFO] [stderr]   [ 86%] Building C object CMakeFiles/crypto.dir/src/crypto/x509v3/v3_enum.c.o
[INFO] [stderr]   [ 86%] Building C object CMakeFiles/crypto.dir/src/crypto/x509v3/v3_ia5.c.o
[INFO] [stderr]   [ 87%] Building C object CMakeFiles/crypto.dir/src/crypto/x509v3/v3_info.c.o
[INFO] [stderr]   [ 87%] Building C object CMakeFiles/crypto.dir/src/crypto/x509v3/v3_extku.c.o
[INFO] [stderr]   [ 87%] Building C object CMakeFiles/crypto.dir/src/crypto/x509v3/v3_genn.c.o
[INFO] [stderr]   [ 87%] Building C object CMakeFiles/crypto.dir/src/crypto/x509v3/v3_int.c.o
[INFO] [stderr]   [ 87%] Building C object CMakeFiles/crypto.dir/src/crypto/x509v3/v3_lib.c.o
[INFO] [stderr]   [ 87%] Building C object CMakeFiles/crypto.dir/src/crypto/x509v3/v3_ncons.c.o
[INFO] [stderr]   [ 88%] Building C object CMakeFiles/crypto.dir/src/crypto/x509v3/v3_ocsp.c.o
[INFO] [stderr]   [ 88%] Building C object CMakeFiles/crypto.dir/src/crypto/x509v3/v3_pcons.c.o
[INFO] [stderr]   [ 88%] Building C object CMakeFiles/crypto.dir/src/crypto/x509v3/v3_pmaps.c.o
[INFO] [stderr]   [ 88%] Building C object CMakeFiles/crypto.dir/src/crypto/x509v3/v3_prn.c.o
[INFO] [stderr]   [ 89%] Building C object CMakeFiles/crypto.dir/src/crypto/x509v3/v3_purp.c.o
[INFO] [stderr]   [ 89%] Building C object CMakeFiles/crypto.dir/src/crypto/x509v3/v3_utl.c.o
[INFO] [stderr]   [ 89%] Building C object CMakeFiles/crypto.dir/src/crypto/x509v3/v3_skey.c.o
[INFO] [stderr]   [ 89%] Linking C static library libcrypto.a
[INFO] [stderr]   [ 89%] Built target crypto
[INFO] [stderr]   [ 89%] Building CXX object CMakeFiles/ssl.dir/src/ssl/dtls_method.cc.o
[INFO] [stderr]   [ 90%] Building CXX object CMakeFiles/ssl.dir/src/ssl/bio_ssl.cc.o
[INFO] [stderr]   [ 90%] Building CXX object CMakeFiles/ssl.dir/src/ssl/handoff.cc.o
[INFO] [stderr]   [ 90%] Building CXX object CMakeFiles/ssl.dir/src/ssl/d1_lib.cc.o
[INFO] [stderr]   [ 90%] Building CXX object CMakeFiles/ssl.dir/src/ssl/d1_both.cc.o
[INFO] [stderr]   [ 91%] Building CXX object CMakeFiles/ssl.dir/src/ssl/s3_both.cc.o
[INFO] [stderr]   [ 92%] Building CXX object CMakeFiles/ssl.dir/src/ssl/extensions.cc.o
[INFO] [stderr]   [ 92%] Building CXX object CMakeFiles/ssl.dir/src/ssl/encrypted_client_hello.cc.o
[INFO] [stderr]   [ 92%] Building CXX object CMakeFiles/ssl.dir/src/ssl/handshake_server.cc.o
[INFO] [stderr]   [ 93%] Building CXX object CMakeFiles/ssl.dir/src/ssl/d1_srtp.cc.o
[INFO] [stderr]   [ 93%] Building CXX object CMakeFiles/ssl.dir/src/ssl/handshake.cc.o
[INFO] [stderr]   [ 93%] Building CXX object CMakeFiles/ssl.dir/src/ssl/d1_pkt.cc.o
[INFO] [stderr]   [ 93%] Building CXX object CMakeFiles/ssl.dir/src/ssl/dtls_record.cc.o
[INFO] [stderr]   [ 93%] Building CXX object CMakeFiles/ssl.dir/src/ssl/handshake_client.cc.o
[INFO] [stderr]   [ 93%] Building CXX object CMakeFiles/ssl.dir/src/ssl/s3_pkt.cc.o
[INFO] [stderr]   [ 93%] Building CXX object CMakeFiles/ssl.dir/src/ssl/s3_lib.cc.o
[INFO] [stderr]   [ 93%] Building CXX object CMakeFiles/ssl.dir/src/ssl/ssl_aead_ctx.cc.o
[INFO] [stderr] 
[INFO] [stderr]   --- stderr
[INFO] [stderr]   hint: Using 'master' as the name for the initial branch. This default branch name
[INFO] [stderr]   hint: will change to "main" in Git 3.0. To configure the initial branch name
[INFO] [stderr]   hint: to use in all of your new repositories, which will suppress this warning,
[INFO] [stderr]   hint: call:
[INFO] [stderr]   hint:
[INFO] [stderr]   hint: 	git config --global init.defaultBranch <name>
[INFO] [stderr]   hint:
[INFO] [stderr]   hint: Names commonly chosen instead of 'master' are 'main', 'trunk' and
[INFO] [stderr]   hint: 'development'. The just-created branch can be renamed via this command:
[INFO] [stderr]   hint:
[INFO] [stderr]   hint: 	git branch -m <name>
[INFO] [stderr]   hint:
[INFO] [stderr]   hint: Disable this message with "git config set advice.defaultBranchName false"
[INFO] [stderr] 
[INFO] [stderr]   /opt/rustwide/cargo-home/registry/src/index.crates.io-1949cf8c6b5b557f/boring-sys2-4.15.15/patches/boringssl-44b3df6f03d85c901767250329c571db405122d5.patch:73: trailing whitespace.
[INFO] [stderr]       "src/crypto/fipsmodule/fips_shared_support.c", 
[INFO] [stderr]   /opt/rustwide/cargo-home/registry/src/index.crates.io-1949cf8c6b5b557f/boring-sys2-4.15.15/patches/boringssl-44b3df6f03d85c901767250329c571db405122d5.patch:74: trailing whitespace.
[INFO] [stderr]       "src/crypto/hpke/hpke.c", 
[INFO] [stderr]   /opt/rustwide/cargo-home/registry/src/index.crates.io-1949cf8c6b5b557f/boring-sys2-4.15.15/patches/boringssl-44b3df6f03d85c901767250329c571db405122d5.patch:75: trailing whitespace.
[INFO] [stderr]       "src/crypto/hrss/hrss.c", 
[INFO] [stderr]   /opt/rustwide/cargo-home/registry/src/index.crates.io-1949cf8c6b5b557f/boring-sys2-4.15.15/patches/boringssl-44b3df6f03d85c901767250329c571db405122d5.patch:78: trailing whitespace.
[INFO] [stderr]       "src/crypto/kyber/kyber512.c", 
[INFO] [stderr]   /opt/rustwide/cargo-home/registry/src/index.crates.io-1949cf8c6b5b557f/boring-sys2-4.15.15/patches/boringssl-44b3df6f03d85c901767250329c571db405122d5.patch:79: trailing whitespace.
[INFO] [stderr]       "src/crypto/kyber/kyber768.c", 
[INFO] [stderr]   Checking patch BUILD.generated.bzl...
[INFO] [stderr]   Checking patch BUILD.generated_tests.bzl...
[INFO] [stderr]   Checking patch CMakeLists.txt...
[INFO] [stderr]   Checking patch sources.json...
[INFO] [stderr]   Checking patch src/crypto/CMakeLists.txt...
[INFO] [stderr]   Checking patch src/crypto/cipher_extra/e_tls.c...
[INFO] [stderr]   Checking patch src/crypto/kyber/internal.h...
[INFO] [stderr]   Checking patch src/crypto/kyber/keccak.c...
[INFO] [stderr]   Checking patch src/crypto/kyber/kyber.c...
[INFO] [stderr]   Checking patch src/crypto/kyber/kyber512.c...
[INFO] [stderr]   Checking patch src/crypto/kyber/kyber768.c...
[INFO] [stderr]   Checking patch src/crypto/kyber/kyber_test.cc...
[INFO] [stderr]   Checking patch src/crypto/obj/obj_dat.h...
[INFO] [stderr]   Checking patch src/crypto/obj/obj_mac.num...
[INFO] [stderr]   Checking patch src/crypto/obj/objects.txt...
[INFO] [stderr]   Checking patch src/include/openssl/aead.h...
[INFO] [stderr]   Checking patch src/include/openssl/kyber.h...
[INFO] [stderr]   Checking patch src/include/openssl/nid.h...
[INFO] [stderr]   Checking patch src/include/openssl/ssl.h...
[INFO] [stderr]   Checking patch src/include/openssl/tls1.h...
[INFO] [stderr]   Checking patch src/sources.cmake...
[INFO] [stderr]   Checking patch src/ssl/extensions.cc...
[INFO] [stderr]   Checking patch src/ssl/handoff.cc...
[INFO] [stderr]   Checking patch src/ssl/handshake_client.cc...
[INFO] [stderr]   Checking patch src/ssl/internal.h...
[INFO] [stderr]   Checking patch src/ssl/ssl_cipher.cc...
[INFO] [stderr]   Checking patch src/ssl/ssl_key_share.cc...
[INFO] [stderr]   Checking patch src/ssl/ssl_lib.cc...
[INFO] [stderr]   Checking patch src/ssl/ssl_privkey.cc...
[INFO] [stderr]   Checking patch src/ssl/ssl_test.cc...
[INFO] [stderr]   Checking patch src/ssl/tls13_client.cc...
[INFO] [stderr]   Checking patch src/ssl/tls13_server.cc...
[INFO] [stderr]   Checking patch src/tool/speed.cc...
[INFO] [stderr]   Applied patch BUILD.generated.bzl cleanly.
[INFO] [stderr]   Applied patch BUILD.generated_tests.bzl cleanly.
[INFO] [stderr]   Applied patch CMakeLists.txt cleanly.
[INFO] [stderr]   Applied patch sources.json cleanly.
[INFO] [stderr]   Applied patch src/crypto/CMakeLists.txt cleanly.
[INFO] [stderr]   Applied patch src/crypto/cipher_extra/e_tls.c cleanly.
[INFO] [stderr]   Applied patch src/crypto/kyber/internal.h cleanly.
[INFO] [stderr]   Applied patch src/crypto/kyber/keccak.c cleanly.
[INFO] [stderr]   Applied patch src/crypto/kyber/kyber.c cleanly.
[INFO] [stderr]   Applied patch src/crypto/kyber/kyber512.c cleanly.
[INFO] [stderr]   Applied patch src/crypto/kyber/kyber768.c cleanly.
[INFO] [stderr]   Applied patch src/crypto/kyber/kyber_test.cc cleanly.
[INFO] [stderr]   Applied patch src/crypto/obj/obj_dat.h cleanly.
[INFO] [stderr]   Applied patch src/crypto/obj/obj_mac.num cleanly.
[INFO] [stderr]   Applied patch src/crypto/obj/objects.txt cleanly.
[INFO] [stderr]   Applied patch src/include/openssl/aead.h cleanly.
[INFO] [stderr]   Applied patch src/include/openssl/kyber.h cleanly.
[INFO] [stderr]   Applied patch src/include/openssl/nid.h cleanly.
[INFO] [stderr]   Applied patch src/include/openssl/ssl.h cleanly.
[INFO] [stderr]   Applied patch src/include/openssl/tls1.h cleanly.
[INFO] [stderr]   Applied patch src/sources.cmake cleanly.
[INFO] [stderr]   Applied patch src/ssl/extensions.cc cleanly.
[INFO] [stderr]   Applied patch src/ssl/handoff.cc cleanly.
[INFO] [stderr]   Applied patch src/ssl/handshake_client.cc cleanly.
[INFO] [stderr]   Applied patch src/ssl/internal.h cleanly.
[INFO] [stderr]   Applied patch src/ssl/ssl_cipher.cc cleanly.
[INFO] [stderr]   Applied patch src/ssl/ssl_key_share.cc cleanly.
[INFO] [stderr]   Applied patch src/ssl/ssl_lib.cc cleanly.
[INFO] [stderr]   Applied patch src/ssl/ssl_privkey.cc cleanly.
[INFO] [stderr]   Applied patch src/ssl/ssl_test.cc cleanly.
[INFO] [stderr]   Applied patch src/ssl/tls13_client.cc cleanly.
[INFO] [stderr]   Applied patch src/ssl/tls13_server.cc cleanly.
[INFO] [stderr]   Applied patch src/tool/speed.cc cleanly.
[INFO] [stderr]   warning: squelched 40 whitespace errors
[INFO] [stderr]   warning: 25 lines applied after fixing whitespace errors.
[INFO] [stderr] 
[INFO] [stderr]   Checking patch src/crypto/fipsmodule/rand/getrandom_fillin.h...
[INFO] [stderr]   Checking patch src/include/openssl/base.h...
[INFO] [stderr]   Applied patch src/crypto/fipsmodule/rand/getrandom_fillin.h cleanly.
[INFO] [stderr]   Applied patch src/include/openssl/base.h cleanly.
[INFO] [stderr] 
[INFO] [stderr]   gmake: warning: -j16 forced in submake: resetting jobserver mode.
[INFO] [stderr]   c++: fatal error: Killed signal terminated program cc1plus
[INFO] [stderr]   compilation terminated.
[INFO] [stderr]   gmake[3]: *** [CMakeFiles/ssl.dir/build.make:93: CMakeFiles/ssl.dir/src/ssl/d1_both.cc.o] Error 1
[INFO] [stderr]   gmake[3]: *** Waiting for unfinished jobs....
[INFO] [stderr]   gmake[2]: *** [CMakeFiles/Makefile2:125: CMakeFiles/ssl.dir/all] Error 2
[INFO] [stderr]   gmake[1]: *** [CMakeFiles/Makefile2:132: CMakeFiles/ssl.dir/rule] Error 2
[INFO] [stderr]   gmake: *** [Makefile:137: ssl] Error 2
[INFO] [stderr] 
[INFO] [stderr]   thread 'main' (3337) panicked at /opt/rustwide/cargo-home/registry/src/index.crates.io-1949cf8c6b5b557f/cmake-0.1.54/src/lib.rs:1119:5:
[INFO] [stderr] 
[INFO] [stderr]   command did not execute successfully, got: exit status: 2
[INFO] [stderr] 
[INFO] [stderr]   build script failed, must exit now
[INFO] [stderr]   stack backtrace:
[INFO] [stderr]      0:     0x5b7548c77e51 - std[3164a59e47d3bde]::backtrace_rs::backtrace::libunwind::trace
[INFO] [stderr]                                  at /rustc/3154cc1a3e6424e44f438a95007d043ed5ceaaf6/library/std/src/../../backtrace/src/backtrace/libunwind.rs:117:9
[INFO] [stderr]      1:     0x5b7548c77e51 - std[3164a59e47d3bde]::backtrace_rs::backtrace::trace_unsynchronized::<std[3164a59e47d3bde]::sys::backtrace::_print_fmt::{closure#1}>
[INFO] [stderr]                                  at /rustc/3154cc1a3e6424e44f438a95007d043ed5ceaaf6/library/std/src/../../backtrace/src/backtrace/mod.rs:66:14
[INFO] [stderr]      2:     0x5b7548c77e51 - std[3164a59e47d3bde]::sys::backtrace::_print_fmt
[INFO] [stderr]                                  at /rustc/3154cc1a3e6424e44f438a95007d043ed5ceaaf6/library/std/src/sys/backtrace.rs:74:9
[INFO] [stderr]      3:     0x5b7548c77e51 - <<std[3164a59e47d3bde]::sys::backtrace::BacktraceLock>::print::DisplayBacktrace as core[934024a1e6126fb4]::fmt::Display>::fmt
[INFO] [stderr]                                  at /rustc/3154cc1a3e6424e44f438a95007d043ed5ceaaf6/library/std/src/sys/backtrace.rs:44:26
[INFO] [stderr]      4:     0x5b7548c9015a - <core[934024a1e6126fb4]::fmt::rt::Argument>::fmt
[INFO] [stderr]                                  at /rustc/3154cc1a3e6424e44f438a95007d043ed5ceaaf6/library/core/src/fmt/rt.rs:152:76
[INFO] [stderr]      5:     0x5b7548c9015a - core[934024a1e6126fb4]::fmt::write
[INFO] [stderr]      6:     0x5b7548c7e4dc - core[934024a1e6126fb4]::io::write::default_write_fmt::<std[3164a59e47d3bde]::sys::stdio::unix::Stderr>
[INFO] [stderr]                                  at /rustc/3154cc1a3e6424e44f438a95007d043ed5ceaaf6/library/core/src/io/write.rs:402:11
[INFO] [stderr]      7:     0x5b7548c7e4dc - <std[3164a59e47d3bde]::sys::stdio::unix::Stderr as core[934024a1e6126fb4]::io::write::Write>::write_fmt
[INFO] [stderr]                                  at /rustc/3154cc1a3e6424e44f438a95007d043ed5ceaaf6/library/core/src/io/write.rs:335:13
[INFO] [stderr]      8:     0x5b7548c512f6 - <std[3164a59e47d3bde]::sys::backtrace::BacktraceLock>::print
[INFO] [stderr]                                  at /rustc/3154cc1a3e6424e44f438a95007d043ed5ceaaf6/library/std/src/sys/backtrace.rs:47:9
[INFO] [stderr]      9:     0x5b7548c512f6 - std[3164a59e47d3bde]::panicking::default_hook::{closure#0}
[INFO] [stderr]                                  at /rustc/3154cc1a3e6424e44f438a95007d043ed5ceaaf6/library/std/src/panicking.rs:289:27
[INFO] [stderr]     10:     0x5b7548c6ea61 - std[3164a59e47d3bde]::panicking::default_hook
[INFO] [stderr]                                  at /rustc/3154cc1a3e6424e44f438a95007d043ed5ceaaf6/library/std/src/panicking.rs:316:9
[INFO] [stderr]     11:     0x5b7548c6ed8b - std[3164a59e47d3bde]::panicking::panic_with_hook
[INFO] [stderr]                                  at /rustc/3154cc1a3e6424e44f438a95007d043ed5ceaaf6/library/std/src/panicking.rs:811:13
[INFO] [stderr]     12:     0x5b7548c513a2 - std[3164a59e47d3bde]::panicking::panic_handler::{closure#0}
[INFO] [stderr]                                  at /rustc/3154cc1a3e6424e44f438a95007d043ed5ceaaf6/library/std/src/panicking.rs:685:13
[INFO] [stderr]     13:     0x5b7548c49ef9 - std[3164a59e47d3bde]::sys::backtrace::__rust_end_short_backtrace::<std[3164a59e47d3bde]::panicking::panic_handler::{closure#0}, !>
[INFO] [stderr]                                  at /rustc/3154cc1a3e6424e44f438a95007d043ed5ceaaf6/library/std/src/sys/backtrace.rs:182:18
[INFO] [stderr]     14:     0x5b7548c51f9d - __rustc[2e7b49d4226056d3]::rust_begin_unwind
[INFO] [stderr]                                  at /rustc/3154cc1a3e6424e44f438a95007d043ed5ceaaf6/library/std/src/panicking.rs:676:5
[INFO] [stderr]     15:     0x5b7548c909fc - core[934024a1e6126fb4]::panicking::panic_fmt
[INFO] [stderr]                                  at /rustc/3154cc1a3e6424e44f438a95007d043ed5ceaaf6/library/core/src/panicking.rs:80:14
[INFO] [stderr]     16:     0x5b7548bd45c7 - cmake[d36048db4e052f6]::fail
[INFO] [stderr]     17:     0x5b7548bd4253 - cmake[d36048db4e052f6]::run
[INFO] [stderr]     18:     0x5b7548bda184 - <cmake[d36048db4e052f6]::Config>::build
[INFO] [stderr]     19:     0x5b75487070b5 - build_script_main[b00a0cbd91347ca]::built_boring_source_path::{closure#0}
[INFO] [stderr]     20:     0x5b7548704077 - <std[3164a59e47d3bde]::sync::once_lock::OnceLock<std[3164a59e47d3bde]::path::PathBuf>>::get_or_init::<build_script_main[b00a0cbd91347ca]::built_boring_source_path::{closure#0}>::{closure#0}
[INFO] [stderr]     21:     0x5b7548703f45 - <std[3164a59e47d3bde]::sync::once_lock::OnceLock<std[3164a59e47d3bde]::path::PathBuf>>::initialize::<<std[3164a59e47d3bde]::sync::once_lock::OnceLock<std[3164a59e47d3bde]::path::PathBuf>>::get_or_init<build_script_main[b00a0cbd91347ca]::built_boring_source_path::{closure#0}>::{closure#0}, !>::{closure#0}
[INFO] [stderr]     22:     0x5b7548704172 - <std[3164a59e47d3bde]::sync::once::Once>::call_once_force::<<std[3164a59e47d3bde]::sync::once_lock::OnceLock<std[3164a59e47d3bde]::path::PathBuf>>::initialize<<std[3164a59e47d3bde]::sync::once_lock::OnceLock<std[3164a59e47d3bde]::path::PathBuf>>::get_or_init<build_script_main[b00a0cbd91347ca]::built_boring_source_path::{closure#0}>::{closure#0}, !>::{closure#0}>::{closure#0}
[INFO] [stderr]     23:     0x5b7548c56cc9 - <std[3164a59e47d3bde]::sys::sync::once::futex::Once>::call
[INFO] [stderr]                                  at /rustc/3154cc1a3e6424e44f438a95007d043ed5ceaaf6/library/std/src/sys/sync/once/futex.rs:183:21
[INFO] [stderr]     24:     0x5b75487013d8 - <std[3164a59e47d3bde]::sync::once::Once>::call_once_force::<<std[3164a59e47d3bde]::sync::once_lock::OnceLock<std[3164a59e47d3bde]::path::PathBuf>>::initialize<<std[3164a59e47d3bde]::sync::once_lock::OnceLock<std[3164a59e47d3bde]::path::PathBuf>>::get_or_init<build_script_main[b00a0cbd91347ca]::built_boring_source_path::{closure#0}>::{closure#0}, !>::{closure#0}>
[INFO] [stderr]     25:     0x5b75487011f0 - <std[3164a59e47d3bde]::sync::once_lock::OnceLock<std[3164a59e47d3bde]::path::PathBuf>>::initialize::<<std[3164a59e47d3bde]::sync::once_lock::OnceLock<std[3164a59e47d3bde]::path::PathBuf>>::get_or_init<build_script_main[b00a0cbd91347ca]::built_boring_source_path::{closure#0}>::{closure#0}, !>
[INFO] [stderr]     26:     0x5b7548701283 - <std[3164a59e47d3bde]::sync::once_lock::OnceLock<std[3164a59e47d3bde]::path::PathBuf>>::get_or_try_init::<<std[3164a59e47d3bde]::sync::once_lock::OnceLock<std[3164a59e47d3bde]::path::PathBuf>>::get_or_init<build_script_main[b00a0cbd91347ca]::built_boring_source_path::{closure#0}>::{closure#0}, !>
[INFO] [stderr]     27:     0x5b754870122e - <std[3164a59e47d3bde]::sync::once_lock::OnceLock<std[3164a59e47d3bde]::path::PathBuf>>::get_or_init::<build_script_main[b00a0cbd91347ca]::built_boring_source_path::{closure#0}>
[INFO] [stderr]     28:     0x5b754870961d - build_script_main[b00a0cbd91347ca]::built_boring_source_path
[INFO] [stderr]     29:     0x5b754870d61f - build_script_main[b00a0cbd91347ca]::main
[INFO] [stderr]     30:     0x5b75487069b3 - <fn() as core[934024a1e6126fb4]::ops::function::FnOnce<()>>::call_once
[INFO] [stderr]     31:     0x5b75486fb64e - std[3164a59e47d3bde]::sys::backtrace::__rust_begin_short_backtrace::<fn(), ()>
[INFO] [stderr]     32:     0x5b75486fb999 - std[3164a59e47d3bde]::rt::lang_start::<()>::{closure#0}
[INFO] [stderr]     33:     0x5b7548c6dd58 - <&dyn core[934024a1e6126fb4]::ops::function::Fn<(), Output = i32> + core[934024a1e6126fb4]::marker::Sync + core[934024a1e6126fb4]::panic::unwind_safe::RefUnwindSafe as core[934024a1e6126fb4]::ops::function::FnOnce<()>>::call_once
[INFO] [stderr]                                  at /rustc/3154cc1a3e6424e44f438a95007d043ed5ceaaf6/library/core/src/ops/function.rs:287:21
[INFO] [stderr]     34:     0x5b7548c6dd58 - std[3164a59e47d3bde]::panicking::catch_unwind::do_call::<&dyn core[934024a1e6126fb4]::ops::function::Fn<(), Output = i32> + core[934024a1e6126fb4]::marker::Sync + core[934024a1e6126fb4]::panic::unwind_safe::RefUnwindSafe, i32>
[INFO] [stderr]                                  at /rustc/3154cc1a3e6424e44f438a95007d043ed5ceaaf6/library/std/src/panicking.rs:573:43
[INFO] [stderr]     35:     0x5b7548c6dd58 - std[3164a59e47d3bde]::panicking::catch_unwind::<i32, &dyn core[934024a1e6126fb4]::ops::function::Fn<(), Output = i32> + core[934024a1e6126fb4]::marker::Sync + core[934024a1e6126fb4]::panic::unwind_safe::RefUnwindSafe>
[INFO] [stderr]                                  at /rustc/3154cc1a3e6424e44f438a95007d043ed5ceaaf6/library/std/src/panicking.rs:541:19
[INFO] [stderr]     36:     0x5b7548c6dd58 - std[3164a59e47d3bde]::panic::catch_unwind::<&dyn core[934024a1e6126fb4]::ops::function::Fn<(), Output = i32> + core[934024a1e6126fb4]::marker::Sync + core[934024a1e6126fb4]::panic::unwind_safe::RefUnwindSafe, i32>
[INFO] [stderr]                                  at /rustc/3154cc1a3e6424e44f438a95007d043ed5ceaaf6/library/std/src/panic.rs:359:14
[INFO] [stderr]     37:     0x5b7548c6dd58 - std[3164a59e47d3bde]::rt::lang_start_internal::{closure#0}
[INFO] [stderr]                                  at /rustc/3154cc1a3e6424e44f438a95007d043ed5ceaaf6/library/std/src/rt.rs:175:24
[INFO] [stderr]     38:     0x5b7548c6dd58 - std[3164a59e47d3bde]::panicking::catch_unwind::do_call::<std[3164a59e47d3bde]::rt::lang_start_internal::{closure#0}, isize>
[INFO] [stderr]                                  at /rustc/3154cc1a3e6424e44f438a95007d043ed5ceaaf6/library/std/src/panicking.rs:573:43
[INFO] [stderr]     39:     0x5b7548c6dd58 - std[3164a59e47d3bde]::panicking::catch_unwind::<isize, std[3164a59e47d3bde]::rt::lang_start_internal::{closure#0}>
[INFO] [stderr]                                  at /rustc/3154cc1a3e6424e44f438a95007d043ed5ceaaf6/library/std/src/panicking.rs:541:19
[INFO] [stderr]     40:     0x5b7548c6dd58 - std[3164a59e47d3bde]::panic::catch_unwind::<std[3164a59e47d3bde]::rt::lang_start_internal::{closure#0}, isize>
[INFO] [stderr]                                  at /rustc/3154cc1a3e6424e44f438a95007d043ed5ceaaf6/library/std/src/panic.rs:359:14
[INFO] [stderr]     41:     0x5b7548c6dd58 - std[3164a59e47d3bde]::rt::lang_start_internal
[INFO] [stderr]                                  at /rustc/3154cc1a3e6424e44f438a95007d043ed5ceaaf6/library/std/src/rt.rs:171:5
[INFO] [stderr]     42:     0x5b75486fb641 - std[3164a59e47d3bde]::rt::lang_start::<()>
[INFO] [stderr]     43:     0x5b754870f075 - main
[INFO] [stderr]     44:     0x7766226c0601 - <unknown>
[INFO] [stderr]     45:     0x7766226c0718 - __libc_start_main
[INFO] [stderr]     46:     0x5b75486f7205 - _start
[INFO] [stderr]     47:                0x0 - <unknown>
[INFO] running `Command { std: "docker" "inspect" "4d3a4366589ced0e2b1ff012b2ecd0456b7aba721a751fafc1453d848bb868bd", kill_on_drop: false }`
[INFO] running `Command { std: "docker" "rm" "-f" "4d3a4366589ced0e2b1ff012b2ecd0456b7aba721a751fafc1453d848bb868bd", kill_on_drop: false }`
[INFO] [stdout] 4d3a4366589ced0e2b1ff012b2ecd0456b7aba721a751fafc1453d848bb868bd
