[INFO] cloning repository https://github.com/brianabdl/Maddo
[INFO] running `Command { std: "git" "-c" "credential.helper=" "-c" "credential.helper=/workspace/cargo-home/bin/git-credential-null" "clone" "--bare" "https://github.com/brianabdl/Maddo" "/workspace/cache/git-repos/https%3A%2F%2Fgithub.com%2Fbrianabdl%2FMaddo", kill_on_drop: false }`
[INFO] [stderr] Cloning into bare repository '/workspace/cache/git-repos/https%3A%2F%2Fgithub.com%2Fbrianabdl%2FMaddo'...
[INFO] running `Command { std: "git" "rev-parse" "HEAD", kill_on_drop: false }`
[INFO] [stdout] 957eb6600ccb27a7f6be98211c7271e2154b309c
[INFO] checking brianabdl/Maddo against 3154cc1a3e6424e44f438a95007d043ed5ceaaf6+rustflags=-Znext-solver=coherence for pr-133502-30
[INFO] running `Command { std: "git" "clone" "/workspace/cache/git-repos/https%3A%2F%2Fgithub.com%2Fbrianabdl%2FMaddo" "/workspace/builds/worker-5-tc1/source", kill_on_drop: false }`
[INFO] [stderr] Cloning into '/workspace/builds/worker-5-tc1/source'...
[INFO] [stderr] done.
[INFO] started tweaking git repo https://github.com/brianabdl/Maddo
[INFO] finished tweaking git repo https://github.com/brianabdl/Maddo
[INFO] tweaked toml for git repo https://github.com/brianabdl/Maddo written to /workspace/builds/worker-5-tc1/source/Cargo.toml
[INFO] validating manifest of git repo https://github.com/brianabdl/Maddo on toolchain 3154cc1a3e6424e44f438a95007d043ed5ceaaf6
[INFO] running `Command { std: CARGO_HOME="/workspace/cargo-home" RUSTUP_HOME="/workspace/rustup-home" "/workspace/cargo-home/bin/cargo" "+3154cc1a3e6424e44f438a95007d043ed5ceaaf6" "metadata" "--manifest-path" "Cargo.toml" "--no-deps", kill_on_drop: false }`
[INFO] crate git repo https://github.com/brianabdl/Maddo already has a lockfile, it will not be regenerated
[INFO] running `Command { std: CARGO_HOME="/workspace/cargo-home" RUSTUP_HOME="/workspace/rustup-home" "/workspace/cargo-home/bin/cargo" "+3154cc1a3e6424e44f438a95007d043ed5ceaaf6" "fetch" "--manifest-path" "Cargo.toml", kill_on_drop: false }`
[INFO] [stderr]     Updating crates.io index
[INFO] [stderr]  Downloading crates ...
[INFO] [stderr]   Downloaded wreq-util v3.0.0-rc.14
[INFO] [stderr]   Downloaded wreq-rt v0.2.2-rc.4
[INFO] [stderr]   Downloaded fslock v0.2.1
[INFO] [stderr]   Downloaded tokio-btls v0.5.6
[INFO] [stderr]   Downloaded chromiumoxide_types v0.9.1
[INFO] [stderr]   Downloaded serde_html_form v0.4.1
[INFO] [stderr]   Downloaded lru v0.18.4
[INFO] [stderr]   Downloaded typed-builder-macro v0.23.2
[INFO] [stderr]   Downloaded typed-builder v0.23.2
[INFO] [stderr]   Downloaded chromiumoxide_pdl v0.9.1
[INFO] [stderr]   Downloaded async-tungstenite v0.32.1
[INFO] [stderr]   Downloaded wreq-proto v0.2.6
[INFO] [stderr]   Downloaded chromiumoxide v0.9.1
[INFO] [stderr]   Downloaded http2 v0.5.20
[INFO] [stderr]   Downloaded wreq v6.0.0-rc.31
[INFO] [stderr]   Downloaded btls v0.5.6
[INFO] [stderr]   Downloaded chromiumoxide_cdp v0.9.1
[INFO] [stderr]   Downloaded btls-sys v0.5.6
[INFO] running `Command { std: "docker" "create" "-v" "/var/lib/crater-agent-workspace/builds/worker-5-tc1/source:/opt/rustwide/workdir:ro,Z" "-v" "/var/lib/crater-agent-workspace/builds/worker-5-tc1/target:/opt/rustwide/target:rw,Z" "-v" "/var/lib/crater-agent-workspace/cargo-home:/opt/rustwide/cargo-home:ro,Z" "-v" "/var/lib/crater-agent-workspace/rustup-home:/opt/rustwide/rustup-home:ro,Z" "-m" "1610612736" "--network" "none" "ghcr.io/rust-lang/crates-build-env/linux@sha256:77db811e55d90add9212f6832c23229e3de5f1c1f9905e8cb07319ea15df73ac" "sleep" "infinity", kill_on_drop: false }`
[INFO] [stdout] 9dd307260c0de047125505a5fca66aa72d1ceaf82c26476b2943200a87e48c1c
[INFO] running `Command { std: "docker" "start" "9dd307260c0de047125505a5fca66aa72d1ceaf82c26476b2943200a87e48c1c", kill_on_drop: false }`
[INFO] running `Command { std: "docker" "inspect" "9dd307260c0de047125505a5fca66aa72d1ceaf82c26476b2943200a87e48c1c", kill_on_drop: false }`
[INFO] running `Command { std: "docker" "exec" "-e" "SOURCE_DIR=/opt/rustwide/workdir" "-e" "CARGO_HOME=/opt/rustwide/cargo-home" "-e" "RUSTUP_HOME=/opt/rustwide/rustup-home" "-e" "CARGO_TARGET_DIR=/opt/rustwide/target" "-w" "/opt/rustwide/workdir" "--user" "0:0" "9dd307260c0de047125505a5fca66aa72d1ceaf82c26476b2943200a87e48c1c" "/opt/rustwide/cargo-home/bin/cargo" "+3154cc1a3e6424e44f438a95007d043ed5ceaaf6" "metadata" "--no-deps" "--format-version=1", kill_on_drop: false }`
[INFO] running `Command { std: "docker" "inspect" "9dd307260c0de047125505a5fca66aa72d1ceaf82c26476b2943200a87e48c1c", kill_on_drop: false }`
[INFO] running `Command { std: "docker" "exec" "-e" "SOURCE_DIR=/opt/rustwide/workdir" "-e" "CARGO_HOME=/opt/rustwide/cargo-home" "-e" "RUSTUP_HOME=/opt/rustwide/rustup-home" "-e" "CARGO_TARGET_DIR=/opt/rustwide/target" "-e" "CARGO_INCREMENTAL=0" "-e" "RUST_BACKTRACE=full" "-e" "RUSTFLAGS=--cap-lints=forbid -Znext-solver=coherence" "-e" "RUSTDOCFLAGS=--cap-lints=forbid" "-w" "/opt/rustwide/workdir" "--user" "0:0" "9dd307260c0de047125505a5fca66aa72d1ceaf82c26476b2943200a87e48c1c" "/opt/rustwide/cargo-home/bin/cargo" "+3154cc1a3e6424e44f438a95007d043ed5ceaaf6" "check" "--frozen" "--all" "--all-targets" "--message-format=json", kill_on_drop: false }`
[INFO] [stderr]    Compiling proc-macro2 v1.0.107
[INFO] [stderr]    Compiling serde_core v1.0.229
[INFO] [stderr]     Checking cfg-if v1.0.5
[INFO] [stderr]    Compiling serde v1.0.229
[INFO] [stderr]     Checking smallvec v1.16.1
[INFO] [stderr]    Compiling find-msvc-tools v0.1.13
[INFO] [stderr]     Checking mio v1.2.3
[INFO] [stderr]     Checking indexmap v2.14.2
[INFO] [stderr]    Compiling glob v0.3.4
[INFO] [stderr]    Compiling regex-syntax v0.8.11
[INFO] [stderr]    Compiling nom v7.1.3
[INFO] [stderr]    Compiling bindgen v0.72.1
[INFO] [stderr]    Compiling either v1.18.0
[INFO] [stderr]     Checking bitflags v2.13.2
[INFO] [stderr]    Compiling zerocopy v0.8.57
[INFO] [stderr]    Compiling libloading v0.8.9
[INFO] [stderr]    Compiling cc v1.4.7
[INFO] [stderr]    Compiling rustc-hash v2.1.3
[INFO] [stderr]     Checking parking_lot_core v0.9.12
[INFO] [stderr]    Compiling itertools v0.13.0
[INFO] [stderr]    Compiling fslock v0.2.1
[INFO] [stderr]     Checking getrandom v0.3.4
[INFO] [stderr]     Checking ipnet v2.12.2
[INFO] [stderr]     Checking log v0.4.34
[INFO] [stderr]     Checking unicode-ident v1.0.26
[INFO] [stderr]    Compiling clang-sys v1.9.1
[INFO] [stderr]    Compiling quote v1.0.47
[INFO] [stderr]     Checking parking_lot v0.12.5
[INFO] [stderr]     Checking foreign-types-shared v0.3.1
[INFO] [stderr]     Checking digest v0.10.7
[INFO] [stderr]     Checking rand_core v0.9.5
[INFO] [stderr]    Compiling cookie v0.18.2
[INFO] [stderr]    Compiling zstd-safe v7.3.0
[INFO] [stderr]    Compiling crc32fast v1.5.2
[INFO] [stderr]     Checking time v0.3.55
[INFO] [stderr]     Checking sha1 v0.10.7
[INFO] [stderr]     Checking rustls-pki-types v1.15.1
[INFO] [stderr]     Checking heck v0.5.0
[INFO] [stderr]    Compiling syn v3.0.6
[INFO] [stderr]    Compiling syn v2.0.119
[INFO] [stderr]     Checking miniz_oxide v0.9.1
[INFO] [stderr]     Checking lru v0.18.4
[INFO] [stderr]     Checking clap_lex v1.1.1
[INFO] [stderr]     Checking base64 v0.23.1
[INFO] [stderr]    Compiling rustix v1.1.5
[INFO] [stderr]     Checking clap_builder v4.6.7
[INFO] [stderr]     Checking webpki-root-certs v1.0.9
[INFO] [stderr]     Checking num_cpus v1.17.0
[INFO] [stderr]     Checking which v8.0.6
[INFO] [stderr]     Checking futures-timer v3.0.4
[INFO] [stderr]     Checking deadpool-runtime v0.1.4
[INFO] [stderr]    Compiling cmake v0.1.58
[INFO] [stderr]     Checking chrono v0.4.45
[INFO] [stderr]     Checking getrandom v0.4.3
[INFO] [stderr]     Checking flate2 v1.1.10
[INFO] [stderr]    Compiling zstd-sys v2.1.0+zstd.1.5.7
[INFO] [stderr]    Compiling regex-automata v0.4.18
[INFO] [stderr]    Compiling cexpr v0.6.0
[INFO] [stderr]     Checking tempfile v3.27.0
[INFO] [stderr]     Checking serde_json v1.0.151
[INFO] [stderr]     Checking serde_html_form v0.4.1
[INFO] [stderr]    Compiling regex v1.13.1
[INFO] [stderr]     Checking ppv-lite86 v0.2.21
[INFO] [stderr]     Checking rand_chacha v0.9.0
[INFO] [stderr]     Checking rand v0.9.5
[INFO] [stderr]    Compiling synstructure v0.14.0
[INFO] [stderr]     Checking zstd v0.13.3
[INFO] [stderr]    Compiling tracing-attributes v0.1.31
[INFO] [stderr]    Compiling openssl-macros v0.1.1
[INFO] [stderr]    Compiling typed-builder-macro v0.23.2
[INFO] [stderr]    Compiling serde_derive v1.0.229
[INFO] [stderr]    Compiling zerofrom-derive v0.1.8
[INFO] [stderr]    Compiling yoke-derive v0.8.3
[INFO] [stderr]    Compiling tokio-macros v2.7.2
[INFO] [stderr]    Compiling zerovec-derive v0.11.6
[INFO] [stderr]    Compiling displaydoc v0.2.7
[INFO] [stderr]    Compiling futures-macro v0.3.34
[INFO] [stderr]    Compiling foreign-types-macros v0.2.4
[INFO] [stderr]    Compiling thiserror-impl v2.0.20
[INFO] [stderr]    Compiling clap_derive v4.6.7
[INFO] [stderr]     Checking foreign-types v0.5.0
[INFO] [stderr]     Checking zerofrom v0.1.8
[INFO] [stderr]     Checking futures-util v0.3.34
[INFO] [stderr]     Checking yoke v0.8.3
[INFO] [stderr]     Checking thiserror v2.0.20
[INFO] [stderr]     Checking zerovec v0.11.8
[INFO] [stderr]     Checking zerotrie v0.2.5
[INFO] [stderr]     Checking typed-builder v0.23.2
[INFO] [stderr]     Checking tracing v0.1.44
[INFO] [stderr]     Checking tinystr v0.8.4
[INFO] [stderr]     Checking potential_utf v0.1.6
[INFO] [stderr]     Checking icu_collections v2.3.0
[INFO] [stderr]     Checking icu_locale_core v2.3.0
[INFO] [stderr]     Checking clap v4.6.7
[INFO] [stderr]     Checking icu_provider v2.3.1
[INFO] [stderr]     Checking icu_normalizer v2.3.0
[INFO] [stderr]     Checking icu_properties v2.3.0
[INFO] [stderr]     Checking bytes v1.12.1
[INFO] [stderr]     Checking chromiumoxide_types v0.9.1
[INFO] [stderr]     Checking assert-json-diff v2.0.2
[INFO] [stderr]     Checking chromiumoxide_pdl v0.9.1
[INFO] [stderr]     Checking tokio v1.53.1
[INFO] [stderr]     Checking http v1.5.0
[INFO] [stderr]     Checking futures-executor v0.3.34
[INFO] [stderr]     Checking futures v0.3.34
[INFO] [stderr]     Checking chromiumoxide_cdp v0.9.1
[INFO] [stderr]    Compiling btls-sys v0.5.6
[INFO] [stderr]     Checking idna_adapter v1.2.2
[INFO] [stderr]     Checking http-body v1.1.0
[INFO] [stderr]     Checking tungstenite v0.28.0
[INFO] [stderr]     Checking idna v1.1.0
[INFO] [stderr]     Checking http-body-util v0.1.5
[INFO] [stderr]     Checking url v2.5.8
[INFO] [stderr]     Checking tokio-util v0.7.19
[INFO] [stderr]     Checking tower v0.5.3
[INFO] [stderr]     Checking async-tungstenite v0.32.1
[INFO] [stderr]     Checking deadpool v0.12.3
[INFO] [stderr]     Checking h2 v0.4.19
[INFO] [stderr]     Checking http2 v0.5.20
[INFO] [stderr]     Checking tower-http v0.6.11
[INFO] [stderr]     Checking wreq-proto v0.2.6
[INFO] [stderr]     Checking wreq-rt v0.2.2-rc.4
[INFO] [stderr]     Checking hyper v1.11.1
[INFO] [stderr]     Checking hyper-util v0.1.20
[INFO] [stderr]     Checking reqwest v0.13.5
[INFO] [stderr]     Checking wiremock v0.6.5
[INFO] [stderr] error: could not compile `chromiumoxide_cdp` (lib)
[INFO] [stderr] 
[INFO] [stderr] Caused by:
[INFO] [stderr]   process didn't exit successfully: `/opt/rustwide/rustup-home/toolchains/3154cc1a3e6424e44f438a95007d043ed5ceaaf6/bin/rustc --crate-name chromiumoxide_cdp --edition=2024 /opt/rustwide/cargo-home/registry/src/index.crates.io-1949cf8c6b5b557f/chromiumoxide_cdp-0.9.1/src/lib.rs --error-format=json --json=diagnostic-rendered-ansi,artifacts,future-incompat,unused-externs-silent --crate-type lib --emit=dep-info,metadata -C embed-bitcode=no -C debuginfo=2 --check-cfg 'cfg(docsrs,test)' --check-cfg 'cfg(feature, values())' -C metadata=c2c1df4dd350c269 -C extra-filename=-005427df5fba37f3 --out-dir /opt/rustwide/target/debug/build/chromiumoxide_cdp/005427df5fba37f3/out -L dependency=/opt/rustwide/target/debug/build/aho-corasick/38f7c458e3d22093/out -L dependency=/opt/rustwide/target/debug/build/chromiumoxide_types/4c30dc134cf4894e/out -L dependency=/opt/rustwide/target/debug/build/either/a00e6441537ae36a/out -L dependency=/opt/rustwide/target/debug/build/heck/8702c0e847d36b93/out -L dependency=/opt/rustwide/target/debug/build/itoa/9757112bd9972718/out -L dependency=/opt/rustwide/target/debug/build/memchr/1dee75255e878028/out -L dependency=/opt/rustwide/target/debug/build/once_cell/c3517054d55a7dff/out -L dependency=/opt/rustwide/target/debug/build/proc-macro2/efa6c63b4e55d9c2/out -L dependency=/opt/rustwide/target/debug/build/quote/716bb1d1c1cbb153/out -L dependency=/opt/rustwide/target/debug/build/regex-automata/0fedc0c02f617bcb/out -L dependency=/opt/rustwide/target/debug/build/regex-syntax/8191e3a61fa341b7/out -L dependency=/opt/rustwide/target/debug/build/regex/98d53d83338e05f6/out -L dependency=/opt/rustwide/target/debug/build/serde/d052ce834f255695/out -L dependency=/opt/rustwide/target/debug/build/serde_core/ae61b85b9f07edfc/out -L dependency=/opt/rustwide/target/debug/build/serde_derive/96c52914878c7cc3/out -L dependency=/opt/rustwide/target/debug/build/serde_json/7a6212f05d4313e0/out -L dependency=/opt/rustwide/target/debug/build/unicode-ident/afa9f8ec49faf16e/out -L dependency=/opt/rustwide/target/debug/build/zmij/7db290db90de1c50/out --extern chromiumoxide_pdl=/opt/rustwide/target/debug/build/chromiumoxide_pdl/2973c9323347cc90/out/libchromiumoxide_pdl-2973c9323347cc90.rmeta --extern chromiumoxide_types=/opt/rustwide/target/debug/build/chromiumoxide_types/4c30dc134cf4894e/out/libchromiumoxide_types-4c30dc134cf4894e.rmeta --extern serde=/opt/rustwide/target/debug/build/serde/d052ce834f255695/out/libserde-d052ce834f255695.rmeta --extern serde_json=/opt/rustwide/target/debug/build/serde_json/7a6212f05d4313e0/out/libserde_json-7a6212f05d4313e0.rmeta --cap-lints allow --cap-lints=forbid -Znext-solver=coherence --force-warn=unused_crate_dependencies` (signal: 9, SIGKILL: kill)
[INFO] [stderr] warning: build failed, waiting for other jobs to finish...
[INFO] [stderr] warning: btls-sys@0.5.6: applying post quantum crypto patch to boringssl
[INFO] [stderr] warning: btls-sys@0.5.6: applying patch to boringssl
[INFO] [stderr] warning: btls-sys@0.5.6: applying loongarch patch to boringssl
[INFO] [stderr] warning: btls-sys@0.5.6: applying windows cross compile patch to boringssl
[INFO] [stderr] error: failed to run custom build command for `btls-sys v0.5.6`
[INFO] [stderr] note: To improve backtraces for build dependencies, set the CARGO_PROFILE_DEV_BUILD_OVERRIDE_DEBUG=true environment variable to enable debug information generation.
[INFO] [stderr] 
[INFO] [stderr] Caused by:
[INFO] [stderr]   process didn't exit successfully: `/opt/rustwide/target/debug/build/btls-sys/3a6dee4034632ea3/out/build_script_main` (exit status: 101)
[INFO] [stderr]   --- stdout
[INFO] [stderr]   cargo:rerun-if-env-changed=BORING_BSSL_PATH_x86_64-unknown-linux-gnu
[INFO] [stderr]   cargo:rerun-if-env-changed=BORING_BSSL_PATH_x86_64_unknown_linux_gnu
[INFO] [stderr]   cargo:rerun-if-env-changed=HOST_BORING_BSSL_PATH
[INFO] [stderr]   cargo:rerun-if-env-changed=BORING_BSSL_PATH
[INFO] [stderr]   cargo:rerun-if-env-changed=BORING_BSSL_INCLUDE_PATH_x86_64-unknown-linux-gnu
[INFO] [stderr]   cargo:rerun-if-env-changed=BORING_BSSL_INCLUDE_PATH_x86_64_unknown_linux_gnu
[INFO] [stderr]   cargo:rerun-if-env-changed=HOST_BORING_BSSL_INCLUDE_PATH
[INFO] [stderr]   cargo:rerun-if-env-changed=BORING_BSSL_INCLUDE_PATH
[INFO] [stderr]   cargo:rerun-if-env-changed=BORING_BSSL_SOURCE_PATH_x86_64-unknown-linux-gnu
[INFO] [stderr]   cargo:rerun-if-env-changed=BORING_BSSL_SOURCE_PATH_x86_64_unknown_linux_gnu
[INFO] [stderr]   cargo:rerun-if-env-changed=HOST_BORING_BSSL_SOURCE_PATH
[INFO] [stderr]   cargo:rerun-if-env-changed=BORING_BSSL_SOURCE_PATH
[INFO] [stderr]   cargo:rerun-if-env-changed=BORING_BSSL_ASSUME_PATCHED_x86_64-unknown-linux-gnu
[INFO] [stderr]   cargo:rerun-if-env-changed=BORING_BSSL_ASSUME_PATCHED_x86_64_unknown_linux_gnu
[INFO] [stderr]   cargo:rerun-if-env-changed=HOST_BORING_BSSL_ASSUME_PATCHED
[INFO] [stderr]   cargo:rerun-if-env-changed=BORING_BSSL_ASSUME_PATCHED
[INFO] [stderr]   cargo:rerun-if-env-changed=BORING_BSSL_SYSROOT_x86_64-unknown-linux-gnu
[INFO] [stderr]   cargo:rerun-if-env-changed=BORING_BSSL_SYSROOT_x86_64_unknown_linux_gnu
[INFO] [stderr]   cargo:rerun-if-env-changed=HOST_BORING_BSSL_SYSROOT
[INFO] [stderr]   cargo:rerun-if-env-changed=BORING_BSSL_SYSROOT
[INFO] [stderr]   cargo:rerun-if-env-changed=BORING_BSSL_COMPILER_EXTERNAL_TOOLCHAIN_x86_64-unknown-linux-gnu
[INFO] [stderr]   cargo:rerun-if-env-changed=BORING_BSSL_COMPILER_EXTERNAL_TOOLCHAIN_x86_64_unknown_linux_gnu
[INFO] [stderr]   cargo:rerun-if-env-changed=HOST_BORING_BSSL_COMPILER_EXTERNAL_TOOLCHAIN
[INFO] [stderr]   cargo:rerun-if-env-changed=BORING_BSSL_COMPILER_EXTERNAL_TOOLCHAIN
[INFO] [stderr]   cargo:rerun-if-env-changed=DEBUG_x86_64-unknown-linux-gnu
[INFO] [stderr]   cargo:rerun-if-env-changed=DEBUG_x86_64_unknown_linux_gnu
[INFO] [stderr]   cargo:rerun-if-env-changed=HOST_DEBUG
[INFO] [stderr]   cargo:rerun-if-env-changed=DEBUG
[INFO] [stderr]   cargo:rerun-if-env-changed=OPT_LEVEL_x86_64-unknown-linux-gnu
[INFO] [stderr]   cargo:rerun-if-env-changed=OPT_LEVEL_x86_64_unknown_linux_gnu
[INFO] [stderr]   cargo:rerun-if-env-changed=HOST_OPT_LEVEL
[INFO] [stderr]   cargo:rerun-if-env-changed=OPT_LEVEL
[INFO] [stderr]   cargo:rerun-if-env-changed=ANDROID_NDK_HOME_x86_64-unknown-linux-gnu
[INFO] [stderr]   cargo:rerun-if-env-changed=ANDROID_NDK_HOME_x86_64_unknown_linux_gnu
[INFO] [stderr]   cargo:rerun-if-env-changed=HOST_ANDROID_NDK_HOME
[INFO] [stderr]   cargo:rerun-if-env-changed=ANDROID_NDK_HOME
[INFO] [stderr]   cargo:rerun-if-env-changed=CMAKE_TOOLCHAIN_FILE_x86_64-unknown-linux-gnu
[INFO] [stderr]   cargo:rerun-if-env-changed=CMAKE_TOOLCHAIN_FILE_x86_64_unknown_linux_gnu
[INFO] [stderr]   cargo:rerun-if-env-changed=HOST_CMAKE_TOOLCHAIN_FILE
[INFO] [stderr]   cargo:rerun-if-env-changed=CMAKE_TOOLCHAIN_FILE
[INFO] [stderr]   cargo:rerun-if-env-changed=BORING_BSSL_RUST_CPPLIB_x86_64-unknown-linux-gnu
[INFO] [stderr]   cargo:rerun-if-env-changed=BORING_BSSL_RUST_CPPLIB_x86_64_unknown_linux_gnu
[INFO] [stderr]   cargo:rerun-if-env-changed=HOST_BORING_BSSL_RUST_CPPLIB
[INFO] [stderr]   cargo:rerun-if-env-changed=BORING_BSSL_RUST_CPPLIB
[INFO] [stderr]   cargo:rerun-if-env-changed=CC_x86_64-unknown-linux-gnu
[INFO] [stderr]   cargo:rerun-if-env-changed=CC_x86_64_unknown_linux_gnu
[INFO] [stderr]   cargo:rerun-if-env-changed=HOST_CC
[INFO] [stderr]   cargo:rerun-if-env-changed=CXX_x86_64-unknown-linux-gnu
[INFO] [stderr]   cargo:rerun-if-env-changed=CXX_x86_64_unknown_linux_gnu
[INFO] [stderr]   cargo:rerun-if-env-changed=HOST_CXX
[INFO] [stderr]   cargo:rerun-if-env-changed=DOCS_RS
[INFO] [stderr]   cargo:rerun-if-env-changed=BORING_BSSL_INSTALL_DIR_x86_64-unknown-linux-gnu
[INFO] [stderr]   cargo:rerun-if-env-changed=BORING_BSSL_INSTALL_DIR_x86_64_unknown_linux_gnu
[INFO] [stderr]   cargo:rerun-if-env-changed=HOST_BORING_BSSL_INSTALL_DIR
[INFO] [stderr]   cargo:rerun-if-env-changed=BORING_BSSL_INSTALL_DIR
[INFO] [stderr]   Initialized empty Git repository in /opt/rustwide/target/debug/build/btls-sys/0663cc09de4f2c17/out/boringssl/.git/
[INFO] [stderr]   cargo:warning=applying post quantum crypto patch to boringssl
[INFO] [stderr]   cargo:warning=applying patch to boringssl
[INFO] [stderr]   cargo:warning=applying loongarch patch to boringssl
[INFO] [stderr]   cargo:warning=applying windows cross compile patch to boringssl
[INFO] [stderr]   CMAKE_TOOLCHAIN_FILE_x86_64-unknown-linux-gnu = None
[INFO] [stderr]   CMAKE_TOOLCHAIN_FILE_x86_64_unknown_linux_gnu = None
[INFO] [stderr]   HOST_CMAKE_TOOLCHAIN_FILE = None
[INFO] [stderr]   CMAKE_TOOLCHAIN_FILE = None
[INFO] [stderr]   CMAKE_GENERATOR_x86_64-unknown-linux-gnu = None
[INFO] [stderr]   CMAKE_GENERATOR_x86_64_unknown_linux_gnu = None
[INFO] [stderr]   HOST_CMAKE_GENERATOR = None
[INFO] [stderr]   CMAKE_GENERATOR = None
[INFO] [stderr]   CMAKE_PREFIX_PATH_x86_64-unknown-linux-gnu = None
[INFO] [stderr]   CMAKE_PREFIX_PATH_x86_64_unknown_linux_gnu = None
[INFO] [stderr]   HOST_CMAKE_PREFIX_PATH = None
[INFO] [stderr]   CMAKE_PREFIX_PATH = None
[INFO] [stderr]   CMAKE_x86_64-unknown-linux-gnu = None
[INFO] [stderr]   CMAKE_x86_64_unknown_linux_gnu = None
[INFO] [stderr]   HOST_CMAKE = None
[INFO] [stderr]   CMAKE = None
[INFO] [stderr]   -- The C compiler identification is GNU 15.2.0
[INFO] [stderr]   -- Detecting C compiler ABI info
[INFO] [stderr]   -- Detecting C compiler ABI info - done
[INFO] [stderr]   -- Check for working C compiler: /usr/bin/cc - skipped
[INFO] [stderr]   -- Detecting C compile features
[INFO] [stderr]   -- Detecting C compile features - done
[INFO] [stderr]   -- The CXX compiler identification is GNU 15.2.0
[INFO] [stderr]   -- Detecting CXX compiler ABI info
[INFO] [stderr]   -- Detecting CXX compiler ABI info - done
[INFO] [stderr]   -- Check for working CXX compiler: /usr/bin/c++ - skipped
[INFO] [stderr]   -- Detecting CXX compile features
[INFO] [stderr]   -- Detecting CXX compile features - done
[INFO] [stderr]   -- Checking for module 'libunwind-generic>=1.3.0'
[INFO] [stderr]   --   Found libunwind-generic, version 1.8.3
[INFO] [stderr]   -- The ASM compiler identification is GNU
[INFO] [stderr]   -- Found assembler: /usr/bin/cc
[INFO] [stderr]   -- Performing Test CMAKE_HAVE_LIBC_PTHREAD
[INFO] [stderr]   -- Performing Test CMAKE_HAVE_LIBC_PTHREAD - Success
[INFO] [stderr]   -- Found Threads: TRUE
[INFO] [stderr]   -- Configuring done (2.4s)
[INFO] [stderr]   -- Generating done (0.4s)
[INFO] [stderr]   -- Build files have been written to: /opt/rustwide/target/debug/build/btls-sys/0663cc09de4f2c17/out/build
[INFO] [stderr]   [  0%] Built target boringssl_prefix_symbols
[INFO] [stderr]   [  0%] Building ASM object CMakeFiles/fipsmodule.dir/gen/bcm/aesv8-armv8-linux.S.o
[INFO] [stderr]   [  0%] Building ASM object CMakeFiles/fipsmodule.dir/gen/bcm/aesni-x86_64-linux.S.o
[INFO] [stderr]   [  1%] Building ASM object CMakeFiles/fipsmodule.dir/gen/bcm/aesni-gcm-x86_64-apple.S.o
[INFO] [stderr]   [  1%] Building ASM object CMakeFiles/fipsmodule.dir/gen/bcm/aesni-x86-linux.S.o
[INFO] [stderr]   [  3%] Building ASM object CMakeFiles/fipsmodule.dir/gen/bcm/aesv8-armv8-win.S.o
[INFO] [stderr]   [  3%] Building CXX object CMakeFiles/fipsmodule.dir/crypto/fipsmodule/bcm.cc.o
[INFO] [stderr]   [  3%] Building ASM object CMakeFiles/fipsmodule.dir/gen/bcm/aesv8-armv8-apple.S.o
[INFO] [stderr]   [  3%] Building ASM object CMakeFiles/fipsmodule.dir/gen/bcm/aes-gcm-avx512-x86_64-linux.S.o
[INFO] [stderr]   [  3%] Building ASM object CMakeFiles/fipsmodule.dir/gen/bcm/aesv8-armv7-linux.S.o
[INFO] [stderr]   [  3%] Building ASM object CMakeFiles/fipsmodule.dir/gen/bcm/aesni-gcm-x86_64-linux.S.o
[INFO] [stderr]   [  3%] Building ASM object CMakeFiles/fipsmodule.dir/gen/bcm/aes-gcm-avx2-x86_64-linux.S.o
[INFO] [stderr]   [  3%] Building ASM object CMakeFiles/fipsmodule.dir/gen/bcm/aes-gcm-avx512-x86_64-apple.S.o
[INFO] [stderr]   [  4%] Building ASM object CMakeFiles/fipsmodule.dir/gen/bcm/aes-gcm-avx2-x86_64-apple.S.o
[INFO] [stderr]   [  4%] Building ASM object CMakeFiles/fipsmodule.dir/gen/bcm/aesv8-gcm-armv8-apple.S.o
[INFO] [stderr]   [  4%] Building ASM object CMakeFiles/fipsmodule.dir/gen/bcm/aesni-x86_64-apple.S.o
[INFO] [stderr]   [  3%] Building ASM object CMakeFiles/fipsmodule.dir/gen/bcm/aesni-x86-apple.S.o
[INFO] [stderr]   [  4%] Building ASM object CMakeFiles/fipsmodule.dir/gen/bcm/aesv8-gcm-armv8-linux.S.o
[INFO] [stderr]   [  4%] Building ASM object CMakeFiles/fipsmodule.dir/gen/bcm/armv4-mont-linux.S.o
[INFO] [stderr]   [  4%] Building ASM object CMakeFiles/fipsmodule.dir/gen/bcm/aesv8-gcm-armv8-win.S.o
[INFO] [stderr]   [  4%] Building ASM object CMakeFiles/fipsmodule.dir/gen/bcm/armv8-mont-apple.S.o
[INFO] [stderr]   [  4%] Building ASM object CMakeFiles/fipsmodule.dir/gen/bcm/armv8-mont-linux.S.o
[INFO] [stderr]   [  6%] Building ASM object CMakeFiles/fipsmodule.dir/gen/bcm/bn-armv8-win.S.o
[INFO] [stderr]   [  6%] Building ASM object CMakeFiles/fipsmodule.dir/gen/bcm/armv8-mont-win.S.o
[INFO] [stderr]   [  6%] Building ASM object CMakeFiles/fipsmodule.dir/gen/bcm/bn-armv8-apple.S.o
[INFO] [stderr]   [  6%] Building ASM object CMakeFiles/fipsmodule.dir/gen/bcm/co-586-apple.S.o
[INFO] [stderr]   [  6%] Building ASM object CMakeFiles/fipsmodule.dir/gen/bcm/bn-armv8-linux.S.o
[INFO] [stderr]   [  6%] Building ASM object CMakeFiles/fipsmodule.dir/gen/bcm/bn-586-apple.S.o
[INFO] [stderr]   [  6%] Building ASM object CMakeFiles/fipsmodule.dir/gen/bcm/ghash-armv4-linux.S.o
[INFO] [stderr]   [  6%] Building ASM object CMakeFiles/fipsmodule.dir/gen/bcm/ghash-neon-armv8-linux.S.o
[INFO] [stderr]   [  7%] Building ASM object CMakeFiles/fipsmodule.dir/gen/bcm/bsaes-armv7-linux.S.o
[INFO] [stderr]   [  7%] Building ASM object CMakeFiles/fipsmodule.dir/gen/bcm/bn-586-linux.S.o
[INFO] [stderr]   [  7%] Building ASM object CMakeFiles/fipsmodule.dir/gen/bcm/ghash-neon-armv8-win.S.o
[INFO] [stderr]   [  7%] Building ASM object CMakeFiles/fipsmodule.dir/gen/bcm/ghash-neon-armv8-apple.S.o
[INFO] [stderr]   [  9%] Building ASM object CMakeFiles/fipsmodule.dir/gen/bcm/ghash-ssse3-x86-apple.S.o
[INFO] [stderr]   [  9%] Building ASM object CMakeFiles/fipsmodule.dir/gen/bcm/co-586-linux.S.o
[INFO] [stderr]   [  9%] Building ASM object CMakeFiles/fipsmodule.dir/gen/bcm/ghash-ssse3-x86_64-apple.S.o
[INFO] [stderr]   [  9%] Building ASM object CMakeFiles/fipsmodule.dir/gen/bcm/ghash-ssse3-x86-linux.S.o
[INFO] [stderr]   [  9%] Building ASM object CMakeFiles/fipsmodule.dir/gen/bcm/ghash-x86-linux.S.o
[INFO] [stderr]   [ 11%] Building ASM object CMakeFiles/fipsmodule.dir/gen/bcm/ghash-x86_64-apple.S.o
[INFO] [stderr]   [ 11%] Building ASM object CMakeFiles/fipsmodule.dir/gen/bcm/ghash-ssse3-x86_64-linux.S.o
[INFO] [stderr]   [ 11%] Building ASM object CMakeFiles/fipsmodule.dir/gen/bcm/ghash-x86_64-linux.S.o
[INFO] [stderr]   [ 11%] Building ASM object CMakeFiles/fipsmodule.dir/gen/bcm/ghash-x86-apple.S.o
[INFO] [stderr]   [ 11%] Building ASM object CMakeFiles/fipsmodule.dir/gen/bcm/ghashv8-armv7-linux.S.o
[INFO] [stderr]   [ 12%] Building ASM object CMakeFiles/fipsmodule.dir/gen/bcm/p256-armv8-asm-linux.S.o
[INFO] [stderr]   [ 12%] Building ASM object CMakeFiles/fipsmodule.dir/gen/bcm/p256-x86_64-asm-linux.S.o
[INFO] [stderr]   [ 12%] Building ASM object CMakeFiles/fipsmodule.dir/gen/bcm/p256-x86_64-asm-apple.S.o
[INFO] [stderr]   [ 12%] Building ASM object CMakeFiles/fipsmodule.dir/gen/bcm/p256_beeu-armv8-asm-apple.S.o
[INFO] [stderr]   [ 12%] Building ASM object CMakeFiles/fipsmodule.dir/gen/bcm/ghashv8-armv8-win.S.o
[INFO] [stderr]   [ 12%] Building ASM object CMakeFiles/fipsmodule.dir/gen/bcm/p256-armv8-asm-apple.S.o
[INFO] [stderr]   [ 12%] Building ASM object CMakeFiles/fipsmodule.dir/gen/bcm/p256-armv8-asm-win.S.o
[INFO] [stderr]   [ 12%] Building ASM object CMakeFiles/fipsmodule.dir/gen/bcm/ghashv8-armv8-linux.S.o
[INFO] [stderr]   [ 12%] Building ASM object CMakeFiles/fipsmodule.dir/gen/bcm/p256_beeu-armv8-asm-linux.S.o
[INFO] [stderr]   [ 12%] Building ASM object CMakeFiles/fipsmodule.dir/gen/bcm/ghashv8-armv8-apple.S.o
[INFO] [stderr]   [ 12%] Building ASM object CMakeFiles/fipsmodule.dir/gen/bcm/p256_beeu-x86_64-asm-apple.S.o
[INFO] [stderr]   [ 12%] Building ASM object CMakeFiles/fipsmodule.dir/gen/bcm/rdrand-x86_64-apple.S.o
[INFO] [stderr]   [ 12%] Building ASM object CMakeFiles/fipsmodule.dir/gen/bcm/p256_beeu-x86_64-asm-linux.S.o
[INFO] [stderr]   [ 12%] Building ASM object CMakeFiles/fipsmodule.dir/gen/bcm/rdrand-x86_64-linux.S.o
[INFO] [stderr]   [ 12%] Building ASM object CMakeFiles/fipsmodule.dir/gen/bcm/rsaz-avx2-apple.S.o
[INFO] [stderr]   [ 14%] Building ASM object CMakeFiles/fipsmodule.dir/gen/bcm/p256_beeu-armv8-asm-win.S.o
[INFO] [stderr]   [ 14%] Building ASM object CMakeFiles/fipsmodule.dir/gen/bcm/sha1-armv8-win.S.o
[INFO] [stderr]   [ 14%] Building ASM object CMakeFiles/fipsmodule.dir/gen/bcm/sha1-x86_64-linux.S.o
[INFO] [stderr]   [ 14%] Building ASM object CMakeFiles/fipsmodule.dir/gen/bcm/sha1-armv8-linux.S.o
[INFO] [stderr]   [ 14%] Building ASM object CMakeFiles/fipsmodule.dir/gen/bcm/sha1-586-linux.S.o
[INFO] [stderr]   [ 15%] Building ASM object CMakeFiles/fipsmodule.dir/gen/bcm/sha1-x86_64-apple.S.o
[INFO] [stderr]   [ 15%] Building ASM object CMakeFiles/fipsmodule.dir/gen/bcm/sha256-586-linux.S.o
[INFO] [stderr]   [ 15%] Building ASM object CMakeFiles/fipsmodule.dir/gen/bcm/sha1-armv4-large-linux.S.o
[INFO] [stderr]   [ 15%] Building ASM object CMakeFiles/fipsmodule.dir/gen/bcm/sha256-586-apple.S.o
[INFO] [stderr]   [ 15%] Building ASM object CMakeFiles/fipsmodule.dir/gen/bcm/sha1-armv8-apple.S.o
[INFO] [stderr]   [ 15%] Building ASM object CMakeFiles/fipsmodule.dir/gen/bcm/rsaz-avx2-linux.S.o
[INFO] [stderr]   [ 17%] Building ASM object CMakeFiles/fipsmodule.dir/gen/bcm/sha1-586-apple.S.o
[INFO] [stderr]   [ 17%] Building ASM object CMakeFiles/fipsmodule.dir/gen/bcm/sha256-armv8-apple.S.o
[INFO] [stderr]   [ 19%] Building ASM object CMakeFiles/fipsmodule.dir/gen/bcm/sha256-armv8-win.S.o
[INFO] [stderr]   [ 19%] Building ASM object CMakeFiles/fipsmodule.dir/gen/bcm/sha256-x86_64-apple.S.o
[INFO] [stderr]   [ 19%] Building ASM object CMakeFiles/fipsmodule.dir/gen/bcm/sha256-armv4-linux.S.o
[INFO] [stderr]   [ 19%] Building ASM object CMakeFiles/fipsmodule.dir/gen/bcm/sha256-x86_64-linux.S.o
[INFO] [stderr]   [ 19%] Building ASM object CMakeFiles/fipsmodule.dir/gen/bcm/sha512-586-apple.S.o
[INFO] [stderr]   [ 19%] Building ASM object CMakeFiles/fipsmodule.dir/gen/bcm/sha512-armv4-linux.S.o
[INFO] [stderr]   [ 20%] Building ASM object CMakeFiles/fipsmodule.dir/gen/bcm/sha512-armv8-apple.S.o
[INFO] [stderr]   [ 20%] Building ASM object CMakeFiles/fipsmodule.dir/gen/bcm/sha512-x86_64-apple.S.o
[INFO] [stderr]   [ 20%] Building ASM object CMakeFiles/fipsmodule.dir/gen/bcm/sha512-armv8-linux.S.o
[INFO] [stderr]   [ 20%] Building ASM object CMakeFiles/fipsmodule.dir/gen/bcm/sha512-586-linux.S.o
[INFO] [stderr]   [ 20%] Building ASM object CMakeFiles/fipsmodule.dir/gen/bcm/sha512-armv8-win.S.o
[INFO] [stderr]   [ 20%] Building ASM object CMakeFiles/fipsmodule.dir/gen/bcm/sha512-x86_64-linux.S.o
[INFO] [stderr]   [ 20%] Building ASM object CMakeFiles/fipsmodule.dir/gen/bcm/vpaes-armv7-linux.S.o
[INFO] [stderr]   [ 20%] Building ASM object CMakeFiles/fipsmodule.dir/gen/bcm/sha256-armv8-linux.S.o
[INFO] [stderr]   [ 20%] Building ASM object CMakeFiles/fipsmodule.dir/gen/bcm/vpaes-armv8-apple.S.o
[INFO] [stderr]   [ 20%] Building ASM object CMakeFiles/fipsmodule.dir/gen/bcm/vpaes-armv8-win.S.o
[INFO] [stderr]   [ 20%] Building ASM object CMakeFiles/fipsmodule.dir/gen/bcm/vpaes-x86-apple.S.o
[INFO] [stderr]   [ 20%] Building ASM object CMakeFiles/fipsmodule.dir/gen/bcm/vpaes-x86-linux.S.o
[INFO] [stderr]   [ 20%] Building ASM object CMakeFiles/fipsmodule.dir/gen/bcm/x86-mont-linux.S.o
[INFO] [stderr]   [ 20%] Building ASM object CMakeFiles/fipsmodule.dir/gen/bcm/vpaes-x86_64-apple.S.o
[INFO] [stderr]   [ 22%] Building ASM object CMakeFiles/fipsmodule.dir/gen/bcm/x86-mont-apple.S.o
[INFO] [stderr]   [ 23%] Building ASM object CMakeFiles/fipsmodule.dir/gen/bcm/vpaes-armv8-linux.S.o
[INFO] [stderr]   [ 23%] Building ASM object CMakeFiles/fipsmodule.dir/gen/bcm/x86_64-mont-linux.S.o
[INFO] [stderr]   [ 23%] Building ASM object CMakeFiles/fipsmodule.dir/gen/bcm/vpaes-x86_64-linux.S.o
[INFO] [stderr]   [ 23%] Building ASM object CMakeFiles/fipsmodule.dir/gen/bcm/x86_64-mont-apple.S.o
[INFO] [stderr]   [ 23%] Building ASM object CMakeFiles/fipsmodule.dir/gen/bcm/x86_64-mont5-apple.S.o
[INFO] [stderr]   [ 23%] Building ASM object CMakeFiles/fipsmodule.dir/third_party/fiat/asm/fiat_p256_adx_mul.S.o
[INFO] [stderr]   [ 23%] Building ASM object CMakeFiles/fipsmodule.dir/gen/bcm/x86_64-mont5-linux.S.o
[INFO] [stderr]   [ 25%] Building ASM object CMakeFiles/fipsmodule.dir/third_party/fiat/asm/fiat_p256_adx_sqr.S.o
[INFO] [stderr]   [ 25%] Built target fipsmodule
[INFO] [stderr]   [ 25%] Building CXX object CMakeFiles/crypto.dir/crypto/asn1/a_dup.cc.o
[INFO] [stderr]   [ 25%] Building CXX object CMakeFiles/crypto.dir/crypto/asn1/a_gentm.cc.o
[INFO] [stderr]   [ 25%] Building CXX object CMakeFiles/crypto.dir/crypto/asn1/a_octet.cc.o
[INFO] [stderr]   [ 25%] Building CXX object CMakeFiles/crypto.dir/crypto/asn1/a_bitstr.cc.o
[INFO] [stderr]   [ 25%] Building CXX object CMakeFiles/crypto.dir/crypto/asn1/a_d2i_fp.cc.o
[INFO] [stderr]   [ 25%] Building CXX object CMakeFiles/crypto.dir/crypto/asn1/a_i2d_fp.cc.o
[INFO] [stderr]   [ 26%] Building CXX object CMakeFiles/crypto.dir/crypto/asn1/a_object.cc.o
[INFO] [stderr]   [ 28%] Building CXX object CMakeFiles/crypto.dir/crypto/asn1/a_int.cc.o
[INFO] [stderr]   [ 28%] Building CXX object CMakeFiles/crypto.dir/crypto/asn1/a_mbstr.cc.o
[INFO] [stderr]   [ 28%] Building CXX object CMakeFiles/crypto.dir/crypto/asn1/a_strex.cc.o
[INFO] [stderr]   [ 28%] Building CXX object CMakeFiles/crypto.dir/crypto/asn1/a_bool.cc.o
[INFO] [stderr]   [ 28%] Building CXX object CMakeFiles/crypto.dir/crypto/asn1/a_strnid.cc.o
[INFO] [stderr]   [ 28%] Building CXX object CMakeFiles/crypto.dir/crypto/aes/aes.cc.o
[INFO] [stderr]   [ 30%] Building CXX object CMakeFiles/crypto.dir/crypto/asn1/a_utctm.cc.o
[INFO] [stderr]   [ 30%] Building CXX object CMakeFiles/crypto.dir/crypto/asn1/a_type.cc.o
[INFO] [stderr]   [ 30%] Building CXX object CMakeFiles/crypto.dir/crypto/asn1/a_time.cc.o
[INFO] [stderr]   [ 30%] Building CXX object CMakeFiles/crypto.dir/crypto/asn1/asn1_lib.cc.o
[INFO] [stderr]   [ 30%] Building CXX object CMakeFiles/crypto.dir/crypto/asn1/asn1_par.cc.o
[INFO] [stderr]   [ 30%] Building CXX object CMakeFiles/crypto.dir/crypto/asn1/asn_pack.cc.o
[INFO] [stderr]   [ 30%] Building CXX object CMakeFiles/crypto.dir/crypto/asn1/f_int.cc.o
[INFO] [stderr]   [ 31%] Building CXX object CMakeFiles/crypto.dir/crypto/asn1/f_string.cc.o
[INFO] [stderr]   [ 31%] Building CXX object CMakeFiles/crypto.dir/crypto/asn1/posix_time.cc.o
[INFO] [stderr]   [ 31%] Building CXX object CMakeFiles/crypto.dir/crypto/asn1/tasn_enc.cc.o
[INFO] [stderr]   [ 31%] Building CXX object CMakeFiles/crypto.dir/crypto/asn1/tasn_dec.cc.o
[INFO] [stderr]   [ 31%] Building CXX object CMakeFiles/crypto.dir/crypto/asn1/tasn_fre.cc.o
[INFO] [stderr]   [ 31%] Building CXX object CMakeFiles/crypto.dir/crypto/asn1/tasn_new.cc.o
[INFO] [stderr]   [ 31%] Building CXX object CMakeFiles/crypto.dir/crypto/asn1/tasn_typ.cc.o
[INFO] [stderr]   [ 31%] Building CXX object CMakeFiles/crypto.dir/crypto/asn1/tasn_utl.cc.o
[INFO] [stderr]   [ 33%] Building CXX object CMakeFiles/crypto.dir/crypto/base64/base64.cc.o
[INFO] [stderr]   [ 33%] Building CXX object CMakeFiles/crypto.dir/crypto/bio/bio.cc.o
[INFO] [stderr]   [ 33%] Building CXX object CMakeFiles/crypto.dir/crypto/bio/bio_mem.cc.o
[INFO] [stderr]   [ 33%] Building CXX object CMakeFiles/crypto.dir/crypto/bio/connect.cc.o
[INFO] [stderr]   [ 33%] Building CXX object CMakeFiles/crypto.dir/crypto/bio/fd.cc.o
[INFO] [stderr]   [ 33%] Building CXX object CMakeFiles/crypto.dir/crypto/bio/errno.cc.o
[INFO] [stderr]   [ 34%] Building CXX object CMakeFiles/crypto.dir/crypto/bio/file.cc.o
[INFO] [stderr]   [ 34%] Building CXX object CMakeFiles/crypto.dir/crypto/bio/hexdump.cc.o
[INFO] [stderr]   [ 34%] Building CXX object CMakeFiles/crypto.dir/crypto/bio/printf.cc.o
[INFO] [stderr]   [ 34%] Building CXX object CMakeFiles/crypto.dir/crypto/bio/socket.cc.o
[INFO] [stderr]   [ 34%] Building CXX object CMakeFiles/crypto.dir/crypto/bio/pair.cc.o
[INFO] [stderr]   [ 34%] Building CXX object CMakeFiles/crypto.dir/crypto/bio/socket_helper.cc.o
[INFO] [stderr]   [ 34%] Building CXX object CMakeFiles/crypto.dir/crypto/blake2/blake2.cc.o
[INFO] [stderr]   [ 36%] Building CXX object CMakeFiles/crypto.dir/crypto/bn/bn_asn1.cc.o
[INFO] [stderr]   [ 36%] Building CXX object CMakeFiles/crypto.dir/crypto/bn/convert.cc.o
[INFO] [stderr]   [ 36%] Building CXX object CMakeFiles/crypto.dir/crypto/bn/div.cc.o
[INFO] [stderr]   [ 36%] Building CXX object CMakeFiles/crypto.dir/crypto/bn/exponentiation.cc.o
[INFO] [stderr]   [ 36%] Building CXX object CMakeFiles/crypto.dir/crypto/buf/buf.cc.o
[INFO] [stderr]   [ 36%] Building CXX object CMakeFiles/crypto.dir/crypto/bn/sqrt.cc.o
[INFO] [stderr]   [ 38%] Building CXX object CMakeFiles/crypto.dir/crypto/bytestring/asn1_compat.cc.o
[INFO] [stderr]   [ 38%] Building CXX object CMakeFiles/crypto.dir/crypto/bytestring/ber.cc.o
[INFO] [stderr]   [ 38%] Building CXX object CMakeFiles/crypto.dir/crypto/bytestring/cbb.cc.o
[INFO] [stderr]   [ 38%] Building CXX object CMakeFiles/crypto.dir/crypto/bytestring/cbs.cc.o
[INFO] [stderr]   [ 38%] Building CXX object CMakeFiles/crypto.dir/crypto/bytestring/unicode.cc.o
[INFO] [stderr]   [ 38%] Building CXX object CMakeFiles/crypto.dir/crypto/chacha/chacha.cc.o
[INFO] [stderr]   [ 38%] Building CXX object CMakeFiles/crypto.dir/crypto/cipher/derive_key.cc.o
[INFO] [stderr]   [ 39%] Building CXX object CMakeFiles/crypto.dir/crypto/cipher/e_aesctrhmac.cc.o
[INFO] [stderr]   [ 39%] Building CXX object CMakeFiles/crypto.dir/crypto/cipher/e_aeseax.cc.o
[INFO] [stderr]   [ 39%] Building CXX object CMakeFiles/crypto.dir/crypto/cipher/e_aesgcmsiv.cc.o
[INFO] [stderr]   [ 39%] Building CXX object CMakeFiles/crypto.dir/crypto/cipher/e_des.cc.o
[INFO] [stderr]   [ 39%] Building CXX object CMakeFiles/crypto.dir/crypto/cipher/e_null.cc.o
[INFO] [stderr]   [ 39%] Building CXX object CMakeFiles/crypto.dir/crypto/cipher/e_chacha20poly1305.cc.o
[INFO] [stderr]   [ 41%] Building CXX object CMakeFiles/crypto.dir/crypto/cipher/e_rc2.cc.o
[INFO] [stderr]   [ 41%] Building CXX object CMakeFiles/crypto.dir/crypto/cipher/e_rc4.cc.o
[INFO] [stderr]   [ 41%] Building CXX object CMakeFiles/crypto.dir/crypto/cipher/e_tls.cc.o
[INFO] [stderr]   [ 41%] Building CXX object CMakeFiles/crypto.dir/crypto/cipher/get_cipher.cc.o
[INFO] [stderr]   [ 41%] Building CXX object CMakeFiles/crypto.dir/crypto/cipher/tls_cbc.cc.o
[INFO] [stderr]   [ 41%] Building CXX object CMakeFiles/crypto.dir/crypto/cms/cms.cc.o
[INFO] [stderr]   [ 42%] Building CXX object CMakeFiles/crypto.dir/crypto/cpu_aarch64_apple.cc.o
[INFO] [stderr]   [ 42%] Building CXX object CMakeFiles/crypto.dir/crypto/conf/conf.cc.o
[INFO] [stderr]   [ 42%] Building CXX object CMakeFiles/crypto.dir/crypto/cpu_aarch64_linux.cc.o
[INFO] [stderr]   [ 42%] Building CXX object CMakeFiles/crypto.dir/crypto/cpu_aarch64_fuchsia.cc.o
[INFO] [stderr]   [ 42%] Building CXX object CMakeFiles/crypto.dir/crypto/cpu_aarch64_openbsd.cc.o
[INFO] [stderr]   [ 42%] Building CXX object CMakeFiles/crypto.dir/crypto/cpu_aarch64_sysreg.cc.o
[INFO] [stderr]   [ 42%] Building CXX object CMakeFiles/crypto.dir/crypto/cpu_aarch64_win.cc.o
[INFO] [stderr]   [ 42%] Building CXX object CMakeFiles/crypto.dir/crypto/cpu_arm_linux.cc.o
[INFO] [stderr]   [ 44%] Building CXX object CMakeFiles/crypto.dir/crypto/cpu_arm_freebsd.cc.o
[INFO] [stderr]   [ 44%] Building CXX object CMakeFiles/crypto.dir/crypto/curve25519/curve25519.cc.o
[INFO] [stderr]   [ 44%] Building CXX object CMakeFiles/crypto.dir/crypto/crypto.cc.o
[INFO] [stderr]   [ 44%] Building CXX object CMakeFiles/crypto.dir/crypto/cpu_intel.cc.o
[INFO] [stderr]   [ 44%] Building CXX object CMakeFiles/crypto.dir/crypto/curve25519/curve25519_64_adx.cc.o
[INFO] [stderr]   [ 44%] Building CXX object CMakeFiles/crypto.dir/crypto/curve25519/spake25519.cc.o
[INFO] [stderr]   [ 46%] Building CXX object CMakeFiles/crypto.dir/crypto/des/des.cc.o
[INFO] [stderr]   [ 46%] Building CXX object CMakeFiles/crypto.dir/crypto/dh/dh_asn1.cc.o
[INFO] [stderr]   [ 46%] Building CXX object CMakeFiles/crypto.dir/crypto/dh/params.cc.o
[INFO] [stderr]   [ 46%] Building CXX object CMakeFiles/crypto.dir/crypto/digest/digest_extra.cc.o
[INFO] [stderr]   [ 46%] Building CXX object CMakeFiles/crypto.dir/crypto/dsa/dsa_asn1.cc.o
[INFO] [stderr]   [ 47%] Building CXX object CMakeFiles/crypto.dir/crypto/ec/ec_asn1.cc.o
[INFO] [stderr]   [ 47%] Building CXX object CMakeFiles/crypto.dir/crypto/dsa/dsa.cc.o
[INFO] [stderr]   [ 47%] Building CXX object CMakeFiles/crypto.dir/crypto/ec/ec_derive.cc.o
[INFO] [stderr]   [ 47%] Building CXX object CMakeFiles/crypto.dir/crypto/ecdh/ecdh.cc.o
[INFO] [stderr]   [ 47%] Building CXX object CMakeFiles/crypto.dir/crypto/ec/hash_to_curve.cc.o
[INFO] [stderr]   [ 47%] Building CXX object CMakeFiles/crypto.dir/crypto/ecdsa/ecdsa_asn1.cc.o
[INFO] [stderr]   [ 47%] Building CXX object CMakeFiles/crypto.dir/crypto/ecdsa/ecdsa_p1363.cc.o
[INFO] [stderr]   [ 47%] Building CXX object CMakeFiles/crypto.dir/crypto/engine/engine.cc.o
[INFO] [stderr]   [ 49%] Building CXX object CMakeFiles/crypto.dir/crypto/err/err.cc.o
[INFO] [stderr]   [ 49%] Building CXX object CMakeFiles/crypto.dir/crypto/evp/evp.cc.o
[INFO] [stderr]   [ 49%] Building CXX object CMakeFiles/crypto.dir/crypto/evp/evp_asn1.cc.o
[INFO] [stderr]   [ 49%] Building CXX object CMakeFiles/crypto.dir/crypto/evp/p_dh.cc.o
[INFO] [stderr]   [ 49%] Building CXX object CMakeFiles/crypto.dir/crypto/evp/evp_ctx.cc.o
[INFO] [stderr]   [ 49%] Building CXX object CMakeFiles/crypto.dir/crypto/evp/p_dsa.cc.o
[INFO] [stderr] 
[INFO] [stderr]   --- stderr
[INFO] [stderr]   hint: Using 'master' as the name for the initial branch. This default branch name
[INFO] [stderr]   hint: will change to "main" in Git 3.0. To configure the initial branch name
[INFO] [stderr]   hint: to use in all of your new repositories, which will suppress this warning,
[INFO] [stderr]   hint: call:
[INFO] [stderr]   hint:
[INFO] [stderr]   hint: 	git config --global init.defaultBranch <name>
[INFO] [stderr]   hint:
[INFO] [stderr]   hint: Names commonly chosen instead of 'master' are 'main', 'trunk' and
[INFO] [stderr]   hint: 'development'. The just-created branch can be renamed via this command:
[INFO] [stderr]   hint:
[INFO] [stderr]   hint: 	git branch -m <name>
[INFO] [stderr]   hint:
[INFO] [stderr]   hint: Disable this message with "git config set advice.defaultBranchName false"
[INFO] [stderr]   Checking patch crypto/obj/obj_dat.h...
[INFO] [stderr]   Checking patch crypto/obj/obj_mac.num...
[INFO] [stderr]   Checking patch crypto/obj/objects.txt...
[INFO] [stderr]   Checking patch include/openssl/nid.h...
[INFO] [stderr]   Checking patch include/openssl/ssl.h...
[INFO] [stderr]   Checking patch ssl/extensions.cc...
[INFO] [stderr]   Checking patch ssl/internal.h...
[INFO] [stderr]   Checking patch ssl/ssl_key_share.cc...
[INFO] [stderr]   Checking patch ssl/ssl_lib.cc...
[INFO] [stderr]   Checking patch ssl/ssl_test.cc...
[INFO] [stderr]   Checking patch ssl/test/runner/basic_tests.go...
[INFO] [stderr]   Checking patch ssl/test/runner/cbc_tests.go...
[INFO] [stderr]   Checking patch ssl/test/runner/common.go...
[INFO] [stderr]   Checking patch ssl/test/runner/curve_tests.go...
[INFO] [stderr]   Checking patch ssl/test/runner/ech_tests.go...
[INFO] [stderr]   Checking patch ssl/test/runner/extension_tests.go...
[INFO] [stderr]   Checking patch ssl/test/runner/key_update_tests.go...
[INFO] [stderr]   Checking patch tool/client.cc...
[INFO] [stderr]   Applied patch crypto/obj/obj_dat.h cleanly.
[INFO] [stderr]   Applied patch crypto/obj/obj_mac.num cleanly.
[INFO] [stderr]   Applied patch crypto/obj/objects.txt cleanly.
[INFO] [stderr]   Applied patch include/openssl/nid.h cleanly.
[INFO] [stderr]   Applied patch include/openssl/ssl.h cleanly.
[INFO] [stderr]   Applied patch ssl/extensions.cc cleanly.
[INFO] [stderr]   Applied patch ssl/internal.h cleanly.
[INFO] [stderr]   Applied patch ssl/ssl_key_share.cc cleanly.
[INFO] [stderr]   Applied patch ssl/ssl_lib.cc cleanly.
[INFO] [stderr]   Applied patch ssl/ssl_test.cc cleanly.
[INFO] [stderr]   Applied patch ssl/test/runner/basic_tests.go cleanly.
[INFO] [stderr]   Applied patch ssl/test/runner/cbc_tests.go cleanly.
[INFO] [stderr]   Applied patch ssl/test/runner/common.go cleanly.
[INFO] [stderr]   Applied patch ssl/test/runner/curve_tests.go cleanly.
[INFO] [stderr]   Applied patch ssl/test/runner/ech_tests.go cleanly.
[INFO] [stderr]   Applied patch ssl/test/runner/extension_tests.go cleanly.
[INFO] [stderr]   Applied patch ssl/test/runner/key_update_tests.go cleanly.
[INFO] [stderr]   Applied patch tool/client.cc cleanly.
[INFO] [stderr]   /opt/rustwide/cargo-home/registry/src/index.crates.io-1949cf8c6b5b557f/btls-sys-0.5.6/patches/boringssl.patch:91: trailing whitespace.
[INFO] [stderr]    private:  
[INFO] [stderr]   /opt/rustwide/cargo-home/registry/src/index.crates.io-1949cf8c6b5b557f/btls-sys-0.5.6/patches/boringssl.patch:426: trailing whitespace.
[INFO] [stderr]     
[INFO] [stderr]   /opt/rustwide/cargo-home/registry/src/index.crates.io-1949cf8c6b5b557f/btls-sys-0.5.6/patches/boringssl.patch:715: trailing whitespace.
[INFO] [stderr]         
[INFO] [stderr]   /opt/rustwide/cargo-home/registry/src/index.crates.io-1949cf8c6b5b557f/btls-sys-0.5.6/patches/boringssl.patch:721: trailing whitespace.
[INFO] [stderr]         if (!DH_generate_key(dh) || 
[INFO] [stderr]   /opt/rustwide/cargo-home/registry/src/index.crates.io-1949cf8c6b5b557f/btls-sys-0.5.6/patches/boringssl.patch:729: trailing whitespace.
[INFO] [stderr]         if (peer_point == nullptr || 
[INFO] [stderr]   Checking patch crypto/cipher/e_tls.cc...
[INFO] [stderr]   Checking patch crypto/mem_internal.h...
[INFO] [stderr]   Checking patch include/openssl/aead.h...
[INFO] [stderr]   Checking patch include/openssl/nid.h...
[INFO] [stderr]   Checking patch include/openssl/ssl.h...
[INFO] [stderr]   Checking patch include/openssl/tls1.h...
[INFO] [stderr]   Checking patch ssl/extensions.cc...
[INFO] [stderr]   Checking patch ssl/handshake_client.cc...
[INFO] [stderr]   Checking patch ssl/internal.h...
[INFO] [stderr]   Checking patch ssl/ssl_cipher.cc...
[INFO] [stderr]   Checking patch ssl/ssl_key_share.cc...
[INFO] [stderr]   Checking patch ssl/ssl_lib.cc...
[INFO] [stderr]   Checking patch ssl/ssl_privkey.cc...
[INFO] [stderr]   Applied patch crypto/cipher/e_tls.cc cleanly.
[INFO] [stderr]   Applied patch crypto/mem_internal.h cleanly.
[INFO] [stderr]   Applied patch include/openssl/aead.h cleanly.
[INFO] [stderr]   Applied patch include/openssl/nid.h cleanly.
[INFO] [stderr]   Applied patch include/openssl/ssl.h cleanly.
[INFO] [stderr]   Applied patch include/openssl/tls1.h cleanly.
[INFO] [stderr]   Applied patch ssl/extensions.cc cleanly.
[INFO] [stderr]   Applied patch ssl/handshake_client.cc cleanly.
[INFO] [stderr]   Applied patch ssl/internal.h cleanly.
[INFO] [stderr]   Applied patch ssl/ssl_cipher.cc cleanly.
[INFO] [stderr]   Applied patch ssl/ssl_key_share.cc cleanly.
[INFO] [stderr]   Applied patch ssl/ssl_lib.cc cleanly.
[INFO] [stderr]   Applied patch ssl/ssl_privkey.cc cleanly.
[INFO] [stderr]   warning: squelched 4 whitespace errors
[INFO] [stderr]   warning: 9 lines applied after fixing whitespace errors.
[INFO] [stderr]   Checking patch include/openssl/target.h...
[INFO] [stderr]   Applied patch include/openssl/target.h cleanly.
[INFO] [stderr]   Checking patch third_party/fiat/p256_64.h...
[INFO] [stderr]   Hunk #2 succeeded at 178 (offset -3 lines).
[INFO] [stderr]   Hunk #3 succeeded at 493 (offset -4 lines).
[INFO] [stderr]   Applied patch third_party/fiat/p256_64.h cleanly.
[INFO] [stderr]   running: cd "/opt/rustwide/target/debug/build/btls-sys/0663cc09de4f2c17/out/build" && CMAKE_BUILD_PARALLEL_LEVEL="16" CMAKE_PREFIX_PATH="" LC_ALL="C" "cmake" "/opt/rustwide/target/debug/build/btls-sys/0663cc09de4f2c17/out/boringssl" "-B" "/opt/rustwide/target/debug/build/btls-sys/0663cc09de4f2c17/out/build" "-DCMAKE_INSTALL_PREFIX=/opt/rustwide/target/debug/build/btls-sys/0663cc09de4f2c17/out" "-DCMAKE_C_FLAGS= -ffunction-sections -fdata-sections -fPIC -m64 -w" "-DCMAKE_C_COMPILER=/usr/bin/cc" "-DCMAKE_CXX_FLAGS= -ffunction-sections -fdata-sections -fPIC -m64 -w" "-DCMAKE_CXX_COMPILER=/usr/bin/c++" "-DCMAKE_ASM_FLAGS= -ffunction-sections -fdata-sections -fPIC -m64 -w" "-DCMAKE_ASM_COMPILER=/usr/bin/cc" "-DCMAKE_BUILD_TYPE=Debug"
[INFO] [stderr]   running: cd "/opt/rustwide/target/debug/build/btls-sys/0663cc09de4f2c17/out/build" && CMAKE_BUILD_PARALLEL_LEVEL="16" LC_ALL="C" MAKEFLAGS="-j --jobserver-fds=4,5 --jobserver-auth=4,5" "cmake" "--build" "/opt/rustwide/target/debug/build/btls-sys/0663cc09de4f2c17/out/build" "--target" "ssl" "--config" "Debug"
[INFO] [stderr]   gmake: warning: -j16 forced in submake: resetting jobserver mode.
[INFO] [stderr]   c++: fatal error: Killed signal terminated program cc1plus
[INFO] [stderr]   compilation terminated.
[INFO] [stderr]   gmake[3]: *** [CMakeFiles/crypto.dir/build.make:1171: CMakeFiles/crypto.dir/crypto/curve25519/curve25519_64_adx.cc.o] Error 1
[INFO] [stderr]   gmake[3]: *** Waiting for unfinished jobs....
[INFO] [stderr]   gmake[2]: *** [CMakeFiles/Makefile2:1219: CMakeFiles/crypto.dir/all] Error 2
[INFO] [stderr]   gmake[1]: *** [CMakeFiles/Makefile2:1258: CMakeFiles/ssl.dir/rule] Error 2
[INFO] [stderr]   gmake: *** [Makefile:608: ssl] Error 2
[INFO] [stderr] 
[INFO] [stderr]   thread 'main' (1547) panicked at /opt/rustwide/cargo-home/registry/src/index.crates.io-1949cf8c6b5b557f/cmake-0.1.58/src/lib.rs:1132:5:
[INFO] [stderr] 
[INFO] [stderr]   command did not execute successfully, got: exit status: 2
[INFO] [stderr] 
[INFO] [stderr]   build script failed, must exit now
[INFO] [stderr]   stack backtrace:
[INFO] [stderr]      0:     0x586b8333a721 - std[3164a59e47d3bde]::backtrace_rs::backtrace::libunwind::trace
[INFO] [stderr]                                  at /rustc/3154cc1a3e6424e44f438a95007d043ed5ceaaf6/library/std/src/../../backtrace/src/backtrace/libunwind.rs:117:9
[INFO] [stderr]      1:     0x586b8333a721 - std[3164a59e47d3bde]::backtrace_rs::backtrace::trace_unsynchronized::<std[3164a59e47d3bde]::sys::backtrace::_print_fmt::{closure#1}>
[INFO] [stderr]                                  at /rustc/3154cc1a3e6424e44f438a95007d043ed5ceaaf6/library/std/src/../../backtrace/src/backtrace/mod.rs:66:14
[INFO] [stderr]      2:     0x586b8333a721 - std[3164a59e47d3bde]::sys::backtrace::_print_fmt
[INFO] [stderr]                                  at /rustc/3154cc1a3e6424e44f438a95007d043ed5ceaaf6/library/std/src/sys/backtrace.rs:74:9
[INFO] [stderr]      3:     0x586b8333a721 - <<std[3164a59e47d3bde]::sys::backtrace::BacktraceLock>::print::DisplayBacktrace as core[934024a1e6126fb4]::fmt::Display>::fmt
[INFO] [stderr]                                  at /rustc/3154cc1a3e6424e44f438a95007d043ed5ceaaf6/library/std/src/sys/backtrace.rs:44:26
[INFO] [stderr]      4:     0x586b83352bfa - <core[934024a1e6126fb4]::fmt::rt::Argument>::fmt
[INFO] [stderr]                                  at /rustc/3154cc1a3e6424e44f438a95007d043ed5ceaaf6/library/core/src/fmt/rt.rs:152:76
[INFO] [stderr]      5:     0x586b83352bfa - core[934024a1e6126fb4]::fmt::write
[INFO] [stderr]      6:     0x586b83340ddc - core[934024a1e6126fb4]::io::write::default_write_fmt::<std[3164a59e47d3bde]::sys::stdio::unix::Stderr>
[INFO] [stderr]                                  at /rustc/3154cc1a3e6424e44f438a95007d043ed5ceaaf6/library/core/src/io/write.rs:402:11
[INFO] [stderr]      7:     0x586b83340ddc - <std[3164a59e47d3bde]::sys::stdio::unix::Stderr as core[934024a1e6126fb4]::io::write::Write>::write_fmt
[INFO] [stderr]                                  at /rustc/3154cc1a3e6424e44f438a95007d043ed5ceaaf6/library/core/src/io/write.rs:335:13
[INFO] [stderr]      8:     0x586b83313546 - <std[3164a59e47d3bde]::sys::backtrace::BacktraceLock>::print
[INFO] [stderr]                                  at /rustc/3154cc1a3e6424e44f438a95007d043ed5ceaaf6/library/std/src/sys/backtrace.rs:47:9
[INFO] [stderr]      9:     0x586b83313546 - std[3164a59e47d3bde]::panicking::default_hook::{closure#0}
[INFO] [stderr]                                  at /rustc/3154cc1a3e6424e44f438a95007d043ed5ceaaf6/library/std/src/panicking.rs:289:27
[INFO] [stderr]     10:     0x586b83331331 - std[3164a59e47d3bde]::panicking::default_hook
[INFO] [stderr]                                  at /rustc/3154cc1a3e6424e44f438a95007d043ed5ceaaf6/library/std/src/panicking.rs:316:9
[INFO] [stderr]     11:     0x586b8333165b - std[3164a59e47d3bde]::panicking::panic_with_hook
[INFO] [stderr]                                  at /rustc/3154cc1a3e6424e44f438a95007d043ed5ceaaf6/library/std/src/panicking.rs:811:13
[INFO] [stderr]     12:     0x586b833135f2 - std[3164a59e47d3bde]::panicking::panic_handler::{closure#0}
[INFO] [stderr]                                  at /rustc/3154cc1a3e6424e44f438a95007d043ed5ceaaf6/library/std/src/panicking.rs:685:13
[INFO] [stderr]     13:     0x586b8330c149 - std[3164a59e47d3bde]::sys::backtrace::__rust_end_short_backtrace::<std[3164a59e47d3bde]::panicking::panic_handler::{closure#0}, !>
[INFO] [stderr]                                  at /rustc/3154cc1a3e6424e44f438a95007d043ed5ceaaf6/library/std/src/sys/backtrace.rs:182:18
[INFO] [stderr]     14:     0x586b833141ed - __rustc[2e7b49d4226056d3]::rust_begin_unwind
[INFO] [stderr]                                  at /rustc/3154cc1a3e6424e44f438a95007d043ed5ceaaf6/library/std/src/panicking.rs:676:5
[INFO] [stderr]     15:     0x586b8335349c - core[934024a1e6126fb4]::panicking::panic_fmt
[INFO] [stderr]                                  at /rustc/3154cc1a3e6424e44f438a95007d043ed5ceaaf6/library/core/src/panicking.rs:80:14
[INFO] [stderr]     16:     0x586b82de05d7 - cmake[c70493dbcbf319fc]::fail
[INFO] [stderr]     17:     0x586b82de0263 - cmake[c70493dbcbf319fc]::run
[INFO] [stderr]     18:     0x586b82de62f5 - <cmake[c70493dbcbf319fc]::Config>::build
[INFO] [stderr]     19:     0x586b82dc4aa0 - build_script_main[f7bd81b7718f71d5]::build_boringssl_or_get_prebuilt::{closure#0}
[INFO] [stderr]     20:     0x586b82dc1ac7 - <std[3164a59e47d3bde]::sync::once_lock::OnceLock<std[3164a59e47d3bde]::path::PathBuf>>::get_or_init::<build_script_main[f7bd81b7718f71d5]::build_boringssl_or_get_prebuilt::{closure#0}>::{closure#0}
[INFO] [stderr]     21:     0x586b82dc19ec - <std[3164a59e47d3bde]::sync::once_lock::OnceLock<std[3164a59e47d3bde]::path::PathBuf>>::initialize::<<std[3164a59e47d3bde]::sync::once_lock::OnceLock<std[3164a59e47d3bde]::path::PathBuf>>::get_or_init<build_script_main[f7bd81b7718f71d5]::build_boringssl_or_get_prebuilt::{closure#0}>::{closure#0}, !>::{closure#0}
[INFO] [stderr]     22:     0x586b82db9cc2 - <std[3164a59e47d3bde]::sync::once::Once>::call_once_force::<<std[3164a59e47d3bde]::sync::once_lock::OnceLock<std[3164a59e47d3bde]::path::PathBuf>>::initialize<<std[3164a59e47d3bde]::sync::once_lock::OnceLock<std[3164a59e47d3bde]::path::PathBuf>>::get_or_init<build_script_main[f7bd81b7718f71d5]::build_boringssl_or_get_prebuilt::{closure#0}>::{closure#0}, !>::{closure#0}>::{closure#0}
[INFO] [stderr]     23:     0x586b83318f19 - <std[3164a59e47d3bde]::sys::sync::once::futex::Once>::call
[INFO] [stderr]                                  at /rustc/3154cc1a3e6424e44f438a95007d043ed5ceaaf6/library/std/src/sys/sync/once/futex.rs:183:21
[INFO] [stderr]     24:     0x586b82db83b8 - <std[3164a59e47d3bde]::sync::once::Once>::call_once_force::<<std[3164a59e47d3bde]::sync::once_lock::OnceLock<std[3164a59e47d3bde]::path::PathBuf>>::initialize<<std[3164a59e47d3bde]::sync::once_lock::OnceLock<std[3164a59e47d3bde]::path::PathBuf>>::get_or_init<build_script_main[f7bd81b7718f71d5]::build_boringssl_or_get_prebuilt::{closure#0}>::{closure#0}, !>::{closure#0}>
[INFO] [stderr]     25:     0x586b82dbf5e3 - <std[3164a59e47d3bde]::sync::once_lock::OnceLock<std[3164a59e47d3bde]::path::PathBuf>>::initialize::<<std[3164a59e47d3bde]::sync::once_lock::OnceLock<std[3164a59e47d3bde]::path::PathBuf>>::get_or_init<build_script_main[f7bd81b7718f71d5]::build_boringssl_or_get_prebuilt::{closure#0}>::{closure#0}, !>
[INFO] [stderr]     26:     0x586b82dbf6c3 - <std[3164a59e47d3bde]::sync::once_lock::OnceLock<std[3164a59e47d3bde]::path::PathBuf>>::get_or_try_init::<<std[3164a59e47d3bde]::sync::once_lock::OnceLock<std[3164a59e47d3bde]::path::PathBuf>>::get_or_init<build_script_main[f7bd81b7718f71d5]::build_boringssl_or_get_prebuilt::{closure#0}>::{closure#0}, !>
[INFO] [stderr]     27:     0x586b82dbf5f6 - <std[3164a59e47d3bde]::sync::once_lock::OnceLock<std[3164a59e47d3bde]::path::PathBuf>>::get_or_init::<build_script_main[f7bd81b7718f71d5]::build_boringssl_or_get_prebuilt::{closure#0}>
[INFO] [stderr]     28:     0x586b82dcb880 - build_script_main[f7bd81b7718f71d5]::build_boringssl_or_get_prebuilt
[INFO] [stderr]     29:     0x586b82dc9199 - build_script_main[f7bd81b7718f71d5]::emit_link_directives
[INFO] [stderr]     30:     0x586b82dcc9cf - build_script_main[f7bd81b7718f71d5]::run
[INFO] [stderr]     31:     0x586b82dccddc - build_script_main[f7bd81b7718f71d5]::main
[INFO] [stderr]     32:     0x586b82dd2deb - <fn() -> std[3164a59e47d3bde]::process::ExitCode as core[934024a1e6126fb4]::ops::function::FnOnce<()>>::call_once
[INFO] [stderr]     33:     0x586b82db425e - std[3164a59e47d3bde]::sys::backtrace::__rust_begin_short_backtrace::<fn() -> std[3164a59e47d3bde]::process::ExitCode, std[3164a59e47d3bde]::process::ExitCode>
[INFO] [stderr]     34:     0x586b82db9ce9 - std[3164a59e47d3bde]::rt::lang_start::<std[3164a59e47d3bde]::process::ExitCode>::{closure#0}
[INFO] [stderr]     35:     0x586b83330628 - <&dyn core[934024a1e6126fb4]::ops::function::Fn<(), Output = i32> + core[934024a1e6126fb4]::marker::Sync + core[934024a1e6126fb4]::panic::unwind_safe::RefUnwindSafe as core[934024a1e6126fb4]::ops::function::FnOnce<()>>::call_once
[INFO] [stderr]                                  at /rustc/3154cc1a3e6424e44f438a95007d043ed5ceaaf6/library/core/src/ops/function.rs:287:21
[INFO] [stderr]     36:     0x586b83330628 - std[3164a59e47d3bde]::panicking::catch_unwind::do_call::<&dyn core[934024a1e6126fb4]::ops::function::Fn<(), Output = i32> + core[934024a1e6126fb4]::marker::Sync + core[934024a1e6126fb4]::panic::unwind_safe::RefUnwindSafe, i32>
[INFO] [stderr]                                  at /rustc/3154cc1a3e6424e44f438a95007d043ed5ceaaf6/library/std/src/panicking.rs:573:43
[INFO] [stderr]     37:     0x586b83330628 - std[3164a59e47d3bde]::panicking::catch_unwind::<i32, &dyn core[934024a1e6126fb4]::ops::function::Fn<(), Output = i32> + core[934024a1e6126fb4]::marker::Sync + core[934024a1e6126fb4]::panic::unwind_safe::RefUnwindSafe>
[INFO] [stderr]                                  at /rustc/3154cc1a3e6424e44f438a95007d043ed5ceaaf6/library/std/src/panicking.rs:541:19
[INFO] [stderr]     38:     0x586b83330628 - std[3164a59e47d3bde]::panic::catch_unwind::<&dyn core[934024a1e6126fb4]::ops::function::Fn<(), Output = i32> + core[934024a1e6126fb4]::marker::Sync + core[934024a1e6126fb4]::panic::unwind_safe::RefUnwindSafe, i32>
[INFO] [stderr]                                  at /rustc/3154cc1a3e6424e44f438a95007d043ed5ceaaf6/library/std/src/panic.rs:359:14
[INFO] [stderr]     39:     0x586b83330628 - std[3164a59e47d3bde]::rt::lang_start_internal::{closure#0}
[INFO] [stderr]                                  at /rustc/3154cc1a3e6424e44f438a95007d043ed5ceaaf6/library/std/src/rt.rs:175:24
[INFO] [stderr]     40:     0x586b83330628 - std[3164a59e47d3bde]::panicking::catch_unwind::do_call::<std[3164a59e47d3bde]::rt::lang_start_internal::{closure#0}, isize>
[INFO] [stderr]                                  at /rustc/3154cc1a3e6424e44f438a95007d043ed5ceaaf6/library/std/src/panicking.rs:573:43
[INFO] [stderr]     41:     0x586b83330628 - std[3164a59e47d3bde]::panicking::catch_unwind::<isize, std[3164a59e47d3bde]::rt::lang_start_internal::{closure#0}>
[INFO] [stderr]                                  at /rustc/3154cc1a3e6424e44f438a95007d043ed5ceaaf6/library/std/src/panicking.rs:541:19
[INFO] [stderr]     42:     0x586b83330628 - std[3164a59e47d3bde]::panic::catch_unwind::<std[3164a59e47d3bde]::rt::lang_start_internal::{closure#0}, isize>
[INFO] [stderr]                                  at /rustc/3154cc1a3e6424e44f438a95007d043ed5ceaaf6/library/std/src/panic.rs:359:14
[INFO] [stderr]     43:     0x586b83330628 - std[3164a59e47d3bde]::rt::lang_start_internal
[INFO] [stderr]                                  at /rustc/3154cc1a3e6424e44f438a95007d043ed5ceaaf6/library/std/src/rt.rs:171:5
[INFO] [stderr]     44:     0x586b82db8711 - std[3164a59e47d3bde]::rt::lang_start::<std[3164a59e47d3bde]::process::ExitCode>
[INFO] [stderr]     45:     0x586b82dcd045 - main
[INFO] [stderr]     46:     0x7b4cfc2fb601 - <unknown>
[INFO] [stderr]     47:     0x7b4cfc2fb718 - __libc_start_main
[INFO] [stderr]     48:     0x586b82daf915 - _start
[INFO] [stderr]     49:                0x0 - <unknown>
[INFO] running `Command { std: "docker" "inspect" "9dd307260c0de047125505a5fca66aa72d1ceaf82c26476b2943200a87e48c1c", kill_on_drop: false }`
[INFO] running `Command { std: "docker" "rm" "-f" "9dd307260c0de047125505a5fca66aa72d1ceaf82c26476b2943200a87e48c1c", kill_on_drop: false }`
[INFO] [stdout] 9dd307260c0de047125505a5fca66aa72d1ceaf82c26476b2943200a87e48c1c
