[INFO] cloning repository https://github.com/breezycourses/registry
[INFO] running `Command { std: "git" "-c" "credential.helper=" "-c" "credential.helper=/workspace/cargo-home/bin/git-credential-null" "clone" "--bare" "https://github.com/breezycourses/registry" "/workspace/cache/git-repos/https%3A%2F%2Fgithub.com%2Fbreezycourses%2Fregistry", kill_on_drop: false }`
[INFO] [stderr] Cloning into bare repository '/workspace/cache/git-repos/https%3A%2F%2Fgithub.com%2Fbreezycourses%2Fregistry'...
[INFO] running `Command { std: "git" "rev-parse" "HEAD", kill_on_drop: false }`
[INFO] [stdout] 3b7e10e3075c4792f5d4675cb96d6117df9d6679
[INFO] checking breezycourses/registry against 3154cc1a3e6424e44f438a95007d043ed5ceaaf6 for pr-133502-30
[INFO] running `Command { std: "git" "clone" "/workspace/cache/git-repos/https%3A%2F%2Fgithub.com%2Fbreezycourses%2Fregistry" "/workspace/builds/worker-6-tc2/source", kill_on_drop: false }`
[INFO] [stderr] Cloning into '/workspace/builds/worker-6-tc2/source'...
[INFO] [stderr] done.
[INFO] started tweaking git repo https://github.com/breezycourses/registry
[INFO] finished tweaking git repo https://github.com/breezycourses/registry
[INFO] tweaked toml for git repo https://github.com/breezycourses/registry written to /workspace/builds/worker-6-tc2/source/Cargo.toml
[INFO] validating manifest of git repo https://github.com/breezycourses/registry on toolchain 3154cc1a3e6424e44f438a95007d043ed5ceaaf6
[INFO] running `Command { std: CARGO_HOME="/workspace/cargo-home" RUSTUP_HOME="/workspace/rustup-home" "/workspace/cargo-home/bin/cargo" "+3154cc1a3e6424e44f438a95007d043ed5ceaaf6" "metadata" "--manifest-path" "Cargo.toml" "--no-deps", kill_on_drop: false }`
[INFO] crate git repo https://github.com/breezycourses/registry already has a lockfile, it will not be regenerated
[INFO] running `Command { std: CARGO_HOME="/workspace/cargo-home" RUSTUP_HOME="/workspace/rustup-home" "/workspace/cargo-home/bin/cargo" "+3154cc1a3e6424e44f438a95007d043ed5ceaaf6" "fetch" "--manifest-path" "Cargo.toml", kill_on_drop: false }`
[INFO] running `Command { std: "docker" "create" "-v" "/var/lib/crater-agent-workspace/builds/worker-6-tc2/source:/opt/rustwide/workdir:ro,Z" "-v" "/var/lib/crater-agent-workspace/builds/worker-6-tc2/target:/opt/rustwide/target:rw,Z" "-v" "/var/lib/crater-agent-workspace/cargo-home:/opt/rustwide/cargo-home:ro,Z" "-v" "/var/lib/crater-agent-workspace/rustup-home:/opt/rustwide/rustup-home:ro,Z" "-m" "1610612736" "--network" "none" "ghcr.io/rust-lang/crates-build-env/linux@sha256:77db811e55d90add9212f6832c23229e3de5f1c1f9905e8cb07319ea15df73ac" "sleep" "infinity", kill_on_drop: false }`
[INFO] [stdout] 03ed8d355b47f43390af977b7ff19d32acea214c33d5be407f42bf9bacdbf74e
[INFO] running `Command { std: "docker" "start" "03ed8d355b47f43390af977b7ff19d32acea214c33d5be407f42bf9bacdbf74e", kill_on_drop: false }`
[INFO] running `Command { std: "docker" "inspect" "03ed8d355b47f43390af977b7ff19d32acea214c33d5be407f42bf9bacdbf74e", kill_on_drop: false }`
[INFO] running `Command { std: "docker" "exec" "-e" "SOURCE_DIR=/opt/rustwide/workdir" "-e" "CARGO_HOME=/opt/rustwide/cargo-home" "-e" "RUSTUP_HOME=/opt/rustwide/rustup-home" "-e" "CARGO_TARGET_DIR=/opt/rustwide/target" "-w" "/opt/rustwide/workdir" "--user" "0:0" "03ed8d355b47f43390af977b7ff19d32acea214c33d5be407f42bf9bacdbf74e" "/opt/rustwide/cargo-home/bin/cargo" "+3154cc1a3e6424e44f438a95007d043ed5ceaaf6" "metadata" "--no-deps" "--format-version=1", kill_on_drop: false }`
[INFO] running `Command { std: "docker" "inspect" "03ed8d355b47f43390af977b7ff19d32acea214c33d5be407f42bf9bacdbf74e", kill_on_drop: false }`
[INFO] running `Command { std: "docker" "exec" "-e" "SOURCE_DIR=/opt/rustwide/workdir" "-e" "CARGO_HOME=/opt/rustwide/cargo-home" "-e" "RUSTUP_HOME=/opt/rustwide/rustup-home" "-e" "CARGO_TARGET_DIR=/opt/rustwide/target" "-e" "CARGO_INCREMENTAL=0" "-e" "RUST_BACKTRACE=full" "-e" "RUSTFLAGS=--cap-lints=forbid" "-e" "RUSTDOCFLAGS=--cap-lints=forbid" "-w" "/opt/rustwide/workdir" "--user" "0:0" "03ed8d355b47f43390af977b7ff19d32acea214c33d5be407f42bf9bacdbf74e" "/opt/rustwide/cargo-home/bin/cargo" "+3154cc1a3e6424e44f438a95007d043ed5ceaaf6" "check" "--frozen" "--all" "--all-targets" "--message-format=json", kill_on_drop: false }`
[INFO] [stderr]    Compiling syn v3.0.4
[INFO] [stderr]    Compiling jobserver v0.1.35
[INFO] [stderr]     Checking tracing v0.1.44
[INFO] [stderr]    Compiling typenum v1.20.1
[INFO] [stderr]    Compiling darling_core v0.21.3
[INFO] [stderr]    Compiling const-oid v0.10.2
[INFO] [stderr]    Compiling cpufeatures v0.3.0
[INFO] [stderr]    Compiling nix v0.31.3
[INFO] [stderr]     Checking getrandom v0.2.17
[INFO] [stderr]    Compiling diesel_derives v2.3.9
[INFO] [stderr]    Compiling mime v0.3.17
[INFO] [stderr]    Compiling cc v1.4.4
[INFO] [stderr]    Compiling either v1.18.0
[INFO] [stderr]    Compiling mime_guess v2.0.5
[INFO] [stderr]     Checking axum-core v0.5.6
[INFO] [stderr]     Checking rand_core v0.6.4
[INFO] [stderr]     Checking sha2 v0.11.0
[INFO] [stderr]     Checking scheduled-thread-pool v0.2.7
[INFO] [stderr]    Compiling diesel_table_macro_syntax v0.3.0
[INFO] [stderr]     Checking crc-fast v1.10.0
[INFO] [stderr]     Checking itertools v0.15.0
[INFO] [stderr]     Checking rust-embed-utils v8.12.0
[INFO] [stderr]     Checking password-hash v0.5.0
[INFO] [stderr]    Compiling cmake v0.1.58
[INFO] [stderr]    Compiling hybrid-array v0.4.14
[INFO] [stderr]     Checking r2d2 v0.8.10
[INFO] [stderr]     Checking rand v0.10.2
[INFO] [stderr]    Compiling aws-lc-sys v0.44.0
[INFO] [stderr]    Compiling libsqlite3-sys v0.30.1
[INFO] [stderr]     Checking blake2 v0.10.6
[INFO] [stderr]    Compiling crypto-common v0.2.2
[INFO] [stderr]    Compiling block-buffer v0.12.1
[INFO] [stderr]     Checking md-5 v0.11.0
[INFO] [stderr]     Checking humantime v2.4.0
[INFO] [stderr]     Checking tracing-subscriber v0.3.23
[INFO] [stderr]     Checking argon2 v0.5.3
[INFO] [stderr]     Checking sha2 v0.10.9
[INFO] [stderr]     Checking uuid v1.26.0
[INFO] [stderr]     Checking filetime v0.2.29
[INFO] [stderr]     Checking fs2 v0.4.3
[INFO] [stderr]    Compiling darling_macro v0.21.3
[INFO] [stderr]    Compiling digest v0.11.3
[INFO] [stderr]    Compiling darling v0.21.3
[INFO] [stderr]    Compiling dsl_auto_type v0.2.0
[INFO] [stderr]    Compiling zerovec-derive v0.11.6
[INFO] [stderr]    Compiling displaydoc v0.2.7
[INFO] [stderr]    Compiling tokio-macros v2.7.2
[INFO] [stderr]    Compiling serde_derive v1.0.229
[INFO] [stderr]    Compiling futures-macro v0.3.34
[INFO] [stderr]     Checking tokio v1.53.1
[INFO] [stderr]     Checking zerotrie v0.2.5
[INFO] [stderr]     Checking futures-util v0.3.34
[INFO] [stderr]    Compiling thiserror-impl v2.0.20
[INFO] [stderr]     Checking zerovec v0.11.8
[INFO] [stderr]     Checking tinystr v0.8.4
[INFO] [stderr]     Checking icu_locale_core v2.3.0
[INFO] [stderr]     Checking potential_utf v0.1.6
[INFO] [stderr]     Checking icu_collections v2.3.0
[INFO] [stderr]     Checking thiserror v2.0.20
[INFO] [stderr]    Compiling rust-embed-impl v8.12.0
[INFO] [stderr]     Checking icu_provider v2.3.1
[INFO] [stderr]    Compiling async-trait v0.1.92
[INFO] [stderr]     Checking icu_normalizer v2.3.0
[INFO] [stderr]     Checking icu_properties v2.3.0
[INFO] [stderr]     Checking serde v1.0.229
[INFO] [stderr]     Checking serde_urlencoded v0.7.1
[INFO] [stderr]     Checking toml_datetime v0.6.11
[INFO] [stderr]     Checking serde_spanned v0.6.9
[INFO] [stderr]     Checking chrono v0.4.45
[INFO] [stderr]     Checking quick-xml v0.41.0
[INFO] [stderr]     Checking toml_edit v0.22.27
[INFO] [stderr]     Checking idna_adapter v1.2.2
[INFO] [stderr]     Checking idna v1.1.0
[INFO] [stderr]     Checking url v2.5.8
[INFO] [stderr]     Checking tokio-util v0.7.19
[INFO] [stderr]     Checking tower v0.5.3
[INFO] [stderr]     Checking toml v0.8.23
[INFO] [stderr]     Checking h2 v0.4.19
[INFO] [stderr]     Checking tower-http v0.6.11
[INFO] [stderr]     Checking diesel v2.3.12
[INFO] [stderr]     Checking hyper v1.11.0
[INFO] [stderr]     Checking hyper-util v0.1.20
[INFO] [stderr]    Compiling aws-lc-rs v1.18.0
[INFO] [stderr]    Compiling rustls v0.23.43
[INFO] [stderr]     Checking axum v0.8.9
[INFO] [stderr]     Checking rustls-webpki v0.103.15
[INFO] [stderr]     Checking tokio-rustls v0.26.4
[INFO] [stderr]     Checking rustls-platform-verifier v0.7.0
[INFO] [stderr]     Checking hyper-rustls v0.27.9
[INFO] [stderr]     Checking reqwest v0.13.4
[INFO] [stderr]     Checking rust-embed v8.12.0
[INFO] [stderr]     Checking object_store v0.14.1
[INFO] [stderr]     Checking breezy-registry v0.1.0 (/opt/rustwide/workdir)
[INFO] [stdout] error: #[derive(RustEmbed)] folder '/opt/rustwide/workdir/ui/dist' does not exist. cwd: '/opt/rustwide/workdir'
[INFO] [stdout]   --> src/main.rs:40:1
[INFO] [stdout]    |
[INFO] [stdout] 40 | / /// The admin dashboard (ui/dist, built with `bun run build`) compiled into the
[INFO] [stdout] 41 | | /// binary — still a single file to deploy.
[INFO] [stdout] 42 | | #[derive(rust_embed::Embed)]
[INFO] [stdout] 43 | | #[folder = "ui/dist"]
[INFO] [stdout] 44 | | struct UiAssets;
[INFO] [stdout]    | |________________^
[INFO] [stdout] 
[INFO] [stdout] 
[INFO] [stdout] error: #[derive(RustEmbed)] folder '/opt/rustwide/workdir/ui/dist' does not exist. cwd: '/opt/rustwide/workdir'
[INFO] [stdout]   --> src/main.rs:40:1
[INFO] [stdout]    |
[INFO] [stdout] 40 | / /// The admin dashboard (ui/dist, built with `bun run build`) compiled into the
[INFO] [stdout] 41 | | /// binary — still a single file to deploy.
[INFO] [stdout] 42 | | #[derive(rust_embed::Embed)]
[INFO] [stdout] 43 | | #[folder = "ui/dist"]
[INFO] [stdout] 44 | | struct UiAssets;
[INFO] [stdout]    | |________________^
[INFO] [stdout] 
[INFO] [stdout] 
[INFO] [stdout] error[E0599]: no associated function or constant named `get` found for struct `UiAssets` in the current scope
[INFO] [stdout]   --> src/main.rs:50:26
[INFO] [stdout]    |
[INFO] [stdout] 44 | struct UiAssets;
[INFO] [stdout]    | --------------- associated function or constant `get` not found for this struct
[INFO] [stdout] ...
[INFO] [stdout] 50 |     let file = UiAssets::get(path).or_else(|| UiAssets::get("index.html"));
[INFO] [stdout]    |                          ^^^ associated function or constant not found in `UiAssets`
[INFO] [stdout]    |
[INFO] [stdout]    = help: items from traits can only be used if the trait is implemented and in scope
[INFO] [stdout]    = note: the following traits define an item `get`, perhaps you need to implement one of them:
[INFO] [stdout]            candidate #1: `objectstore::ObjectStore`
[INFO] [stdout]            candidate #2: `Embed`
[INFO] [stdout]            candidate #3: `NamedRow`
[INFO] [stdout]            candidate #4: `ObjectStoreExt`
[INFO] [stdout]            candidate #5: `Row`
[INFO] [stdout]            candidate #6: `SliceIndex`
[INFO] [stdout]            candidate #7: `icu_collections::codepointtrie::cptrie::TypedCodePointTrie`
[INFO] [stdout]            candidate #8: `icu_properties::names::PropertyEnumToValueNameLookup`
[INFO] [stdout]            candidate #9: `icu_provider::baked::DataStore`
[INFO] [stdout]            candidate #10: `itertools::Itertools`
[INFO] [stdout]            candidate #11: `rustls::server::server_conn::StoresServerSessions`
[INFO] [stdout]            candidate #12: `toml_edit::table::TableLike`
[INFO] [stdout] 
[INFO] [stdout] 
[INFO] [stdout] error[E0599]: no associated function or constant named `get` found for struct `UiAssets` in the current scope
[INFO] [stdout]   --> src/main.rs:50:57
[INFO] [stdout]    |
[INFO] [stdout] 44 | struct UiAssets;
[INFO] [stdout]    | --------------- associated function or constant `get` not found for this struct
[INFO] [stdout] ...
[INFO] [stdout] 50 |     let file = UiAssets::get(path).or_else(|| UiAssets::get("index.html"));
[INFO] [stdout]    |                                                         ^^^ associated function or constant not found in `UiAssets`
[INFO] [stdout]    |
[INFO] [stdout]    = help: items from traits can only be used if the trait is implemented and in scope
[INFO] [stdout]    = note: the following traits define an item `get`, perhaps you need to implement one of them:
[INFO] [stdout]            candidate #1: `objectstore::ObjectStore`
[INFO] [stdout]            candidate #2: `Embed`
[INFO] [stdout]            candidate #3: `NamedRow`
[INFO] [stdout]            candidate #4: `ObjectStoreExt`
[INFO] [stdout]            candidate #5: `Row`
[INFO] [stdout]            candidate #6: `SliceIndex`
[INFO] [stdout]            candidate #7: `icu_collections::codepointtrie::cptrie::TypedCodePointTrie`
[INFO] [stdout]            candidate #8: `icu_properties::names::PropertyEnumToValueNameLookup`
[INFO] [stdout]            candidate #9: `icu_provider::baked::DataStore`
[INFO] [stdout]            candidate #10: `itertools::Itertools`
[INFO] [stdout]            candidate #11: `rustls::server::server_conn::StoresServerSessions`
[INFO] [stdout]            candidate #12: `toml_edit::table::TableLike`
[INFO] [stdout] 
[INFO] [stdout] 
[INFO] [stdout] error[E0599]: no associated function or constant named `get` found for struct `UiAssets` in the current scope
[INFO] [stdout]   --> src/main.rs:50:26
[INFO] [stdout]    |
[INFO] [stdout] 44 | struct UiAssets;
[INFO] [stdout]    | --------------- associated function or constant `get` not found for this struct
[INFO] [stdout] ...
[INFO] [stdout] 50 |     let file = UiAssets::get(path).or_else(|| UiAssets::get("index.html"));
[INFO] [stdout]    |                          ^^^ associated function or constant not found in `UiAssets`
[INFO] [stdout]    |
[INFO] [stdout]    = help: items from traits can only be used if the trait is implemented and in scope
[INFO] [stdout]    = note: the following traits define an item `get`, perhaps you need to implement one of them:
[INFO] [stdout]            candidate #1: `objectstore::ObjectStore`
[INFO] [stdout]            candidate #2: `Embed`
[INFO] [stdout]            candidate #3: `NamedRow`
[INFO] [stdout]            candidate #4: `ObjectStoreExt`
[INFO] [stdout]            candidate #5: `Row`
[INFO] [stdout]            candidate #6: `SliceIndex`
[INFO] [stdout]            candidate #7: `icu_collections::codepointtrie::cptrie::TypedCodePointTrie`
[INFO] [stdout]            candidate #8: `icu_properties::names::PropertyEnumToValueNameLookup`
[INFO] [stdout]            candidate #9: `icu_provider::baked::DataStore`
[INFO] [stdout]            candidate #10: `itertools::Itertools`
[INFO] [stdout]            candidate #11: `rustls::server::server_conn::StoresServerSessions`
[INFO] [stdout]            candidate #12: `toml_edit::table::TableLike`
[INFO] [stdout] 
[INFO] [stdout] 
[INFO] [stdout] error[E0599]: no associated function or constant named `get` found for struct `UiAssets` in the current scope
[INFO] [stdout]   --> src/main.rs:50:57
[INFO] [stdout]    |
[INFO] [stdout] 44 | struct UiAssets;
[INFO] [stdout]    | --------------- associated function or constant `get` not found for this struct
[INFO] [stdout] ...
[INFO] [stdout] 50 |     let file = UiAssets::get(path).or_else(|| UiAssets::get("index.html"));
[INFO] [stdout]    |                                                         ^^^ associated function or constant not found in `UiAssets`
[INFO] [stdout]    |
[INFO] [stdout]    = help: items from traits can only be used if the trait is implemented and in scope
[INFO] [stdout]    = note: the following traits define an item `get`, perhaps you need to implement one of them:
[INFO] [stdout]            candidate #1: `objectstore::ObjectStore`
[INFO] [stdout]            candidate #2: `Embed`
[INFO] [stdout]            candidate #3: `NamedRow`
[INFO] [stdout]            candidate #4: `ObjectStoreExt`
[INFO] [stdout]            candidate #5: `Row`
[INFO] [stdout]            candidate #6: `SliceIndex`
[INFO] [stdout]            candidate #7: `icu_collections::codepointtrie::cptrie::TypedCodePointTrie`
[INFO] [stdout]            candidate #8: `icu_properties::names::PropertyEnumToValueNameLookup`
[INFO] [stdout]            candidate #9: `icu_provider::baked::DataStore`
[INFO] [stdout]            candidate #10: `itertools::Itertools`
[INFO] [stdout]            candidate #11: `rustls::server::server_conn::StoresServerSessions`
[INFO] [stdout]            candidate #12: `toml_edit::table::TableLike`
[INFO] [stdout] 
[INFO] [stdout] 
[INFO] [stdout] For more information about this error, try `rustc --explain E0599`.
[INFO] [stdout] 
[INFO] [stderr] error: could not compile `breezy-registry` (bin "breezy-registry") due to 3 previous errors
[INFO] [stderr] warning: build failed, waiting for other jobs to finish...
[INFO] [stdout] For more information about this error, try `rustc --explain E0599`.
[INFO] [stdout] 
[INFO] [stderr] error: could not compile `breezy-registry` (bin "breezy-registry" test) due to 3 previous errors
[INFO] running `Command { std: "docker" "inspect" "03ed8d355b47f43390af977b7ff19d32acea214c33d5be407f42bf9bacdbf74e", kill_on_drop: false }`
[INFO] running `Command { std: "docker" "rm" "-f" "03ed8d355b47f43390af977b7ff19d32acea214c33d5be407f42bf9bacdbf74e", kill_on_drop: false }`
[INFO] [stdout] 03ed8d355b47f43390af977b7ff19d32acea214c33d5be407f42bf9bacdbf74e
