[INFO] cloning repository https://github.com/braces157/tutify
[INFO] running `Command { std: "git" "-c" "credential.helper=" "-c" "credential.helper=/workspace/cargo-home/bin/git-credential-null" "clone" "--bare" "https://github.com/braces157/tutify" "/workspace/cache/git-repos/https%3A%2F%2Fgithub.com%2Fbraces157%2Ftutify", kill_on_drop: false }`
[INFO] [stderr] Cloning into bare repository '/workspace/cache/git-repos/https%3A%2F%2Fgithub.com%2Fbraces157%2Ftutify'...
[INFO] running `Command { std: "git" "rev-parse" "HEAD", kill_on_drop: false }`
[INFO] [stdout] ff46b4bd1b99ba5844cf6342de0fe22b07f982d2
[INFO] checking braces157/tutify against 3154cc1a3e6424e44f438a95007d043ed5ceaaf6+rustflags=-Znext-solver=coherence for pr-133502-30
[INFO] running `Command { std: "git" "clone" "/workspace/cache/git-repos/https%3A%2F%2Fgithub.com%2Fbraces157%2Ftutify" "/workspace/builds/worker-2-tc1/source", kill_on_drop: false }`
[INFO] [stderr] Cloning into '/workspace/builds/worker-2-tc1/source'...
[INFO] [stderr] done.
[INFO] started tweaking git repo https://github.com/braces157/tutify
[INFO] finished tweaking git repo https://github.com/braces157/tutify
[INFO] tweaked toml for git repo https://github.com/braces157/tutify written to /workspace/builds/worker-2-tc1/source/Cargo.toml
[INFO] validating manifest of git repo https://github.com/braces157/tutify on toolchain 3154cc1a3e6424e44f438a95007d043ed5ceaaf6
[INFO] running `Command { std: CARGO_HOME="/workspace/cargo-home" RUSTUP_HOME="/workspace/rustup-home" "/workspace/cargo-home/bin/cargo" "+3154cc1a3e6424e44f438a95007d043ed5ceaaf6" "metadata" "--manifest-path" "Cargo.toml" "--no-deps", kill_on_drop: false }`
[INFO] crate git repo https://github.com/braces157/tutify already has a lockfile, it will not be regenerated
[INFO] running `Command { std: CARGO_HOME="/workspace/cargo-home" RUSTUP_HOME="/workspace/rustup-home" "/workspace/cargo-home/bin/cargo" "+3154cc1a3e6424e44f438a95007d043ed5ceaaf6" "fetch" "--manifest-path" "Cargo.toml", kill_on_drop: false }`
[INFO] [stderr]     Updating crates.io index
[INFO] [stderr]  Downloading crates ...
[INFO] [stderr]   Downloaded coreaudio-sys v0.2.18
[INFO] [stderr]   Downloaded instability v0.3.10
[INFO] [stderr]   Downloaded librespot-oauth v0.8.0
[INFO] [stderr]   Downloaded protobuf-support v3.7.2
[INFO] [stderr]   Downloaded shannon v0.2.0
[INFO] [stderr]   Downloaded hyper-proxy2 v0.1.0
[INFO] [stderr]   Downloaded librespot-audio v0.8.0
[INFO] [stderr]   Downloaded protobuf-json-mapping v3.7.2
[INFO] [stderr]   Downloaded hyper-rustls v0.26.0
[INFO] [stderr]   Downloaded protobuf-codegen v3.7.2
[INFO] [stderr]   Downloaded vergen-gitcl v1.0.8
[INFO] [stderr]   Downloaded rodio v0.20.1
[INFO] [stderr]   Downloaded oboe v0.6.1
[INFO] [stderr]   Downloaded oboe-sys v0.6.1
[INFO] [stderr]   Downloaded coreaudio-rs v0.11.3
[INFO] [stderr]   Downloaded librespot-playback v0.8.0
[INFO] [stderr]   Downloaded librespot-metadata v0.8.0
[INFO] [stderr]   Downloaded ndk v0.8.0
[INFO] [stderr]   Downloaded protobuf-parse v3.7.2
[INFO] [stderr]   Downloaded cpal v0.15.3
[INFO] [stderr]   Downloaded alsa v0.9.1
[INFO] [stderr]   Downloaded compact_str v0.8.2
[INFO] [stderr]   Downloaded librespot-core v0.8.0
[INFO] [stderr]   Downloaded oauth2 v5.0.0
[INFO] [stderr]   Downloaded librespot-protocol v0.8.0
[INFO] [stderr]   Downloaded protobuf v3.7.2
[INFO] [stderr]   Downloaded image v0.25.8
[INFO] [stderr]   Downloaded sysinfo v0.36.1
[INFO] running `Command { std: "docker" "create" "-v" "/var/lib/crater-agent-workspace/builds/worker-2-tc1/source:/opt/rustwide/workdir:ro,Z" "-v" "/var/lib/crater-agent-workspace/builds/worker-2-tc1/target:/opt/rustwide/target:rw,Z" "-v" "/var/lib/crater-agent-workspace/cargo-home:/opt/rustwide/cargo-home:ro,Z" "-v" "/var/lib/crater-agent-workspace/rustup-home:/opt/rustwide/rustup-home:ro,Z" "-m" "1610612736" "--network" "none" "ghcr.io/rust-lang/crates-build-env/linux@sha256:77db811e55d90add9212f6832c23229e3de5f1c1f9905e8cb07319ea15df73ac" "sleep" "infinity", kill_on_drop: false }`
[INFO] [stdout] 04a57a6cef6c67d5f2e0441d13a4616c016b85514fcf00107294bd609a615d4a
[INFO] running `Command { std: "docker" "start" "04a57a6cef6c67d5f2e0441d13a4616c016b85514fcf00107294bd609a615d4a", kill_on_drop: false }`
[INFO] running `Command { std: "docker" "inspect" "04a57a6cef6c67d5f2e0441d13a4616c016b85514fcf00107294bd609a615d4a", kill_on_drop: false }`
[INFO] running `Command { std: "docker" "exec" "-e" "SOURCE_DIR=/opt/rustwide/workdir" "-e" "CARGO_HOME=/opt/rustwide/cargo-home" "-e" "RUSTUP_HOME=/opt/rustwide/rustup-home" "-e" "CARGO_TARGET_DIR=/opt/rustwide/target" "-w" "/opt/rustwide/workdir" "--user" "0:0" "04a57a6cef6c67d5f2e0441d13a4616c016b85514fcf00107294bd609a615d4a" "/opt/rustwide/cargo-home/bin/cargo" "+3154cc1a3e6424e44f438a95007d043ed5ceaaf6" "metadata" "--no-deps" "--format-version=1", kill_on_drop: false }`
[INFO] running `Command { std: "docker" "inspect" "04a57a6cef6c67d5f2e0441d13a4616c016b85514fcf00107294bd609a615d4a", kill_on_drop: false }`
[INFO] running `Command { std: "docker" "exec" "-e" "SOURCE_DIR=/opt/rustwide/workdir" "-e" "CARGO_HOME=/opt/rustwide/cargo-home" "-e" "RUSTUP_HOME=/opt/rustwide/rustup-home" "-e" "CARGO_TARGET_DIR=/opt/rustwide/target" "-e" "CARGO_INCREMENTAL=0" "-e" "RUST_BACKTRACE=full" "-e" "RUSTFLAGS=--cap-lints=forbid -Znext-solver=coherence" "-e" "RUSTDOCFLAGS=--cap-lints=forbid" "-w" "/opt/rustwide/workdir" "--user" "0:0" "04a57a6cef6c67d5f2e0441d13a4616c016b85514fcf00107294bd609a615d4a" "/opt/rustwide/cargo-home/bin/cargo" "+3154cc1a3e6424e44f438a95007d043ed5ceaaf6" "check" "--frozen" "--all" "--all-targets" "--message-format=json", kill_on_drop: false }`
[INFO] [stderr]     Checking log v0.4.34
[INFO] [stderr]     Checking smallvec v1.16.0
[INFO] [stderr]     Checking futures-core v0.3.34
[INFO] [stderr]    Compiling find-msvc-tools v0.1.12
[INFO] [stderr]    Compiling syn v2.0.119
[INFO] [stderr]    Compiling syn v3.0.5
[INFO] [stderr]     Checking errno v0.3.14
[INFO] [stderr]     Checking getrandom v0.2.17
[INFO] [stderr]     Checking socket2 v0.6.5
[INFO] [stderr]    Compiling libc v0.2.189
[INFO] [stderr]     Checking crypto-common v0.1.7
[INFO] [stderr]    Compiling serde_core v1.0.228
[INFO] [stderr]     Checking futures-io v0.3.34
[INFO] [stderr]     Checking futures-task v0.3.34
[INFO] [stderr]     Checking bitflags v2.13.1
[INFO] [stderr]    Compiling zerocopy v0.8.56
[INFO] [stderr]     Checking futures-channel v0.3.34
[INFO] [stderr]    Compiling anyhow v1.0.100
[INFO] [stderr]     Checking spin v0.9.9
[INFO] [stderr]     Checking signal-hook-registry v1.4.8
[INFO] [stderr]    Compiling cc v1.4.5
[INFO] [stderr]     Checking mio v1.2.3
[INFO] [stderr]     Checking digest v0.10.7
[INFO] [stderr]     Checking parking_lot_core v0.9.12
[INFO] [stderr]     Checking lazy_static v1.5.0
[INFO] [stderr]     Checking indexmap v2.14.1
[INFO] [stderr]     Checking tracing-core v0.1.36
[INFO] [stderr]    Compiling rustls v0.23.43
[INFO] [stderr]    Compiling protobuf v3.7.2
[INFO] [stderr]    Compiling rustix v0.38.44
[INFO] [stderr]     Checking rand_core v0.6.4
[INFO] [stderr]     Checking getrandom v0.3.4
[INFO] [stderr]     Checking tracing v0.1.44
[INFO] [stderr]     Checking parking_lot v0.12.5
[INFO] [stderr]    Compiling memchr v2.8.3
[INFO] [stderr]    Compiling serde_json v1.0.149
[INFO] [stderr]    Compiling rustix v1.1.4
[INFO] [stderr]    Compiling vergen-lib v0.1.6
[INFO] [stderr]    Compiling home v0.5.11
[INFO] [stderr]    Compiling powerfmt v0.2.0
[INFO] [stderr]    Compiling regex-syntax v0.8.11
[INFO] [stderr]     Checking bytemuck v1.25.2
[INFO] [stderr]    Compiling either v1.18.0
[INFO] [stderr]    Compiling fastrand v2.5.0
[INFO] [stderr]    Compiling deranged v0.5.8
[INFO] [stderr]     Checking rustls-native-certs v0.8.4
[INFO] [stderr]     Checking pem-rfc7468 v0.7.0
[INFO] [stderr]    Compiling aho-corasick v1.1.5
[INFO] [stderr]     Checking rand_core v0.9.5
[INFO] [stderr]     Checking sync_wrapper v1.0.2
[INFO] [stderr]    Compiling vergen v9.0.6
[INFO] [stderr]    Compiling num-traits v0.2.19
[INFO] [stderr]     Checking arrayvec v0.7.8
[INFO] [stderr]    Compiling rustls v0.22.4
[INFO] [stderr]    Compiling crc32fast v1.5.1
[INFO] [stderr]    Compiling num_threads v0.1.7
[INFO] [stderr]    Compiling time-core v0.1.7
[INFO] [stderr]     Checking der v0.7.10
[INFO] [stderr]     Checking sha1 v0.10.7
[INFO] [stderr]     Checking symphonia-core v0.5.5
[INFO] [stderr]     Checking http-body-util v0.1.5
[INFO] [stderr]     Checking num-integer v0.1.47
[INFO] [stderr]    Compiling vergen-gitcl v1.0.8
[INFO] [stderr]    Compiling libm v0.2.16
[INFO] [stderr]     Checking webpki-roots v1.0.9
[INFO] [stderr]     Checking windows-link v0.1.3
[INFO] [stderr]    Compiling ring v0.17.14
[INFO] [stderr]     Checking miniz_oxide v0.9.1
[INFO] [stderr]     Checking inout v0.1.4
[INFO] [stderr]     Checking rustls-pemfile v2.2.0
[INFO] [stderr]     Checking is-docker v0.2.0
[INFO] [stderr]    Compiling portable-atomic v1.15.0
[INFO] [stderr]     Checking rustls-native-certs v0.7.3
[INFO] [stderr]     Checking is-wsl v0.4.0
[INFO] [stderr]     Checking spki v0.7.3
[INFO] [stderr]     Checking cipher v0.4.4
[INFO] [stderr]     Checking pkcs8 v0.10.2
[INFO] [stderr]     Checking num-iter v0.1.46
[INFO] [stderr]     Checking sha2 v0.10.9
[INFO] [stderr]     Checking flate2 v1.1.10
[INFO] [stderr]     Checking headers-core v0.3.0
[INFO] [stderr]     Checking symphonia-metadata v0.5.5
[INFO] [stderr]    Compiling time v0.3.45
[INFO] [stderr]     Checking data-encoding v2.11.1
[INFO] [stderr]    Compiling alsa-sys v0.3.1
[INFO] [stderr]     Checking headers v0.4.1
[INFO] [stderr]     Checking pkcs1 v0.7.5
[INFO] [stderr]     Checking symphonia-utils-xiph v0.5.5
[INFO] [stderr]     Checking open v5.4.3
[INFO] [stderr]     Checking getrandom v0.4.3
[INFO] [stderr]     Checking windows-strings v0.4.2
[INFO] [stderr]     Checking windows-result v0.3.4
[INFO] [stderr]     Checking signature v2.2.0
[INFO] [stderr]     Checking hmac v0.12.1
[INFO] [stderr]     Checking spinning_top v0.3.0
[INFO] [stderr]     Checking futures-timer v3.0.4
[INFO] [stderr]    Compiling tempfile v3.24.0
[INFO] [stderr]    Compiling which v4.4.2
[INFO] [stderr]     Checking serde_path_to_error v0.1.20
[INFO] [stderr]     Checking nonzero_ext v0.3.0
[INFO] [stderr]     Checking shannon v0.2.0
[INFO] [stderr]     Checking pbkdf2 v0.12.2
[INFO] [stderr]     Checking uuid v1.26.0
[INFO] [stderr]     Checking aes v0.8.4
[INFO] [stderr]     Checking num-bigint v0.4.8
[INFO] [stderr]     Checking priority-queue v2.7.0
[INFO] [stderr]     Checking sysinfo v0.36.1
[INFO] [stderr]     Checking anstyle-parse v0.2.7
[INFO] [stderr]    Compiling regex-automata v0.4.18
[INFO] [stderr]     Checking signal-hook v0.3.18
[INFO] [stderr]     Checking linux-raw-sys v0.4.15
[INFO] [stderr]    Compiling cpal v0.15.3
[INFO] [stderr]    Compiling instability v0.3.10
[INFO] [stderr]     Checking anstream v0.6.21
[INFO] [stderr]     Checking signal-hook-mio v0.2.5
[INFO] [stderr]     Checking alsa v0.9.1
[INFO] [stderr]     Checking symphonia-format-ogg v0.5.5
[INFO] [stderr]     Checking itertools v0.13.0
[INFO] [stderr]     Checking symphonia-bundle-flac v0.5.5
[INFO] [stderr]     Checking symphonia-codec-vorbis v0.5.5
[INFO] [stderr]     Checking symphonia-bundle-mp3 v0.5.5
[INFO] [stderr]     Checking ctr v0.9.2
[INFO] [stderr]     Checking windows-threading v0.1.0
[INFO] [stderr]     Checking castaway v0.2.4
[INFO] [stderr]     Checking clap_lex v0.7.7
[INFO] [stderr]     Checking quick-error v2.0.1
[INFO] [stderr]    Compiling indoc v2.0.7
[INFO] [stderr]    Compiling synstructure v0.13.2
[INFO] [stderr]    Compiling darling_core v0.20.11
[INFO] [stderr]     Checking zune-core v0.4.12
[INFO] [stderr]     Checking unicode-width v0.1.14
[INFO] [stderr]     Checking zune-jpeg v0.4.21
[INFO] [stderr]     Checking symphonia v0.5.5
[INFO] [stderr]     Checking clap_builder v4.5.54
[INFO] [stderr]     Checking image-webp v0.2.4
[INFO] [stderr]     Checking compact_str v0.8.2
[INFO] [stderr]     Checking crossterm v0.28.1
[INFO] [stderr]     Checking tinyvec v1.13.2
[INFO] [stderr]     Checking moxcms v0.7.11
[INFO] [stderr]     Checking png v0.18.1
[INFO] [stderr]    Compiling tuitify v0.5.0 (/opt/rustwide/workdir)
[INFO] [stderr]     Checking lru v0.12.5
[INFO] [stderr]    Compiling ppv-lite86 v0.2.21
[INFO] [stderr]     Checking num_cpus v1.17.0
[INFO] [stderr]     Checking unicode-width v0.2.0
[INFO] [stderr]     Checking cassowary v0.3.0
[INFO] [stderr]     Checking unicode-truncate v1.1.0
[INFO] [stderr]     Checking deadpool-runtime v0.1.4
[INFO] [stderr]     Checking shell-words v1.1.1
[INFO] [stderr]     Checking rodio v0.20.1
[INFO] [stderr]    Compiling regex v1.13.1
[INFO] [stderr]     Checking unicode-normalization v0.1.25
[INFO] [stderr]     Checking keyring v3.6.3
[INFO] [stderr]     Checking rustls-webpki v0.103.15
[INFO] [stderr]    Compiling rand_chacha v0.9.0
[INFO] [stderr]     Checking rustls-webpki v0.102.8
[INFO] [stderr]     Checking webpki v0.22.4
[INFO] [stderr]     Checking fs2 v0.4.3
[INFO] [stderr]    Compiling rand v0.9.5
[INFO] [stderr]    Compiling zerofrom-derive v0.1.7
[INFO] [stderr]    Compiling yoke-derive v0.8.2
[INFO] [stderr]    Compiling tokio-macros v2.6.1
[INFO] [stderr]    Compiling futures-macro v0.3.31
[INFO] [stderr]    Compiling thiserror-impl v1.0.69
[INFO] [stderr]    Compiling zerovec-derive v0.11.6
[INFO] [stderr]    Compiling displaydoc v0.2.7
[INFO] [stderr]    Compiling zerocopy-derive v0.8.56
[INFO] [stderr]    Compiling serde_derive v1.0.228
[INFO] [stderr]    Compiling thiserror-impl v2.0.20
[INFO] [stderr]    Compiling windows-interface v0.59.3
[INFO] [stderr]    Compiling rand_distr v0.5.1
[INFO] [stderr]     Checking tokio v1.49.0
[INFO] [stderr]    Compiling windows-implement v0.60.2
[INFO] [stderr]     Checking futures-util v0.3.31
[INFO] [stderr]    Compiling num-derive v0.4.2
[INFO] [stderr]    Compiling async-trait v0.1.92
[INFO] [stderr]    Compiling strum_macros v0.26.4
[INFO] [stderr]    Compiling clap_derive v4.5.49
[INFO] [stderr]    Compiling thiserror v1.0.69
[INFO] [stderr]    Compiling darling_macro v0.20.11
[INFO] [stderr]    Compiling protobuf-support v3.7.2
[INFO] [stderr]    Compiling darling v0.20.11
[INFO] [stderr]     Checking zerofrom v0.1.8
[INFO] [stderr]     Checking yoke v0.8.3
[INFO] [stderr]    Compiling derive_builder_core v0.20.2
[INFO] [stderr]     Checking thiserror v2.0.20
[INFO] [stderr]     Checking windows-core v0.61.2
[INFO] [stderr]     Checking zerovec v0.11.8
[INFO] [stderr]     Checking zerotrie v0.2.5
[INFO] [stderr]     Checking windows-numerics v0.2.0
[INFO] [stderr]     Checking windows-collections v0.2.0
[INFO] [stderr]     Checking tinystr v0.8.4
[INFO] [stderr]     Checking potential_utf v0.1.6
[INFO] [stderr]     Checking windows-future v0.2.1
[INFO] [stderr]     Checking icu_collections v2.1.1
[INFO] [stderr]     Checking icu_locale_core v2.1.1
[INFO] [stdout] error[E0425]: cannot find type `IMarshal` in module `windows_core::imp`
[INFO] [stdout]   --> /opt/rustwide/cargo-home/registry/src/index.crates.io-1949cf8c6b5b557f/windows-future-0.2.1/src/bindings.rs:89:51
[INFO] [stdout]    |
[INFO] [stdout] 89 |             } else if *iid == <windows_core::imp::IMarshal as windows_core::Interface>::IID {
[INFO] [stdout]    |                                                   ^^^^^^^^ not found in `windows_core::imp`
[INFO] [stdout] 
[INFO] [stdout] 
[INFO] [stdout] error[E0425]: cannot find function `marshaler` in module `windows_core::imp`
[INFO] [stdout]   --> /opt/rustwide/cargo-home/registry/src/index.crates.io-1949cf8c6b5b557f/windows-future-0.2.1/src/bindings.rs:91:43
[INFO] [stdout]    |
[INFO] [stdout] 91 |                 return windows_core::imp::marshaler(
[INFO] [stdout]    |                                           ^^^^^^^^^ not found in `windows_core::imp`
[INFO] [stdout] 
[INFO] [stdout] 
[INFO] [stdout] error[E0425]: cannot find type `IMarshal` in module `windows_core::imp`
[INFO] [stdout]    --> /opt/rustwide/cargo-home/registry/src/index.crates.io-1949cf8c6b5b557f/windows-future-0.2.1/src/bindings.rs:257:51
[INFO] [stdout]     |
[INFO] [stdout] 257 |             } else if *iid == <windows_core::imp::IMarshal as windows_core::Interface>::IID {
[INFO] [stdout]     |                                                   ^^^^^^^^ not found in `windows_core::imp`
[INFO] [stdout] 
[INFO] [stdout] 
[INFO] [stdout] error[E0425]: cannot find function `marshaler` in module `windows_core::imp`
[INFO] [stdout]    --> /opt/rustwide/cargo-home/registry/src/index.crates.io-1949cf8c6b5b557f/windows-future-0.2.1/src/bindings.rs:259:43
[INFO] [stdout]     |
[INFO] [stdout] 259 |                 return windows_core::imp::marshaler(
[INFO] [stdout]     |                                           ^^^^^^^^^ not found in `windows_core::imp`
[INFO] [stdout] 
[INFO] [stdout] 
[INFO] [stdout] error[E0425]: cannot find type `IMarshal` in module `windows_core::imp`
[INFO] [stdout]    --> /opt/rustwide/cargo-home/registry/src/index.crates.io-1949cf8c6b5b557f/windows-future-0.2.1/src/bindings.rs:424:364
[INFO] [stdout]     |
[INFO] [stdout] 424 | ... _ } else if * iid == < windows_core::imp::IMarshal as windows_core::Interface >::IID { ( * this ) . count . add_ref ( ) ; retur...
[INFO] [stdout]     |                                               ^^^^^^^^ not found in `windows_core::imp`
[INFO] [stdout] 
[INFO] [stdout] 
[INFO] [stdout] error[E0425]: cannot find function `marshaler` in module `windows_core::imp`
[INFO] [stdout]    --> /opt/rustwide/cargo-home/registry/src/index.crates.io-1949cf8c6b5b557f/windows-future-0.2.1/src/bindings.rs:424:470
[INFO] [stdout]     |
[INFO] [stdout] 424 | ... . add_ref ( ) ; return windows_core::imp::marshaler ( core::mem::transmute ( & mut ( * this ) . vtable as * mut _ as * mut core...
[INFO] [stdout]     |                                               ^^^^^^^^^ not found in `windows_core::imp`
[INFO] [stdout] 
[INFO] [stdout] 
[INFO] [stdout] error[E0425]: cannot find type `IMarshal` in module `windows_core::imp`
[INFO] [stdout]    --> /opt/rustwide/cargo-home/registry/src/index.crates.io-1949cf8c6b5b557f/windows-future-0.2.1/src/bindings.rs:583:51
[INFO] [stdout]     |
[INFO] [stdout] 583 |             } else if *iid == <windows_core::imp::IMarshal as windows_core::Interface>::IID {
[INFO] [stdout]     |                                                   ^^^^^^^^ not found in `windows_core::imp`
[INFO] [stdout] 
[INFO] [stdout] 
[INFO] [stdout] error[E0425]: cannot find function `marshaler` in module `windows_core::imp`
[INFO] [stdout]    --> /opt/rustwide/cargo-home/registry/src/index.crates.io-1949cf8c6b5b557f/windows-future-0.2.1/src/bindings.rs:585:43
[INFO] [stdout]     |
[INFO] [stdout] 585 |                 return windows_core::imp::marshaler(
[INFO] [stdout]     |                                           ^^^^^^^^^ not found in `windows_core::imp`
[INFO] [stdout] 
[INFO] [stdout] 
[INFO] [stdout] error[E0425]: cannot find type `IMarshal` in module `windows_core::imp`
[INFO] [stdout]    --> /opt/rustwide/cargo-home/registry/src/index.crates.io-1949cf8c6b5b557f/windows-future-0.2.1/src/bindings.rs:763:364
[INFO] [stdout]     |
[INFO] [stdout] 763 | ... _ } else if * iid == < windows_core::imp::IMarshal as windows_core::Interface >::IID { ( * this ) . count . add_ref ( ) ; retur...
[INFO] [stdout]     |                                               ^^^^^^^^ not found in `windows_core::imp`
[INFO] [stdout] 
[INFO] [stdout] 
[INFO] [stdout] error[E0425]: cannot find function `marshaler` in module `windows_core::imp`
[INFO] [stdout]    --> /opt/rustwide/cargo-home/registry/src/index.crates.io-1949cf8c6b5b557f/windows-future-0.2.1/src/bindings.rs:763:470
[INFO] [stdout]     |
[INFO] [stdout] 763 | ... . add_ref ( ) ; return windows_core::imp::marshaler ( core::mem::transmute ( & mut ( * this ) . vtable as * mut _ as * mut core...
[INFO] [stdout]     |                                               ^^^^^^^^^ not found in `windows_core::imp`
[INFO] [stdout] 
[INFO] [stdout] 
[INFO] [stdout] error[E0425]: cannot find type `IMarshal` in module `windows_core::imp`
[INFO] [stdout]    --> /opt/rustwide/cargo-home/registry/src/index.crates.io-1949cf8c6b5b557f/windows-future-0.2.1/src/bindings.rs:938:377
[INFO] [stdout]     |
[INFO] [stdout] 938 | ... _ } else if * iid == < windows_core::imp::IMarshal as windows_core::Interface >::IID { ( * this ) . count . add_ref ( ) ; retur...
[INFO] [stdout]     |                                               ^^^^^^^^ not found in `windows_core::imp`
[INFO] [stdout] 
[INFO] [stdout] 
[INFO] [stdout] error[E0425]: cannot find function `marshaler` in module `windows_core::imp`
[INFO] [stdout]    --> /opt/rustwide/cargo-home/registry/src/index.crates.io-1949cf8c6b5b557f/windows-future-0.2.1/src/bindings.rs:938:483
[INFO] [stdout]     |
[INFO] [stdout] 938 | ... . add_ref ( ) ; return windows_core::imp::marshaler ( core::mem::transmute ( & mut ( * this ) . vtable as * mut _ as * mut core...
[INFO] [stdout]     |                                               ^^^^^^^^^ not found in `windows_core::imp`
[INFO] [stdout] 
[INFO] [stdout] 
[INFO] [stderr]    Compiling derive_builder_macro v0.20.2
[INFO] [stdout] For more information about this error, try `rustc --explain E0425`.
[INFO] [stdout] 
[INFO] [stderr] error: could not compile `windows-future` (lib) due to 12 previous errors
[INFO] [stderr] warning: build failed, waiting for other jobs to finish...
[INFO] running `Command { std: "docker" "inspect" "04a57a6cef6c67d5f2e0441d13a4616c016b85514fcf00107294bd609a615d4a", kill_on_drop: false }`
[INFO] running `Command { std: "docker" "rm" "-f" "04a57a6cef6c67d5f2e0441d13a4616c016b85514fcf00107294bd609a615d4a", kill_on_drop: false }`
[INFO] [stdout] 04a57a6cef6c67d5f2e0441d13a4616c016b85514fcf00107294bd609a615d4a
