[INFO] cloning repository https://github.com/boyfromcave/ycash-dd
[INFO] running `Command { std: "git" "-c" "credential.helper=" "-c" "credential.helper=/workspace/cargo-home/bin/git-credential-null" "clone" "--bare" "https://github.com/boyfromcave/ycash-dd" "/workspace/cache/git-repos/https%3A%2F%2Fgithub.com%2Fboyfromcave%2Fycash-dd", kill_on_drop: false }`
[INFO] [stderr] Cloning into bare repository '/workspace/cache/git-repos/https%3A%2F%2Fgithub.com%2Fboyfromcave%2Fycash-dd'...
[INFO] running `Command { std: "git" "rev-parse" "HEAD", kill_on_drop: false }`
[INFO] [stdout] ec9abe8521683efd829966647010e29de103a7e9
[INFO] checking boyfromcave/ycash-dd against 3154cc1a3e6424e44f438a95007d043ed5ceaaf6 for pr-133502-30
[INFO] running `Command { std: "git" "clone" "/workspace/cache/git-repos/https%3A%2F%2Fgithub.com%2Fboyfromcave%2Fycash-dd" "/workspace/builds/worker-0-tc2/source", kill_on_drop: false }`
[INFO] [stderr] Cloning into '/workspace/builds/worker-0-tc2/source'...
[INFO] [stderr] done.
[INFO] removed /workspace/builds/worker-0-tc2/source/rust-toolchain
[INFO] started tweaking git repo https://github.com/boyfromcave/ycash-dd
[INFO] finished tweaking git repo https://github.com/boyfromcave/ycash-dd
[INFO] tweaked toml for git repo https://github.com/boyfromcave/ycash-dd written to /workspace/builds/worker-0-tc2/source/Cargo.toml
[INFO] validating manifest of git repo https://github.com/boyfromcave/ycash-dd on toolchain 3154cc1a3e6424e44f438a95007d043ed5ceaaf6
[INFO] running `Command { std: CARGO_HOME="/workspace/cargo-home" RUSTUP_HOME="/workspace/rustup-home" "/workspace/cargo-home/bin/cargo" "+3154cc1a3e6424e44f438a95007d043ed5ceaaf6" "metadata" "--manifest-path" "Cargo.toml" "--no-deps", kill_on_drop: false }`
[INFO] crate git repo https://github.com/boyfromcave/ycash-dd already has a lockfile, it will not be regenerated
[INFO] running `Command { std: CARGO_HOME="/workspace/cargo-home" RUSTUP_HOME="/workspace/rustup-home" "/workspace/cargo-home/bin/cargo" "+3154cc1a3e6424e44f438a95007d043ed5ceaaf6" "fetch" "--manifest-path" "Cargo.toml", kill_on_drop: false }`
[INFO] [stderr] warning: `package.homepage` is redundant with `package.repository`
[INFO] [stderr]   --> Cargo.toml:47:12
[INFO] [stderr]    |
[INFO] [stderr] 47 | homepage = "https://github.com/zcash/zcash"
[INFO] [stderr]    |            ^^^^^^^^^^^^^^^^^^^^^^^^^^^^^^^^
[INFO] [stderr] ...
[INFO] [stderr] 51 | repository = "https://github.com/zcash/zcash"
[INFO] [stderr]    |              --------------------------------
[INFO] [stderr]    |
[INFO] [stderr]    = note: `cargo::redundant_homepage` is set to `warn` by default
[INFO] [stderr] help: consider removing `package.homepage`
[INFO] [stderr] warning: `librustzcash` (manifest) generated 1 warning
[INFO] running `Command { std: "docker" "create" "-v" "/var/lib/crater-agent-workspace/builds/worker-0-tc2/source:/opt/rustwide/workdir:ro,Z" "-v" "/var/lib/crater-agent-workspace/builds/worker-0-tc2/target:/opt/rustwide/target:rw,Z" "-v" "/var/lib/crater-agent-workspace/cargo-home:/opt/rustwide/cargo-home:ro,Z" "-v" "/var/lib/crater-agent-workspace/rustup-home:/opt/rustwide/rustup-home:ro,Z" "-m" "1610612736" "--network" "none" "ghcr.io/rust-lang/crates-build-env/linux@sha256:77db811e55d90add9212f6832c23229e3de5f1c1f9905e8cb07319ea15df73ac" "sleep" "infinity", kill_on_drop: false }`
[INFO] [stdout] 8410efcbc1249fb4f671c18186ab77a2d5f0025571209a06f379157b589a5aa1
[INFO] running `Command { std: "docker" "start" "8410efcbc1249fb4f671c18186ab77a2d5f0025571209a06f379157b589a5aa1", kill_on_drop: false }`
[INFO] running `Command { std: "docker" "inspect" "8410efcbc1249fb4f671c18186ab77a2d5f0025571209a06f379157b589a5aa1", kill_on_drop: false }`
[INFO] running `Command { std: "docker" "exec" "-e" "SOURCE_DIR=/opt/rustwide/workdir" "-e" "CARGO_HOME=/opt/rustwide/cargo-home" "-e" "RUSTUP_HOME=/opt/rustwide/rustup-home" "-e" "CARGO_TARGET_DIR=/opt/rustwide/target" "-w" "/opt/rustwide/workdir" "--user" "0:0" "8410efcbc1249fb4f671c18186ab77a2d5f0025571209a06f379157b589a5aa1" "/opt/rustwide/cargo-home/bin/cargo" "+3154cc1a3e6424e44f438a95007d043ed5ceaaf6" "metadata" "--no-deps" "--format-version=1", kill_on_drop: false }`
[INFO] running `Command { std: "docker" "inspect" "8410efcbc1249fb4f671c18186ab77a2d5f0025571209a06f379157b589a5aa1", kill_on_drop: false }`
[INFO] running `Command { std: "docker" "exec" "-e" "SOURCE_DIR=/opt/rustwide/workdir" "-e" "CARGO_HOME=/opt/rustwide/cargo-home" "-e" "RUSTUP_HOME=/opt/rustwide/rustup-home" "-e" "CARGO_TARGET_DIR=/opt/rustwide/target" "-e" "CARGO_INCREMENTAL=0" "-e" "RUST_BACKTRACE=full" "-e" "RUSTFLAGS=--cap-lints=forbid" "-e" "RUSTDOCFLAGS=--cap-lints=forbid" "-w" "/opt/rustwide/workdir" "--user" "0:0" "8410efcbc1249fb4f671c18186ab77a2d5f0025571209a06f379157b589a5aa1" "/opt/rustwide/cargo-home/bin/cargo" "+3154cc1a3e6424e44f438a95007d043ed5ceaaf6" "check" "--frozen" "--all" "--all-targets" "--message-format=json", kill_on_drop: false }`
[INFO] [stderr] warning: `package.homepage` is redundant with `package.repository`
[INFO] [stderr]   --> Cargo.toml:47:12
[INFO] [stderr]    |
[INFO] [stderr] 47 | homepage = "https://github.com/zcash/zcash"
[INFO] [stderr]    |            ^^^^^^^^^^^^^^^^^^^^^^^^^^^^^^^^
[INFO] [stderr] ...
[INFO] [stderr] 51 | repository = "https://github.com/zcash/zcash"
[INFO] [stderr]    |              --------------------------------
[INFO] [stderr]    |
[INFO] [stderr]    = note: `cargo::redundant_homepage` is set to `warn` by default
[INFO] [stderr] help: consider removing `package.homepage`
[INFO] [stderr] warning: `librustzcash` (manifest) generated 1 warning
[INFO] [stderr]    Compiling autocfg v1.0.1
[INFO] [stderr]    Compiling libc v0.2.91
[INFO] [stderr]    Compiling proc-macro2 v1.0.24
[INFO] [stderr]    Compiling syn v1.0.65
[INFO] [stderr]     Checking byteorder v1.4.3
[INFO] [stderr]    Compiling typenum v1.13.0
[INFO] [stderr]    Compiling version_check v0.9.3
[INFO] [stderr]    Compiling memchr v2.3.4
[INFO] [stderr]     Checking subtle v2.4.0
[INFO] [stderr]     Checking radium v0.3.0
[INFO] [stderr]     Checking funty v1.1.0
[INFO] [stderr]    Compiling num-traits v0.2.14
[INFO] [stderr]    Compiling crossbeam-utils v0.7.2
[INFO] [stderr]    Compiling num-integer v0.1.44
[INFO] [stderr]    Compiling generic-array v0.14.4
[INFO] [stderr]    Compiling maybe-uninit v2.0.0
[INFO] [stderr]     Checking wyz v0.2.0
[INFO] [stderr]     Checking pin-project-lite v0.2.6
[INFO] [stderr]    Compiling memoffset v0.5.6
[INFO] [stderr]     Checking bitvec v0.18.5
[INFO] [stderr]    Compiling crossbeam-utils v0.8.3
[INFO] [stderr]     Checking constant_time_eq v0.1.5
[INFO] [stderr]     Checking opaque-debug v0.3.0
[INFO] [stderr]     Checking arrayvec v0.5.2
[INFO] [stderr]     Checking arrayref v0.3.6
[INFO] [stderr]     Checking getrandom v0.1.16
[INFO] [stderr]    Compiling quote v1.0.9
[INFO] [stderr]     Checking rand_core v0.5.1
[INFO] [stderr]     Checking num_cpus v1.13.0
[INFO] [stderr]    Compiling crossbeam-epoch v0.8.2
[INFO] [stderr]    Compiling proc-macro-hack v0.5.19
[INFO] [stderr]     Checking once_cell v1.7.2
[INFO] [stderr]     Checking aho-corasick v0.7.15
[INFO] [stderr]    Compiling memoffset v0.6.3
[INFO] [stderr]    Compiling num-bigint v0.3.2
[INFO] [stderr]     Checking tracing-core v0.1.17
[INFO] [stderr]     Checking regex-syntax v0.6.23
[INFO] [stderr]     Checking blake2b_simd v0.5.11
[INFO] [stderr]     Checking cipher v0.2.5
[INFO] [stderr]     Checking digest v0.9.0
[INFO] [stderr]     Checking aes-soft v0.6.4
[INFO] [stderr]     Checking block-buffer v0.9.0
[INFO] [stderr]    Compiling tokio v1.4.0
[INFO] [stderr]    Compiling indexmap v1.6.2
[INFO] [stderr]     Checking instant v0.1.9
[INFO] [stderr]     Checking smallvec v1.6.1
[INFO] [stderr]    Compiling httparse v1.3.5
[INFO] [stderr]    Compiling lazy_static v1.4.0
[INFO] [stderr]    Compiling metrics v0.14.2
[INFO] [stderr]     Checking bytes v1.0.1
[INFO] [stderr]    Compiling crunchy v0.1.6
[INFO] [stderr]     Checking itoa v0.4.7
[INFO] [stderr]     Checking ff v0.8.0
[INFO] [stderr]     Checking group v0.8.0
[INFO] [stderr]    Compiling serde_derive v1.0.125
[INFO] [stderr]     Checking cpuid-bool v0.1.2
[INFO] [stderr]     Checking ppv-lite86 v0.2.10
[INFO] [stderr]     Checking futures-core v0.3.13
[INFO] [stderr]     Checking pairing v0.18.0
[INFO] [stderr]     Checking http v0.2.3
[INFO] [stderr]     Checking sha2 v0.9.3
[INFO] [stderr]     Checking bls12_381 v0.3.1
[INFO] [stderr]     Checking block-modes v0.7.0
[INFO] [stderr]     Checking parking_lot_core v0.8.3
[INFO] [stderr]     Checking rand_chacha v0.2.2
[INFO] [stderr]     Checking aes v0.6.0
[INFO] [stderr]     Checking crossbeam-deque v0.7.3
[INFO] [stderr]     Checking raw-cpuid v9.0.0
[INFO] [stderr]     Checking regex-automata v0.1.9
[INFO] [stderr]     Checking crossbeam-queue v0.2.3
[INFO] [stderr]     Checking crossbeam-channel v0.4.4
[INFO] [stderr]     Checking blake2s_simd v0.5.11
[INFO] [stderr]    Compiling regex v1.4.5
[INFO] [stderr]     Checking mio v0.7.11
[INFO] [stdout] error[E0308]: mismatched types
[INFO] [stdout]   --> /opt/rustwide/cargo-home/registry/src/index.crates.io-1949cf8c6b5b557f/num-bigint-0.3.2/src/biguint/convert.rs:70:19
[INFO] [stdout]    |
[INFO] [stdout] 70 |         .div_ceil(&big_digit::BITS.into())
[INFO] [stdout]    |          -------- ^^^^^^^^^^^^^^^^^^^^^^^ expected `u64`, found `&_`
[INFO] [stdout]    |          |
[INFO] [stdout]    |          arguments to this method are incorrect
[INFO] [stdout]    |
[INFO] [stdout]    = note:   expected type `u64`
[INFO] [stdout]            found reference `&_`
[INFO] [stdout] note: method defined here
[INFO] [stdout]   --> /rustc/3154cc1a3e6424e44f438a95007d043ed5ceaaf6/library/core/src/num/uint_macros.rs:3811:21
[INFO] [stdout]   --> /rustc/3154cc1a3e6424e44f438a95007d043ed5ceaaf6/library/core/src/num/mod.rs:1327:4
[INFO] [stdout]   ::: /rustc/3154cc1a3e6424e44f438a95007d043ed5ceaaf6/library/core/src/num/mod.rs:1351:5
[INFO] [stdout]    |
[INFO] [stdout]    = note: in this macro invocation
[INFO] [stdout] note: the `div_ceil` call is resolved to the method in `core::num::<impl u64>`, shadowing the method of the same name on trait `num_integer::Integer`
[INFO] [stdout]   --> /opt/rustwide/cargo-home/registry/src/index.crates.io-1949cf8c6b5b557f/num-bigint-0.3.2/src/biguint/convert.rs:70:10
[INFO] [stdout]    |
[INFO] [stdout] 70 |         .div_ceil(&big_digit::BITS.into())
[INFO] [stdout]    |          ^^^^^^^^ refers to `core::num::<impl u64>::div_ceil`
[INFO] [stdout]    = note: this error originates in the macro `uint_impl` (in Nightly builds, run with -Z macro-backtrace for more info)
[INFO] [stdout] help: consider removing the borrow
[INFO] [stdout]    |
[INFO] [stdout] 70 -         .div_ceil(&big_digit::BITS.into())
[INFO] [stdout] 70 +         .div_ceil(big_digit::BITS.into())
[INFO] [stdout]    |
[INFO] [stdout] help: you might have meant to call the other method; you can use the fully-qualified path to call it explicitly
[INFO] [stdout]    |
[INFO] [stdout] 68 ~     let big_digits = <_ as num_integer::Integer>::div_ceil(&(v.len() as u64)
[INFO] [stdout] 69 ~         .saturating_mul(bits.into()), &big_digit::BITS.into())
[INFO] [stdout]    |
[INFO] [stdout] 
[INFO] [stdout] 
[INFO] [stdout] error[E0308]: mismatched types
[INFO] [stdout]    --> /opt/rustwide/cargo-home/registry/src/index.crates.io-1949cf8c6b5b557f/num-bigint-0.3.2/src/biguint/convert.rs:585:19
[INFO] [stdout]     |
[INFO] [stdout] 585 |         .div_ceil(&u64::from(bits))
[INFO] [stdout]     |          -------- ^^^^^^^^^^^^^^^^ expected `u64`, found `&u64`
[INFO] [stdout]     |          |
[INFO] [stdout]     |          arguments to this method are incorrect
[INFO] [stdout]     |
[INFO] [stdout] note: method defined here
[INFO] [stdout]    --> /rustc/3154cc1a3e6424e44f438a95007d043ed5ceaaf6/library/core/src/num/uint_macros.rs:3811:21
[INFO] [stdout]    --> /rustc/3154cc1a3e6424e44f438a95007d043ed5ceaaf6/library/core/src/num/mod.rs:1327:4
[INFO] [stdout]    ::: /rustc/3154cc1a3e6424e44f438a95007d043ed5ceaaf6/library/core/src/num/mod.rs:1351:5
[INFO] [stdout]     |
[INFO] [stdout]     = note: in this macro invocation
[INFO] [stdout] note: the `div_ceil` call is resolved to the method in `core::num::<impl u64>`, shadowing the method of the same name on trait `num_integer::Integer`
[INFO] [stdout]    --> /opt/rustwide/cargo-home/registry/src/index.crates.io-1949cf8c6b5b557f/num-bigint-0.3.2/src/biguint/convert.rs:585:10
[INFO] [stdout]     |
[INFO] [stdout] 585 |         .div_ceil(&u64::from(bits))
[INFO] [stdout]     |          ^^^^^^^^ refers to `core::num::<impl u64>::div_ceil`
[INFO] [stdout]     = note: this error originates in the macro `uint_impl` (in Nightly builds, run with -Z macro-backtrace for more info)
[INFO] [stdout] help: consider removing the borrow
[INFO] [stdout]     |
[INFO] [stdout] 585 -         .div_ceil(&u64::from(bits))
[INFO] [stdout] 585 +         .div_ceil(u64::from(bits))
[INFO] [stdout]     |
[INFO] [stdout] help: you might have meant to call the other method; you can use the fully-qualified path to call it explicitly
[INFO] [stdout]     |
[INFO] [stdout] 583 ~     let digits = <_ as num_integer::Integer>::div_ceil(&u
[INFO] [stdout] 584 ~         .bits(), &u64::from(bits))
[INFO] [stdout]     |
[INFO] [stdout] 
[INFO] [stdout] 
[INFO] [stdout] error[E0308]: mismatched types
[INFO] [stdout]    --> /opt/rustwide/cargo-home/registry/src/index.crates.io-1949cf8c6b5b557f/num-bigint-0.3.2/src/biguint/convert.rs:613:19
[INFO] [stdout]     |
[INFO] [stdout] 613 |         .div_ceil(&u64::from(bits))
[INFO] [stdout]     |          -------- ^^^^^^^^^^^^^^^^ expected `u64`, found `&u64`
[INFO] [stdout]     |          |
[INFO] [stdout]     |          arguments to this method are incorrect
[INFO] [stdout]     |
[INFO] [stdout] note: method defined here
[INFO] [stdout]    --> /rustc/3154cc1a3e6424e44f438a95007d043ed5ceaaf6/library/core/src/num/uint_macros.rs:3811:21
[INFO] [stdout]    --> /rustc/3154cc1a3e6424e44f438a95007d043ed5ceaaf6/library/core/src/num/mod.rs:1327:4
[INFO] [stdout]    ::: /rustc/3154cc1a3e6424e44f438a95007d043ed5ceaaf6/library/core/src/num/mod.rs:1351:5
[INFO] [stdout]     |
[INFO] [stdout]     = note: in this macro invocation
[INFO] [stdout] note: the `div_ceil` call is resolved to the method in `core::num::<impl u64>`, shadowing the method of the same name on trait `num_integer::Integer`
[INFO] [stdout]    --> /opt/rustwide/cargo-home/registry/src/index.crates.io-1949cf8c6b5b557f/num-bigint-0.3.2/src/biguint/convert.rs:613:10
[INFO] [stdout]     |
[INFO] [stdout] 613 |         .div_ceil(&u64::from(bits))
[INFO] [stdout]     |          ^^^^^^^^ refers to `core::num::<impl u64>::div_ceil`
[INFO] [stdout]     = note: this error originates in the macro `uint_impl` (in Nightly builds, run with -Z macro-backtrace for more info)
[INFO] [stdout] help: consider removing the borrow
[INFO] [stdout]     |
[INFO] [stdout] 613 -         .div_ceil(&u64::from(bits))
[INFO] [stdout] 613 +         .div_ceil(u64::from(bits))
[INFO] [stdout]     |
[INFO] [stdout] help: you might have meant to call the other method; you can use the fully-qualified path to call it explicitly
[INFO] [stdout]     |
[INFO] [stdout] 611 ~     let digits = <_ as num_integer::Integer>::div_ceil(&u
[INFO] [stdout] 612 ~         .bits(), &u64::from(bits))
[INFO] [stdout]     |
[INFO] [stdout] 
[INFO] [stdout] 
[INFO] [stderr]     Checking time v0.1.44
[INFO] [stderr]     Checking lock_api v0.4.2
[INFO] [stdout] error[E0308]: mismatched types
[INFO] [stdout]    --> /opt/rustwide/cargo-home/registry/src/index.crates.io-1949cf8c6b5b557f/num-bigint-0.3.2/src/biguint.rs:393:54
[INFO] [stdout]     |
[INFO] [stdout] 393 |                 let root_scale = extra_bits.div_ceil(&n64);
[INFO] [stdout]     |                                             -------- ^^^^ expected `u64`, found `&u64`
[INFO] [stdout]     |                                             |
[INFO] [stdout]     |                                             arguments to this method are incorrect
[INFO] [stdout]     |
[INFO] [stdout] note: method defined here
[INFO] [stdout]    --> /rustc/3154cc1a3e6424e44f438a95007d043ed5ceaaf6/library/core/src/num/uint_macros.rs:3811:21
[INFO] [stdout]    --> /rustc/3154cc1a3e6424e44f438a95007d043ed5ceaaf6/library/core/src/num/mod.rs:1327:4
[INFO] [stdout]    ::: /rustc/3154cc1a3e6424e44f438a95007d043ed5ceaaf6/library/core/src/num/mod.rs:1351:5
[INFO] [stdout]     |
[INFO] [stdout]     = note: in this macro invocation
[INFO] [stdout] note: the `div_ceil` call is resolved to the method in `core::num::<impl u64>`, shadowing the method of the same name on trait `num_integer::Integer`
[INFO] [stdout]    --> /opt/rustwide/cargo-home/registry/src/index.crates.io-1949cf8c6b5b557f/num-bigint-0.3.2/src/biguint.rs:393:45
[INFO] [stdout]     |
[INFO] [stdout] 393 |                 let root_scale = extra_bits.div_ceil(&n64);
[INFO] [stdout]     |                                             ^^^^^^^^ refers to `core::num::<impl u64>::div_ceil`
[INFO] [stdout]     = note: this error originates in the macro `uint_impl` (in Nightly builds, run with -Z macro-backtrace for more info)
[INFO] [stdout] help: consider removing the borrow
[INFO] [stdout]     |
[INFO] [stdout] 393 -                 let root_scale = extra_bits.div_ceil(&n64);
[INFO] [stdout] 393 +                 let root_scale = extra_bits.div_ceil(n64);
[INFO] [stdout]     |
[INFO] [stdout] help: you might have meant to call the other method; you can use the fully-qualified path to call it explicitly
[INFO] [stdout]     |
[INFO] [stdout] 393 -                 let root_scale = extra_bits.div_ceil(&n64);
[INFO] [stdout] 393 +                 let root_scale = <_ as num_integer::Integer>::div_ceil(&extra_bits, &n64);
[INFO] [stdout]     |
[INFO] [stdout] 
[INFO] [stdout] 
[INFO] [stderr]    Compiling serde v1.0.125
[INFO] [stderr]     Checking try-lock v0.2.3
[INFO] [stderr]     Checking crypto_api v0.2.2
[INFO] [stderr]     Checking atomic-shim v0.1.0
[INFO] [stderr]     Checking futures v0.1.31
[INFO] [stderr]     Checking hashbrown v0.9.1
[INFO] [stderr]     Checking futures-task v0.3.13
[INFO] [stderr]     Checking crypto_api_chachapoly v0.4.3
[INFO] [stderr]     Checking futures-util v0.3.13
[INFO] [stdout] For more information about this error, try `rustc --explain E0308`.
[INFO] [stdout] 
[INFO] [stderr] error: could not compile `num-bigint` (lib) due to 4 previous errors
[INFO] [stderr] warning: build failed, waiting for other jobs to finish...
[INFO] running `Command { std: "docker" "inspect" "8410efcbc1249fb4f671c18186ab77a2d5f0025571209a06f379157b589a5aa1", kill_on_drop: false }`
[INFO] running `Command { std: "docker" "rm" "-f" "8410efcbc1249fb4f671c18186ab77a2d5f0025571209a06f379157b589a5aa1", kill_on_drop: false }`
[INFO] [stdout] 8410efcbc1249fb4f671c18186ab77a2d5f0025571209a06f379157b589a5aa1
