[INFO] cloning repository https://github.com/bookamp/dlss-studio
[INFO] running `Command { std: "git" "-c" "credential.helper=" "-c" "credential.helper=/workspace/cargo-home/bin/git-credential-null" "clone" "--bare" "https://github.com/bookamp/dlss-studio" "/workspace/cache/git-repos/https%3A%2F%2Fgithub.com%2Fbookamp%2Fdlss-studio", kill_on_drop: false }`
[INFO] [stderr] Cloning into bare repository '/workspace/cache/git-repos/https%3A%2F%2Fgithub.com%2Fbookamp%2Fdlss-studio'...
[INFO] running `Command { std: "git" "rev-parse" "HEAD", kill_on_drop: false }`
[INFO] [stdout] 1d7fffeb0c6b0ee37114a15ef696c30f3a547e90
[INFO] checking bookamp/dlss-studio against 3154cc1a3e6424e44f438a95007d043ed5ceaaf6+rustflags=-Znext-solver=coherence for pr-133502-30
[INFO] running `Command { std: "git" "clone" "/workspace/cache/git-repos/https%3A%2F%2Fgithub.com%2Fbookamp%2Fdlss-studio" "/workspace/builds/worker-5-tc1/source", kill_on_drop: false }`
[INFO] [stderr] Cloning into '/workspace/builds/worker-5-tc1/source'...
[INFO] [stderr] done.
[INFO] removed /workspace/builds/worker-5-tc1/source/.cargo/config.toml
[INFO] started tweaking git repo https://github.com/bookamp/dlss-studio
[INFO] removed 0 missing tests
[INFO] finished tweaking git repo https://github.com/bookamp/dlss-studio
[INFO] tweaked toml for git repo https://github.com/bookamp/dlss-studio written to /workspace/builds/worker-5-tc1/source/Cargo.toml
[INFO] validating manifest of git repo https://github.com/bookamp/dlss-studio on toolchain 3154cc1a3e6424e44f438a95007d043ed5ceaaf6
[INFO] running `Command { std: CARGO_HOME="/workspace/cargo-home" RUSTUP_HOME="/workspace/rustup-home" "/workspace/cargo-home/bin/cargo" "+3154cc1a3e6424e44f438a95007d043ed5ceaaf6" "metadata" "--manifest-path" "Cargo.toml" "--no-deps", kill_on_drop: false }`
[INFO] crate git repo https://github.com/bookamp/dlss-studio already has a lockfile, it will not be regenerated
[INFO] running `Command { std: CARGO_HOME="/workspace/cargo-home" RUSTUP_HOME="/workspace/rustup-home" "/workspace/cargo-home/bin/cargo" "+3154cc1a3e6424e44f438a95007d043ed5ceaaf6" "fetch" "--manifest-path" "Cargo.toml", kill_on_drop: false }`
[INFO] [stderr]     Updating crates.io index
[INFO] [stderr]  Downloading crates ...
[INFO] [stderr]   Downloaded dataview v1.0.2
[INFO] [stderr]   Downloaded keyvalues-parser v0.2.4
[INFO] [stderr]   Downloaded pelite-macros v0.1.1
[INFO] [stderr]   Downloaded derive_pod v0.1.2
[INFO] [stderr]   Downloaded pelite v0.10.0
[INFO] running `Command { std: "docker" "create" "-v" "/var/lib/crater-agent-workspace/builds/worker-5-tc1/source:/opt/rustwide/workdir:ro,Z" "-v" "/var/lib/crater-agent-workspace/builds/worker-5-tc1/target:/opt/rustwide/target:rw,Z" "-v" "/var/lib/crater-agent-workspace/cargo-home:/opt/rustwide/cargo-home:ro,Z" "-v" "/var/lib/crater-agent-workspace/rustup-home:/opt/rustwide/rustup-home:ro,Z" "-m" "1610612736" "--network" "none" "ghcr.io/rust-lang/crates-build-env/linux@sha256:77db811e55d90add9212f6832c23229e3de5f1c1f9905e8cb07319ea15df73ac" "sleep" "infinity", kill_on_drop: false }`
[INFO] [stdout] 6697e5ae31af7029c09925244eb74e22d86ee318266a782f29308e840272cc92
[INFO] running `Command { std: "docker" "start" "6697e5ae31af7029c09925244eb74e22d86ee318266a782f29308e840272cc92", kill_on_drop: false }`
[INFO] running `Command { std: "docker" "inspect" "6697e5ae31af7029c09925244eb74e22d86ee318266a782f29308e840272cc92", kill_on_drop: false }`
[INFO] running `Command { std: "docker" "exec" "-e" "SOURCE_DIR=/opt/rustwide/workdir" "-e" "CARGO_HOME=/opt/rustwide/cargo-home" "-e" "RUSTUP_HOME=/opt/rustwide/rustup-home" "-e" "CARGO_TARGET_DIR=/opt/rustwide/target" "-w" "/opt/rustwide/workdir" "--user" "0:0" "6697e5ae31af7029c09925244eb74e22d86ee318266a782f29308e840272cc92" "/opt/rustwide/cargo-home/bin/cargo" "+3154cc1a3e6424e44f438a95007d043ed5ceaaf6" "metadata" "--no-deps" "--format-version=1", kill_on_drop: false }`
[INFO] running `Command { std: "docker" "inspect" "6697e5ae31af7029c09925244eb74e22d86ee318266a782f29308e840272cc92", kill_on_drop: false }`
[INFO] running `Command { std: "docker" "exec" "-e" "SOURCE_DIR=/opt/rustwide/workdir" "-e" "CARGO_HOME=/opt/rustwide/cargo-home" "-e" "RUSTUP_HOME=/opt/rustwide/rustup-home" "-e" "CARGO_TARGET_DIR=/opt/rustwide/target" "-e" "CARGO_INCREMENTAL=0" "-e" "RUST_BACKTRACE=full" "-e" "RUSTFLAGS=--cap-lints=forbid -Znext-solver=coherence" "-e" "RUSTDOCFLAGS=--cap-lints=forbid" "-w" "/opt/rustwide/workdir" "--user" "0:0" "6697e5ae31af7029c09925244eb74e22d86ee318266a782f29308e840272cc92" "/opt/rustwide/cargo-home/bin/cargo" "+3154cc1a3e6424e44f438a95007d043ed5ceaaf6" "check" "--frozen" "--all" "--all-targets" "--message-format=json", kill_on_drop: false }`
[INFO] [stderr]    Compiling proc-macro2 v1.0.107
[INFO] [stderr]    Compiling pkg-config v0.3.34
[INFO] [stderr]    Compiling libc v0.2.189
[INFO] [stderr]    Compiling indexmap v2.14.2
[INFO] [stderr]    Compiling winnow v0.5.40
[INFO] [stderr]    Compiling target-lexicon v0.12.16
[INFO] [stderr]    Compiling smallvec v1.16.0
[INFO] [stderr]     Checking serde_core v1.0.229
[INFO] [stderr]    Compiling version-compare v0.2.1
[INFO] [stderr]     Checking futures-core v0.3.34
[INFO] [stderr]     Checking once_cell v1.21.4
[INFO] [stderr]     Checking memchr v2.8.3
[INFO] [stderr]     Checking futures-io v0.3.34
[INFO] [stderr]    Compiling cfg-expr v0.15.8
[INFO] [stderr]     Checking futures-task v0.3.34
[INFO] [stderr]    Compiling quote v1.0.47
[INFO] [stderr]     Checking futures-sink v0.3.34
[INFO] [stderr]    Compiling serde v1.0.229
[INFO] [stderr]     Checking futures-channel v0.3.34
[INFO] [stderr]    Compiling syn v3.0.5
[INFO] [stderr]    Compiling syn v2.0.119
[INFO] [stderr]    Compiling proc-macro-error-attr v1.0.4
[INFO] [stderr]    Compiling syn v1.0.109
[INFO] [stderr]    Compiling proc-macro-error v1.0.4
[INFO] [stderr]     Checking tracing-core v0.1.36
[INFO] [stderr]     Checking itoa v1.0.18
[INFO] [stderr]    Compiling heck v0.4.1
[INFO] [stderr]    Compiling crossbeam-utils v0.8.23
[INFO] [stderr]     Checking bytes v1.12.1
[INFO] [stderr]     Checking writeable v0.6.4
[INFO] [stderr]     Checking litemap v0.8.3
[INFO] [stderr]    Compiling memoffset v0.9.1
[INFO] [stderr]    Compiling icu_normalizer_data v2.3.0
[INFO] [stderr]    Compiling icu_properties_data v2.3.0
[INFO] [stderr]    Compiling gio v0.18.4
[INFO] [stderr]     Checking errno v0.3.14
[INFO] [stderr]    Compiling find-msvc-tools v0.1.12
[INFO] [stderr]     Checking log v0.4.34
[INFO] [stderr]     Checking parking_lot_core v0.9.12
[INFO] [stderr]     Checking signal-hook-registry v1.4.8
[INFO] [stderr]    Compiling windows_x86_64_gnu v0.52.6
[INFO] [stderr]    Compiling cc v1.4.5
[INFO] [stderr]    Compiling semver v1.0.28
[INFO] [stderr]     Checking parking_lot v0.12.5
[INFO] [stderr]     Checking socket2 v0.6.5
[INFO] [stderr]     Checking mio v1.2.3
[INFO] [stderr]     Checking dioxus-core-types v0.6.2
[INFO] [stderr]     Checking bitflags v2.13.1
[INFO] [stderr]    Compiling x11 v2.21.0
[INFO] [stderr]    Compiling slotmap v1.1.1
[INFO] [stderr]    Compiling zmij v1.0.23
[INFO] [stderr]    Compiling unicode-xid v0.2.6
[INFO] [stderr]    Compiling rustc_version v0.4.1
[INFO] [stderr]     Checking typenum v1.20.1
[INFO] [stderr]    Compiling rustversion v1.0.23
[INFO] [stderr]     Checking konst_macro_rules v0.2.19
[INFO] [stderr]    Compiling const_format_proc_macros v0.2.34
[INFO] [stderr]     Checking konst v0.2.20
[INFO] [stderr]    Compiling field-offset v0.3.6
[INFO] [stderr]     Checking generic-array v0.14.7
[INFO] [stderr]     Checking http v1.5.0
[INFO] [stderr]     Checking fastrand v2.5.0
[INFO] [stderr]     Checking rustc-hash v1.1.0
[INFO] [stderr]     Checking simd-adler32 v0.3.10
[INFO] [stderr]    Compiling zerocopy v0.8.56
[INFO] [stderr]    Compiling serde_json v1.0.151
[INFO] [stderr]     Checking event-listener-strategy v0.5.4
[INFO] [stderr]     Checking windows-targets v0.52.6
[INFO] [stderr]     Checking concurrent-queue v2.5.0
[INFO] [stderr]    Compiling gtk v0.18.2
[INFO] [stderr]     Checking longest-increasing-subsequence v0.1.0
[INFO] [stderr]    Compiling crc32fast v1.5.1
[INFO] [stderr]    Compiling toml_edit v0.25.13+spec-1.1.0
[INFO] [stderr]     Checking const_format v0.2.36
[INFO] [stderr]     Checking crypto-common v0.1.7
[INFO] [stderr]     Checking block-buffer v0.10.4
[INFO] [stderr]     Checking futures-lite v2.6.1
[INFO] [stderr]     Checking getrandom v0.2.17
[INFO] [stderr]    Compiling num-traits v0.2.19
[INFO] [stderr]    Compiling lazy-js-bundle v0.6.2
[INFO] [stderr]     Checking unicode-segmentation v1.13.3
[INFO] [stderr]    Compiling rustix v1.1.4
[INFO] [stderr]    Compiling synstructure v0.13.2
[INFO] [stderr]    Compiling darling_core v0.21.3
[INFO] [stderr]    Compiling zvariant_utils v2.1.0
[INFO] [stderr]    Compiling openssl-sys v0.9.111
[INFO] [stderr]     Checking rand_core v0.6.4
[INFO] [stderr]    Compiling proc-macro-crate v3.5.0
[INFO] [stderr]     Checking digest v0.10.7
[INFO] [stderr]    Compiling proc-macro2-diagnostics v0.10.1
[INFO] [stderr]     Checking async-task v4.7.1
[INFO] [stderr]     Checking miniz_oxide v0.9.1
[INFO] [stderr]     Checking async-channel v2.5.0
[INFO] [stderr]     Checking piper v0.2.5
[INFO] [stderr]    Compiling libxdo-sys v0.11.0
[INFO] [stderr]     Checking flate2 v1.1.10
[INFO] [stderr]    Compiling nix v0.29.0
[INFO] [stderr]    Compiling convert_case v0.6.0
[INFO] [stderr]     Checking blocking v1.7.0
[INFO] [stderr]     Checking sha1 v0.10.7
[INFO] [stderr]    Compiling serde_derive v1.0.229
[INFO] [stderr]    Compiling futures-macro v0.3.34
[INFO] [stderr]    Compiling displaydoc v0.2.7
[INFO] [stderr]    Compiling zerovec-derive v0.11.6
[INFO] [stderr]    Compiling zerofrom-derive v0.1.7
[INFO] [stderr]    Compiling yoke-derive v0.8.2
[INFO] [stderr]     Checking futures-util v0.3.34
[INFO] [stderr]    Compiling thiserror-impl v1.0.69
[INFO] [stderr]    Compiling tracing-attributes v0.1.31
[INFO] [stderr]    Compiling pin-project-internal v1.1.13
[INFO] [stderr]     Checking zerofrom v0.1.8
[INFO] [stderr]    Compiling tokio-macros v2.7.2
[INFO] [stderr]     Checking yoke v0.8.3
[INFO] [stderr]     Checking zerovec v0.11.8
[INFO] [stderr]     Checking thiserror v1.0.69
[INFO] [stderr]     Checking zerotrie v0.2.5
[INFO] [stderr]     Checking tokio v1.53.1
[INFO] [stderr]    Compiling warnings-macro v0.2.0
[INFO] [stderr]     Checking tinystr v0.8.4
[INFO] [stderr]     Checking potential_utf v0.1.6
[INFO] [stderr]     Checking tracing v0.1.44
[INFO] [stderr]     Checking pin-project v1.1.13
[INFO] [stderr]     Checking icu_locale_core v2.3.0
[INFO] [stderr]     Checking icu_collections v2.3.0
[INFO] [stderr]     Checking ppv-lite86 v0.2.21
[INFO] [stderr]     Checking generational-box v0.6.2
[INFO] [stderr]     Checking warnings v0.2.1
[INFO] [stderr]     Checking rand_chacha v0.3.1
[INFO] [stderr]    Compiling darling_macro v0.21.3
[INFO] [stderr]    Compiling enumflags2_derive v0.7.12
[INFO] [stderr]    Compiling async-trait v0.1.92
[INFO] [stderr]     Checking keyboard-types v0.7.0
[INFO] [stderr]    Compiling toml_datetime v0.6.3
[INFO] [stderr]    Compiling serde_spanned v0.6.9
[INFO] [stderr]     Checking icu_provider v2.3.1
[INFO] [stderr]    Compiling serde_repr v0.1.21
[INFO] [stderr]    Compiling toml_edit v0.20.2
[INFO] [stderr]     Checking icu_normalizer v2.3.0
[INFO] [stderr]     Checking futures-executor v0.3.34
[INFO] [stderr]     Checking icu_properties v2.3.0
[INFO] [stderr]    Compiling toml_edit v0.19.15
[INFO] [stderr]     Checking dioxus-core v0.6.3
[INFO] [stderr]     Checking enumflags2 v0.7.12
[INFO] [stderr]    Compiling darling v0.21.3
[INFO] [stderr]     Checking rand v0.8.8
[INFO] [stderr]     Checking polling v3.11.0
[INFO] [stderr]    Compiling const-serialize-macro v0.6.2
[INFO] [stderr]    Compiling zvariant_derive v4.2.0
[INFO] [stderr]     Checking crossbeam-channel v0.5.17
[INFO] [stderr]    Compiling x11-dl v2.21.0
[INFO] [stderr]     Checking endi v1.1.1
[INFO] [stderr]     Checking static_assertions v1.1.0
[INFO] [stderr]     Checking async-io v2.6.0
[INFO] [stderr]    Compiling enumset_derive v0.15.0
[INFO] [stderr]     Checking idna_adapter v1.2.2
[INFO] [stderr]    Compiling dioxus-rsx v0.6.2
[INFO] [stderr]     Checking idna v1.1.0
[INFO] [stderr]     Checking url v2.5.8
[INFO] [stderr]     Checking miniz_oxide v0.8.9
[INFO] [stderr]    Compiling toml v0.8.2
[INFO] [stderr]    Compiling proc-macro-crate v2.0.2
[INFO] [stderr]    Compiling proc-macro-crate v1.3.1
[INFO] [stderr]     Checking dioxus-signals v0.6.3
[INFO] [stderr]     Checking zvariant v4.2.0
[INFO] [stderr]    Compiling system-deps v6.2.2
[INFO] [stderr]     Checking windows-result v0.2.0
[INFO] [stderr]     Checking async-lock v3.4.2
[INFO] [stderr]     Checking fdeflate v0.3.7
[INFO] [stderr]     Checking http-body v1.1.0
[INFO] [stderr]    Compiling openssl v0.10.75
[INFO] [stderr]     Checking foreign-types-shared v0.1.1
[INFO] [stderr]     Checking dpi v0.1.2
[INFO] [stderr]    Compiling thiserror v2.0.20
[INFO] [stderr]    Compiling glib-macros v0.18.5
[INFO] [stderr]     Checking foreign-types v0.3.2
[INFO] [stderr]    Compiling gtk3-macros v0.18.2
[INFO] [stderr]     Checking dioxus-hooks v0.6.2
[INFO] [stderr]     Checking windows-strings v0.1.0
[INFO] [stderr]    Compiling dioxus-core-macro v0.6.3
[INFO] [stderr]     Checking async-fs v2.2.0
[INFO] [stderr]     Checking enumset v1.1.14
[INFO] [stderr]     Checking libxdo v0.6.0
[INFO] [stderr]    Compiling glib-sys v0.18.1
[INFO] [stderr]    Compiling gobject-sys v0.18.0
[INFO] [stderr]    Compiling gio-sys v0.18.1
[INFO] [stderr]    Compiling gdk-sys v0.18.2
[INFO] [stderr]    Compiling gdk-pixbuf-sys v0.18.0
[INFO] [stderr]    Compiling cairo-sys-rs v0.18.2
[INFO] [stderr]    Compiling pango-sys v0.18.0
[INFO] [stderr]    Compiling atk-sys v0.18.2
[INFO] [stderr]    Compiling gtk-sys v0.18.2
[INFO] [stderr]    Compiling soup3-sys v0.5.0
[INFO] [stderr]    Compiling javascriptcore-rs-sys v1.1.1
[INFO] [stderr]    Compiling webkit2gtk-sys v2.0.1
[INFO] [stderr]    Compiling gdkx11-sys v0.18.2
[INFO] [stderr]     Checking euclid v0.22.14
[INFO] [stderr]    Compiling windows-implement v0.58.0
[INFO] [stderr]    Compiling zbus_macros v4.4.0
[INFO] [stderr]    Compiling dioxus-html-internal-macro v0.6.2
[INFO] [stderr]    Compiling windows-interface v0.58.0
[INFO] [stderr]    Compiling openssl-macros v0.1.1
[INFO] [stderr]     Checking zbus_names v3.0.0
[INFO] [stderr]    Compiling thiserror-impl v2.0.20
[INFO] [stderr]     Checking async-executor v1.14.0
[INFO] [stderr]     Checking async-broadcast v0.7.2
[INFO] [stderr]     Checking xdg-home v1.3.0
[INFO] [stderr]     Checking libloading v0.7.4
[INFO] [stderr]     Checking ordered-stream v0.2.0
[INFO] [stderr]    Compiling native-tls v0.2.18
[INFO] [stderr]     Checking dioxus-cli-config v0.6.3
[INFO] [stderr]     Checking option-ext v0.2.0
[INFO] [stderr]     Checking raw-window-handle v0.6.2
[INFO] [stderr]     Checking dirs-sys v0.5.0
[INFO] [stderr]     Checking glib v0.18.5
[INFO] [stderr]     Checking windows-core v0.58.0
[INFO] [stderr]     Checking dioxus-html v0.6.3
[INFO] [stderr]     Checking async-net v2.0.0
[INFO] [stderr]    Compiling const-serialize v0.6.2
[INFO] [stderr]    Compiling sledgehammer_bindgen_macro v0.6.5
[INFO] [stderr]    Compiling dlopen2_derive v0.4.3
[INFO] [stderr]    Compiling dioxus-document v0.6.3
[INFO] [stderr]    Compiling dioxus-interpreter-js v0.6.2
[INFO] [stderr]     Checking uuid v1.26.0
[INFO] [stderr]     Checking data-encoding v2.11.1
[INFO] [stderr]     Checking libappindicator-sys v0.9.0
[INFO] [stderr]     Checking zbus v4.4.0
[INFO] [stderr]     Checking openssl-probe v0.2.1
[INFO] [stderr]    Compiling wry v0.45.0
[INFO] [stderr]    Compiling signal-hook v0.3.18
[INFO] [stderr]    Compiling rfd v0.14.1
[INFO] [stderr]     Checking cfb v0.7.3
[INFO] [stderr]     Checking tungstenite v0.23.0
[INFO] [stderr]     Checking dlopen2 v0.7.0
[INFO] [stderr]    Compiling manganis-core v0.6.2
[INFO] [stderr]     Checking sledgehammer_bindgen v0.6.0
[INFO] [stderr]     Checking windows v0.58.0
[INFO] [stderr]     Checking hyper v1.11.1
[INFO] [stderr]     Checking dirs v6.0.0
[INFO] [stderr]     Checking gdkwayland-sys v0.18.2
[INFO] [stderr]     Checking png v0.17.16
[INFO] [stderr]     Checking dioxus-devtools-types v0.6.2
[INFO] [stderr]    Compiling dioxus-desktop v0.6.3
[INFO] [stderr]    Compiling libmimalloc-sys v0.1.49
[INFO] [stderr]     Checking sledgehammer_utils v0.3.1
[INFO] [stderr]     Checking instant v0.1.13
[INFO] [stderr]     Checking thread_local v1.1.10
[INFO] [stderr]     Checking sync_wrapper v1.0.2
[INFO] [stderr]     Checking ipnet v2.12.2
[INFO] [stderr]     Checking raw-window-handle v0.5.2
[INFO] [stderr]    Compiling dunce v1.0.5
[INFO] [stderr]     Checking pollster v0.3.0
[INFO] [stderr]    Compiling adler2 v2.0.1
[INFO] [stderr]     Checking urlencoding v2.1.3
[INFO] [stderr]     Checking webbrowser v0.8.15
[INFO] [stderr]     Checking hyper-util v0.1.20
[INFO] [stderr]     Checking tower v0.5.3
[INFO] [stderr]    Compiling manganis-macro v0.6.2
[INFO] [stderr]     Checking tracing-subscriber v0.3.23
[INFO] [stderr]     Checking dioxus-devtools v0.6.2
[INFO] [stderr]     Checking infer v0.11.0
[INFO] [stderr]     Checking global-hotkey v0.5.5
[INFO] [stderr]     Checking http-body-util v0.1.5
[INFO] [stderr]     Checking dioxus-history v0.6.2
[INFO] [stderr]     Checking aho-corasick v1.1.5
[INFO] [stderr]     Checking regex-syntax v0.8.11
[INFO] [stderr]     Checking tokio-native-tls v0.3.1
[INFO] [stderr]     Checking zeroize v1.9.0
[INFO] [stderr]     Checking pxfm v0.1.30
[INFO] [stderr]     Checking bumpalo v3.20.3
[INFO] [stderr]     Checking zune-core v0.5.3
[INFO] [stderr]     Checking quick-error v2.0.1
[INFO] [stderr]    Compiling zip v2.4.2
[INFO] [stderr]    Compiling derive_pod v0.1.2
[INFO] [stderr]     Checking byteorder-lite v0.1.0
[INFO] [stderr]     Checking hashbrown v0.17.1
[INFO] [stderr]     Checking image-webp v0.2.4
[INFO] [stderr]     Checking dataview v1.0.2
[INFO] [stderr]     Checking serde_urlencoded v0.7.1
[INFO] [stderr]     Checking zune-jpeg v0.5.15
[INFO] [stderr]     Checking pest v2.9.1
[INFO] [stderr]     Checking regex-automata v0.4.18
[INFO] [stderr]     Checking zopfli v0.8.3
[INFO] [stderr]     Checking dioxus-logger v0.6.2
[INFO] [stderr]     Checking hyper-tls v0.6.0
[INFO] [stderr]     Checking rustls-pki-types v1.15.1
[INFO] [stderr]     Checking manganis v0.6.2
[INFO] [stderr]    Compiling dlss-studio v2.0.2 (/opt/rustwide/workdir)
[INFO] [stderr]     Checking tower-http v0.6.11
[INFO] [stderr]     Checking png v0.18.1
[INFO] [stderr]     Checking ashpd v0.8.2
[INFO] [stderr]    Compiling dioxus-config-macro v0.6.2
[INFO] [stdout] error[E0252]: the name `AsyncReadExt` is defined multiple times
[INFO] [stdout]   --> /opt/rustwide/cargo-home/registry/src/index.crates.io-1949cf8c6b5b557f/ashpd-0.8.2/src/desktop/secret.rs:28:13
[INFO] [stdout]    |
[INFO] [stdout] 26 | use futures_util::AsyncReadExt;
[INFO] [stdout]    |     -------------------------- previous import of the trait `AsyncReadExt` here
[INFO] [stdout] 27 | #[cfg(feature = "tokio")]
[INFO] [stdout] 28 | use tokio::{io::AsyncReadExt, net::UnixStream};
[INFO] [stdout]    |             ^^^^^^^^^^^^^^^^ `AsyncReadExt` reimported here
[INFO] [stdout]    |
[INFO] [stdout]    = note: `AsyncReadExt` must be defined only once in the type namespace of this module
[INFO] [stdout] help: you can use `as` to change the binding name of the import
[INFO] [stdout]    |
[INFO] [stdout] 28 | use tokio::{io::AsyncReadExt as OtherAsyncReadExt, net::UnixStream};
[INFO] [stdout]    |                              ++++++++++++++++++++
[INFO] [stdout] 
[INFO] [stdout] 
[INFO] [stdout] error[E0252]: the name `UnixStream` is defined multiple times
[INFO] [stdout]   --> /opt/rustwide/cargo-home/registry/src/index.crates.io-1949cf8c6b5b557f/ashpd-0.8.2/src/desktop/secret.rs:28:31
[INFO] [stdout]    |
[INFO] [stdout] 24 | use async_net::unix::UnixStream;
[INFO] [stdout]    |     --------------------------- previous import of the type `UnixStream` here
[INFO] [stdout] ...
[INFO] [stdout] 28 | use tokio::{io::AsyncReadExt, net::UnixStream};
[INFO] [stdout]    |                               ^^^^^^^^^^^^^^^ `UnixStream` reimported here
[INFO] [stdout]    |
[INFO] [stdout]    = note: `UnixStream` must be defined only once in the type namespace of this module
[INFO] [stdout] help: you can use `as` to change the binding name of the import
[INFO] [stdout]    |
[INFO] [stdout] 28 | use tokio::{io::AsyncReadExt, net::UnixStream as OtherUnixStream};
[INFO] [stdout]    |                                               ++++++++++++++++++
[INFO] [stdout] 
[INFO] [stdout] 
[INFO] [stdout] error[E0252]: the name `File` is defined multiple times
[INFO] [stdout]  --> /opt/rustwide/cargo-home/registry/src/index.crates.io-1949cf8c6b5b557f/ashpd-0.8.2/src/helpers.rs:6:13
[INFO] [stdout]   |
[INFO] [stdout] 2 | use async_fs::File;
[INFO] [stdout]   |     -------------- previous import of the type `File` here
[INFO] [stdout] ...
[INFO] [stdout] 6 | use tokio::{fs::File, io::AsyncReadExt};
[INFO] [stdout]   |             ^^^^^^^^ `File` reimported here
[INFO] [stdout]   |
[INFO] [stdout]   = note: `File` must be defined only once in the type namespace of this module
[INFO] [stdout] help: you can use `as` to change the binding name of the import
[INFO] [stdout]   |
[INFO] [stdout] 6 | use tokio::{fs::File as OtherFile, io::AsyncReadExt};
[INFO] [stdout]   |                      ++++++++++++
[INFO] [stdout] 
[INFO] [stdout] 
[INFO] [stdout] error[E0252]: the name `AsyncReadExt` is defined multiple times
[INFO] [stdout]  --> /opt/rustwide/cargo-home/registry/src/index.crates.io-1949cf8c6b5b557f/ashpd-0.8.2/src/helpers.rs:6:23
[INFO] [stdout]   |
[INFO] [stdout] 4 | use futures_util::AsyncReadExt;
[INFO] [stdout]   |     -------------------------- previous import of the trait `AsyncReadExt` here
[INFO] [stdout] 5 | #[cfg(feature = "tokio")]
[INFO] [stdout] 6 | use tokio::{fs::File, io::AsyncReadExt};
[INFO] [stdout]   |                       ^^^^^^^^^^^^^^^^ `AsyncReadExt` reimported here
[INFO] [stdout]   |
[INFO] [stdout]   = note: `AsyncReadExt` must be defined only once in the type namespace of this module
[INFO] [stdout] help: you can use `as` to change the binding name of the import
[INFO] [stdout]   |
[INFO] [stdout] 6 | use tokio::{fs::File, io::AsyncReadExt as OtherAsyncReadExt};
[INFO] [stdout]   |                                        ++++++++++++++++++++
[INFO] [stdout] 
[INFO] [stdout] 
[INFO] [stdout] error: You can't enable both async-std & tokio features at once
[INFO] [stdout]   --> /opt/rustwide/cargo-home/registry/src/index.crates.io-1949cf8c6b5b557f/ashpd-0.8.2/src/lib.rs:10:1
[INFO] [stdout]    |
[INFO] [stdout] 10 | compile_error!("You can't enable both async-std & tokio features at once");
[INFO] [stdout]    | ^^^^^^^^^^^^^^^^^^^^^^^^^^^^^^^^^^^^^^^^^^^^^^^^^^^^^^^^^^^^^^^^^^^^^^^^^^
[INFO] [stdout] 
[INFO] [stdout] 
[INFO] [stderr]     Checking bytemuck v1.25.2
[INFO] [stderr]    Compiling pelite-macros v0.1.1
[INFO] [stderr]     Checking moxcms v0.8.1
[INFO] [stderr]     Checking cairo-rs v0.18.5
[INFO] [stdout] For more information about this error, try `rustc --explain E0252`.
[INFO] [stdout] 
[INFO] [stderr]     Checking atk v0.18.2
[INFO] [stderr] error: could not compile `ashpd` (lib) due to 5 previous errors
[INFO] [stderr] warning: build failed, waiting for other jobs to finish...
[INFO] running `Command { std: "docker" "inspect" "6697e5ae31af7029c09925244eb74e22d86ee318266a782f29308e840272cc92", kill_on_drop: false }`
[INFO] running `Command { std: "docker" "rm" "-f" "6697e5ae31af7029c09925244eb74e22d86ee318266a782f29308e840272cc92", kill_on_drop: false }`
[INFO] [stdout] 6697e5ae31af7029c09925244eb74e22d86ee318266a782f29308e840272cc92
