[INFO] cloning repository https://github.com/bonzupii/cinnabar
[INFO] running `Command { std: "git" "-c" "credential.helper=" "-c" "credential.helper=/workspace/cargo-home/bin/git-credential-null" "clone" "--bare" "https://github.com/bonzupii/cinnabar" "/workspace/cache/git-repos/https%3A%2F%2Fgithub.com%2Fbonzupii%2Fcinnabar", kill_on_drop: false }`
[INFO] [stderr] Cloning into bare repository '/workspace/cache/git-repos/https%3A%2F%2Fgithub.com%2Fbonzupii%2Fcinnabar'...
[INFO] running `Command { std: "git" "rev-parse" "HEAD", kill_on_drop: false }`
[INFO] [stdout] 0a2a73a0de2a992e93c20f001910eb619c5200f5
[INFO] checking bonzupii/cinnabar against 3154cc1a3e6424e44f438a95007d043ed5ceaaf6+rustflags=-Znext-solver=coherence for pr-133502-30
[INFO] running `Command { std: "git" "clone" "/workspace/cache/git-repos/https%3A%2F%2Fgithub.com%2Fbonzupii%2Fcinnabar" "/workspace/builds/worker-7-tc1/source", kill_on_drop: false }`
[INFO] [stderr] Cloning into '/workspace/builds/worker-7-tc1/source'...
[INFO] [stderr] done.
[INFO] started tweaking git repo https://github.com/bonzupii/cinnabar
[INFO] finished tweaking git repo https://github.com/bonzupii/cinnabar
[INFO] tweaked toml for git repo https://github.com/bonzupii/cinnabar written to /workspace/builds/worker-7-tc1/source/Cargo.toml
[INFO] validating manifest of git repo https://github.com/bonzupii/cinnabar on toolchain 3154cc1a3e6424e44f438a95007d043ed5ceaaf6
[INFO] running `Command { std: CARGO_HOME="/workspace/cargo-home" RUSTUP_HOME="/workspace/rustup-home" "/workspace/cargo-home/bin/cargo" "+3154cc1a3e6424e44f438a95007d043ed5ceaaf6" "metadata" "--manifest-path" "Cargo.toml" "--no-deps", kill_on_drop: false }`
[INFO] crate git repo https://github.com/bonzupii/cinnabar already has a lockfile, it will not be regenerated
[INFO] running `Command { std: CARGO_HOME="/workspace/cargo-home" RUSTUP_HOME="/workspace/rustup-home" "/workspace/cargo-home/bin/cargo" "+3154cc1a3e6424e44f438a95007d043ed5ceaaf6" "fetch" "--manifest-path" "Cargo.toml", kill_on_drop: false }`
[INFO] [stderr]     Updating crates.io index
[INFO] [stderr]  Downloading crates ...
[INFO] [stderr]   Downloaded lsp-server v0.10.0
[INFO] [stderr]   Downloaded ariadne v0.6.0
[INFO] [stderr]   Downloaded llvm-sys v211.0.1
[INFO] [stderr]   Downloaded inkwell_internals v0.15.0
[INFO] [stderr]   Downloaded inkwell v0.10.0
[INFO] running `Command { std: "docker" "create" "-v" "/var/lib/crater-agent-workspace/builds/worker-7-tc1/source:/opt/rustwide/workdir:ro,Z" "-v" "/var/lib/crater-agent-workspace/builds/worker-7-tc1/target:/opt/rustwide/target:rw,Z" "-v" "/var/lib/crater-agent-workspace/cargo-home:/opt/rustwide/cargo-home:ro,Z" "-v" "/var/lib/crater-agent-workspace/rustup-home:/opt/rustwide/rustup-home:ro,Z" "-m" "1610612736" "--network" "none" "ghcr.io/rust-lang/crates-build-env/linux@sha256:77db811e55d90add9212f6832c23229e3de5f1c1f9905e8cb07319ea15df73ac" "sleep" "infinity", kill_on_drop: false }`
[INFO] [stdout] 7fd7f646b28e422279896f74490b7c627d75e35ff5be6b85be6163f6ffa9fbbe
[INFO] running `Command { std: "docker" "start" "7fd7f646b28e422279896f74490b7c627d75e35ff5be6b85be6163f6ffa9fbbe", kill_on_drop: false }`
[INFO] running `Command { std: "docker" "inspect" "7fd7f646b28e422279896f74490b7c627d75e35ff5be6b85be6163f6ffa9fbbe", kill_on_drop: false }`
[INFO] running `Command { std: "docker" "exec" "-e" "SOURCE_DIR=/opt/rustwide/workdir" "-e" "CARGO_HOME=/opt/rustwide/cargo-home" "-e" "RUSTUP_HOME=/opt/rustwide/rustup-home" "-e" "CARGO_TARGET_DIR=/opt/rustwide/target" "-w" "/opt/rustwide/workdir" "--user" "0:0" "7fd7f646b28e422279896f74490b7c627d75e35ff5be6b85be6163f6ffa9fbbe" "/opt/rustwide/cargo-home/bin/cargo" "+3154cc1a3e6424e44f438a95007d043ed5ceaaf6" "metadata" "--no-deps" "--format-version=1", kill_on_drop: false }`
[INFO] running `Command { std: "docker" "inspect" "7fd7f646b28e422279896f74490b7c627d75e35ff5be6b85be6163f6ffa9fbbe", kill_on_drop: false }`
[INFO] running `Command { std: "docker" "exec" "-e" "SOURCE_DIR=/opt/rustwide/workdir" "-e" "CARGO_HOME=/opt/rustwide/cargo-home" "-e" "RUSTUP_HOME=/opt/rustwide/rustup-home" "-e" "CARGO_TARGET_DIR=/opt/rustwide/target" "-e" "CARGO_INCREMENTAL=0" "-e" "RUST_BACKTRACE=full" "-e" "RUSTFLAGS=--cap-lints=forbid -Znext-solver=coherence" "-e" "RUSTDOCFLAGS=--cap-lints=forbid" "-w" "/opt/rustwide/workdir" "--user" "0:0" "7fd7f646b28e422279896f74490b7c627d75e35ff5be6b85be6163f6ffa9fbbe" "/opt/rustwide/cargo-home/bin/cargo" "+3154cc1a3e6424e44f438a95007d043ed5ceaaf6" "check" "--frozen" "--all" "--all-targets" "--message-format=json", kill_on_drop: false }`
[INFO] [stderr]    Compiling semver v1.0.28
[INFO] [stderr]    Compiling regex-lite v0.1.9
[INFO] [stderr]    Compiling crossbeam-utils v0.8.22
[INFO] [stderr]    Compiling serde v1.0.229
[INFO] [stderr]    Compiling anyhow v1.0.104
[INFO] [stderr]    Compiling cc v1.4.0
[INFO] [stderr]    Compiling inkwell v0.10.0
[INFO] [stderr]    Compiling syn v3.0.3
[INFO] [stderr]     Checking memchr v2.8.3
[INFO] [stderr]     Checking yansi v1.0.1
[INFO] [stderr]     Checking log v0.4.33
[INFO] [stderr]    Compiling cinnabar v0.1.0 (/opt/rustwide/workdir)
[INFO] [stderr]     Checking unicode-width v0.2.2
[INFO] [stderr]    Compiling wasm-bindgen-shared v0.2.127
[INFO] [stderr]     Checking clap v4.6.6
[INFO] [stderr]    Compiling syn v2.0.119
[INFO] [stderr]    Compiling bumpalo v3.20.3
[INFO] [stderr]    Compiling wasm-bindgen v0.2.127
[INFO] [stderr]     Checking once_cell v1.21.4
[INFO] [stderr]     Checking ariadne v0.6.0
[INFO] [stderr]     Checking serde_json v1.0.151
[INFO] [stderr]     Checking crossbeam-channel v0.5.16
[INFO] [stderr]    Compiling llvm-sys v211.0.1
[INFO] [stderr]    Compiling thiserror-impl v2.0.19
[INFO] [stderr]    Compiling serde_derive v1.0.229
[INFO] [stderr]    Compiling inkwell_internals v0.15.0
[INFO] [stderr]     Checking thiserror v2.0.19
[INFO] [stderr]    Compiling wasm-bindgen-macro-support v0.2.127
[INFO] [stderr]     Checking lsp-server v0.10.0
[INFO] [stderr]    Compiling wasm-bindgen-macro v0.2.127
[INFO] [stderr]     Checking cinnabar-wasm v0.1.0 (/opt/rustwide/workdir/crates/cinnabar-wasm)
[INFO] [stdout] error[E0061]: this function takes 3 arguments but 2 arguments were supplied
[INFO] [stdout]   --> crates/cinnabar-wasm/src/lib.rs:30:18
[INFO] [stdout]    |
[INFO] [stdout] 30 |     let result = analysis::analyze(ENTRY_PATH, &overlay);
[INFO] [stdout]    |                  ^^^^^^^^^^^^^^^^^---------------------- argument #3 of type `&Target` is missing
[INFO] [stdout]    |
[INFO] [stdout] note: function defined here
[INFO] [stdout]   --> src/analysis.rs:60:8
[INFO] [stdout]    |
[INFO] [stdout] 60 | pub fn analyze(entry_path: &str, overlay: &[(String, String)], target: &Target) -> Analysis {
[INFO] [stdout]    |        ^^^^^^^
[INFO] [stdout] help: provide the argument
[INFO] [stdout]    |
[INFO] [stdout] 30 |     let result = analysis::analyze(ENTRY_PATH, &overlay, /* &Target */);
[INFO] [stdout]    |                                                        +++++++++++++++
[INFO] [stdout] 
[INFO] [stdout] 
[INFO] [stdout] error[E0061]: this function takes 3 arguments but 2 arguments were supplied
[INFO] [stdout]   --> crates/cinnabar-wasm/src/lib.rs:59:18
[INFO] [stdout]    |
[INFO] [stdout] 59 |     let result = analysis::analyze(ENTRY_PATH, &overlay);
[INFO] [stdout]    |                  ^^^^^^^^^^^^^^^^^---------------------- argument #3 of type `&Target` is missing
[INFO] [stdout]    |
[INFO] [stdout] note: function defined here
[INFO] [stdout]   --> src/analysis.rs:60:8
[INFO] [stdout]    |
[INFO] [stdout] 60 | pub fn analyze(entry_path: &str, overlay: &[(String, String)], target: &Target) -> Analysis {
[INFO] [stdout]    |        ^^^^^^^
[INFO] [stdout] help: provide the argument
[INFO] [stdout]    |
[INFO] [stdout] 59 |     let result = analysis::analyze(ENTRY_PATH, &overlay, /* &Target */);
[INFO] [stdout]    |                                                        +++++++++++++++
[INFO] [stdout] 
[INFO] [stdout] 
[INFO] [stdout] For more information about this error, try `rustc --explain E0061`.
[INFO] [stdout] 
[INFO] [stderr] error: could not compile `cinnabar-wasm` (lib) due to 2 previous errors
[INFO] [stderr] warning: build failed, waiting for other jobs to finish...
[INFO] [stdout] error[E0061]: this function takes 3 arguments but 2 arguments were supplied
[INFO] [stdout]   --> crates/cinnabar-wasm/src/lib.rs:30:18
[INFO] [stdout]    |
[INFO] [stdout] 30 |     let result = analysis::analyze(ENTRY_PATH, &overlay);
[INFO] [stdout]    |                  ^^^^^^^^^^^^^^^^^---------------------- argument #3 of type `&Target` is missing
[INFO] [stdout]    |
[INFO] [stdout] note: function defined here
[INFO] [stdout]   --> src/analysis.rs:60:8
[INFO] [stdout]    |
[INFO] [stdout] 60 | pub fn analyze(entry_path: &str, overlay: &[(String, String)], target: &Target) -> Analysis {
[INFO] [stdout]    |        ^^^^^^^
[INFO] [stdout] help: provide the argument
[INFO] [stdout]    |
[INFO] [stdout] 30 |     let result = analysis::analyze(ENTRY_PATH, &overlay, /* &Target */);
[INFO] [stdout]    |                                                        +++++++++++++++
[INFO] [stdout] 
[INFO] [stdout] 
[INFO] [stdout] error[E0061]: this function takes 3 arguments but 2 arguments were supplied
[INFO] [stdout]   --> crates/cinnabar-wasm/src/lib.rs:59:18
[INFO] [stdout]    |
[INFO] [stdout] 59 |     let result = analysis::analyze(ENTRY_PATH, &overlay);
[INFO] [stdout]    |                  ^^^^^^^^^^^^^^^^^---------------------- argument #3 of type `&Target` is missing
[INFO] [stdout]    |
[INFO] [stdout] note: function defined here
[INFO] [stdout]   --> src/analysis.rs:60:8
[INFO] [stdout]    |
[INFO] [stdout] 60 | pub fn analyze(entry_path: &str, overlay: &[(String, String)], target: &Target) -> Analysis {
[INFO] [stdout]    |        ^^^^^^^
[INFO] [stdout] help: provide the argument
[INFO] [stdout]    |
[INFO] [stdout] 59 |     let result = analysis::analyze(ENTRY_PATH, &overlay, /* &Target */);
[INFO] [stdout]    |                                                        +++++++++++++++
[INFO] [stdout] 
[INFO] [stdout] 
[INFO] [stdout] For more information about this error, try `rustc --explain E0061`.
[INFO] [stdout] 
[INFO] [stderr] error: could not compile `cinnabar-wasm` (lib test) due to 2 previous errors
[INFO] running `Command { std: "docker" "inspect" "7fd7f646b28e422279896f74490b7c627d75e35ff5be6b85be6163f6ffa9fbbe", kill_on_drop: false }`
[INFO] running `Command { std: "docker" "rm" "-f" "7fd7f646b28e422279896f74490b7c627d75e35ff5be6b85be6163f6ffa9fbbe", kill_on_drop: false }`
[INFO] [stdout] 7fd7f646b28e422279896f74490b7c627d75e35ff5be6b85be6163f6ffa9fbbe
