[INFO] cloning repository https://github.com/bobjia/remdb
[INFO] running `Command { std: "git" "-c" "credential.helper=" "-c" "credential.helper=/workspace/cargo-home/bin/git-credential-null" "clone" "--bare" "https://github.com/bobjia/remdb" "/workspace/cache/git-repos/https%3A%2F%2Fgithub.com%2Fbobjia%2Fremdb", kill_on_drop: false }`
[INFO] [stderr] Cloning into bare repository '/workspace/cache/git-repos/https%3A%2F%2Fgithub.com%2Fbobjia%2Fremdb'...
[INFO] running `Command { std: "git" "rev-parse" "HEAD", kill_on_drop: false }`
[INFO] [stdout] f446895b44a629cc58aefa6ae263818c8ff7cdf6
[INFO] checking bobjia/remdb against 3154cc1a3e6424e44f438a95007d043ed5ceaaf6 for pr-133502-30
[INFO] running `Command { std: "git" "clone" "/workspace/cache/git-repos/https%3A%2F%2Fgithub.com%2Fbobjia%2Fremdb" "/workspace/builds/worker-5-tc2/source", kill_on_drop: false }`
[INFO] [stderr] Cloning into '/workspace/builds/worker-5-tc2/source'...
[INFO] [stderr] done.
[INFO] removed /workspace/builds/worker-5-tc2/source/.cargo/config.toml
[INFO] started tweaking git repo https://github.com/bobjia/remdb
[INFO] removed 0 missing examples
[INFO] finished tweaking git repo https://github.com/bobjia/remdb
[INFO] tweaked toml for git repo https://github.com/bobjia/remdb written to /workspace/builds/worker-5-tc2/source/Cargo.toml
[INFO] validating manifest of git repo https://github.com/bobjia/remdb on toolchain 3154cc1a3e6424e44f438a95007d043ed5ceaaf6
[INFO] running `Command { std: CARGO_HOME="/workspace/cargo-home" RUSTUP_HOME="/workspace/rustup-home" "/workspace/cargo-home/bin/cargo" "+3154cc1a3e6424e44f438a95007d043ed5ceaaf6" "metadata" "--manifest-path" "Cargo.toml" "--no-deps", kill_on_drop: false }`
[INFO] crate git repo https://github.com/bobjia/remdb already has a lockfile, it will not be regenerated
[INFO] running `Command { std: CARGO_HOME="/workspace/cargo-home" RUSTUP_HOME="/workspace/rustup-home" "/workspace/cargo-home/bin/cargo" "+3154cc1a3e6424e44f438a95007d043ed5ceaaf6" "fetch" "--manifest-path" "Cargo.toml", kill_on_drop: false }`
[INFO] [stderr] warning: `package.homepage` is redundant with `package.repository`
[INFO] [stderr]    --> Cargo.toml:367:12
[INFO] [stderr]     |
[INFO] [stderr] 367 | homepage = "https://github.com/bobjia/remdb"
[INFO] [stderr]     |            ^^^^^^^^^^^^^^^^^^^^^^^^^^^^^^^^^
[INFO] [stderr] ...
[INFO] [stderr] 370 | repository = "https://github.com/bobjia/remdb"
[INFO] [stderr]     |              ---------------------------------
[INFO] [stderr]     |
[INFO] [stderr]     = note: `cargo::redundant_homepage` is set to `warn` by default
[INFO] [stderr] help: consider removing `package.homepage`
[INFO] [stderr] warning: unused build dependency `cc`
[INFO] [stderr]   --> Cargo.toml:11:1
[INFO] [stderr]    |
[INFO] [stderr] 11 | cc = "1.0"
[INFO] [stderr]    | ^^^^^^^^^^
[INFO] [stderr]    |
[INFO] [stderr]    = note: `cargo::unused_dependencies` is set to `warn` by default
[INFO] [stderr] help: consider removing the dependency on `cc`
[INFO] [stderr] warning: `remdb` (manifest) generated 2 warnings
[INFO] [stderr] warning: `package.homepage` is redundant with `package.repository`
[INFO] [stderr]   --> remdb-macros/Cargo.toml:9:12
[INFO] [stderr]    |
[INFO] [stderr]  9 | homepage = "https://github.com/bobjia/remdb"
[INFO] [stderr]    |            ^^^^^^^^^^^^^^^^^^^^^^^^^^^^^^^^^
[INFO] [stderr] 10 | repository = "https://github.com/bobjia/remdb"
[INFO] [stderr]    |              ---------------------------------
[INFO] [stderr]    |
[INFO] [stderr]    = note: `cargo::redundant_homepage` is set to `warn` by default
[INFO] [stderr] help: consider removing `package.homepage`
[INFO] [stderr] warning: `remdb-macros` (manifest) generated 1 warning
[INFO] running `Command { std: "docker" "create" "-v" "/var/lib/crater-agent-workspace/builds/worker-5-tc2/source:/opt/rustwide/workdir:ro,Z" "-v" "/var/lib/crater-agent-workspace/builds/worker-5-tc2/target:/opt/rustwide/target:rw,Z" "-v" "/var/lib/crater-agent-workspace/cargo-home:/opt/rustwide/cargo-home:ro,Z" "-v" "/var/lib/crater-agent-workspace/rustup-home:/opt/rustwide/rustup-home:ro,Z" "-m" "1610612736" "--network" "none" "ghcr.io/rust-lang/crates-build-env/linux@sha256:77db811e55d90add9212f6832c23229e3de5f1c1f9905e8cb07319ea15df73ac" "sleep" "infinity", kill_on_drop: false }`
[INFO] [stdout] 8081fdabb2c7b1f69aea76264648076ae7951f1a3cdf18e0ff2352716d520615
[INFO] running `Command { std: "docker" "start" "8081fdabb2c7b1f69aea76264648076ae7951f1a3cdf18e0ff2352716d520615", kill_on_drop: false }`
[INFO] running `Command { std: "docker" "inspect" "8081fdabb2c7b1f69aea76264648076ae7951f1a3cdf18e0ff2352716d520615", kill_on_drop: false }`
[INFO] running `Command { std: "docker" "exec" "-e" "SOURCE_DIR=/opt/rustwide/workdir" "-e" "CARGO_HOME=/opt/rustwide/cargo-home" "-e" "RUSTUP_HOME=/opt/rustwide/rustup-home" "-e" "CARGO_TARGET_DIR=/opt/rustwide/target" "-w" "/opt/rustwide/workdir" "--user" "0:0" "8081fdabb2c7b1f69aea76264648076ae7951f1a3cdf18e0ff2352716d520615" "/opt/rustwide/cargo-home/bin/cargo" "+3154cc1a3e6424e44f438a95007d043ed5ceaaf6" "metadata" "--no-deps" "--format-version=1", kill_on_drop: false }`
[INFO] running `Command { std: "docker" "inspect" "8081fdabb2c7b1f69aea76264648076ae7951f1a3cdf18e0ff2352716d520615", kill_on_drop: false }`
[INFO] running `Command { std: "docker" "exec" "-e" "SOURCE_DIR=/opt/rustwide/workdir" "-e" "CARGO_HOME=/opt/rustwide/cargo-home" "-e" "RUSTUP_HOME=/opt/rustwide/rustup-home" "-e" "CARGO_TARGET_DIR=/opt/rustwide/target" "-e" "CARGO_INCREMENTAL=0" "-e" "RUST_BACKTRACE=full" "-e" "RUSTFLAGS=--cap-lints=forbid" "-e" "RUSTDOCFLAGS=--cap-lints=forbid" "-w" "/opt/rustwide/workdir" "--user" "0:0" "8081fdabb2c7b1f69aea76264648076ae7951f1a3cdf18e0ff2352716d520615" "/opt/rustwide/cargo-home/bin/cargo" "+3154cc1a3e6424e44f438a95007d043ed5ceaaf6" "check" "--frozen" "--all" "--all-targets" "--message-format=json", kill_on_drop: false }`
[INFO] [stderr] warning: `package.homepage` is redundant with `package.repository`
[INFO] [stderr]    --> Cargo.toml:367:12
[INFO] [stderr]     |
[INFO] [stderr] 367 | homepage = "https://github.com/bobjia/remdb"
[INFO] [stderr]     |            ^^^^^^^^^^^^^^^^^^^^^^^^^^^^^^^^^
[INFO] [stderr] ...
[INFO] [stderr] 370 | repository = "https://github.com/bobjia/remdb"
[INFO] [stderr]     |              ---------------------------------
[INFO] [stderr]     |
[INFO] [stderr]     = note: `cargo::redundant_homepage` is set to `warn` by default
[INFO] [stderr] help: consider removing `package.homepage`
[INFO] [stderr] warning: unused build dependency `cc`
[INFO] [stderr]   --> Cargo.toml:11:1
[INFO] [stderr]    |
[INFO] [stderr] 11 | cc = "1.0"
[INFO] [stderr]    | ^^^^^^^^^^
[INFO] [stderr]    |
[INFO] [stderr]    = note: `cargo::unused_dependencies` is set to `warn` by default
[INFO] [stderr] help: consider removing the dependency on `cc`
[INFO] [stderr] warning: `remdb` (manifest) generated 2 warnings
[INFO] [stderr] warning: `package.homepage` is redundant with `package.repository`
[INFO] [stderr]   --> remdb-macros/Cargo.toml:9:12
[INFO] [stderr]    |
[INFO] [stderr]  9 | homepage = "https://github.com/bobjia/remdb"
[INFO] [stderr]    |            ^^^^^^^^^^^^^^^^^^^^^^^^^^^^^^^^^
[INFO] [stderr] 10 | repository = "https://github.com/bobjia/remdb"
[INFO] [stderr]    |              ---------------------------------
[INFO] [stderr]    |
[INFO] [stderr]    = note: `cargo::redundant_homepage` is set to `warn` by default
[INFO] [stderr] help: consider removing `package.homepage`
[INFO] [stderr] warning: `remdb-macros` (manifest) generated 1 warning
[INFO] [stderr]    Compiling proc-macro2 v1.0.105
[INFO] [stderr]    Compiling quote v1.0.43
[INFO] [stderr]     Checking cfg-if v1.0.4
[INFO] [stderr]    Compiling libc v0.2.180
[INFO] [stderr]     Checking memchr v2.7.6
[INFO] [stderr]    Compiling zerocopy v0.8.33
[INFO] [stderr]     Checking once_cell v1.21.3
[INFO] [stderr]     Checking regex-syntax v0.8.8
[INFO] [stderr]     Checking pin-project-lite v0.2.16
[INFO] [stderr]     Checking itoa v1.0.17
[INFO] [stderr]     Checking smallvec v1.15.1
[INFO] [stderr]     Checking log v0.4.29
[INFO] [stderr]    Compiling crossbeam-utils v0.8.21
[INFO] [stderr]    Compiling serde_core v1.0.228
[INFO] [stderr]    Compiling zmij v1.0.14
[INFO] [stderr]    Compiling serde v1.0.228
[INFO] [stderr]     Checking either v1.15.0
[INFO] [stderr]     Checking deranged v0.5.5
[INFO] [stderr]    Compiling thiserror v2.0.18
[INFO] [stderr]    Compiling rayon-core v1.13.0
[INFO] [stderr]    Compiling serde_json v1.0.149
[INFO] [stderr]     Checking thread_local v1.1.9
[INFO] [stderr]    Compiling num-traits v0.2.19
[INFO] [stderr]     Checking anstyle v1.0.13
[INFO] [stderr]     Checking clap_lex v0.7.7
[INFO] [stderr]     Checking num-conv v0.2.0
[INFO] [stderr]     Checking tracing-core v0.1.36
[INFO] [stderr]     Checking futures-core v0.3.31
[INFO] [stderr]     Checking plotters-backend v0.3.7
[INFO] [stderr]     Checking ciborium-io v0.2.2
[INFO] [stderr]     Checking futures-task v0.3.31
[INFO] [stderr]     Checking pin-utils v0.1.0
[INFO] [stderr]     Checking slab v0.4.11
[INFO] [stderr]     Checking time-core v0.1.8
[INFO] [stderr]     Checking itertools v0.10.5
[INFO] [stderr]     Checking sdd v3.0.10
[INFO] [stderr]     Checking cast v0.3.0
[INFO] [stderr]     Checking clap_builder v4.5.54
[INFO] [stderr]     Checking futures-util v0.3.31
[INFO] [stderr]     Checking plotters-svg v0.3.7
[INFO] [stderr]     Checking oorandom v11.1.5
[INFO] [stderr]     Checking anes v0.1.6
[INFO] [stderr]     Checking unicode-ident v1.0.22
[INFO] [stderr]     Checking aho-corasick v1.1.4
[INFO] [stderr]     Checking tracing-log v0.2.0
[INFO] [stderr]     Checking crossbeam-epoch v0.9.18
[INFO] [stderr]     Checking crossbeam-channel v0.5.15
[INFO] [stderr]     Checking scc v2.4.0
[INFO] [stderr]     Checking crossbeam-deque v0.8.6
[INFO] [stderr]    Compiling syn v2.0.114
[INFO] [stderr]     Checking plotters v0.3.7
[INFO] [stderr]     Checking time v0.3.47
[INFO] [stderr]     Checking rayon v1.11.0
[INFO] [stderr]     Checking getrandom v0.2.17
[INFO] [stderr]     Checking parking_lot_core v0.9.12
[INFO] [stderr]     Checking socket2 v0.5.10
[INFO] [stderr]     Checking is-terminal v0.4.17
[INFO] [stderr]     Checking rand_core v0.6.4
[INFO] [stderr]     Checking parking_lot v0.12.5
[INFO] [stderr]     Checking criterion-plot v0.5.0
[INFO] [stderr]     Checking regex-automata v0.4.13
[INFO] [stderr]     Checking clap v4.5.54
[INFO] [stderr]     Checking futures-executor v0.3.31
[INFO] [stderr]     Checking remdb-macros v0.4.6 (/opt/rustwide/workdir/remdb-macros)
[INFO] [stderr]     Checking matchers v0.2.0
[INFO] [stderr]     Checking regex v1.12.2
[INFO] [stderr]    Compiling zerocopy-derive v0.8.33
[INFO] [stderr]    Compiling tracing-attributes v0.1.31
[INFO] [stderr]    Compiling serde_derive v1.0.228
[INFO] [stderr]    Compiling thiserror-impl v2.0.18
[INFO] [stderr]    Compiling serial_test_derive v3.3.1
[INFO] [stderr]     Checking serial_test v3.3.1
[INFO] [stderr]     Checking tracing v0.1.44
[INFO] [stderr]     Checking tracing-subscriber v0.3.22
[INFO] [stderr]     Checking tracing-appender v0.2.4
[INFO] [stderr]     Checking tinytemplate v1.2.1
[INFO] [stderr]     Checking ppv-lite86 v0.2.21
[INFO] [stderr]     Checking half v2.7.1
[INFO] [stderr]     Checking ciborium-ll v0.2.2
[INFO] [stderr]     Checking ciborium v0.2.2
[INFO] [stderr]     Checking rand_chacha v0.3.1
[INFO] [stderr]     Checking rand v0.8.5
[INFO] [stderr]     Checking criterion v0.5.1
[INFO] [stderr]     Checking remdb v0.4.6 (/opt/rustwide/workdir)
[INFO] [stdout] warning: creating a mutable reference to mutable static
[INFO] [stdout]    --> tests/test_index_recovery.rs:115:57
[INFO] [stdout]     |
[INFO] [stdout] 115 |         remdb::memory::allocator::init_global_allocator(DB_MEMORY.as_mut_ptr(), DB_MEMORY.len())?;
[INFO] [stdout]     |                                                         ^^^^^^^^^^^^^^^^^^^^^^ mutable reference to mutable static
[INFO] [stdout]     |
[INFO] [stdout]     = note: mutable references to mutable statics are dangerous; it's undefined behavior if any other pointer to the static is used or if any other reference is created for the static while the mutable reference lives
[INFO] [stdout]     = help: use a type that relies on "interior mutability" instead; to read more on this, visit <https://doc.rust-lang.org/reference/interior-mutability.html>
[INFO] [stdout]     = note: for more information, see <https://doc.rust-lang.org/edition-guide/rust-2024/static-mut-references.html>
[INFO] [stdout]     = note: `#[warn(static_mut_refs)]` (part of `#[warn(rust_2024_compatibility)]`) on by default
[INFO] [stdout] 
[INFO] [stdout] 
[INFO] [stdout] warning: creating a shared reference to mutable static
[INFO] [stdout]    --> tests/test_index_recovery.rs:115:81
[INFO] [stdout]     |
[INFO] [stdout] 115 |         remdb::memory::allocator::init_global_allocator(DB_MEMORY.as_mut_ptr(), DB_MEMORY.len())?;
[INFO] [stdout]     |                                                                                 ^^^^^^^^^^^^^^^ shared reference to mutable static
[INFO] [stdout]     |
[INFO] [stdout]     = note: shared references to mutable statics are dangerous; it's undefined behavior if the static is mutated or if a mutable reference is created for it while the shared reference lives
[INFO] [stdout]     = help: use a type that relies on "interior mutability" instead; to read more on this, visit <https://doc.rust-lang.org/reference/interior-mutability.html>
[INFO] [stdout]     = note: for more information, see <https://doc.rust-lang.org/edition-guide/rust-2024/static-mut-references.html>
[INFO] [stdout] 
[INFO] [stdout] 
[INFO] [stdout] warning: unused import: `DataType`
[INFO] [stdout]  --> examples/sql/test_create_timeseries_table.rs:6:5
[INFO] [stdout]   |
[INFO] [stdout] 6 |     DataType, RemDb,
[INFO] [stdout]   |     ^^^^^^^^
[INFO] [stdout]   |
[INFO] [stdout]   = note: `#[warn(unused_imports)]` (part of `#[warn(unused)]`) on by default
[INFO] [stdout] 
[INFO] [stdout] 
[INFO] [stdout] warning: creating a mutable reference to mutable static
[INFO] [stdout]   --> examples/sql/sql_table_management.rs:17:57
[INFO] [stdout]    |
[INFO] [stdout] 17 |         remdb::memory::allocator::init_global_allocator(DB_MEMORY.as_mut_ptr(), DB_MEMORY.len())?;
[INFO] [stdout]    |                                                         ^^^^^^^^^^^^^^^^^^^^^^ mutable reference to mutable static
[INFO] [stdout]    |
[INFO] [stdout]    = note: mutable references to mutable statics are dangerous; it's undefined behavior if any other pointer to the static is used or if any other reference is created for the static while the mutable reference lives
[INFO] [stdout]    = help: use a type that relies on "interior mutability" instead; to read more on this, visit <https://doc.rust-lang.org/reference/interior-mutability.html>
[INFO] [stdout]    = note: for more information, see <https://doc.rust-lang.org/edition-guide/rust-2024/static-mut-references.html>
[INFO] [stdout]    = note: `#[warn(static_mut_refs)]` (part of `#[warn(rust_2024_compatibility)]`) on by default
[INFO] [stdout] 
[INFO] [stdout] 
[INFO] [stdout] warning: creating a shared reference to mutable static
[INFO] [stdout]   --> examples/sql/sql_table_management.rs:17:81
[INFO] [stdout]    |
[INFO] [stdout] 17 |         remdb::memory::allocator::init_global_allocator(DB_MEMORY.as_mut_ptr(), DB_MEMORY.len())?;
[INFO] [stdout]    |                                                                                 ^^^^^^^^^^^^^^^ shared reference to mutable static
[INFO] [stdout]    |
[INFO] [stdout]    = note: shared references to mutable statics are dangerous; it's undefined behavior if the static is mutated or if a mutable reference is created for it while the shared reference lives
[INFO] [stdout]    = help: use a type that relies on "interior mutability" instead; to read more on this, visit <https://doc.rust-lang.org/reference/interior-mutability.html>
[INFO] [stdout]    = note: for more information, see <https://doc.rust-lang.org/edition-guide/rust-2024/static-mut-references.html>
[INFO] [stdout] 
[INFO] [stdout] 
[INFO] [stdout] warning: creating a mutable reference to mutable static
[INFO] [stdout]   --> examples/misc/debug_table_creation.rs:12:50
[INFO] [stdout]    |
[INFO] [stdout] 12 |         memory::allocator::init_global_allocator(DB_MEMORY.as_mut_ptr(), DB_MEMORY.len())
[INFO] [stdout]    |                                                  ^^^^^^^^^^^^^^^^^^^^^^ mutable reference to mutable static
[INFO] [stdout]    |
[INFO] [stdout]    = note: mutable references to mutable statics are dangerous; it's undefined behavior if any other pointer to the static is used or if any other reference is created for the static while the mutable reference lives
[INFO] [stdout]    = help: use a type that relies on "interior mutability" instead; to read more on this, visit <https://doc.rust-lang.org/reference/interior-mutability.html>
[INFO] [stdout]    = note: for more information, see <https://doc.rust-lang.org/edition-guide/rust-2024/static-mut-references.html>
[INFO] [stdout]    = note: `#[warn(static_mut_refs)]` (part of `#[warn(rust_2024_compatibility)]`) on by default
[INFO] [stdout] 
[INFO] [stdout] 
[INFO] [stdout] warning: creating a shared reference to mutable static
[INFO] [stdout]   --> examples/misc/debug_table_creation.rs:12:74
[INFO] [stdout]    |
[INFO] [stdout] 12 |         memory::allocator::init_global_allocator(DB_MEMORY.as_mut_ptr(), DB_MEMORY.len())
[INFO] [stdout]    |                                                                          ^^^^^^^^^^^^^^^ shared reference to mutable static
[INFO] [stdout]    |
[INFO] [stdout]    = note: shared references to mutable statics are dangerous; it's undefined behavior if the static is mutated or if a mutable reference is created for it while the shared reference lives
[INFO] [stdout]    = help: use a type that relies on "interior mutability" instead; to read more on this, visit <https://doc.rust-lang.org/reference/interior-mutability.html>
[INFO] [stdout]    = note: for more information, see <https://doc.rust-lang.org/edition-guide/rust-2024/static-mut-references.html>
[INFO] [stdout] 
[INFO] [stdout] 
[INFO] [stdout] warning: unnecessary trailing semicolon
[INFO] [stdout]    --> tests/vector_ivf_variants_performance_test.rs:171:6
[INFO] [stdout]     |
[INFO] [stdout] 171 |     };
[INFO] [stdout]     |      ^ help: remove this semicolon
[INFO] [stdout]     |
[INFO] [stdout]     = note: `#[warn(redundant_semicolons)]` (part of `#[warn(unused)]`) on by default
[INFO] [stdout] 
[INFO] [stdout] 
[INFO] [stdout] warning: unnecessary trailing semicolon
[INFO] [stdout]    --> tests/vector_ivf_variants_performance_test.rs:267:6
[INFO] [stdout]     |
[INFO] [stdout] 267 |     };
[INFO] [stdout]     |      ^ help: remove this semicolon
[INFO] [stdout] 
[INFO] [stdout] 
[INFO] [stdout] warning: unnecessary trailing semicolon
[INFO] [stdout]    --> tests/vector_ivf_variants_performance_test.rs:365:6
[INFO] [stdout]     |
[INFO] [stdout] 365 |     };
[INFO] [stdout]     |      ^ help: remove this semicolon
[INFO] [stdout] 
[INFO] [stdout] 
[INFO] [stdout] warning: unnecessary trailing semicolon
[INFO] [stdout]    --> tests/vector_ivf_variants_performance_test.rs:493:6
[INFO] [stdout]     |
[INFO] [stdout] 493 |     };
[INFO] [stdout]     |      ^ help: remove this semicolon
[INFO] [stdout] 
[INFO] [stdout] 
[INFO] [stdout] warning: creating a mutable reference to mutable static
[INFO] [stdout]   --> examples/sql/test_create_timeseries_table.rs:20:57
[INFO] [stdout]    |
[INFO] [stdout] 20 |         remdb::memory::allocator::init_global_allocator(MEMORY.as_mut_ptr(), MEMORY_SIZE)
[INFO] [stdout]    |                                                         ^^^^^^^^^^^^^^^^^^^ mutable reference to mutable static
[INFO] [stdout]    |
[INFO] [stdout]    = note: mutable references to mutable statics are dangerous; it's undefined behavior if any other pointer to the static is used or if any other reference is created for the static while the mutable reference lives
[INFO] [stdout]    = help: use a type that relies on "interior mutability" instead; to read more on this, visit <https://doc.rust-lang.org/reference/interior-mutability.html>
[INFO] [stdout]    = note: for more information, see <https://doc.rust-lang.org/edition-guide/rust-2024/static-mut-references.html>
[INFO] [stdout]    = note: `#[warn(static_mut_refs)]` (part of `#[warn(rust_2024_compatibility)]`) on by default
[INFO] [stdout] 
[INFO] [stdout] 
[INFO] [stdout] warning: creating a mutable reference to mutable static
[INFO] [stdout]   --> examples/sql/sql_json_functions.rs:17:57
[INFO] [stdout]    |
[INFO] [stdout] 17 |         remdb::memory::allocator::init_global_allocator(DB_MEMORY.as_mut_ptr(), DB_MEMORY.len())?;
[INFO] [stdout]    |                                                         ^^^^^^^^^^^^^^^^^^^^^^ mutable reference to mutable static
[INFO] [stdout]    |
[INFO] [stdout]    = note: mutable references to mutable statics are dangerous; it's undefined behavior if any other pointer to the static is used or if any other reference is created for the static while the mutable reference lives
[INFO] [stdout]    = help: use a type that relies on "interior mutability" instead; to read more on this, visit <https://doc.rust-lang.org/reference/interior-mutability.html>
[INFO] [stdout]    = note: for more information, see <https://doc.rust-lang.org/edition-guide/rust-2024/static-mut-references.html>
[INFO] [stdout]    = note: `#[warn(static_mut_refs)]` (part of `#[warn(rust_2024_compatibility)]`) on by default
[INFO] [stdout] 
[INFO] [stdout] 
[INFO] [stdout] warning: creating a shared reference to mutable static
[INFO] [stdout]   --> examples/sql/sql_json_functions.rs:17:81
[INFO] [stdout]    |
[INFO] [stdout] 17 |         remdb::memory::allocator::init_global_allocator(DB_MEMORY.as_mut_ptr(), DB_MEMORY.len())?;
[INFO] [stdout]    |                                                                                 ^^^^^^^^^^^^^^^ shared reference to mutable static
[INFO] [stdout]    |
[INFO] [stdout]    = note: shared references to mutable statics are dangerous; it's undefined behavior if the static is mutated or if a mutable reference is created for it while the shared reference lives
[INFO] [stdout]    = help: use a type that relies on "interior mutability" instead; to read more on this, visit <https://doc.rust-lang.org/reference/interior-mutability.html>
[INFO] [stdout]    = note: for more information, see <https://doc.rust-lang.org/edition-guide/rust-2024/static-mut-references.html>
[INFO] [stdout] 
[INFO] [stdout] 
[INFO] [stdout] warning: creating a mutable reference to mutable static
[INFO] [stdout]    --> tests/simple_time_type_test.rs:167:57
[INFO] [stdout]     |
[INFO] [stdout] 167 |         remdb::memory::allocator::init_global_allocator(DB_MEMORY.as_mut_ptr(), DB_MEMORY.len())
[INFO] [stdout]     |                                                         ^^^^^^^^^^^^^^^^^^^^^^ mutable reference to mutable static
[INFO] [stdout]     |
[INFO] [stdout]     = note: mutable references to mutable statics are dangerous; it's undefined behavior if any other pointer to the static is used or if any other reference is created for the static while the mutable reference lives
[INFO] [stdout]     = help: use a type that relies on "interior mutability" instead; to read more on this, visit <https://doc.rust-lang.org/reference/interior-mutability.html>
[INFO] [stdout]     = note: for more information, see <https://doc.rust-lang.org/edition-guide/rust-2024/static-mut-references.html>
[INFO] [stdout]     = note: `#[warn(static_mut_refs)]` (part of `#[warn(rust_2024_compatibility)]`) on by default
[INFO] [stdout] 
[INFO] [stdout] 
[INFO] [stdout] warning: creating a shared reference to mutable static
[INFO] [stdout]    --> tests/simple_time_type_test.rs:167:81
[INFO] [stdout]     |
[INFO] [stdout] 167 |         remdb::memory::allocator::init_global_allocator(DB_MEMORY.as_mut_ptr(), DB_MEMORY.len())
[INFO] [stdout]     |                                                                                 ^^^^^^^^^^^^^^^ shared reference to mutable static
[INFO] [stdout]     |
[INFO] [stdout]     = note: shared references to mutable statics are dangerous; it's undefined behavior if the static is mutated or if a mutable reference is created for it while the shared reference lives
[INFO] [stdout]     = help: use a type that relies on "interior mutability" instead; to read more on this, visit <https://doc.rust-lang.org/reference/interior-mutability.html>
[INFO] [stdout]     = note: for more information, see <https://doc.rust-lang.org/edition-guide/rust-2024/static-mut-references.html>
[INFO] [stdout] 
[INFO] [stdout] 
[INFO] [stdout] error[E0432]: unresolved import `common::setup_test_db_with_memory`
[INFO] [stdout]   --> tests/database_test.rs:11:29
[INFO] [stdout]    |
[INFO] [stdout] 11 | use common::{setup_test_db, setup_test_db_with_memory};
[INFO] [stdout]    |                             ^^^^^^^^^^^^^^^^^^^^^^^^^ no `setup_test_db_with_memory` in `common`
[INFO] [stdout] 
[INFO] [stdout] 
[INFO] [stdout] warning: unused import: `remdb::platform::*`
[INFO] [stdout]  --> tests/database_test.rs:3:5
[INFO] [stdout]   |
[INFO] [stdout] 3 | use remdb::platform::*;
[INFO] [stdout]   |     ^^^^^^^^^^^^^^^^^^
[INFO] [stdout]   |
[INFO] [stdout]   = note: `#[warn(unused_imports)]` (part of `#[warn(unused)]`) on by default
[INFO] [stdout] 
[INFO] [stdout] 
[INFO] [stdout] warning: unused imports: `FileHandle`, `FileMode`, `FileResult`, `Platform`, `SeekWhence`, and `init_platform`
[INFO] [stdout]  --> tests/wal_test.rs:8:23
[INFO] [stdout]   |
[INFO] [stdout] 8 | use remdb::platform::{init_platform, FileHandle, FileMode, FileResult, Platform, SeekWhence};
[INFO] [stdout]   |                       ^^^^^^^^^^^^^  ^^^^^^^^^^  ^^^^^^^^  ^^^^^^^^^^  ^^^^^^^^  ^^^^^^^^^^
[INFO] [stdout]   |
[INFO] [stdout]   = note: `#[warn(unused_imports)]` (part of `#[warn(unused)]`) on by default
[INFO] [stdout] 
[INFO] [stdout] 
[INFO] [stdout] warning: unused import: `db_setup::setup_test_db`
[INFO] [stdout]   --> tests/common/mod.rs:11:9
[INFO] [stdout]    |
[INFO] [stdout] 11 | pub use db_setup::setup_test_db;
[INFO] [stdout]    |         ^^^^^^^^^^^^^^^^^^^^^^^
[INFO] [stdout] 
[INFO] [stdout] 
[INFO] [stdout] warning: unused imports: `DataType`, `FieldDef`, `RemDb`, `TableDef`, and `time_series::CompressionType`
[INFO] [stdout]  --> tests/database_test.rs:5:59
[INFO] [stdout]   |
[INFO] [stdout] 5 |     config::DbConfig, config::LogMode, config::WALConfig, time_series::CompressionType,
[INFO] [stdout]   |                                                           ^^^^^^^^^^^^^^^^^^^^^^^^^^^^
[INFO] [stdout] 6 |     time_series::TimeSeriesConfig, DataType, DatabaseStatus, FieldDef, RemDb, Result, TableDef,
[INFO] [stdout]   |                                    ^^^^^^^^                  ^^^^^^^^  ^^^^^          ^^^^^^^^
[INFO] [stdout] 
[INFO] [stdout] 
[INFO] [stdout] warning: creating a mutable reference to mutable static
[INFO] [stdout]    --> examples/api/multiple_tables.rs:338:58
[INFO] [stdout]     |
[INFO] [stdout] 338 |         let _ = memory::allocator::init_global_allocator(DB_MEMORY.as_mut_ptr(), DB_MEMORY.len());
[INFO] [stdout]     |                                                          ^^^^^^^^^^^^^^^^^^^^^^ mutable reference to mutable static
[INFO] [stdout]     |
[INFO] [stdout]     = note: mutable references to mutable statics are dangerous; it's undefined behavior if any other pointer to the static is used or if any other reference is created for the static while the mutable reference lives
[INFO] [stdout]     = help: use a type that relies on "interior mutability" instead; to read more on this, visit <https://doc.rust-lang.org/reference/interior-mutability.html>
[INFO] [stdout]     = note: for more information, see <https://doc.rust-lang.org/edition-guide/rust-2024/static-mut-references.html>
[INFO] [stdout]     = note: `#[warn(static_mut_refs)]` (part of `#[warn(rust_2024_compatibility)]`) on by default
[INFO] [stdout] 
[INFO] [stdout] 
[INFO] [stdout] warning: creating a shared reference to mutable static
[INFO] [stdout]    --> examples/api/multiple_tables.rs:338:82
[INFO] [stdout]     |
[INFO] [stdout] 338 |         let _ = memory::allocator::init_global_allocator(DB_MEMORY.as_mut_ptr(), DB_MEMORY.len());
[INFO] [stdout]     |                                                                                  ^^^^^^^^^^^^^^^ shared reference to mutable static
[INFO] [stdout]     |
[INFO] [stdout]     = note: shared references to mutable statics are dangerous; it's undefined behavior if the static is mutated or if a mutable reference is created for it while the shared reference lives
[INFO] [stdout]     = help: use a type that relies on "interior mutability" instead; to read more on this, visit <https://doc.rust-lang.org/reference/interior-mutability.html>
[INFO] [stdout]     = note: for more information, see <https://doc.rust-lang.org/edition-guide/rust-2024/static-mut-references.html>
[INFO] [stdout] 
[INFO] [stdout] 
[INFO] [stdout] error[E0614]: type `[u8; 1048576]` cannot be dereferenced
[INFO] [stdout]   --> tests/common/db_setup.rs:63:37
[INFO] [stdout]    |
[INFO] [stdout] 63 |             core::mem::size_of_val(&*DB_MEMORY),
[INFO] [stdout]    |                                     ^^^^^^^^^^ can't be dereferenced
[INFO] [stdout] 
[INFO] [stdout] 
[INFO] [stdout] error[E0614]: type `[u8; 1048576]` cannot be dereferenced
[INFO] [stdout]   --> tests/common/db_setup.rs:63:37
[INFO] [stdout]    |
[INFO] [stdout] 63 |             core::mem::size_of_val(&*DB_MEMORY),
[INFO] [stdout]    |                                     ^^^^^^^^^^ can't be dereferenced
[INFO] [stdout] 
[INFO] [stdout] 
[INFO] [stdout] warning: creating a mutable reference to mutable static
[INFO] [stdout]   --> examples/misc/test_remdb_server.rs:24:36
[INFO] [stdout]    |
[INFO] [stdout] 24 |         unsafe { Some(NonNull::new(BUFFER.as_mut_ptr()).unwrap()) }
[INFO] [stdout]    |                                    ^^^^^^^^^^^^^^^^^^^ mutable reference to mutable static
[INFO] [stdout]    |
[INFO] [stdout]    = note: mutable references to mutable statics are dangerous; it's undefined behavior if any other pointer to the static is used or if any other reference is created for the static while the mutable reference lives
[INFO] [stdout]    = help: use a type that relies on "interior mutability" instead; to read more on this, visit <https://doc.rust-lang.org/reference/interior-mutability.html>
[INFO] [stdout]    = note: for more information, see <https://doc.rust-lang.org/edition-guide/rust-2024/static-mut-references.html>
[INFO] [stdout]    = note: `#[warn(static_mut_refs)]` (part of `#[warn(rust_2024_compatibility)]`) on by default
[INFO] [stdout] 
[INFO] [stdout] 
[INFO] [stdout] warning: unnecessary trailing semicolon
[INFO] [stdout]    --> tests/vector_index_advanced_test.rs:180:6
[INFO] [stdout]     |
[INFO] [stdout] 180 |     };
[INFO] [stdout]     |      ^ help: remove this semicolon
[INFO] [stdout]     |
[INFO] [stdout]     = note: `#[warn(redundant_semicolons)]` (part of `#[warn(unused)]`) on by default
[INFO] [stdout] 
[INFO] [stdout] 
[INFO] [stdout] warning: unnecessary trailing semicolon
[INFO] [stdout]    --> tests/vector_index_advanced_test.rs:252:6
[INFO] [stdout]     |
[INFO] [stdout] 252 |     };
[INFO] [stdout]     |      ^ help: remove this semicolon
[INFO] [stdout] 
[INFO] [stdout] 
[INFO] [stdout] warning: unnecessary trailing semicolon
[INFO] [stdout]    --> tests/vector_index_advanced_test.rs:327:6
[INFO] [stdout]     |
[INFO] [stdout] 327 |     };
[INFO] [stdout]     |      ^ help: remove this semicolon
[INFO] [stdout] 
[INFO] [stdout] 
[INFO] [stdout] warning: unnecessary trailing semicolon
[INFO] [stdout]    --> tests/vector_index_advanced_test.rs:400:6
[INFO] [stdout]     |
[INFO] [stdout] 400 |     };
[INFO] [stdout]     |      ^ help: remove this semicolon
[INFO] [stdout] 
[INFO] [stdout] 
[INFO] [stdout] warning: unnecessary trailing semicolon
[INFO] [stdout]    --> tests/vector_index_advanced_test.rs:480:6
[INFO] [stdout]     |
[INFO] [stdout] 480 |     };
[INFO] [stdout]     |      ^ help: remove this semicolon
[INFO] [stdout] 
[INFO] [stdout] 
[INFO] [stdout] warning: creating a mutable reference to mutable static
[INFO] [stdout]   --> examples/api/composite_pk_example.rs:16:9
[INFO] [stdout]    |
[INFO] [stdout] 16 |         &mut DEFAULT_ALLOCATOR
[INFO] [stdout]    |         ^^^^^^^^^^^^^^^^^^^^^^ mutable reference to mutable static
[INFO] [stdout]    |
[INFO] [stdout]    = note: mutable references to mutable statics are dangerous; it's undefined behavior if any other pointer to the static is used or if any other reference is created for the static while the mutable reference lives
[INFO] [stdout]    = note: for more information, see <https://doc.rust-lang.org/edition-guide/rust-2024/static-mut-references.html>
[INFO] [stdout]    = note: `#[warn(static_mut_refs)]` (part of `#[warn(rust_2024_compatibility)]`) on by default
[INFO] [stdout] help: use `&raw mut` instead to create a raw pointer
[INFO] [stdout]    |
[INFO] [stdout] 16 |         &raw mut DEFAULT_ALLOCATOR
[INFO] [stdout]    |          +++
[INFO] [stdout] 
[INFO] [stdout] 
[INFO] [stdout] warning: unused imports: `CompressionType`, `DataType`, `DbConfig`, `DefaultMemoryAllocator`, `FieldDef`, `HAConfig`, `IndexType`, `LogMode`, `TableDef`, `TimeSeriesConfig`, `WALConfig`, `pubsub::PubSubConfig`, and `reset_global_db`
[INFO] [stdout]  --> tests/model_pushdown_test.rs:2:14
[INFO] [stdout]   |
[INFO] [stdout] 2 |     config::{DbConfig, DefaultMemoryAllocator, HAConfig, LogMode, TimeSeriesConfig, WALConfig},
[INFO] [stdout]   |              ^^^^^^^^  ^^^^^^^^^^^^^^^^^^^^^^  ^^^^^^^^  ^^^^^^^  ^^^^^^^^^^^^^^^^  ^^^^^^^^^
[INFO] [stdout] 3 |     init_global_db,
[INFO] [stdout] 4 |     pubsub::PubSubConfig,
[INFO] [stdout]   |     ^^^^^^^^^^^^^^^^^^^^
[INFO] [stdout] 5 |     reset_global_db, CompressionType, DataType, FieldDef, IndexType, TableDef,
[INFO] [stdout]   |     ^^^^^^^^^^^^^^^  ^^^^^^^^^^^^^^^  ^^^^^^^^  ^^^^^^^^  ^^^^^^^^^  ^^^^^^^^
[INFO] [stdout]   |
[INFO] [stdout]   = note: `#[warn(unused_imports)]` (part of `#[warn(unused)]`) on by default
[INFO] [stdout] 
[INFO] [stdout] 
[INFO] [stdout] Some errors have detailed explanations: E0432, E0614.
[INFO] [stdout] 
[INFO] [stdout] For more information about an error, try `rustc --explain E0432`.
[INFO] [stdout] 
[INFO] [stdout] warning: unused variable: `log_path`
[INFO] [stdout]   --> tests/wal_test.rs:80:13
[INFO] [stdout]    |
[INFO] [stdout] 80 |         let log_path = &get_test_wal_path("test_wal.log");
[INFO] [stdout]    |             ^^^^^^^^ help: if this is intentional, prefix it with an underscore: `_log_path`
[INFO] [stdout]    |
[INFO] [stdout]    = note: `#[warn(unused_variables)]` (part of `#[warn(unused)]`) on by default
[INFO] [stdout] 
[INFO] [stdout] 
[INFO] [stdout] warning: unused variable: `log_path`
[INFO] [stdout]    --> tests/wal_test.rs:137:13
[INFO] [stdout]     |
[INFO] [stdout] 137 |         let log_path = &get_test_wal_path("test_wal_sync.log");
[INFO] [stdout]     |             ^^^^^^^^ help: if this is intentional, prefix it with an underscore: `_log_path`
[INFO] [stdout] 
[INFO] [stdout] 
[INFO] [stderr] error: could not compile `remdb` (test "database_test") due to 2 previous errors; 2 warnings emitted
[INFO] [stderr] warning: build failed, waiting for other jobs to finish...
[INFO] [stdout] warning: unused variable: `log_path`
[INFO] [stdout]    --> tests/wal_test.rs:214:13
[INFO] [stdout]     |
[INFO] [stdout] 214 |         let log_path = &get_test_wal_path("test_wal_async.log");
[INFO] [stdout]     |             ^^^^^^^^ help: if this is intentional, prefix it with an underscore: `_log_path`
[INFO] [stdout] 
[INFO] [stdout] 
[INFO] [stdout] warning: unused variable: `log_path`
[INFO] [stdout]    --> tests/wal_test.rs:294:13
[INFO] [stdout]     |
[INFO] [stdout] 294 |         let log_path = &get_test_wal_path("test_wal_checkpoint.log");
[INFO] [stdout]     |             ^^^^^^^^ help: if this is intentional, prefix it with an underscore: `_log_path`
[INFO] [stdout] 
[INFO] [stdout] 
[INFO] [stdout] warning: unused variable: `log_path`
[INFO] [stdout]    --> tests/wal_test.rs:374:13
[INFO] [stdout]     |
[INFO] [stdout] 374 |         let log_path = &get_test_wal_path("test_wal_prealloc.log");
[INFO] [stdout]     |             ^^^^^^^^ help: if this is intentional, prefix it with an underscore: `_log_path`
[INFO] [stdout] 
[INFO] [stdout] 
[INFO] [stdout] warning: creating a mutable reference to mutable static
[INFO] [stdout]   --> examples/sql/test_default_value.rs:36:50
[INFO] [stdout]    |
[INFO] [stdout] 36 |         memory::allocator::init_global_allocator(DB_MEMORY.as_mut_ptr(), DB_MEMORY.len())
[INFO] [stdout]    |                                                  ^^^^^^^^^^^^^^^^^^^^^^ mutable reference to mutable static
[INFO] [stdout]    |
[INFO] [stdout]    = note: mutable references to mutable statics are dangerous; it's undefined behavior if any other pointer to the static is used or if any other reference is created for the static while the mutable reference lives
[INFO] [stdout]    = help: use a type that relies on "interior mutability" instead; to read more on this, visit <https://doc.rust-lang.org/reference/interior-mutability.html>
[INFO] [stdout]    = note: for more information, see <https://doc.rust-lang.org/edition-guide/rust-2024/static-mut-references.html>
[INFO] [stdout]    = note: `#[warn(static_mut_refs)]` (part of `#[warn(rust_2024_compatibility)]`) on by default
[INFO] [stdout] 
[INFO] [stdout] 
[INFO] [stdout] warning: creating a shared reference to mutable static
[INFO] [stdout]   --> examples/sql/test_default_value.rs:36:74
[INFO] [stdout]    |
[INFO] [stdout] 36 |         memory::allocator::init_global_allocator(DB_MEMORY.as_mut_ptr(), DB_MEMORY.len())
[INFO] [stdout]    |                                                                          ^^^^^^^^^^^^^^^ shared reference to mutable static
[INFO] [stdout]    |
[INFO] [stdout]    = note: shared references to mutable statics are dangerous; it's undefined behavior if the static is mutated or if a mutable reference is created for it while the shared reference lives
[INFO] [stdout]    = help: use a type that relies on "interior mutability" instead; to read more on this, visit <https://doc.rust-lang.org/reference/interior-mutability.html>
[INFO] [stdout]    = note: for more information, see <https://doc.rust-lang.org/edition-guide/rust-2024/static-mut-references.html>
[INFO] [stdout] 
[INFO] [stdout] 
[INFO] [stdout] warning: unused variable: `log_path`
[INFO] [stdout]    --> tests/wal_test.rs:771:13
[INFO] [stdout]     |
[INFO] [stdout] 771 |         let log_path = &get_test_wal_path("test_wal_recovery.log");
[INFO] [stdout]     |             ^^^^^^^^ help: if this is intentional, prefix it with an underscore: `_log_path`
[INFO] [stdout] 
[INFO] [stdout] 
[INFO] [stdout] For more information about this error, try `rustc --explain E0614`.
[INFO] [stdout] 
[INFO] [stdout] error[E0425]: cannot find function `setup_test_db_with_memory` in this scope
[INFO] [stdout]   --> tests/json_functions_test.rs:57:5
[INFO] [stdout]    |
[INFO] [stdout] 57 |     setup_test_db_with_memory(50 * 1024 * 1024); // 50MB
[INFO] [stdout]    |     ^^^^^^^^^^^^^^^^^^^^^^^^^ not found in this scope
[INFO] [stdout]    |
[INFO] [stdout] help: consider importing this function
[INFO] [stdout]    |
[INFO] [stdout]  4 + use crate::common::db_setup::setup_test_db_with_memory;
[INFO] [stdout]    |
[INFO] [stdout] 
[INFO] [stdout] 
[INFO] [stdout] error[E0425]: cannot find function `setup_test_db_with_memory` in this scope
[INFO] [stdout]    --> tests/json_functions_test.rs:123:5
[INFO] [stdout]     |
[INFO] [stdout] 123 |     setup_test_db_with_memory(50 * 1024 * 1024); // 50MB
[INFO] [stdout]     |     ^^^^^^^^^^^^^^^^^^^^^^^^^ not found in this scope
[INFO] [stdout]     |
[INFO] [stdout] help: consider importing this function
[INFO] [stdout]     |
[INFO] [stdout]   4 + use crate::common::db_setup::setup_test_db_with_memory;
[INFO] [stdout]     |
[INFO] [stdout] 
[INFO] [stdout] 
[INFO] [stdout] error[E0425]: cannot find function `setup_test_db_with_memory` in this scope
[INFO] [stdout]    --> tests/json_functions_test.rs:168:5
[INFO] [stdout]     |
[INFO] [stdout] 168 |     setup_test_db_with_memory(50 * 1024 * 1024); // 50MB
[INFO] [stdout]     |     ^^^^^^^^^^^^^^^^^^^^^^^^^ not found in this scope
[INFO] [stdout]     |
[INFO] [stdout] help: consider importing this function
[INFO] [stdout]     |
[INFO] [stdout]   4 + use crate::common::db_setup::setup_test_db_with_memory;
[INFO] [stdout]     |
[INFO] [stdout] 
[INFO] [stdout] 
[INFO] [stdout] error[E0425]: cannot find function `setup_test_db_with_memory` in this scope
[INFO] [stdout]    --> tests/json_functions_test.rs:220:5
[INFO] [stdout]     |
[INFO] [stdout] 220 |     setup_test_db_with_memory(50 * 1024 * 1024); // 50MB
[INFO] [stdout]     |     ^^^^^^^^^^^^^^^^^^^^^^^^^ not found in this scope
[INFO] [stdout]     |
[INFO] [stdout] help: consider importing this function
[INFO] [stdout]     |
[INFO] [stdout]   4 + use crate::common::db_setup::setup_test_db_with_memory;
[INFO] [stdout]     |
[INFO] [stdout] 
[INFO] [stdout] 
[INFO] [stdout] error[E0425]: cannot find function `setup_test_db_with_memory` in this scope
[INFO] [stdout]    --> tests/json_functions_test.rs:271:5
[INFO] [stdout]     |
[INFO] [stdout] 271 |     setup_test_db_with_memory(50 * 1024 * 1024); // 50MB
[INFO] [stdout]     |     ^^^^^^^^^^^^^^^^^^^^^^^^^ not found in this scope
[INFO] [stdout]     |
[INFO] [stdout] help: consider importing this function
[INFO] [stdout]     |
[INFO] [stdout]   4 + use crate::common::db_setup::setup_test_db_with_memory;
[INFO] [stdout]     |
[INFO] [stdout] 
[INFO] [stdout] 
[INFO] [stdout] error[E0425]: cannot find function `setup_test_db_with_memory` in this scope
[INFO] [stdout]    --> tests/json_functions_test.rs:341:5
[INFO] [stdout]     |
[INFO] [stdout] 341 |     setup_test_db_with_memory(50 * 1024 * 1024); // 50MB
[INFO] [stdout]     |     ^^^^^^^^^^^^^^^^^^^^^^^^^ not found in this scope
[INFO] [stdout]     |
[INFO] [stdout] help: consider importing this function
[INFO] [stdout]     |
[INFO] [stdout]   4 + use crate::common::db_setup::setup_test_db_with_memory;
[INFO] [stdout]     |
[INFO] [stdout] 
[INFO] [stdout] 
[INFO] [stdout] error[E0425]: cannot find function `setup_test_db_with_memory` in this scope
[INFO] [stdout]    --> tests/json_functions_test.rs:398:5
[INFO] [stdout]     |
[INFO] [stdout] 398 |     setup_test_db_with_memory(50 * 1024 * 1024); // 50MB
[INFO] [stdout]     |     ^^^^^^^^^^^^^^^^^^^^^^^^^ not found in this scope
[INFO] [stdout]     |
[INFO] [stdout] help: consider importing this function
[INFO] [stdout]     |
[INFO] [stdout]   4 + use crate::common::db_setup::setup_test_db_with_memory;
[INFO] [stdout]     |
[INFO] [stdout] 
[INFO] [stdout] 
[INFO] [stdout] error[E0425]: cannot find function `setup_test_db_with_memory` in this scope
[INFO] [stdout]    --> tests/json_functions_test.rs:435:5
[INFO] [stdout]     |
[INFO] [stdout] 435 |     setup_test_db_with_memory(50 * 1024 * 1024); // 50MB
[INFO] [stdout]     |     ^^^^^^^^^^^^^^^^^^^^^^^^^ not found in this scope
[INFO] [stdout]     |
[INFO] [stdout] help: consider importing this function
[INFO] [stdout]     |
[INFO] [stdout]   4 + use crate::common::db_setup::setup_test_db_with_memory;
[INFO] [stdout]     |
[INFO] [stdout] 
[INFO] [stdout] 
[INFO] [stdout] error[E0425]: cannot find function `setup_test_db_with_memory` in this scope
[INFO] [stdout]    --> tests/json_functions_test.rs:474:5
[INFO] [stdout]     |
[INFO] [stdout] 474 |     setup_test_db_with_memory(50 * 1024 * 1024); // 50MB
[INFO] [stdout]     |     ^^^^^^^^^^^^^^^^^^^^^^^^^ not found in this scope
[INFO] [stdout]     |
[INFO] [stdout] help: consider importing this function
[INFO] [stdout]     |
[INFO] [stdout]   4 + use crate::common::db_setup::setup_test_db_with_memory;
[INFO] [stdout]     |
[INFO] [stdout] 
[INFO] [stdout] 
[INFO] [stdout] error[E0425]: cannot find function `setup_test_db_with_memory` in this scope
[INFO] [stdout]    --> tests/json_functions_test.rs:519:5
[INFO] [stdout]     |
[INFO] [stdout] 519 |     setup_test_db_with_memory(50 * 1024 * 1024); // 50MB
[INFO] [stdout]     |     ^^^^^^^^^^^^^^^^^^^^^^^^^ not found in this scope
[INFO] [stdout]     |
[INFO] [stdout] help: consider importing this function
[INFO] [stdout]     |
[INFO] [stdout]   4 + use crate::common::db_setup::setup_test_db_with_memory;
[INFO] [stdout]     |
[INFO] [stdout] 
[INFO] [stdout] 
[INFO] [stdout] error[E0425]: cannot find function `setup_test_db_with_memory` in this scope
[INFO] [stdout]    --> tests/json_functions_test.rs:558:5
[INFO] [stdout]     |
[INFO] [stdout] 558 |     setup_test_db_with_memory(50 * 1024 * 1024); // 50MB
[INFO] [stdout]     |     ^^^^^^^^^^^^^^^^^^^^^^^^^ not found in this scope
[INFO] [stdout]     |
[INFO] [stdout] help: consider importing this function
[INFO] [stdout]     |
[INFO] [stdout]   4 + use crate::common::db_setup::setup_test_db_with_memory;
[INFO] [stdout]     |
[INFO] [stdout] 
[INFO] [stdout] 
[INFO] [stdout] error[E0425]: cannot find function `setup_test_db_with_memory` in this scope
[INFO] [stdout]    --> tests/json_functions_test.rs:601:5
[INFO] [stdout]     |
[INFO] [stdout] 601 |     setup_test_db_with_memory(50 * 1024 * 1024); // 50MB
[INFO] [stdout]     |     ^^^^^^^^^^^^^^^^^^^^^^^^^ not found in this scope
[INFO] [stdout]     |
[INFO] [stdout] help: consider importing this function
[INFO] [stdout]     |
[INFO] [stdout]   4 + use crate::common::db_setup::setup_test_db_with_memory;
[INFO] [stdout]     |
[INFO] [stdout] 
[INFO] [stdout] 
[INFO] [stdout] error[E0425]: cannot find function `setup_test_db_with_memory` in this scope
[INFO] [stdout]    --> tests/json_functions_test.rs:639:5
[INFO] [stdout]     |
[INFO] [stdout] 639 |     setup_test_db_with_memory(50 * 1024 * 1024); // 50MB
[INFO] [stdout]     |     ^^^^^^^^^^^^^^^^^^^^^^^^^ not found in this scope
[INFO] [stdout]     |
[INFO] [stdout] help: consider importing this function
[INFO] [stdout]     |
[INFO] [stdout]   4 + use crate::common::db_setup::setup_test_db_with_memory;
[INFO] [stdout]     |
[INFO] [stdout] 
[INFO] [stdout] 
[INFO] [stdout] error[E0425]: cannot find function `setup_test_db_with_memory` in this scope
[INFO] [stdout]    --> tests/json_functions_test.rs:694:5
[INFO] [stdout]     |
[INFO] [stdout] 694 |     setup_test_db_with_memory(50 * 1024 * 1024); // 50MB
[INFO] [stdout]     |     ^^^^^^^^^^^^^^^^^^^^^^^^^ not found in this scope
[INFO] [stdout]     |
[INFO] [stdout] help: consider importing this function
[INFO] [stdout]     |
[INFO] [stdout]   4 + use crate::common::db_setup::setup_test_db_with_memory;
[INFO] [stdout]     |
[INFO] [stdout] 
[INFO] [stdout] 
[INFO] [stdout] warning: unused import: `db_setup::setup_test_db`
[INFO] [stdout]   --> tests/common/mod.rs:11:9
[INFO] [stdout]    |
[INFO] [stdout] 11 | pub use db_setup::setup_test_db;
[INFO] [stdout]    |         ^^^^^^^^^^^^^^^^^^^^^^^
[INFO] [stdout]    |
[INFO] [stdout]    = note: `#[warn(unused_imports)]` (part of `#[warn(unused)]`) on by default
[INFO] [stdout] 
[INFO] [stdout] 
[INFO] [stderr] error: could not compile `remdb` (test "wal_test") due to 1 previous error; 8 warnings emitted
[INFO] [stdout] error[E0432]: unresolved import `common::setup_test_db_with_memory`
[INFO] [stdout]   --> tests/transaction_test.rs:15:29
[INFO] [stdout]    |
[INFO] [stdout] 15 | use common::{setup_test_db, setup_test_db_with_memory};
[INFO] [stdout]    |                             ^^^^^^^^^^^^^^^^^^^^^^^^^ no `setup_test_db_with_memory` in `common`
[INFO] [stdout] 
[INFO] [stdout] 
[INFO] [stdout] warning: unused `Result` that must be used
[INFO] [stdout]   --> examples/misc/describe_table.rs:33:9
[INFO] [stdout]    |
[INFO] [stdout] 33 |         memory::allocator::init_global_allocator(DB_MEMORY.as_mut_ptr(), DB_MEMORY.len());
[INFO] [stdout]    |         ^^^^^^^^^^^^^^^^^^^^^^^^^^^^^^^^^^^^^^^^^^^^^^^^^^^^^^^^^^^^^^^^^^^^^^^^^^^^^^^^^
[INFO] [stdout]    |
[INFO] [stdout]    = note: this `Result` may be an `Err` variant, which should be handled
[INFO] [stdout]    = note: `#[warn(unused_must_use)]` (part of `#[warn(unused)]`) on by default
[INFO] [stdout] help: use `let _ = ...` to ignore the resulting value
[INFO] [stdout]    |
[INFO] [stdout] 33 |         let _ = memory::allocator::init_global_allocator(DB_MEMORY.as_mut_ptr(), DB_MEMORY.len());
[INFO] [stdout]    |         +++++++
[INFO] [stdout] 
[INFO] [stdout] 
[INFO] [stdout] warning: creating a mutable reference to mutable static
[INFO] [stdout]   --> examples/misc/describe_table.rs:33:50
[INFO] [stdout]    |
[INFO] [stdout] 33 |         memory::allocator::init_global_allocator(DB_MEMORY.as_mut_ptr(), DB_MEMORY.len());
[INFO] [stdout]    |                                                  ^^^^^^^^^^^^^^^^^^^^^^ mutable reference to mutable static
[INFO] [stdout]    |
[INFO] [stdout]    = note: mutable references to mutable statics are dangerous; it's undefined behavior if any other pointer to the static is used or if any other reference is created for the static while the mutable reference lives
[INFO] [stdout]    = help: use a type that relies on "interior mutability" instead; to read more on this, visit <https://doc.rust-lang.org/reference/interior-mutability.html>
[INFO] [stdout]    = note: for more information, see <https://doc.rust-lang.org/edition-guide/rust-2024/static-mut-references.html>
[INFO] [stdout]    = note: `#[warn(static_mut_refs)]` (part of `#[warn(rust_2024_compatibility)]`) on by default
[INFO] [stdout] 
[INFO] [stdout] 
[INFO] [stdout] warning: creating a shared reference to mutable static
[INFO] [stdout]   --> examples/misc/describe_table.rs:33:74
[INFO] [stdout]    |
[INFO] [stdout] 33 |         memory::allocator::init_global_allocator(DB_MEMORY.as_mut_ptr(), DB_MEMORY.len());
[INFO] [stdout]    |                                                                          ^^^^^^^^^^^^^^^ shared reference to mutable static
[INFO] [stdout]    |
[INFO] [stdout]    = note: shared references to mutable statics are dangerous; it's undefined behavior if the static is mutated or if a mutable reference is created for it while the shared reference lives
[INFO] [stdout]    = help: use a type that relies on "interior mutability" instead; to read more on this, visit <https://doc.rust-lang.org/reference/interior-mutability.html>
[INFO] [stdout]    = note: for more information, see <https://doc.rust-lang.org/edition-guide/rust-2024/static-mut-references.html>
[INFO] [stdout] 
[INFO] [stdout] 
[INFO] [stdout] warning: creating a mutable reference to mutable static
[INFO] [stdout]   --> examples/api/vector_example.rs:15:42
[INFO] [stdout]    |
[INFO] [stdout] 15 |         allocator::init_global_allocator(DB_MEMORY.as_mut_ptr(), DB_MEMORY.len())?;
[INFO] [stdout]    |                                          ^^^^^^^^^^^^^^^^^^^^^^ mutable reference to mutable static
[INFO] [stdout]    |
[INFO] [stdout]    = note: mutable references to mutable statics are dangerous; it's undefined behavior if any other pointer to the static is used or if any other reference is created for the static while the mutable reference lives
[INFO] [stdout]    = help: use a type that relies on "interior mutability" instead; to read more on this, visit <https://doc.rust-lang.org/reference/interior-mutability.html>
[INFO] [stdout]    = note: for more information, see <https://doc.rust-lang.org/edition-guide/rust-2024/static-mut-references.html>
[INFO] [stdout]    = note: `#[warn(static_mut_refs)]` (part of `#[warn(rust_2024_compatibility)]`) on by default
[INFO] [stdout] 
[INFO] [stdout] 
[INFO] [stdout] warning: creating a shared reference to mutable static
[INFO] [stdout]   --> examples/api/vector_example.rs:15:66
[INFO] [stdout]    |
[INFO] [stdout] 15 |         allocator::init_global_allocator(DB_MEMORY.as_mut_ptr(), DB_MEMORY.len())?;
[INFO] [stdout]    |                                                                  ^^^^^^^^^^^^^^^ shared reference to mutable static
[INFO] [stdout]    |
[INFO] [stdout]    = note: shared references to mutable statics are dangerous; it's undefined behavior if the static is mutated or if a mutable reference is created for it while the shared reference lives
[INFO] [stdout]    = help: use a type that relies on "interior mutability" instead; to read more on this, visit <https://doc.rust-lang.org/reference/interior-mutability.html>
[INFO] [stdout]    = note: for more information, see <https://doc.rust-lang.org/edition-guide/rust-2024/static-mut-references.html>
[INFO] [stdout] 
[INFO] [stdout] 
[INFO] [stdout] warning: unused variable: `result`
[INFO] [stdout]    --> tests/model_pushdown_test.rs:349:9
[INFO] [stdout]     |
[INFO] [stdout] 349 |     let result = std::thread::Builder::new()
[INFO] [stdout]     |         ^^^^^^ help: if this is intentional, prefix it with an underscore: `_result`
[INFO] [stdout]     |
[INFO] [stdout]     = note: `#[warn(unused_variables)]` (part of `#[warn(unused)]`) on by default
[INFO] [stdout] 
[INFO] [stdout] 
[INFO] [stdout] warning: unused import: `std::ptr::NonNull`
[INFO] [stdout]  --> tests/transaction_test.rs:3:5
[INFO] [stdout]   |
[INFO] [stdout] 3 | use std::ptr::NonNull;
[INFO] [stdout]   |     ^^^^^^^^^^^^^^^^^
[INFO] [stdout]   |
[INFO] [stdout]   = note: `#[warn(unused_imports)]` (part of `#[warn(unused)]`) on by default
[INFO] [stdout] 
[INFO] [stdout] 
[INFO] [stdout] warning: unused import: `alloc::sync::Arc`
[INFO] [stdout]  --> tests/transaction_test.rs:5:5
[INFO] [stdout]   |
[INFO] [stdout] 5 | use alloc::sync::Arc;
[INFO] [stdout]   |     ^^^^^^^^^^^^^^^^
[INFO] [stdout] 
[INFO] [stdout] 
[INFO] [stdout] error[E0614]: type `[u8; 1048576]` cannot be dereferenced
[INFO] [stdout]   --> tests/common/db_setup.rs:63:37
[INFO] [stdout]    |
[INFO] [stdout] 63 |             core::mem::size_of_val(&*DB_MEMORY),
[INFO] [stdout]    |                                     ^^^^^^^^^^ can't be dereferenced
[INFO] [stdout] 
[INFO] [stdout] 
[INFO] [stdout] warning: unused `#[macro_use]` import
[INFO] [stdout]  --> examples/misc/ha_example_master.rs:4:1
[INFO] [stdout]   |
[INFO] [stdout] 4 | #[macro_use]
[INFO] [stdout]   | ^^^^^^^^^^^^
[INFO] [stdout]   |
[INFO] [stdout]   = note: `#[warn(unused_imports)]` (part of `#[warn(unused)]`) on by default
[INFO] [stdout] 
[INFO] [stdout] 
[INFO] [stdout] warning: unused import: `core::ptr::NonNull`
[INFO] [stdout]  --> examples/misc/ha_example_master.rs:7:5
[INFO] [stdout]   |
[INFO] [stdout] 7 | use core::ptr::NonNull;
[INFO] [stdout]   |     ^^^^^^^^^^^^^^^^^^
[INFO] [stdout] 
[INFO] [stdout] 
[INFO] [stdout] warning: unused import: `remdb::platform::*`
[INFO] [stdout]  --> tests/transaction_test.rs:7:5
[INFO] [stdout]   |
[INFO] [stdout] 7 | use remdb::platform::*;
[INFO] [stdout]   |     ^^^^^^^^^^^^^^^^^^
[INFO] [stdout] 
[INFO] [stdout] 
[INFO] [stdout] warning: unused import: `crate::common::platform::TEST_PLATFORM`
[INFO] [stdout]   --> tests/transaction_test.rs:14:5
[INFO] [stdout]    |
[INFO] [stdout] 14 | use crate::common::platform::TEST_PLATFORM;
[INFO] [stdout]    |     ^^^^^^^^^^^^^^^^^^^^^^^^^^^^^^^^^^^^^^
[INFO] [stdout] 
[INFO] [stdout] 
[INFO] [stdout] warning: unused `Result` that must be used
[INFO] [stdout]   --> examples/misc/ha_example_master.rs:77:9
[INFO] [stdout]    |
[INFO] [stdout] 77 |         memory::allocator::init_global_allocator(DB_MEMORY.as_mut_ptr(), DB_MEMORY.len());
[INFO] [stdout]    |         ^^^^^^^^^^^^^^^^^^^^^^^^^^^^^^^^^^^^^^^^^^^^^^^^^^^^^^^^^^^^^^^^^^^^^^^^^^^^^^^^^
[INFO] [stdout]    |
[INFO] [stdout]    = note: this `Result` may be an `Err` variant, which should be handled
[INFO] [stdout]    = note: `#[warn(unused_must_use)]` (part of `#[warn(unused)]`) on by default
[INFO] [stdout] help: use `let _ = ...` to ignore the resulting value
[INFO] [stdout]    |
[INFO] [stdout] 77 |         let _ = memory::allocator::init_global_allocator(DB_MEMORY.as_mut_ptr(), DB_MEMORY.len());
[INFO] [stdout]    |         +++++++
[INFO] [stdout] 
[INFO] [stdout] 
[INFO] [stdout] warning: creating a mutable reference to mutable static
[INFO] [stdout]   --> examples/misc/ha_example_master.rs:77:50
[INFO] [stdout]    |
[INFO] [stdout] 77 |         memory::allocator::init_global_allocator(DB_MEMORY.as_mut_ptr(), DB_MEMORY.len());
[INFO] [stdout]    |                                                  ^^^^^^^^^^^^^^^^^^^^^^ mutable reference to mutable static
[INFO] [stdout]    |
[INFO] [stdout]    = note: mutable references to mutable statics are dangerous; it's undefined behavior if any other pointer to the static is used or if any other reference is created for the static while the mutable reference lives
[INFO] [stdout]    = help: use a type that relies on "interior mutability" instead; to read more on this, visit <https://doc.rust-lang.org/reference/interior-mutability.html>
[INFO] [stdout]    = note: for more information, see <https://doc.rust-lang.org/edition-guide/rust-2024/static-mut-references.html>
[INFO] [stdout]    = note: `#[warn(static_mut_refs)]` (part of `#[warn(rust_2024_compatibility)]`) on by default
[INFO] [stdout] 
[INFO] [stdout] 
[INFO] [stdout] warning: creating a shared reference to mutable static
[INFO] [stdout]   --> examples/misc/ha_example_master.rs:77:74
[INFO] [stdout]    |
[INFO] [stdout] 77 |         memory::allocator::init_global_allocator(DB_MEMORY.as_mut_ptr(), DB_MEMORY.len());
[INFO] [stdout]    |                                                                          ^^^^^^^^^^^^^^^ shared reference to mutable static
[INFO] [stdout]    |
[INFO] [stdout]    = note: shared references to mutable statics are dangerous; it's undefined behavior if the static is mutated or if a mutable reference is created for it while the shared reference lives
[INFO] [stdout]    = help: use a type that relies on "interior mutability" instead; to read more on this, visit <https://doc.rust-lang.org/reference/interior-mutability.html>
[INFO] [stdout]    = note: for more information, see <https://doc.rust-lang.org/edition-guide/rust-2024/static-mut-references.html>
[INFO] [stdout] 
[INFO] [stdout] 
[INFO] [stdout] error[E0614]: type `[u8; 1048576]` cannot be dereferenced
[INFO] [stdout]   --> tests/common/db_setup.rs:63:37
[INFO] [stdout]    |
[INFO] [stdout] 63 |             core::mem::size_of_val(&*DB_MEMORY),
[INFO] [stdout]    |                                     ^^^^^^^^^^ can't be dereferenced
[INFO] [stdout] 
[INFO] [stdout] 
[INFO] [stdout] Some errors have detailed explanations: E0425, E0614.
[INFO] [stdout] 
[INFO] [stdout] For more information about an error, try `rustc --explain E0425`.
[INFO] [stdout] 
[INFO] [stderr] error: could not compile `remdb` (test "json_functions_test") due to 15 previous errors; 1 warning emitted
[INFO] [stdout] warning: unnecessary `unsafe` block
[INFO] [stdout]    --> tests/transaction_test.rs:161:18
[INFO] [stdout]     |
[INFO] [stdout] 129 |     unsafe {
[INFO] [stdout]     |     ------ because it's nested under this `unsafe` block
[INFO] [stdout] ...
[INFO] [stdout] 161 |         let tx = unsafe {
[INFO] [stdout]     |                  ^^^^^^ unnecessary `unsafe` block
[INFO] [stdout]     |
[INFO] [stdout]     = note: `#[warn(unused_unsafe)]` (part of `#[warn(unused)]`) on by default
[INFO] [stdout] 
[INFO] [stdout] 
[INFO] [stdout] warning: variable does not need to be mutable
[INFO] [stdout]    --> tests/transaction_test.rs:185:13
[INFO] [stdout]     |
[INFO] [stdout] 185 |         let mut table_mut = db.get_table_mut(0).unwrap();
[INFO] [stdout]     |             ----^^^^^^^^^
[INFO] [stdout]     |             |
[INFO] [stdout]     |             help: remove this `mut`
[INFO] [stdout]     |
[INFO] [stdout]     = note: `#[warn(unused_mut)]` (part of `#[warn(unused)]`) on by default
[INFO] [stdout] 
[INFO] [stdout] 
[INFO] [stdout] warning: unused variable: `tx`
[INFO] [stdout]    --> tests/transaction_test.rs:161:13
[INFO] [stdout]     |
[INFO] [stdout] 161 |         let tx = unsafe {
[INFO] [stdout]     |             ^^ help: if this is intentional, prefix it with an underscore: `_tx`
[INFO] [stdout]     |
[INFO] [stdout]     = note: `#[warn(unused_variables)]` (part of `#[warn(unused)]`) on by default
[INFO] [stdout] 
[INFO] [stdout] 
[INFO] [stdout] warning: unused variable: `record_id`
[INFO] [stdout]    --> tests/transaction_test.rs:186:13
[INFO] [stdout]     |
[INFO] [stdout] 186 |         let record_id = table_mut.insert(record_data.as_ptr()).unwrap();
[INFO] [stdout]     |             ^^^^^^^^^ help: if this is intentional, prefix it with an underscore: `_record_id`
[INFO] [stdout] 
[INFO] [stdout] 
[INFO] [stdout] warning: unused variable: `tx1`
[INFO] [stdout]    --> tests/transaction_test.rs:239:13
[INFO] [stdout]     |
[INFO] [stdout] 239 |         let tx1 = db
[INFO] [stdout]     |             ^^^ help: if this is intentional, prefix it with an underscore: `_tx1`
[INFO] [stdout] 
[INFO] [stdout] 
[INFO] [stdout] warning: unused variable: `tx2`
[INFO] [stdout]    --> tests/transaction_test.rs:277:13
[INFO] [stdout]     |
[INFO] [stdout] 277 |         let tx2 = db
[INFO] [stdout]     |             ^^^ help: if this is intentional, prefix it with an underscore: `_tx2`
[INFO] [stdout] 
[INFO] [stdout] 
[INFO] [stdout] warning: unused variable: `tx3`
[INFO] [stdout]    --> tests/transaction_test.rs:308:13
[INFO] [stdout]     |
[INFO] [stdout] 308 |         let tx3 = db
[INFO] [stdout]     |             ^^^ help: if this is intentional, prefix it with an underscore: `_tx3`
[INFO] [stdout] 
[INFO] [stdout] 
[INFO] [stdout] warning: unused variable: `tx4`
[INFO] [stdout]    --> tests/transaction_test.rs:344:13
[INFO] [stdout]     |
[INFO] [stdout] 344 |         let tx4 = db
[INFO] [stdout]     |             ^^^ help: if this is intentional, prefix it with an underscore: `_tx4`
[INFO] [stdout] 
[INFO] [stdout] 
[INFO] [stdout] warning: unused variable: `tx1`
[INFO] [stdout]    --> tests/transaction_test.rs:655:17
[INFO] [stdout]     |
[INFO] [stdout] 655 |             let tx1 = db
[INFO] [stdout]     |                 ^^^ help: if this is intentional, prefix it with an underscore: `_tx1`
[INFO] [stdout] 
[INFO] [stdout] 
[INFO] [stdout] warning: unused variable: `tx2`
[INFO] [stdout]    --> tests/transaction_test.rs:697:17
[INFO] [stdout]     |
[INFO] [stdout] 697 |             let tx2 = db
[INFO] [stdout]     |                 ^^^ help: if this is intentional, prefix it with an underscore: `_tx2`
[INFO] [stdout] 
[INFO] [stdout] 
[INFO] [stdout] warning: variable does not need to be mutable
[INFO] [stdout]    --> tests/transaction_test.rs:791:13
[INFO] [stdout]     |
[INFO] [stdout] 791 |         let mut table_mut = db.get_table_mut(0).unwrap();
[INFO] [stdout]     |             ----^^^^^^^^^
[INFO] [stdout]     |             |
[INFO] [stdout]     |             help: remove this `mut`
[INFO] [stdout] 
[INFO] [stdout] 
[INFO] [stdout] warning: unused variable: `tx`
[INFO] [stdout]    --> tests/transaction_test.rs:768:13
[INFO] [stdout]     |
[INFO] [stdout] 768 |         let tx = db
[INFO] [stdout]     |             ^^ help: if this is intentional, prefix it with an underscore: `_tx`
[INFO] [stdout] 
[INFO] [stdout] 
[INFO] [stdout] warning: variable does not need to be mutable
[INFO] [stdout]    --> tests/transaction_test.rs:891:13
[INFO] [stdout]     |
[INFO] [stdout] 891 |         let mut table_mut = db.get_table_mut(0).unwrap();
[INFO] [stdout]     |             ----^^^^^^^^^
[INFO] [stdout]     |             |
[INFO] [stdout]     |             help: remove this `mut`
[INFO] [stdout] 
[INFO] [stdout] 
[INFO] [stdout] warning: unused variable: `tx`
[INFO] [stdout]    --> tests/transaction_test.rs:865:13
[INFO] [stdout]     |
[INFO] [stdout] 865 |         let tx = db
[INFO] [stdout]     |             ^^ help: if this is intentional, prefix it with an underscore: `_tx`
[INFO] [stdout] 
[INFO] [stdout] 
[INFO] [stdout] warning: variable does not need to be mutable
[INFO] [stdout]    --> tests/transaction_test.rs:985:13
[INFO] [stdout]     |
[INFO] [stdout] 985 |         let mut table_mut = db.get_table_mut(0).unwrap();
[INFO] [stdout]     |             ----^^^^^^^^^
[INFO] [stdout]     |             |
[INFO] [stdout]     |             help: remove this `mut`
[INFO] [stdout] 
[INFO] [stdout] 
[INFO] [stdout] warning: unused variable: `tx`
[INFO] [stdout]    --> tests/transaction_test.rs:974:13
[INFO] [stdout]     |
[INFO] [stdout] 974 |         let tx = db
[INFO] [stdout]     |             ^^ help: if this is intentional, prefix it with an underscore: `_tx`
[INFO] [stdout] 
[INFO] [stdout] 
[INFO] [stdout] Some errors have detailed explanations: E0432, E0614.
[INFO] [stdout] 
[INFO] [stdout] For more information about an error, try `rustc --explain E0432`.
[INFO] [stdout] 
[INFO] [stderr] error: could not compile `remdb` (test "transaction_test") due to 2 previous errors; 20 warnings emitted
[INFO] [stdout] warning: unused variable: `memory_size`
[INFO] [stdout]   --> examples/api/time_series_iot.rs:33:13
[INFO] [stdout]    |
[INFO] [stdout] 33 |         let memory_size = 128 * 1024 * 1024; // 128MB
[INFO] [stdout]    |             ^^^^^^^^^^^ help: if this is intentional, prefix it with an underscore: `_memory_size`
[INFO] [stdout]    |
[INFO] [stdout]    = note: `#[warn(unused_variables)]` (part of `#[warn(unused)]`) on by default
[INFO] [stdout] 
[INFO] [stdout] 
[INFO] [stdout] warning: unused variable: `rooms`
[INFO] [stdout]    --> examples/api/time_series_iot.rs:375:13
[INFO] [stdout]     |
[INFO] [stdout] 375 |         let rooms = ["room_101", "room_102"];
[INFO] [stdout]     |             ^^^^^ help: if this is intentional, prefix it with an underscore: `_rooms`
[INFO] [stdout] 
[INFO] [stdout] 
[INFO] [stdout] warning: creating a mutable reference to mutable static
[INFO] [stdout]   --> examples/api/time_series_iot.rs:36:58
[INFO] [stdout]    |
[INFO] [stdout] 36 |         let _ = memory::allocator::init_global_allocator(DB_MEMORY.as_mut_ptr(), DB_MEMORY.len());
[INFO] [stdout]    |                                                          ^^^^^^^^^^^^^^^^^^^^^^ mutable reference to mutable static
[INFO] [stdout]    |
[INFO] [stdout]    = note: mutable references to mutable statics are dangerous; it's undefined behavior if any other pointer to the static is used or if any other reference is created for the static while the mutable reference lives
[INFO] [stdout]    = help: use a type that relies on "interior mutability" instead; to read more on this, visit <https://doc.rust-lang.org/reference/interior-mutability.html>
[INFO] [stdout]    = note: for more information, see <https://doc.rust-lang.org/edition-guide/rust-2024/static-mut-references.html>
[INFO] [stdout]    = note: `#[warn(static_mut_refs)]` (part of `#[warn(rust_2024_compatibility)]`) on by default
[INFO] [stdout] 
[INFO] [stdout] 
[INFO] [stdout] warning: creating a shared reference to mutable static
[INFO] [stdout]   --> examples/api/time_series_iot.rs:36:82
[INFO] [stdout]    |
[INFO] [stdout] 36 |         let _ = memory::allocator::init_global_allocator(DB_MEMORY.as_mut_ptr(), DB_MEMORY.len());
[INFO] [stdout]    |                                                                                  ^^^^^^^^^^^^^^^ shared reference to mutable static
[INFO] [stdout]    |
[INFO] [stdout]    = note: shared references to mutable statics are dangerous; it's undefined behavior if the static is mutated or if a mutable reference is created for it while the shared reference lives
[INFO] [stdout]    = help: use a type that relies on "interior mutability" instead; to read more on this, visit <https://doc.rust-lang.org/reference/interior-mutability.html>
[INFO] [stdout]    = note: for more information, see <https://doc.rust-lang.org/edition-guide/rust-2024/static-mut-references.html>
[INFO] [stdout] 
[INFO] [stdout] 
[INFO] [stderr] warning: unused dependency `tracing-appender`
[INFO] [stderr]   --> Cargo.toml:86:15
[INFO] [stderr]    |
[INFO] [stderr] 86 | [dependencies.tracing-appender]
[INFO] [stderr]    |               ^^^^^^^^^^^^^^^^^
[INFO] [stderr]    |
[INFO] [stderr]    = note: `cargo::unused_dependencies` is set to `warn` by default
[INFO] [stderr] help: consider removing the dependency on `tracing-appender`
[INFO] [stderr] warning: `remdb` (manifest) generated 1 warning
[INFO] running `Command { std: "docker" "inspect" "8081fdabb2c7b1f69aea76264648076ae7951f1a3cdf18e0ff2352716d520615", kill_on_drop: false }`
[INFO] running `Command { std: "docker" "rm" "-f" "8081fdabb2c7b1f69aea76264648076ae7951f1a3cdf18e0ff2352716d520615", kill_on_drop: false }`
[INFO] [stdout] 8081fdabb2c7b1f69aea76264648076ae7951f1a3cdf18e0ff2352716d520615
