[INFO] cloning repository https://github.com/blocksdevpro/vstretch
[INFO] running `Command { std: "git" "-c" "credential.helper=" "-c" "credential.helper=/workspace/cargo-home/bin/git-credential-null" "clone" "--bare" "https://github.com/blocksdevpro/vstretch" "/workspace/cache/git-repos/https%3A%2F%2Fgithub.com%2Fblocksdevpro%2Fvstretch", kill_on_drop: false }`
[INFO] [stderr] Cloning into bare repository '/workspace/cache/git-repos/https%3A%2F%2Fgithub.com%2Fblocksdevpro%2Fvstretch'...
[INFO] running `Command { std: "git" "rev-parse" "HEAD", kill_on_drop: false }`
[INFO] [stdout] dbb03b01cf63d75a9335a3a37e2f082f5031ba42
[INFO] checking blocksdevpro/vstretch against 3154cc1a3e6424e44f438a95007d043ed5ceaaf6+rustflags=-Znext-solver=coherence for pr-133502-30
[INFO] running `Command { std: "git" "clone" "/workspace/cache/git-repos/https%3A%2F%2Fgithub.com%2Fblocksdevpro%2Fvstretch" "/workspace/builds/worker-1-tc1/source", kill_on_drop: false }`
[INFO] [stderr] Cloning into '/workspace/builds/worker-1-tc1/source'...
[INFO] [stderr] done.
[INFO] removed /workspace/builds/worker-1-tc1/source/rust-toolchain.toml
[INFO] started tweaking git repo https://github.com/blocksdevpro/vstretch
[INFO] finished tweaking git repo https://github.com/blocksdevpro/vstretch
[INFO] tweaked toml for git repo https://github.com/blocksdevpro/vstretch written to /workspace/builds/worker-1-tc1/source/Cargo.toml
[INFO] validating manifest of git repo https://github.com/blocksdevpro/vstretch on toolchain 3154cc1a3e6424e44f438a95007d043ed5ceaaf6
[INFO] running `Command { std: CARGO_HOME="/workspace/cargo-home" RUSTUP_HOME="/workspace/rustup-home" "/workspace/cargo-home/bin/cargo" "+3154cc1a3e6424e44f438a95007d043ed5ceaaf6" "metadata" "--manifest-path" "Cargo.toml" "--no-deps", kill_on_drop: false }`
[INFO] crate git repo https://github.com/blocksdevpro/vstretch already has a lockfile, it will not be regenerated
[INFO] running `Command { std: CARGO_HOME="/workspace/cargo-home" RUSTUP_HOME="/workspace/rustup-home" "/workspace/cargo-home/bin/cargo" "+3154cc1a3e6424e44f438a95007d043ed5ceaaf6" "fetch" "--manifest-path" "Cargo.toml", kill_on_drop: false }`
[INFO] [stderr] warning: `package.homepage` is redundant with `package.repository`
[INFO] [stderr]   --> Cargo.toml:33:12
[INFO] [stderr]    |
[INFO] [stderr] 33 | homepage = "https://github.com/blocksdevpro/vstretch"
[INFO] [stderr]    |            ^^^^^^^^^^^^^^^^^^^^^^^^^^^^^^^^^^^^^^^^^^
[INFO] [stderr] ...
[INFO] [stderr] 38 | repository = "https://github.com/blocksdevpro/vstretch"
[INFO] [stderr]    |              ------------------------------------------
[INFO] [stderr]    |
[INFO] [stderr]    = note: `cargo::redundant_homepage` is set to `warn` by default
[INFO] [stderr] help: consider removing `package.homepage`
[INFO] [stderr] warning: `vstretch` (manifest) generated 1 warning
[INFO] [stderr]     Blocking waiting for file lock on package cache
[INFO] [stderr]     Blocking waiting for file lock on package cache
[INFO] [stderr]  Downloading crates ...
[INFO] [stderr]   Downloaded darling_macro v0.24.0
[INFO] [stderr]   Downloaded darling v0.24.0
[INFO] [stderr]   Downloaded quinn-proto v0.11.18
[INFO] [stderr]   Downloaded darling_core v0.24.0
[INFO] running `Command { std: "docker" "create" "-v" "/var/lib/crater-agent-workspace/builds/worker-1-tc1/source:/opt/rustwide/workdir:ro,Z" "-v" "/var/lib/crater-agent-workspace/builds/worker-1-tc1/target:/opt/rustwide/target:rw,Z" "-v" "/var/lib/crater-agent-workspace/cargo-home:/opt/rustwide/cargo-home:ro,Z" "-v" "/var/lib/crater-agent-workspace/rustup-home:/opt/rustwide/rustup-home:ro,Z" "-m" "1610612736" "--network" "none" "ghcr.io/rust-lang/crates-build-env/linux@sha256:77db811e55d90add9212f6832c23229e3de5f1c1f9905e8cb07319ea15df73ac" "sleep" "infinity", kill_on_drop: false }`
[INFO] [stdout] c42d79843c3dba5dfa7bd8486e562825baa617b4e12e8698d6c2384d4cff011e
[INFO] running `Command { std: "docker" "start" "c42d79843c3dba5dfa7bd8486e562825baa617b4e12e8698d6c2384d4cff011e", kill_on_drop: false }`
[INFO] running `Command { std: "docker" "inspect" "c42d79843c3dba5dfa7bd8486e562825baa617b4e12e8698d6c2384d4cff011e", kill_on_drop: false }`
[INFO] running `Command { std: "docker" "exec" "-e" "SOURCE_DIR=/opt/rustwide/workdir" "-e" "CARGO_HOME=/opt/rustwide/cargo-home" "-e" "RUSTUP_HOME=/opt/rustwide/rustup-home" "-e" "CARGO_TARGET_DIR=/opt/rustwide/target" "-w" "/opt/rustwide/workdir" "--user" "0:0" "c42d79843c3dba5dfa7bd8486e562825baa617b4e12e8698d6c2384d4cff011e" "/opt/rustwide/cargo-home/bin/cargo" "+3154cc1a3e6424e44f438a95007d043ed5ceaaf6" "metadata" "--no-deps" "--format-version=1", kill_on_drop: false }`
[INFO] running `Command { std: "docker" "inspect" "c42d79843c3dba5dfa7bd8486e562825baa617b4e12e8698d6c2384d4cff011e", kill_on_drop: false }`
[INFO] running `Command { std: "docker" "exec" "-e" "SOURCE_DIR=/opt/rustwide/workdir" "-e" "CARGO_HOME=/opt/rustwide/cargo-home" "-e" "RUSTUP_HOME=/opt/rustwide/rustup-home" "-e" "CARGO_TARGET_DIR=/opt/rustwide/target" "-e" "CARGO_INCREMENTAL=0" "-e" "RUST_BACKTRACE=full" "-e" "RUSTFLAGS=--cap-lints=forbid -Znext-solver=coherence" "-e" "RUSTDOCFLAGS=--cap-lints=forbid" "-w" "/opt/rustwide/workdir" "--user" "0:0" "c42d79843c3dba5dfa7bd8486e562825baa617b4e12e8698d6c2384d4cff011e" "/opt/rustwide/cargo-home/bin/cargo" "+3154cc1a3e6424e44f438a95007d043ed5ceaaf6" "check" "--frozen" "--all" "--all-targets" "--message-format=json", kill_on_drop: false }`
[INFO] [stderr] warning: `package.homepage` is redundant with `package.repository`
[INFO] [stderr]   --> Cargo.toml:33:12
[INFO] [stderr]    |
[INFO] [stderr] 33 | homepage = "https://github.com/blocksdevpro/vstretch"
[INFO] [stderr]    |            ^^^^^^^^^^^^^^^^^^^^^^^^^^^^^^^^^^^^^^^^^^
[INFO] [stderr] ...
[INFO] [stderr] 38 | repository = "https://github.com/blocksdevpro/vstretch"
[INFO] [stderr]    |              ------------------------------------------
[INFO] [stderr]    |
[INFO] [stderr]    = note: `cargo::redundant_homepage` is set to `warn` by default
[INFO] [stderr] help: consider removing `package.homepage`
[INFO] [stderr] warning: `vstretch` (manifest) generated 1 warning
[INFO] [stderr]    Compiling find-msvc-tools v0.1.14
[INFO] [stderr]    Compiling serde_core v1.0.229
[INFO] [stderr]    Compiling thiserror v2.0.19
[INFO] [stderr]    Compiling rustix v1.1.4
[INFO] [stderr]    Compiling syn v3.0.3
[INFO] [stderr]    Compiling syn v2.0.119
[INFO] [stderr]     Checking tokio v1.53.1
[INFO] [stderr]     Checking itertools v0.14.0
[INFO] [stderr]     Checking getrandom v0.2.17
[INFO] [stderr]    Compiling instability v0.3.13
[INFO] [stderr]     Checking futures-io v0.3.34
[INFO] [stderr]     Checking lru v0.18.2
[INFO] [stderr]    Compiling rustls v0.23.45
[INFO] [stderr]     Checking critical-section v1.2.0
[INFO] [stderr]    Compiling indoc v2.0.7
[INFO] [stderr]     Checking signal-hook v0.3.18
[INFO] [stderr]     Checking futures-channel v0.3.33
[INFO] [stderr]     Checking futures-util v0.3.33
[INFO] [stderr]     Checking time v0.3.55
[INFO] [stderr]     Checking line-clipping v0.3.8
[INFO] [stderr]     Checking signal-hook-mio v0.2.5
[INFO] [stderr]     Checking ipnet v2.12.2
[INFO] [stderr]     Checking base64 v0.23.1
[INFO] [stderr]     Checking webpki-roots v1.0.9
[INFO] [stderr]     Checking clap_builder v4.6.5
[INFO] [stderr]     Checking serde_json v1.0.151
[INFO] [stderr]     Checking toml_datetime v1.1.1+spec-1.1.0
[INFO] [stderr]    Compiling cc v1.5.1
[INFO] [stderr]     Checking http-body-util v0.1.5
[INFO] [stderr]     Checking serde_spanned v1.1.1
[INFO] [stderr]     Checking directories v6.0.0
[INFO] [stderr]     Checking toml v1.1.4+spec-1.1.0
[INFO] [stderr]     Checking unicode-truncate v2.0.1
[INFO] [stderr]    Compiling ring v0.17.14
[INFO] [stderr]    Compiling strum_macros v0.28.0
[INFO] [stderr]    Compiling derive_more-impl v2.1.1
[INFO] [stderr]     Checking tempfile v3.27.0
[INFO] [stderr]     Checking self-replace v1.5.0
[INFO] [stderr]     Checking derive_more v2.1.1
[INFO] [stderr]     Checking crossterm v0.29.0
[INFO] [stderr]     Checking strum v0.28.0
[INFO] [stderr]     Checking hyper v1.11.1
[INFO] [stderr]     Checking tower v0.5.3
[INFO] [stderr]    Compiling embed-resource v3.0.11
[INFO] [stderr]    Compiling synstructure v0.14.0
[INFO] [stderr]    Compiling darling_core v0.24.0
[INFO] [stderr]    Compiling vstretch v1.3.1 (/opt/rustwide/workdir)
[INFO] [stderr]     Checking hyper-util v0.1.21
[INFO] [stderr]    Compiling zerofrom-derive v0.1.8
[INFO] [stderr]    Compiling yoke-derive v0.8.3
[INFO] [stderr]    Compiling zerovec-derive v0.11.6
[INFO] [stderr]    Compiling displaydoc v0.2.7
[INFO] [stderr]    Compiling thiserror-impl v2.0.19
[INFO] [stderr]    Compiling serde_derive v1.0.229
[INFO] [stderr]    Compiling clap_derive v4.6.4
[INFO] [stderr]     Checking zerofrom v0.1.8
[INFO] [stderr]     Checking yoke v0.8.3
[INFO] [stderr]     Checking zerovec v0.11.8
[INFO] [stderr]     Checking zerotrie v0.2.5
[INFO] [stderr]     Checking rustls-webpki v0.103.15
[INFO] [stderr]     Checking kasuari v0.4.12
[INFO] [stderr]     Checking clap v4.6.5
[INFO] [stderr]     Checking ratatui-core v0.1.2
[INFO] [stderr]     Checking tinystr v0.8.4
[INFO] [stderr]     Checking potential_utf v0.1.6
[INFO] [stderr]     Checking icu_collections v2.3.0
[INFO] [stderr]     Checking icu_locale_core v2.3.0
[INFO] [stderr]    Compiling darling_macro v0.24.0
[INFO] [stderr]    Compiling darling v0.24.0
[INFO] [stderr]     Checking icu_provider v2.3.1
[INFO] [stderr]     Checking serde v1.0.229
[INFO] [stderr]     Checking ratatui-widgets v0.3.2
[INFO] [stderr]     Checking ratatui-crossterm v0.1.2
[INFO] [stderr]     Checking icu_properties v2.3.0
[INFO] [stderr]     Checking icu_normalizer v2.3.0
[INFO] [stderr]     Checking serde_urlencoded v0.7.1
[INFO] [stderr]     Checking ratatui-macros v0.7.2
[INFO] [stderr]     Checking ratatui v0.30.2
[INFO] [stderr]     Checking idna_adapter v1.2.2
[INFO] [stderr]     Checking idna v1.1.0
[INFO] [stderr]     Checking url v2.5.8
[INFO] [stderr]     Checking tower-http v0.6.11
[INFO] [stderr]     Checking tokio-rustls v0.26.6
[INFO] [stderr]     Checking hyper-rustls v0.27.10
[INFO] [stderr]     Checking reqwest v0.12.28
[INFO] [stdout] error: vstretch is Windows-only (uses Win32 display APIs)
[INFO] [stdout]   --> src/main.rs:17:1
[INFO] [stdout]    |
[INFO] [stdout] 17 | compile_error!("vstretch is Windows-only (uses Win32 display APIs)");
[INFO] [stdout]    | ^^^^^^^^^^^^^^^^^^^^^^^^^^^^^^^^^^^^^^^^^^^^^^^^^^^^^^^^^^^^^^^^^^^^
[INFO] [stdout] 
[INFO] [stdout] 
[INFO] [stdout] error[E0433]: cannot find `windows` in `os`
[INFO] [stdout]  --> src/platform.rs:6:9
[INFO] [stdout]   |
[INFO] [stdout] 6 |     os::windows::ffi::OsStringExt,
[INFO] [stdout]   |         ^^^^^^^ could not find `windows` in `os`
[INFO] [stdout]   |
[INFO] [stdout] note: found an item that was configured out
[INFO] [stdout]  --> /rustc/3154cc1a3e6424e44f438a95007d043ed5ceaaf6/library/std/src/os/mod.rs:62:4
[INFO] [stdout]   |
[INFO] [stdout]   = note: the item is gated behind the `windows` feature
[INFO] [stdout] 
[INFO] [stdout] 
[INFO] [stdout] error[E0433]: cannot find `windows` in `os`
[INFO] [stdout]  --> src/update.rs:6:9
[INFO] [stdout]   |
[INFO] [stdout] 6 |     os::windows::{fs::OpenOptionsExt, process::CommandExt},
[INFO] [stdout]   |         ^^^^^^^ could not find `windows` in `os`
[INFO] [stdout]   |
[INFO] [stdout] note: found an item that was configured out
[INFO] [stdout]  --> /rustc/3154cc1a3e6424e44f438a95007d043ed5ceaaf6/library/std/src/os/mod.rs:62:4
[INFO] [stdout]   |
[INFO] [stdout]   = note: the item is gated behind the `windows` feature
[INFO] [stdout] 
[INFO] [stdout] 
[INFO] [stdout] error[E0433]: cannot find module or crate `windows` in this scope
[INFO] [stdout]  --> src/display.rs:7:5
[INFO] [stdout]   |
[INFO] [stdout] 7 | use windows::{
[INFO] [stdout]   |     ^^^^^^^ use of unresolved module or unlinked crate `windows`
[INFO] [stdout]   |
[INFO] [stdout]   = help: if you wanted to use a crate named `windows`, use `cargo add windows` to add it to your `Cargo.toml`
[INFO] [stdout] 
[INFO] [stdout] 
[INFO] [stdout] error[E0433]: cannot find module or crate `windows` in this scope
[INFO] [stdout]   --> src/platform.rs:11:5
[INFO] [stdout]    |
[INFO] [stdout] 11 | use windows::{
[INFO] [stdout]    |     ^^^^^^^ use of unresolved module or unlinked crate `windows`
[INFO] [stdout]    |
[INFO] [stdout]    = help: if you wanted to use a crate named `windows`, use `cargo add windows` to add it to your `Cargo.toml`
[INFO] [stdout] 
[INFO] [stdout] 
[INFO] [stdout] error[E0433]: cannot find module or crate `winreg` in this scope
[INFO] [stdout]  --> src/startup.rs:6:5
[INFO] [stdout]   |
[INFO] [stdout] 6 | use winreg::{
[INFO] [stdout]   |     ^^^^^^ use of unresolved module or unlinked crate `winreg`
[INFO] [stdout]   |
[INFO] [stdout]   = help: if you wanted to use a crate named `winreg`, use `cargo add winreg` to add it to your `Cargo.toml`
[INFO] [stdout] 
[INFO] [stdout] 
[INFO] [stdout] error[E0432]: unresolved import `winreg`
[INFO] [stdout]  --> src/startup.rs:6:5
[INFO] [stdout]   |
[INFO] [stdout] 6 | use winreg::{
[INFO] [stdout]   |     ^^^^^^ use of unresolved module or unlinked crate `winreg`
[INFO] [stdout]   |
[INFO] [stdout]   = help: if you wanted to use a crate named `winreg`, use `cargo add winreg` to add it to your `Cargo.toml`
[INFO] [stdout] 
[INFO] [stdout] 
[INFO] [stdout] error[E0433]: cannot find module or crate `windows` in this scope
[INFO] [stdout]  --> src/tray/theme.rs:7:5
[INFO] [stdout]   |
[INFO] [stdout] 7 | use windows::{
[INFO] [stdout]   |     ^^^^^^^ use of unresolved module or unlinked crate `windows`
[INFO] [stdout]   |
[INFO] [stdout]   = help: if you wanted to use a crate named `windows`, use `cargo add windows` to add it to your `Cargo.toml`
[INFO] [stdout] 
[INFO] [stdout] 
[INFO] [stdout] error[E0432]: unresolved import `tray_icon`
[INFO] [stdout]  --> src/tray/theme.rs:6:5
[INFO] [stdout]   |
[INFO] [stdout] 6 | use tray_icon::TrayIcon;
[INFO] [stdout]   |     ^^^^^^^^^ use of unresolved module or unlinked crate `tray_icon`
[INFO] [stdout]   |
[INFO] [stdout]   = help: if you wanted to use a crate named `tray_icon`, use `cargo add tray_icon` to add it to your `Cargo.toml`
[INFO] [stdout] 
[INFO] [stdout] 
[INFO] [stdout] error[E0433]: cannot find module or crate `tray_icon` in this scope
[INFO] [stdout]  --> src/tray.rs:6:5
[INFO] [stdout]   |
[INFO] [stdout] 6 | use tray_icon::{
[INFO] [stdout]   |     ^^^^^^^^^ function `tray_icon` is not a crate or module
[INFO] [stdout] 
[INFO] [stdout] 
[INFO] [stdout] error[E0433]: cannot find module or crate `windows` in this scope
[INFO] [stdout]   --> src/tray.rs:10:5
[INFO] [stdout]    |
[INFO] [stdout] 10 | use windows::{
[INFO] [stdout]    |     ^^^^^^^ use of unresolved module or unlinked crate `windows`
[INFO] [stdout]    |
[INFO] [stdout]    = help: if you wanted to use a crate named `windows`, use `cargo add windows` to add it to your `Cargo.toml`
[INFO] [stdout] 
[INFO] [stdout] 
[INFO] [stdout] error[E0432]: unresolved import `tray_icon`
[INFO] [stdout]  --> src/tray.rs:6:5
[INFO] [stdout]   |
[INFO] [stdout] 6 | use tray_icon::{
[INFO] [stdout]   |     ^^^^^^^^^ function `tray_icon` is not a crate or module
[INFO] [stdout] 
[INFO] [stdout] 
[INFO] [stdout] error[E0408]: variable `WAIT_ABANDONED` is not bound in all patterns
[INFO] [stdout]    --> src/platform.rs:107:9
[INFO] [stdout]     |
[INFO] [stdout] 107 |         WAIT_OBJECT_0 | WAIT_ABANDONED => Ok(ConfigFileLock(handle)),
[INFO] [stdout]     |         ^^^^^^^^^^^^^   -------------- variable not in all patterns
[INFO] [stdout]     |         |
[INFO] [stdout]     |         pattern doesn't bind `WAIT_ABANDONED`
[INFO] [stdout]     |
[INFO] [stdout] help: if you meant to match on a unit struct, unit variant or a `const` item, consider making the path in the pattern qualified: `path::to::ModOrType::WAIT_ABANDONED`
[INFO] [stdout]    --> src/platform.rs:107:25
[INFO] [stdout]     |
[INFO] [stdout] 107 |         WAIT_OBJECT_0 | WAIT_ABANDONED => Ok(ConfigFileLock(handle)),
[INFO] [stdout]     |                         ^^^^^^^^^^^^^^
[INFO] [stdout] 
[INFO] [stdout] 
[INFO] [stdout] error[E0408]: variable `WAIT_OBJECT_0` is not bound in all patterns
[INFO] [stdout]    --> src/platform.rs:107:25
[INFO] [stdout]     |
[INFO] [stdout] 107 |         WAIT_OBJECT_0 | WAIT_ABANDONED => Ok(ConfigFileLock(handle)),
[INFO] [stdout]     |         -------------   ^^^^^^^^^^^^^^ pattern doesn't bind `WAIT_OBJECT_0`
[INFO] [stdout]     |         |
[INFO] [stdout]     |         variable not in all patterns
[INFO] [stdout]     |
[INFO] [stdout] help: if you meant to match on a unit struct, unit variant or a `const` item, consider making the path in the pattern qualified: `path::to::ModOrType::WAIT_OBJECT_0`
[INFO] [stdout]    --> src/platform.rs:107:9
[INFO] [stdout]     |
[INFO] [stdout] 107 |         WAIT_OBJECT_0 | WAIT_ABANDONED => Ok(ConfigFileLock(handle)),
[INFO] [stdout]     |         ^^^^^^^^^^^^^
[INFO] [stdout] 
[INFO] [stdout] 
[INFO] [stdout] error[E0408]: variable `WM_THEMECHANGED` is not bound in all patterns
[INFO] [stdout]    --> src/tray/theme.rs:144:26
[INFO] [stdout]     |
[INFO] [stdout] 144 |     if matches!(message, WM_SETTINGCHANGE | WM_THEMECHANGED)
[INFO] [stdout]     |                          ^^^^^^^^^^^^^^^^   --------------- variable not in all patterns
[INFO] [stdout]     |                          |
[INFO] [stdout]     |                          pattern doesn't bind `WM_THEMECHANGED`
[INFO] [stdout]     |
[INFO] [stdout] help: if you meant to match on a unit struct, unit variant or a `const` item, consider making the path in the pattern qualified: `path::to::ModOrType::WM_THEMECHANGED`
[INFO] [stdout]    --> src/tray/theme.rs:144:45
[INFO] [stdout]     |
[INFO] [stdout] 144 |     if matches!(message, WM_SETTINGCHANGE | WM_THEMECHANGED)
[INFO] [stdout]     |                                             ^^^^^^^^^^^^^^^
[INFO] [stdout] 
[INFO] [stdout] 
[INFO] [stdout] error[E0408]: variable `WM_SETTINGCHANGE` is not bound in all patterns
[INFO] [stdout]    --> src/tray/theme.rs:144:45
[INFO] [stdout]     |
[INFO] [stdout] 144 |     if matches!(message, WM_SETTINGCHANGE | WM_THEMECHANGED)
[INFO] [stdout]     |                          ----------------   ^^^^^^^^^^^^^^^ pattern doesn't bind `WM_SETTINGCHANGE`
[INFO] [stdout]     |                          |
[INFO] [stdout]     |                          variable not in all patterns
[INFO] [stdout]     |
[INFO] [stdout] help: if you meant to match on a unit struct, unit variant or a `const` item, consider making the path in the pattern qualified: `path::to::ModOrType::WM_SETTINGCHANGE`
[INFO] [stdout]    --> src/tray/theme.rs:144:26
[INFO] [stdout]     |
[INFO] [stdout] 144 |     if matches!(message, WM_SETTINGCHANGE | WM_THEMECHANGED)
[INFO] [stdout]     |                          ^^^^^^^^^^^^^^^^
[INFO] [stdout] 
[INFO] [stdout] 
[INFO] [stdout] error: vstretch is Windows-only (uses Win32 display APIs)
[INFO] [stdout]   --> src/main.rs:17:1
[INFO] [stdout]    |
[INFO] [stdout] 17 | compile_error!("vstretch is Windows-only (uses Win32 display APIs)");
[INFO] [stdout]    | ^^^^^^^^^^^^^^^^^^^^^^^^^^^^^^^^^^^^^^^^^^^^^^^^^^^^^^^^^^^^^^^^^^^^
[INFO] [stdout] 
[INFO] [stdout] 
[INFO] [stdout] error[E0433]: cannot find `windows` in `os`
[INFO] [stdout]  --> src/platform.rs:6:9
[INFO] [stdout]   |
[INFO] [stdout] 6 |     os::windows::ffi::OsStringExt,
[INFO] [stdout]   |         ^^^^^^^ could not find `windows` in `os`
[INFO] [stdout]   |
[INFO] [stdout] note: found an item that was configured out
[INFO] [stdout]  --> /rustc/3154cc1a3e6424e44f438a95007d043ed5ceaaf6/library/std/src/os/mod.rs:62:4
[INFO] [stdout]   |
[INFO] [stdout]   = note: the item is gated behind the `windows` feature
[INFO] [stdout] 
[INFO] [stdout] 
[INFO] [stdout] error[E0433]: cannot find `windows` in `os`
[INFO] [stdout]  --> src/update.rs:6:9
[INFO] [stdout]   |
[INFO] [stdout] 6 |     os::windows::{fs::OpenOptionsExt, process::CommandExt},
[INFO] [stdout]   |         ^^^^^^^ could not find `windows` in `os`
[INFO] [stdout]   |
[INFO] [stdout] note: found an item that was configured out
[INFO] [stdout]  --> /rustc/3154cc1a3e6424e44f438a95007d043ed5ceaaf6/library/std/src/os/mod.rs:62:4
[INFO] [stdout]   |
[INFO] [stdout]   = note: the item is gated behind the `windows` feature
[INFO] [stdout] 
[INFO] [stdout] 
[INFO] [stdout] error[E0433]: cannot find module or crate `windows` in this scope
[INFO] [stdout]  --> src/display.rs:7:5
[INFO] [stdout]   |
[INFO] [stdout] 7 | use windows::{
[INFO] [stdout]   |     ^^^^^^^ use of unresolved module or unlinked crate `windows`
[INFO] [stdout]   |
[INFO] [stdout]   = help: if you wanted to use a crate named `windows`, use `cargo add windows` to add it to your `Cargo.toml`
[INFO] [stdout] 
[INFO] [stdout] 
[INFO] [stdout] error[E0433]: cannot find module or crate `windows` in this scope
[INFO] [stdout]   --> src/platform.rs:11:5
[INFO] [stdout]    |
[INFO] [stdout] 11 | use windows::{
[INFO] [stdout]    |     ^^^^^^^ use of unresolved module or unlinked crate `windows`
[INFO] [stdout]    |
[INFO] [stdout]    = help: if you wanted to use a crate named `windows`, use `cargo add windows` to add it to your `Cargo.toml`
[INFO] [stdout] 
[INFO] [stdout] 
[INFO] [stdout] error[E0433]: cannot find module or crate `winreg` in this scope
[INFO] [stdout]  --> src/startup.rs:6:5
[INFO] [stdout]   |
[INFO] [stdout] 6 | use winreg::{
[INFO] [stdout]   |     ^^^^^^ use of unresolved module or unlinked crate `winreg`
[INFO] [stdout]   |
[INFO] [stdout]   = help: if you wanted to use a crate named `winreg`, use `cargo add winreg` to add it to your `Cargo.toml`
[INFO] [stdout] 
[INFO] [stdout] 
[INFO] [stdout] error[E0432]: unresolved import `winreg`
[INFO] [stdout]  --> src/startup.rs:6:5
[INFO] [stdout]   |
[INFO] [stdout] 6 | use winreg::{
[INFO] [stdout]   |     ^^^^^^ use of unresolved module or unlinked crate `winreg`
[INFO] [stdout]   |
[INFO] [stdout]   = help: if you wanted to use a crate named `winreg`, use `cargo add winreg` to add it to your `Cargo.toml`
[INFO] [stdout] 
[INFO] [stdout] 
[INFO] [stdout] error[E0433]: cannot find module or crate `windows` in this scope
[INFO] [stdout]  --> src/tray/theme.rs:7:5
[INFO] [stdout]   |
[INFO] [stdout] 7 | use windows::{
[INFO] [stdout]   |     ^^^^^^^ use of unresolved module or unlinked crate `windows`
[INFO] [stdout]   |
[INFO] [stdout]   = help: if you wanted to use a crate named `windows`, use `cargo add windows` to add it to your `Cargo.toml`
[INFO] [stdout] 
[INFO] [stdout] 
[INFO] [stdout] error[E0432]: unresolved import `tray_icon`
[INFO] [stdout]  --> src/tray/theme.rs:6:5
[INFO] [stdout]   |
[INFO] [stdout] 6 | use tray_icon::TrayIcon;
[INFO] [stdout]   |     ^^^^^^^^^ use of unresolved module or unlinked crate `tray_icon`
[INFO] [stdout]   |
[INFO] [stdout]   = help: if you wanted to use a crate named `tray_icon`, use `cargo add tray_icon` to add it to your `Cargo.toml`
[INFO] [stdout] 
[INFO] [stdout] 
[INFO] [stdout] error[E0433]: cannot find module or crate `tray_icon` in this scope
[INFO] [stdout]  --> src/tray.rs:6:5
[INFO] [stdout]   |
[INFO] [stdout] 6 | use tray_icon::{
[INFO] [stdout]   |     ^^^^^^^^^ function `tray_icon` is not a crate or module
[INFO] [stdout] 
[INFO] [stdout] 
[INFO] [stdout] error[E0433]: cannot find module or crate `windows` in this scope
[INFO] [stdout]   --> src/tray.rs:10:5
[INFO] [stdout]    |
[INFO] [stdout] 10 | use windows::{
[INFO] [stdout]    |     ^^^^^^^ use of unresolved module or unlinked crate `windows`
[INFO] [stdout]    |
[INFO] [stdout]    = help: if you wanted to use a crate named `windows`, use `cargo add windows` to add it to your `Cargo.toml`
[INFO] [stdout] 
[INFO] [stdout] 
[INFO] [stdout] error[E0433]: cannot find module or crate `tray_icon` in this scope
[INFO] [stdout]    --> src/tray.rs:665:9
[INFO] [stdout]     |
[INFO] [stdout] 665 |     use tray_icon::menu::ContextMenu;
[INFO] [stdout]     |         ^^^^^^^^^ function `tray_icon` is not a crate or module
[INFO] [stdout] 
[INFO] [stdout] 
[INFO] [stdout] error[E0433]: cannot find module or crate `windows` in this scope
[INFO] [stdout]    --> src/tray.rs:666:9
[INFO] [stdout]     |
[INFO] [stdout] 666 |     use windows::Win32::UI::WindowsAndMessaging::{GetMenuStringW, HMENU, MF_BYPOSITION};
[INFO] [stdout]     |         ^^^^^^^ use of unresolved module or unlinked crate `windows`
[INFO] [stdout]     |
[INFO] [stdout]     = help: if you wanted to use a crate named `windows`, use `cargo add windows` to add it to your `Cargo.toml`
[INFO] [stdout] 
[INFO] [stdout] 
[INFO] [stdout] error[E0433]: cannot find `windows` in `os`
[INFO] [stdout]    --> src/config.rs:559:22
[INFO] [stdout]     |
[INFO] [stdout] 559 |         use std::os::windows::fs::OpenOptionsExt;
[INFO] [stdout]     |                      ^^^^^^^ could not find `windows` in `os`
[INFO] [stdout]     |
[INFO] [stdout] note: found an item that was configured out
[INFO] [stdout]    --> /rustc/3154cc1a3e6424e44f438a95007d043ed5ceaaf6/library/std/src/os/mod.rs:62:4
[INFO] [stdout]     |
[INFO] [stdout]     = note: the item is gated behind the `windows` feature
[INFO] [stdout] 
[INFO] [stdout] 
[INFO] [stdout] error[E0433]: cannot find module or crate `windows` in this scope
[INFO] [stdout]    --> src/display.rs:518:13
[INFO] [stdout]     |
[INFO] [stdout] 518 |         use windows::Win32::Graphics::Gdi::CDS_TEST;
[INFO] [stdout]     |             ^^^^^^^ use of unresolved module or unlinked crate `windows`
[INFO] [stdout]     |
[INFO] [stdout]     = help: if you wanted to use a crate named `windows`, use `cargo add windows` to add it to your `Cargo.toml`
[INFO] [stdout] 
[INFO] [stdout] 
[INFO] [stdout] error[E0433]: cannot find `windows` in `os`
[INFO] [stdout]    --> src/platform.rs:287:17
[INFO] [stdout]     |
[INFO] [stdout] 287 |             os::windows::process::CommandExt,
[INFO] [stdout]     |                 ^^^^^^^ could not find `windows` in `os`
[INFO] [stdout]     |
[INFO] [stdout] note: found an item that was configured out
[INFO] [stdout]    --> /rustc/3154cc1a3e6424e44f438a95007d043ed5ceaaf6/library/std/src/os/mod.rs:62:4
[INFO] [stdout]     |
[INFO] [stdout]     = note: the item is gated behind the `windows` feature
[INFO] [stdout] 
[INFO] [stdout] 
[INFO] [stdout] error[E0433]: cannot find module or crate `windows` in this scope
[INFO] [stdout]    --> src/platform.rs:292:13
[INFO] [stdout]     |
[INFO] [stdout] 292 |         use windows::Win32::System::Threading::CREATE_NO_WINDOW;
[INFO] [stdout]     |             ^^^^^^^ use of unresolved module or unlinked crate `windows`
[INFO] [stdout]     |
[INFO] [stdout]     = help: if you wanted to use a crate named `windows`, use `cargo add windows` to add it to your `Cargo.toml`
[INFO] [stdout] 
[INFO] [stdout] 
[INFO] [stdout] error[E0433]: cannot find `windows` in `os`
[INFO] [stdout]    --> src/recovery.rs:508:17
[INFO] [stdout]     |
[INFO] [stdout] 508 |             os::windows::process::CommandExt,
[INFO] [stdout]     |                 ^^^^^^^ could not find `windows` in `os`
[INFO] [stdout]     |
[INFO] [stdout] note: found an item that was configured out
[INFO] [stdout]    --> /rustc/3154cc1a3e6424e44f438a95007d043ed5ceaaf6/library/std/src/os/mod.rs:62:4
[INFO] [stdout]     |
[INFO] [stdout]     = note: the item is gated behind the `windows` feature
[INFO] [stdout] 
[INFO] [stdout] 
[INFO] [stdout] error[E0433]: cannot find module or crate `windows` in this scope
[INFO] [stdout]    --> src/recovery.rs:513:13
[INFO] [stdout]     |
[INFO] [stdout] 513 |         use windows::Win32::System::Threading::CREATE_NO_WINDOW;
[INFO] [stdout]     |             ^^^^^^^ use of unresolved module or unlinked crate `windows`
[INFO] [stdout]     |
[INFO] [stdout]     = help: if you wanted to use a crate named `windows`, use `cargo add windows` to add it to your `Cargo.toml`
[INFO] [stdout] 
[INFO] [stdout] 
[INFO] [stdout] error[E0432]: unresolved import `tray_icon`
[INFO] [stdout]  --> src/tray.rs:6:5
[INFO] [stdout]   |
[INFO] [stdout] 6 | use tray_icon::{
[INFO] [stdout]   |     ^^^^^^^^^ function `tray_icon` is not a crate or module
[INFO] [stdout] 
[INFO] [stdout] 
[INFO] [stdout] error[E0433]: cannot find module or crate `winreg` in this scope
[INFO] [stdout]   --> src/startup.rs:83:13
[INFO] [stdout]    |
[INFO] [stdout] 83 |         use winreg::{RegValue, enums::KEY_QUERY_VALUE};
[INFO] [stdout]    |             ^^^^^^ use of unresolved module or unlinked crate `winreg`
[INFO] [stdout]    |
[INFO] [stdout]    = help: if you wanted to use a crate named `winreg`, use `cargo add winreg` to add it to your `Cargo.toml`
[INFO] [stdout] 
[INFO] [stdout] 
[INFO] [stdout] error[E0433]: cannot find module or crate `tray_icon` in this scope
[INFO] [stdout]    --> src/tray.rs:821:13
[INFO] [stdout]     |
[INFO] [stdout] 821 |         use tray_icon::menu::ContextMenu;
[INFO] [stdout]     |             ^^^^^^^^^ function `tray_icon` is not a crate or module
[INFO] [stdout] 
[INFO] [stdout] 
[INFO] [stdout] error[E0433]: cannot find module or crate `windows` in this scope
[INFO] [stdout]    --> src/tray.rs:822:13
[INFO] [stdout]     |
[INFO] [stdout] 822 |         use windows::Win32::{
[INFO] [stdout]     |             ^^^^^^^ use of unresolved module or unlinked crate `windows`
[INFO] [stdout]     |
[INFO] [stdout]     = help: if you wanted to use a crate named `windows`, use `cargo add windows` to add it to your `Cargo.toml`
[INFO] [stdout] 
[INFO] [stdout] 
[INFO] [stdout] error[E0432]: unresolved import `winreg`
[INFO] [stdout]   --> src/startup.rs:83:13
[INFO] [stdout]    |
[INFO] [stdout] 83 |         use winreg::{RegValue, enums::KEY_QUERY_VALUE};
[INFO] [stdout]    |             ^^^^^^ use of unresolved module or unlinked crate `winreg`
[INFO] [stdout]    |
[INFO] [stdout]    = help: if you wanted to use a crate named `winreg`, use `cargo add winreg` to add it to your `Cargo.toml`
[INFO] [stdout] 
[INFO] [stdout] 
[INFO] [stdout] error[E0408]: variable `WAIT_ABANDONED` is not bound in all patterns
[INFO] [stdout]    --> src/platform.rs:107:9
[INFO] [stdout]     |
[INFO] [stdout] 107 |         WAIT_OBJECT_0 | WAIT_ABANDONED => Ok(ConfigFileLock(handle)),
[INFO] [stdout]     |         ^^^^^^^^^^^^^   -------------- variable not in all patterns
[INFO] [stdout]     |         |
[INFO] [stdout]     |         pattern doesn't bind `WAIT_ABANDONED`
[INFO] [stdout]     |
[INFO] [stdout] help: if you meant to match on a unit struct, unit variant or a `const` item, consider making the path in the pattern qualified: `path::to::ModOrType::WAIT_ABANDONED`
[INFO] [stdout]    --> src/platform.rs:107:25
[INFO] [stdout]     |
[INFO] [stdout] 107 |         WAIT_OBJECT_0 | WAIT_ABANDONED => Ok(ConfigFileLock(handle)),
[INFO] [stdout]     |                         ^^^^^^^^^^^^^^
[INFO] [stdout] 
[INFO] [stdout] 
[INFO] [stdout] error[E0408]: variable `WAIT_OBJECT_0` is not bound in all patterns
[INFO] [stdout]    --> src/platform.rs:107:25
[INFO] [stdout]     |
[INFO] [stdout] 107 |         WAIT_OBJECT_0 | WAIT_ABANDONED => Ok(ConfigFileLock(handle)),
[INFO] [stdout]     |         -------------   ^^^^^^^^^^^^^^ pattern doesn't bind `WAIT_OBJECT_0`
[INFO] [stdout]     |         |
[INFO] [stdout]     |         variable not in all patterns
[INFO] [stdout]     |
[INFO] [stdout] help: if you meant to match on a unit struct, unit variant or a `const` item, consider making the path in the pattern qualified: `path::to::ModOrType::WAIT_OBJECT_0`
[INFO] [stdout]    --> src/platform.rs:107:9
[INFO] [stdout]     |
[INFO] [stdout] 107 |         WAIT_OBJECT_0 | WAIT_ABANDONED => Ok(ConfigFileLock(handle)),
[INFO] [stdout]     |         ^^^^^^^^^^^^^
[INFO] [stdout] 
[INFO] [stdout] 
[INFO] [stdout] error[E0408]: variable `WM_THEMECHANGED` is not bound in all patterns
[INFO] [stdout]    --> src/tray/theme.rs:144:26
[INFO] [stdout]     |
[INFO] [stdout] 144 |     if matches!(message, WM_SETTINGCHANGE | WM_THEMECHANGED)
[INFO] [stdout]     |                          ^^^^^^^^^^^^^^^^   --------------- variable not in all patterns
[INFO] [stdout]     |                          |
[INFO] [stdout]     |                          pattern doesn't bind `WM_THEMECHANGED`
[INFO] [stdout]     |
[INFO] [stdout] help: if you meant to match on a unit struct, unit variant or a `const` item, consider making the path in the pattern qualified: `path::to::ModOrType::WM_THEMECHANGED`
[INFO] [stdout]    --> src/tray/theme.rs:144:45
[INFO] [stdout]     |
[INFO] [stdout] 144 |     if matches!(message, WM_SETTINGCHANGE | WM_THEMECHANGED)
[INFO] [stdout]     |                                             ^^^^^^^^^^^^^^^
[INFO] [stdout] 
[INFO] [stdout] 
[INFO] [stdout] error[E0408]: variable `WM_SETTINGCHANGE` is not bound in all patterns
[INFO] [stdout]    --> src/tray/theme.rs:144:45
[INFO] [stdout]     |
[INFO] [stdout] 144 |     if matches!(message, WM_SETTINGCHANGE | WM_THEMECHANGED)
[INFO] [stdout]     |                          ----------------   ^^^^^^^^^^^^^^^ pattern doesn't bind `WM_SETTINGCHANGE`
[INFO] [stdout]     |                          |
[INFO] [stdout]     |                          variable not in all patterns
[INFO] [stdout]     |
[INFO] [stdout] help: if you meant to match on a unit struct, unit variant or a `const` item, consider making the path in the pattern qualified: `path::to::ModOrType::WM_SETTINGCHANGE`
[INFO] [stdout]    --> src/tray/theme.rs:144:26
[INFO] [stdout]     |
[INFO] [stdout] 144 |     if matches!(message, WM_SETTINGCHANGE | WM_THEMECHANGED)
[INFO] [stdout]     |                          ^^^^^^^^^^^^^^^^
[INFO] [stdout] 
[INFO] [stdout] 
[INFO] [stdout] error[E0599]: no associated function or constant named `from_wide` found for struct `OsString` in the current scope
[INFO] [stdout]    --> src/platform.rs:214:26
[INFO] [stdout]     |
[INFO] [stdout] 214 |     let path = OsString::from_wide(&buffer[..length as usize]);
[INFO] [stdout]     |                          ^^^^^^^^^ associated function or constant not found in `OsString`
[INFO] [stdout]     |
[INFO] [stdout] note: if you're trying to build a new `OsString` consider using one of the following associated functions:
[INFO] [stdout]       OsString::new
[INFO] [stdout]       OsString::from_encoded_bytes_unchecked
[INFO] [stdout]       OsString::with_capacity
[INFO] [stdout]    --> /rustc/3154cc1a3e6424e44f438a95007d043ed5ceaaf6/library/std/src/ffi/os_str.rs:134:4
[INFO] [stdout] help: there is an associated function `from_iter` with a similar name
[INFO] [stdout]     |
[INFO] [stdout] 214 -     let path = OsString::from_wide(&buffer[..length as usize]);
[INFO] [stdout] 214 +     let path = OsString::from_iter(&buffer[..length as usize]);
[INFO] [stdout]     |
[INFO] [stdout] 
[INFO] [stdout] 
[INFO] [stdout] warning: method call on a diverging inference variable
[INFO] [stdout]   --> src/startup.rs:51:15
[INFO] [stdout]    |
[INFO] [stdout] 51 |     match key.get_value::<String, _>(VALUE) {
[INFO] [stdout]    |               ^^^^^^^^^
[INFO] [stdout]    |
[INFO] [stdout]    = help: consider providing a type annotation
[INFO] [stdout]    = warning: this was previously accepted by the compiler but is being phased out; it will become a hard error in a future release!
[INFO] [stdout]    = note: for more information, see issue #156047 <https://github.com/rust-lang/rust/issues/156047>
[INFO] [stdout]    = note: `#[warn(method_call_on_diverging_infer_var)]` (part of `#[warn(future_incompatible)]`) on by default
[INFO] [stdout] 
[INFO] [stdout] 
[INFO] [stdout] error[E0599]: no method named `get_value` found for type `!` in the current scope
[INFO] [stdout]   --> src/startup.rs:51:15
[INFO] [stdout]    |
[INFO] [stdout] 51 |     match key.get_value::<String, _>(VALUE) {
[INFO] [stdout]    |               ^^^^^^^^^ method not found in `!`
[INFO] [stdout] 
[INFO] [stdout] 
[INFO] [stdout] error[E0599]: no method named `share_mode` found for mutable reference `&mut OpenOptions` in the current scope
[INFO] [stdout]    --> src/config.rs:569:14
[INFO] [stdout]     |
[INFO] [stdout] 567 |         let locked = fs::OpenOptions::new()
[INFO] [stdout] 568 |             .read(true)
[INFO] [stdout] 569 |             .share_mode(0)
[INFO] [stdout]     |              ^^^^^^^^^^ method not found in `&mut OpenOptions`
[INFO] [stdout] 
[INFO] [stdout] 
[INFO] [stdout] error[E0599]: no method named `share_mode` found for mutable reference `&mut OpenOptions` in the current scope
[INFO] [stdout]    --> src/update.rs:151:10
[INFO] [stdout]     |
[INFO] [stdout] 146 |     OpenOptions::new()
[INFO] [stdout] 147 |         .read(true)
[INFO] [stdout] 148 |         .write(true)
[INFO] [stdout] 149 |         .create(true)
[INFO] [stdout] 150 |         .truncate(false)
[INFO] [stdout] 151 |         .share_mode(0)
[INFO] [stdout]     |          ^^^^^^^^^^ method not found in `&mut OpenOptions`
[INFO] [stdout] 
[INFO] [stdout] 
[INFO] [stdout] error[E0599]: no method named `creation_flags` found for struct `std::process::Command` in the current scope
[INFO] [stdout]    --> src/update.rs:165:10
[INFO] [stdout]     |
[INFO] [stdout] 164 |     let output = Command::new(powershell)
[INFO] [stdout] 165 |         .creation_flags(0x08000000) // CREATE_NO_WINDOW
[INFO] [stdout]     |          ^^^^^^^^^^^^^^ method not found in `std::process::Command`
[INFO] [stdout] 
[INFO] [stdout] 
[INFO] [stdout] error[E0599]: no associated function or constant named `from_wide` found for struct `OsString` in the current scope
[INFO] [stdout]    --> src/platform.rs:214:26
[INFO] [stdout]     |
[INFO] [stdout] 214 |     let path = OsString::from_wide(&buffer[..length as usize]);
[INFO] [stdout]     |                          ^^^^^^^^^ associated function or constant not found in `OsString`
[INFO] [stdout]     |
[INFO] [stdout] note: if you're trying to build a new `OsString` consider using one of the following associated functions:
[INFO] [stdout]       OsString::new
[INFO] [stdout]       OsString::from_encoded_bytes_unchecked
[INFO] [stdout]       OsString::with_capacity
[INFO] [stdout]    --> /rustc/3154cc1a3e6424e44f438a95007d043ed5ceaaf6/library/std/src/ffi/os_str.rs:134:4
[INFO] [stdout] help: there is an associated function `from_iter` with a similar name
[INFO] [stdout]     |
[INFO] [stdout] 214 -     let path = OsString::from_wide(&buffer[..length as usize]);
[INFO] [stdout] 214 +     let path = OsString::from_iter(&buffer[..length as usize]);
[INFO] [stdout]     |
[INFO] [stdout] 
[INFO] [stdout] 
[INFO] [stdout] error[E0599]: no method named `creation_flags` found for mutable reference `&mut std::process::Command` in the current scope
[INFO] [stdout]    --> src/platform.rs:326:18
[INFO] [stdout]     |
[INFO] [stdout] 320 |             Command::new(&executable)
[INFO] [stdout] 321 |                 .args([
[INFO] [stdout] 322 |                     "--exact",
[INFO] [stdout] 323 |                     "platform::tests::process_snapshot_detects_game_launch_and_exit",
[INFO] [stdout] 324 |                 ])
[INFO] [stdout] 325 |                 .env(CHILD, "1")
[INFO] [stdout] 326 |                 .creation_flags(CREATE_NO_WINDOW.0)
[INFO] [stdout]     |                  ^^^^^^^^^^^^^^ method not found in `&mut std::process::Command`
[INFO] [stdout] 
[INFO] [stdout] 
[INFO] [stdout] error[E0599]: no method named `creation_flags` found for mutable reference `&mut std::process::Command` in the current scope
[INFO] [stdout]    --> src/recovery.rs:543:18
[INFO] [stdout]     |
[INFO] [stdout] 537 |             Command::new(std::env::current_exe()?)
[INFO] [stdout] 538 |                 .args([
[INFO] [stdout] 539 |                     "--exact",
[INFO] [stdout] 540 |                     "recovery::tests::killed_process_recovers_from_its_durable_record",
[INFO] [stdout] 541 |                 ])
[INFO] [stdout] 542 |                 .env(CHILD_DIRECTORY, directory.path())
[INFO] [stdout] 543 |                 .creation_flags(CREATE_NO_WINDOW.0)
[INFO] [stdout]     |                  ^^^^^^^^^^^^^^ method not found in `&mut std::process::Command`
[INFO] [stdout] 
[INFO] [stdout] 
[INFO] [stdout] warning: method call on a diverging inference variable
[INFO] [stdout]   --> src/startup.rs:51:15
[INFO] [stdout]    |
[INFO] [stdout] 51 |     match key.get_value::<String, _>(VALUE) {
[INFO] [stdout]    |               ^^^^^^^^^
[INFO] [stdout]    |
[INFO] [stdout]    = help: consider providing a type annotation
[INFO] [stdout]    = warning: this was previously accepted by the compiler but is being phased out; it will become a hard error in a future release!
[INFO] [stdout]    = note: for more information, see issue #156047 <https://github.com/rust-lang/rust/issues/156047>
[INFO] [stdout]    = note: `#[warn(method_call_on_diverging_infer_var)]` (part of `#[warn(future_incompatible)]`) on by default
[INFO] [stdout] 
[INFO] [stdout] 
[INFO] [stdout] Some errors have detailed explanations: E0408, E0432, E0433, E0599.
[INFO] [stdout] 
[INFO] [stdout] For more information about an error, try `rustc --explain E0408`.
[INFO] [stdout] 
[INFO] [stdout] error[E0599]: no method named `get_value` found for type `!` in the current scope
[INFO] [stdout]   --> src/startup.rs:51:15
[INFO] [stdout]    |
[INFO] [stdout] 51 |     match key.get_value::<String, _>(VALUE) {
[INFO] [stdout]    |               ^^^^^^^^^ method not found in `!`
[INFO] [stdout] 
[INFO] [stdout] 
[INFO] [stderr] error: could not compile `vstretch` (bin "vstretch") due to 20 previous errors; 2 warnings emitted
[INFO] [stderr] warning: build failed, waiting for other jobs to finish...
[INFO] [stdout] error[E0599]: no method named `share_mode` found for mutable reference `&mut OpenOptions` in the current scope
[INFO] [stdout]    --> src/update.rs:151:10
[INFO] [stdout]     |
[INFO] [stdout] 146 |     OpenOptions::new()
[INFO] [stdout] 147 |         .read(true)
[INFO] [stdout] 148 |         .write(true)
[INFO] [stdout] 149 |         .create(true)
[INFO] [stdout] 150 |         .truncate(false)
[INFO] [stdout] 151 |         .share_mode(0)
[INFO] [stdout]     |          ^^^^^^^^^^ method not found in `&mut OpenOptions`
[INFO] [stdout] 
[INFO] [stdout] 
[INFO] [stdout] error[E0599]: no method named `creation_flags` found for struct `std::process::Command` in the current scope
[INFO] [stdout]    --> src/update.rs:165:10
[INFO] [stdout]     |
[INFO] [stdout] 164 |     let output = Command::new(powershell)
[INFO] [stdout] 165 |         .creation_flags(0x08000000) // CREATE_NO_WINDOW
[INFO] [stdout]     |          ^^^^^^^^^^^^^^ method not found in `std::process::Command`
[INFO] [stdout] 
[INFO] [stdout] 
[INFO] [stdout] Some errors have detailed explanations: E0408, E0432, E0433, E0599.
[INFO] [stdout] 
[INFO] [stdout] For more information about an error, try `rustc --explain E0408`.
[INFO] [stdout] 
[INFO] [stderr] error: could not compile `vstretch` (bin "vstretch" test) due to 35 previous errors; 2 warnings emitted
[INFO] running `Command { std: "docker" "inspect" "c42d79843c3dba5dfa7bd8486e562825baa617b4e12e8698d6c2384d4cff011e", kill_on_drop: false }`
[INFO] running `Command { std: "docker" "rm" "-f" "c42d79843c3dba5dfa7bd8486e562825baa617b4e12e8698d6c2384d4cff011e", kill_on_drop: false }`
[INFO] [stdout] c42d79843c3dba5dfa7bd8486e562825baa617b4e12e8698d6c2384d4cff011e
