[INFO] cloning repository https://github.com/blockhackersio/msgpunk
[INFO] running `Command { std: "git" "-c" "credential.helper=" "-c" "credential.helper=/workspace/cargo-home/bin/git-credential-null" "clone" "--bare" "https://github.com/blockhackersio/msgpunk" "/workspace/cache/git-repos/https%3A%2F%2Fgithub.com%2Fblockhackersio%2Fmsgpunk", kill_on_drop: false }`
[INFO] [stderr] Cloning into bare repository '/workspace/cache/git-repos/https%3A%2F%2Fgithub.com%2Fblockhackersio%2Fmsgpunk'...
[INFO] running `Command { std: "git" "rev-parse" "HEAD", kill_on_drop: false }`
[INFO] [stdout] bb7eeef99e4c355c545a77527d378088c5337827
[INFO] checking blockhackersio/msgpunk against 3154cc1a3e6424e44f438a95007d043ed5ceaaf6 for pr-133502-30
[INFO] running `Command { std: "git" "clone" "/workspace/cache/git-repos/https%3A%2F%2Fgithub.com%2Fblockhackersio%2Fmsgpunk" "/workspace/builds/worker-1-tc2/source", kill_on_drop: false }`
[INFO] [stderr] Cloning into '/workspace/builds/worker-1-tc2/source'...
[INFO] [stderr] done.
[INFO] started tweaking git repo https://github.com/blockhackersio/msgpunk
[INFO] finished tweaking git repo https://github.com/blockhackersio/msgpunk
[INFO] tweaked toml for git repo https://github.com/blockhackersio/msgpunk written to /workspace/builds/worker-1-tc2/source/Cargo.toml
[INFO] validating manifest of git repo https://github.com/blockhackersio/msgpunk on toolchain 3154cc1a3e6424e44f438a95007d043ed5ceaaf6
[INFO] running `Command { std: CARGO_HOME="/workspace/cargo-home" RUSTUP_HOME="/workspace/rustup-home" "/workspace/cargo-home/bin/cargo" "+3154cc1a3e6424e44f438a95007d043ed5ceaaf6" "metadata" "--manifest-path" "Cargo.toml" "--no-deps", kill_on_drop: false }`
[INFO] crate git repo https://github.com/blockhackersio/msgpunk already has a lockfile, it will not be regenerated
[INFO] running `Command { std: CARGO_HOME="/workspace/cargo-home" RUSTUP_HOME="/workspace/rustup-home" "/workspace/cargo-home/bin/cargo" "+3154cc1a3e6424e44f438a95007d043ed5ceaaf6" "fetch" "--manifest-path" "Cargo.toml", kill_on_drop: false }`
[INFO] running `Command { std: "docker" "create" "-v" "/var/lib/crater-agent-workspace/builds/worker-1-tc2/source:/opt/rustwide/workdir:ro,Z" "-v" "/var/lib/crater-agent-workspace/builds/worker-1-tc2/target:/opt/rustwide/target:rw,Z" "-v" "/var/lib/crater-agent-workspace/cargo-home:/opt/rustwide/cargo-home:ro,Z" "-v" "/var/lib/crater-agent-workspace/rustup-home:/opt/rustwide/rustup-home:ro,Z" "-m" "1610612736" "--network" "none" "ghcr.io/rust-lang/crates-build-env/linux@sha256:77db811e55d90add9212f6832c23229e3de5f1c1f9905e8cb07319ea15df73ac" "sleep" "infinity", kill_on_drop: false }`
[INFO] [stdout] 7b4188134cb1c4d3dd506e9dc1a04ec4c2de2a3a0fbbd5b27c806d8e7ba066ee
[INFO] running `Command { std: "docker" "start" "7b4188134cb1c4d3dd506e9dc1a04ec4c2de2a3a0fbbd5b27c806d8e7ba066ee", kill_on_drop: false }`
[INFO] running `Command { std: "docker" "inspect" "7b4188134cb1c4d3dd506e9dc1a04ec4c2de2a3a0fbbd5b27c806d8e7ba066ee", kill_on_drop: false }`
[INFO] running `Command { std: "docker" "exec" "-e" "SOURCE_DIR=/opt/rustwide/workdir" "-e" "CARGO_HOME=/opt/rustwide/cargo-home" "-e" "RUSTUP_HOME=/opt/rustwide/rustup-home" "-e" "CARGO_TARGET_DIR=/opt/rustwide/target" "-w" "/opt/rustwide/workdir" "--user" "0:0" "7b4188134cb1c4d3dd506e9dc1a04ec4c2de2a3a0fbbd5b27c806d8e7ba066ee" "/opt/rustwide/cargo-home/bin/cargo" "+3154cc1a3e6424e44f438a95007d043ed5ceaaf6" "metadata" "--no-deps" "--format-version=1", kill_on_drop: false }`
[INFO] running `Command { std: "docker" "inspect" "7b4188134cb1c4d3dd506e9dc1a04ec4c2de2a3a0fbbd5b27c806d8e7ba066ee", kill_on_drop: false }`
[INFO] running `Command { std: "docker" "exec" "-e" "SOURCE_DIR=/opt/rustwide/workdir" "-e" "CARGO_HOME=/opt/rustwide/cargo-home" "-e" "RUSTUP_HOME=/opt/rustwide/rustup-home" "-e" "CARGO_TARGET_DIR=/opt/rustwide/target" "-e" "CARGO_INCREMENTAL=0" "-e" "RUST_BACKTRACE=full" "-e" "RUSTFLAGS=--cap-lints=forbid" "-e" "RUSTDOCFLAGS=--cap-lints=forbid" "-w" "/opt/rustwide/workdir" "--user" "0:0" "7b4188134cb1c4d3dd506e9dc1a04ec4c2de2a3a0fbbd5b27c806d8e7ba066ee" "/opt/rustwide/cargo-home/bin/cargo" "+3154cc1a3e6424e44f438a95007d043ed5ceaaf6" "check" "--frozen" "--all" "--all-targets" "--message-format=json", kill_on_drop: false }`
[INFO] [stderr]    Compiling typenum v1.20.1
[INFO] [stderr]     Checking futures-channel v0.3.34
[INFO] [stderr]    Compiling log v0.4.34
[INFO] [stderr]    Compiling syn v3.0.4
[INFO] [stderr]     Checking parking_lot_core v0.9.12
[INFO] [stderr]    Compiling const-oid v0.10.2
[INFO] [stderr]     Checking digest v0.11.3
[INFO] [stderr]    Compiling cpufeatures v0.3.1
[INFO] [stderr]     Checking generic-array v0.14.7
[INFO] [stderr]    Compiling mime v0.3.17
[INFO] [stderr]     Checking der v0.7.10
[INFO] [stderr]     Checking ff v0.13.1
[INFO] [stderr]    Compiling smallvec v1.15.2
[INFO] [stderr]     Checking base16ct v0.2.0
[INFO] [stderr]    Compiling type-map v0.5.1
[INFO] [stderr]    Compiling mime_guess v2.0.5
[INFO] [stderr]     Checking serde_json v1.0.151
[INFO] [stderr]    Compiling curve25519-dalek v4.1.3
[INFO] [stderr]     Checking parking_lot v0.12.5
[INFO] [stderr]    Compiling self_cell v1.3.0
[INFO] [stderr]     Checking sha2 v0.11.0
[INFO] [stderr]     Checking rand_chacha v0.3.1
[INFO] [stderr]     Checking group v0.13.0
[INFO] [stderr]    Compiling arc-swap v1.9.2
[INFO] [stderr]     Checking mio v1.2.2
[INFO] [stderr]    Compiling proc-macro-error-attr3 v3.1.1
[INFO] [stderr]     Checking arrayvec v0.7.8
[INFO] [stderr]     Checking rand v0.8.8
[INFO] [stderr]     Checking kem v0.3.0-pre.0
[INFO] [stderr]     Checking secrecy v0.10.3
[INFO] [stderr]     Checking nom v8.0.0
[INFO] [stderr]     Checking hybrid-array v0.2.3
[INFO] [stderr]     Checking bech32 v0.11.1
[INFO] [stderr]     Checking signature v2.2.0
[INFO] [stderr]     Checking io_tee v0.1.1
[INFO] [stderr]     Checking ed25519 v2.2.3
[INFO] [stderr]     Checking hex-conservative v0.2.2
[INFO] [stderr]     Checking unicode-normalization v0.1.25
[INFO] [stderr]    Compiling zstd-sys v2.0.16+zstd.1.5.7
[INFO] [stderr]     Checking regex-automata v0.4.18
[INFO] [stderr]     Checking bitcoin_hashes v0.14.101
[INFO] [stderr]     Checking crypto-common v0.1.7
[INFO] [stderr]     Checking block-buffer v0.10.4
[INFO] [stderr]     Checking inout v0.1.4
[INFO] [stderr]     Checking digest v0.10.7
[INFO] [stderr]     Checking universal-hash v0.5.1
[INFO] [stderr]     Checking crypto-bigint v0.5.5
[INFO] [stderr]     Checking polyval v0.6.2
[INFO] [stderr]     Checking cipher v0.4.4
[INFO] [stderr]     Checking aead v0.5.2
[INFO] [stderr]     Checking aes v0.8.4
[INFO] [stderr]     Checking ctr v0.9.2
[INFO] [stderr]     Checking sec1 v0.7.3
[INFO] [stderr]     Checking chacha20 v0.9.1
[INFO] [stderr]     Checking ghash v0.5.1
[INFO] [stderr]     Checking hmac v0.12.1
[INFO] [stderr]     Checking sha2 v0.10.9
[INFO] [stderr]     Checking poly1305 v0.8.0
[INFO] [stderr]     Checking rust-embed-utils v8.12.0
[INFO] [stderr]     Checking sha3 v0.10.9
[INFO] [stderr]     Checking salsa20 v0.10.2
[INFO] [stderr]     Checking aes-gcm v0.10.3
[INFO] [stderr]     Checking hkdf v0.12.4
[INFO] [stderr]     Checking pbkdf2 v0.12.2
[INFO] [stderr]    Compiling regex-syntax v0.8.11
[INFO] [stderr]     Checking tracing v0.1.44
[INFO] [stderr]     Checking local-waker v0.1.4
[INFO] [stderr]    Compiling crc32fast v1.5.1
[INFO] [stderr]     Checking chacha20poly1305 v0.10.1
[INFO] [stderr]     Checking scrypt v0.11.0
[INFO] [stderr]     Checking http v0.2.12
[INFO] [stderr]    Compiling phf v0.11.3
[INFO] [stderr]    Compiling actix-macros v0.2.4
[INFO] [stderr]    Compiling bytes v1.12.1
[INFO] [stderr]    Compiling tracing-core v0.1.36
[INFO] [stderr]     Checking ml-kem v0.2.3
[INFO] [stderr]     Checking indexmap v2.14.1
[INFO] [stderr]    Compiling derive_more-impl v2.1.1
[INFO] [stderr]    Compiling pest v2.9.0
[INFO] [stderr]    Compiling hybrid-array v0.4.14
[INFO] [stderr]     Checking chacha20 v0.10.2
[INFO] [stderr]    Compiling phf_generator v0.11.3
[INFO] [stderr]    Compiling phf_codegen v0.11.3
[INFO] [stderr]    Compiling bytestring v1.5.1
[INFO] [stderr]     Checking actix-utils v3.0.1
[INFO] [stderr]     Checking actix-service v2.0.3
[INFO] [stderr]    Compiling cookie v0.16.2
[INFO] [stderr]     Checking bstr v1.13.1
[INFO] [stderr]    Compiling regex-lite v0.1.9
[INFO] [stderr]     Checking time v0.3.55
[INFO] [stderr]     Checking phf_shared v0.11.3
[INFO] [stderr]     Checking x25519-dalek v2.0.1
[INFO] [stderr]     Checking ed25519-dalek v2.2.0
[INFO] [stderr]     Checking rand v0.10.2
[INFO] [stderr]     Checking brotli v8.0.4
[INFO] [stderr]     Checking flate2 v1.1.10
[INFO] [stderr]     Checking local-channel v0.1.5
[INFO] [stderr]     Checking sha1 v0.11.0
[INFO] [stderr]     Checking elliptic-curve v0.13.8
[INFO] [stderr]    Compiling crypto-common v0.2.2
[INFO] [stderr]    Compiling block-buffer v0.12.1
[INFO] [stderr]     Checking language-tags v0.3.2
[INFO] [stderr]     Checking regex v1.13.1
[INFO] [stderr]     Checking globset v0.4.20
[INFO] [stderr]    Compiling pest_meta v2.9.0
[INFO] [stderr]     Checking primeorder v0.13.6
[INFO] [stderr]     Checking foldhash v0.2.0
[INFO] [stderr]     Checking ignore v0.4.33
[INFO] [stderr]     Checking impl-more v0.3.5
[INFO] [stderr]     Checking p256 v0.13.2
[INFO] [stderr]     Checking deunicode v1.6.2
[INFO] [stderr]     Checking humansize v2.1.3
[INFO] [stderr]     Checking ulid v1.2.1
[INFO] [stderr]     Checking slug v0.1.6
[INFO] [stderr]     Checking hpke v0.12.0
[INFO] [stderr]    Compiling pest_generator v2.9.0
[INFO] [stderr]     Checking globwalk v0.9.1
[INFO] [stderr]    Compiling pest_derive v2.9.0
[INFO] [stderr]    Compiling rust-embed-impl v8.12.0
[INFO] [stderr]     Checking derive_more v2.1.1
[INFO] [stderr]    Compiling proc-macro-error3 v3.1.1
[INFO] [stderr]    Compiling parse-zoneinfo v0.3.1
[INFO] [stderr]    Compiling rust-embed v8.12.0
[INFO] [stderr]    Compiling displaydoc v0.2.7
[INFO] [stderr]    Compiling serde_derive v1.0.229
[INFO] [stderr]    Compiling zerovec-derive v0.11.6
[INFO] [stderr]    Compiling thiserror-impl v2.0.20
[INFO] [stderr]    Compiling futures-macro v0.3.34
[INFO] [stderr]    Compiling tokio-macros v2.7.2
[INFO] [stderr]    Compiling async-trait v0.1.92
[INFO] [stderr]    Compiling chrono-tz-build v0.3.0
[INFO] [stderr]    Compiling tinystr v0.8.4
[INFO] [stderr]     Checking futures-util v0.3.34
[INFO] [stderr]     Checking zerotrie v0.2.5
[INFO] [stderr]     Checking tokio v1.53.1
[INFO] [stderr]    Compiling chrono-tz v0.9.0
[INFO] [stderr]     Checking thiserror v2.0.20
[INFO] [stderr]    Compiling fluent-syntax v0.12.0
[INFO] [stderr]     Checking zerovec v0.11.8
[INFO] [stderr]    Compiling zstd-safe v7.2.4
[INFO] [stderr]     Checking potential_utf v0.1.6
[INFO] [stderr]     Checking icu_collections v2.3.0
[INFO] [stderr]     Checking zstd v0.13.3
[INFO] [stderr]     Checking unic-langid-impl v0.9.6
[INFO] [stderr]     Checking icu_locale_core v2.3.0
[INFO] [stderr]     Checking unic-langid v0.9.6
[INFO] [stderr]     Checking fluent-langneg v0.13.1
[INFO] [stderr]     Checking intl_pluralrules v7.0.2
[INFO] [stderr]     Checking intl-memoizer v0.5.3
[INFO] [stderr]     Checking fluent-bundle v0.16.0
[INFO] [stderr]     Checking fluent v0.17.0
[INFO] [stderr]     Checking icu_provider v2.3.1
[INFO] [stderr]    Compiling serde v1.0.229
[INFO] [stderr]     Checking icu_normalizer v2.3.0
[INFO] [stderr]     Checking icu_properties v2.3.0
[INFO] [stderr]    Compiling basic-toml v0.1.10
[INFO] [stderr]    Compiling toml v0.5.11
[INFO] [stderr]    Compiling actix-router v0.5.4
[INFO] [stderr]     Checking bip39 v2.2.2
[INFO] [stderr]     Checking chrono v0.4.45
[INFO] [stderr]     Checking serde_urlencoded v0.7.1
[INFO] [stderr]     Checking futures-executor v0.3.34
[INFO] [stderr]    Compiling i18n-config v0.4.8
[INFO] [stderr]     Checking futures v0.3.34
[INFO] [stderr]     Checking cookie-factory v0.3.3
[INFO] [stderr]    Compiling actix-web-codegen v4.3.0
[INFO] [stderr]     Checking idna_adapter v1.2.2
[INFO] [stderr]     Checking idna v1.1.0
[INFO] [stderr]     Checking url v2.5.8
[INFO] [stderr]    Compiling find-crate v0.6.3
[INFO] [stderr]     Checking age-core v0.12.0
[INFO] [stderr]     Checking tokio-util v0.7.19
[INFO] [stderr]     Checking actix-rt v2.13.0
[INFO] [stderr]    Compiling i18n-embed-impl v0.8.4
[INFO] [stderr]     Checking actix-server v2.9.1
[INFO] [stderr]    Compiling i18n-embed v0.16.0
[INFO] [stderr]     Checking msgpunk-storage v0.1.0 (/opt/rustwide/workdir/crates/msgpunk-storage)
[INFO] [stderr]     Checking actix-codec v0.5.3
[INFO] [stderr]     Checking h2 v0.3.27
[INFO] [stderr]    Compiling i18n-embed-fl v0.10.1
[INFO] [stderr]     Checking age v0.12.1
[INFO] [stderr]     Checking msgpunk-crypto v0.1.0 (/opt/rustwide/workdir/crates/msgpunk-crypto)
[INFO] [stderr]     Checking tera v1.20.1
[INFO] [stderr]     Checking actix-http v3.13.3
[INFO] [stderr]     Checking actix-web v4.15.0
[INFO] [stderr]     Checking actix-cors v0.7.2
[INFO] [stderr]     Checking msgpunk-server v0.1.0 (/opt/rustwide/workdir/crates/msgpunk-server)
[INFO] [stdout] error: #[derive(RustEmbed)] folder '/opt/rustwide/workdir/crates/msgpunk-server/static' does not exist. cwd: '/opt/rustwide/workdir'
[INFO] [stdout]   --> crates/msgpunk-server/src/main.rs:19:1
[INFO] [stdout]    |
[INFO] [stdout] 19 | / #[folder = "static"]
[INFO] [stdout] 20 | | struct StaticFiles;
[INFO] [stdout]    | |___________________^
[INFO] [stdout] 
[INFO] [stdout] 
[INFO] [stdout] error: #[derive(RustEmbed)] folder '/opt/rustwide/workdir/crates/msgpunk-server/static' does not exist. cwd: '/opt/rustwide/workdir'
[INFO] [stdout]   --> crates/msgpunk-server/src/main.rs:19:1
[INFO] [stdout]    |
[INFO] [stdout] 19 | / #[folder = "static"]
[INFO] [stdout] 20 | | struct StaticFiles;
[INFO] [stdout]    | |___________________^
[INFO] [stdout] 
[INFO] [stdout] 
[INFO] [stdout] error[E0599]: no associated function or constant named `get` found for struct `StaticFiles` in the current scope
[INFO] [stdout]    --> crates/msgpunk-server/src/main.rs:424:52
[INFO] [stdout]     |
[INFO] [stdout]  20 | struct StaticFiles;
[INFO] [stdout]     | ------------------ associated function or constant `get` not found for this struct
[INFO] [stdout] ...
[INFO] [stdout] 424 |     let path = if path.is_empty() || !StaticFiles::get(&path).is_some() {
[INFO] [stdout]     |                                                    ^^^ associated function or constant not found in `StaticFiles`
[INFO] [stdout]     |
[INFO] [stdout]     = help: items from traits can only be used if the trait is implemented and in scope
[INFO] [stdout]     = note: the following traits define an item `get`, perhaps you need to implement one of them:
[INFO] [stdout]             candidate #1: `Embed`
[INFO] [stdout]             candidate #2: `SliceIndex`
[INFO] [stdout]             candidate #3: `icu_collections::codepointtrie::cptrie::TypedCodePointTrie`
[INFO] [stdout]             candidate #4: `icu_properties::names::PropertyEnumToValueNameLookup`
[INFO] [stdout]             candidate #5: `icu_provider::baked::DataStore`
[INFO] [stdout] 
[INFO] [stdout] 
[INFO] [stdout] error[E0599]: no associated function or constant named `get` found for struct `StaticFiles` in the current scope
[INFO] [stdout]    --> crates/msgpunk-server/src/main.rs:429:24
[INFO] [stdout]     |
[INFO] [stdout]  20 | struct StaticFiles;
[INFO] [stdout]     | ------------------ associated function or constant `get` not found for this struct
[INFO] [stdout] ...
[INFO] [stdout] 429 |     match StaticFiles::get(path) {
[INFO] [stdout]     |                        ^^^ associated function or constant not found in `StaticFiles`
[INFO] [stdout]     |
[INFO] [stdout]     = help: items from traits can only be used if the trait is implemented and in scope
[INFO] [stdout]     = note: the following traits define an item `get`, perhaps you need to implement one of them:
[INFO] [stdout]             candidate #1: `Embed`
[INFO] [stdout]             candidate #2: `SliceIndex`
[INFO] [stdout]             candidate #3: `icu_collections::codepointtrie::cptrie::TypedCodePointTrie`
[INFO] [stdout]             candidate #4: `icu_properties::names::PropertyEnumToValueNameLookup`
[INFO] [stdout]             candidate #5: `icu_provider::baked::DataStore`
[INFO] [stdout] 
[INFO] [stdout] 
[INFO] [stdout] error[E0599]: no associated function or constant named `get` found for struct `StaticFiles` in the current scope
[INFO] [stdout]    --> crates/msgpunk-server/src/main.rs:424:52
[INFO] [stdout]     |
[INFO] [stdout]  20 | struct StaticFiles;
[INFO] [stdout]     | ------------------ associated function or constant `get` not found for this struct
[INFO] [stdout] ...
[INFO] [stdout] 424 |     let path = if path.is_empty() || !StaticFiles::get(&path).is_some() {
[INFO] [stdout]     |                                                    ^^^ associated function or constant not found in `StaticFiles`
[INFO] [stdout]     |
[INFO] [stdout]     = help: items from traits can only be used if the trait is implemented and in scope
[INFO] [stdout]     = note: the following traits define an item `get`, perhaps you need to implement one of them:
[INFO] [stdout]             candidate #1: `Embed`
[INFO] [stdout]             candidate #2: `SliceIndex`
[INFO] [stdout]             candidate #3: `icu_collections::codepointtrie::cptrie::TypedCodePointTrie`
[INFO] [stdout]             candidate #4: `icu_properties::names::PropertyEnumToValueNameLookup`
[INFO] [stdout]             candidate #5: `icu_provider::baked::DataStore`
[INFO] [stdout] 
[INFO] [stdout] 
[INFO] [stdout] error[E0599]: no associated function or constant named `get` found for struct `StaticFiles` in the current scope
[INFO] [stdout]    --> crates/msgpunk-server/src/main.rs:429:24
[INFO] [stdout]     |
[INFO] [stdout]  20 | struct StaticFiles;
[INFO] [stdout]     | ------------------ associated function or constant `get` not found for this struct
[INFO] [stdout] ...
[INFO] [stdout] 429 |     match StaticFiles::get(path) {
[INFO] [stdout]     |                        ^^^ associated function or constant not found in `StaticFiles`
[INFO] [stdout]     |
[INFO] [stdout]     = help: items from traits can only be used if the trait is implemented and in scope
[INFO] [stdout]     = note: the following traits define an item `get`, perhaps you need to implement one of them:
[INFO] [stdout]             candidate #1: `Embed`
[INFO] [stdout]             candidate #2: `SliceIndex`
[INFO] [stdout]             candidate #3: `icu_collections::codepointtrie::cptrie::TypedCodePointTrie`
[INFO] [stdout]             candidate #4: `icu_properties::names::PropertyEnumToValueNameLookup`
[INFO] [stdout]             candidate #5: `icu_provider::baked::DataStore`
[INFO] [stdout] 
[INFO] [stdout] 
[INFO] [stdout] For more information about this error, try `rustc --explain E0599`.
[INFO] [stdout] 
[INFO] [stderr] error: could not compile `msgpunk-server` (bin "msgpunk-server") due to 3 previous errors
[INFO] [stderr] warning: build failed, waiting for other jobs to finish...
[INFO] [stdout] For more information about this error, try `rustc --explain E0599`.
[INFO] [stdout] 
[INFO] [stderr] error: could not compile `msgpunk-server` (bin "msgpunk-server" test) due to 3 previous errors
[INFO] [stderr] warning: unused dependency `tera`
[INFO] [stderr]   --> crates/msgpunk-server/Cargo.toml:20:1
[INFO] [stderr]    |
[INFO] [stderr] 20 | tera = "1"
[INFO] [stderr]    | ^^^^^^^^^^
[INFO] [stderr]    |
[INFO] [stderr]    = note: `cargo::unused_dependencies` is set to `warn` by default
[INFO] [stderr] help: consider removing the dependency on `tera`
[INFO] [stderr] warning: `msgpunk-server` (manifest) generated 1 warning
[INFO] running `Command { std: "docker" "inspect" "7b4188134cb1c4d3dd506e9dc1a04ec4c2de2a3a0fbbd5b27c806d8e7ba066ee", kill_on_drop: false }`
[INFO] running `Command { std: "docker" "rm" "-f" "7b4188134cb1c4d3dd506e9dc1a04ec4c2de2a3a0fbbd5b27c806d8e7ba066ee", kill_on_drop: false }`
[INFO] [stdout] 7b4188134cb1c4d3dd506e9dc1a04ec4c2de2a3a0fbbd5b27c806d8e7ba066ee
