[INFO] cloning repository https://github.com/bitnaeforyou/tsuburu
[INFO] running `Command { std: "git" "-c" "credential.helper=" "-c" "credential.helper=/workspace/cargo-home/bin/git-credential-null" "clone" "--bare" "https://github.com/bitnaeforyou/tsuburu" "/workspace/cache/git-repos/https%3A%2F%2Fgithub.com%2Fbitnaeforyou%2Ftsuburu", kill_on_drop: false }`
[INFO] [stderr] Cloning into bare repository '/workspace/cache/git-repos/https%3A%2F%2Fgithub.com%2Fbitnaeforyou%2Ftsuburu'...
[INFO] running `Command { std: "git" "rev-parse" "HEAD", kill_on_drop: false }`
[INFO] [stdout] 8c0816ccace4062719be5c3a4d4ba9f09d78fa70
[INFO] checking bitnaeforyou/tsuburu against 3154cc1a3e6424e44f438a95007d043ed5ceaaf6 for pr-133502-30
[INFO] running `Command { std: "git" "clone" "/workspace/cache/git-repos/https%3A%2F%2Fgithub.com%2Fbitnaeforyou%2Ftsuburu" "/workspace/builds/worker-0-tc2/source", kill_on_drop: false }`
[INFO] [stderr] Cloning into '/workspace/builds/worker-0-tc2/source'...
[INFO] [stderr] done.
[INFO] removed /workspace/builds/worker-0-tc2/source/.cargo/config.toml
[INFO] started tweaking git repo https://github.com/bitnaeforyou/tsuburu
[INFO] finished tweaking git repo https://github.com/bitnaeforyou/tsuburu
[INFO] tweaked toml for git repo https://github.com/bitnaeforyou/tsuburu written to /workspace/builds/worker-0-tc2/source/Cargo.toml
[INFO] validating manifest of git repo https://github.com/bitnaeforyou/tsuburu on toolchain 3154cc1a3e6424e44f438a95007d043ed5ceaaf6
[INFO] running `Command { std: CARGO_HOME="/workspace/cargo-home" RUSTUP_HOME="/workspace/rustup-home" "/workspace/cargo-home/bin/cargo" "+3154cc1a3e6424e44f438a95007d043ed5ceaaf6" "metadata" "--manifest-path" "Cargo.toml" "--no-deps", kill_on_drop: false }`
[INFO] crate git repo https://github.com/bitnaeforyou/tsuburu already has a lockfile, it will not be regenerated
[INFO] running `Command { std: CARGO_HOME="/workspace/cargo-home" RUSTUP_HOME="/workspace/rustup-home" "/workspace/cargo-home/bin/cargo" "+3154cc1a3e6424e44f438a95007d043ed5ceaaf6" "fetch" "--manifest-path" "Cargo.toml", kill_on_drop: false }`
[INFO] [stderr] warning: unused field `repository` in `workspace.package`
[INFO] [stderr]   --> Cargo.toml:28:1
[INFO] [stderr]    |
[INFO] [stderr] 28 | repository = "https://github.com/bitnaeforyou/tsuburu"
[INFO] [stderr]    | ^^^^^^^^^^
[INFO] [stderr]    |
[INFO] [stderr]    = note: `cargo::unused_workspace_package_fields` is set to `warn` by default
[INFO] [stderr] help: consider removing the field `workspace.package.repository`
[INFO] [stderr] warning: workspace (manifest) generated 1 warning
[INFO] [stderr]     Blocking waiting for file lock on package cache
[INFO] [stderr]     Blocking waiting for file lock on package cache
[INFO] running `Command { std: "docker" "create" "-v" "/var/lib/crater-agent-workspace/builds/worker-0-tc2/source:/opt/rustwide/workdir:ro,Z" "-v" "/var/lib/crater-agent-workspace/builds/worker-0-tc2/target:/opt/rustwide/target:rw,Z" "-v" "/var/lib/crater-agent-workspace/cargo-home:/opt/rustwide/cargo-home:ro,Z" "-v" "/var/lib/crater-agent-workspace/rustup-home:/opt/rustwide/rustup-home:ro,Z" "-m" "1610612736" "--network" "none" "ghcr.io/rust-lang/crates-build-env/linux@sha256:77db811e55d90add9212f6832c23229e3de5f1c1f9905e8cb07319ea15df73ac" "sleep" "infinity", kill_on_drop: false }`
[INFO] [stdout] 96bfc98bed929d824098e46a5294bbfe36dddd03401c2a420d8d4415d97d1c72
[INFO] running `Command { std: "docker" "start" "96bfc98bed929d824098e46a5294bbfe36dddd03401c2a420d8d4415d97d1c72", kill_on_drop: false }`
[INFO] running `Command { std: "docker" "inspect" "96bfc98bed929d824098e46a5294bbfe36dddd03401c2a420d8d4415d97d1c72", kill_on_drop: false }`
[INFO] running `Command { std: "docker" "exec" "-e" "SOURCE_DIR=/opt/rustwide/workdir" "-e" "CARGO_HOME=/opt/rustwide/cargo-home" "-e" "RUSTUP_HOME=/opt/rustwide/rustup-home" "-e" "CARGO_TARGET_DIR=/opt/rustwide/target" "-w" "/opt/rustwide/workdir" "--user" "0:0" "96bfc98bed929d824098e46a5294bbfe36dddd03401c2a420d8d4415d97d1c72" "/opt/rustwide/cargo-home/bin/cargo" "+3154cc1a3e6424e44f438a95007d043ed5ceaaf6" "metadata" "--no-deps" "--format-version=1", kill_on_drop: false }`
[INFO] running `Command { std: "docker" "inspect" "96bfc98bed929d824098e46a5294bbfe36dddd03401c2a420d8d4415d97d1c72", kill_on_drop: false }`
[INFO] running `Command { std: "docker" "exec" "-e" "SOURCE_DIR=/opt/rustwide/workdir" "-e" "CARGO_HOME=/opt/rustwide/cargo-home" "-e" "RUSTUP_HOME=/opt/rustwide/rustup-home" "-e" "CARGO_TARGET_DIR=/opt/rustwide/target" "-e" "CARGO_INCREMENTAL=0" "-e" "RUST_BACKTRACE=full" "-e" "RUSTFLAGS=--cap-lints=forbid" "-e" "RUSTDOCFLAGS=--cap-lints=forbid" "-w" "/opt/rustwide/workdir" "--user" "0:0" "96bfc98bed929d824098e46a5294bbfe36dddd03401c2a420d8d4415d97d1c72" "/opt/rustwide/cargo-home/bin/cargo" "+3154cc1a3e6424e44f438a95007d043ed5ceaaf6" "check" "--frozen" "--all" "--all-targets" "--message-format=json", kill_on_drop: false }`
[INFO] [stderr] warning: unused field `repository` in `workspace.package`
[INFO] [stderr]   --> Cargo.toml:28:1
[INFO] [stderr]    |
[INFO] [stderr] 28 | repository = "https://github.com/bitnaeforyou/tsuburu"
[INFO] [stderr]    | ^^^^^^^^^^
[INFO] [stderr]    |
[INFO] [stderr]    = note: `cargo::unused_workspace_package_fields` is set to `warn` by default
[INFO] [stderr] help: consider removing the field `workspace.package.repository`
[INFO] [stderr] warning: workspace (manifest) generated 1 warning
[INFO] [stderr]     Checking smallvec v1.16.0
[INFO] [stderr]    Compiling serde_core v1.0.229
[INFO] [stderr]    Compiling cc v1.4.5
[INFO] [stderr]    Compiling crc32fast v1.5.1
[INFO] [stderr]    Compiling syn v3.0.5
[INFO] [stderr]     Checking miniz_oxide v0.9.1
[INFO] [stderr]     Checking tracing v0.1.44
[INFO] [stderr]    Compiling redb v2.6.3
[INFO] [stderr]     Checking sha2 v0.11.0
[INFO] [stderr]     Checking compression-core v0.4.33
[INFO] [stderr]    Compiling typenum v1.20.1
[INFO] [stderr]     Checking crypto-common v0.1.7
[INFO] [stderr]     Checking lz4_flex v0.11.6
[INFO] [stderr]    Compiling curve25519-dalek v4.1.3
[INFO] [stderr]    Compiling const-oid v0.10.2
[INFO] [stderr]     Checking tempfile v3.27.0
[INFO] [stderr]     Checking digest v0.10.7
[INFO] [stderr]     Checking ahash v0.8.12
[INFO] [stderr]     Checking parking_lot_core v0.9.12
[INFO] [stderr]    Compiling curve25519-dalek-derive v0.1.1
[INFO] [stderr]     Checking tsuburu-text v0.4.9 (/opt/rustwide/workdir/crates/tsuburu-text)
[INFO] [stderr]    Compiling cpufeatures v0.3.1
[INFO] [stderr]     Checking hashbrown v0.16.1
[INFO] [stderr]    Compiling mime_guess v2.0.5
[INFO] [stderr]    Compiling mime v0.3.17
[INFO] [stderr]     Checking regex-automata v0.4.18
[INFO] [stderr]     Checking axum-core v0.5.6
[INFO] [stderr]     Checking parking_lot v0.12.5
[INFO] [stderr]     Checking sha2 v0.10.9
[INFO] [stderr]    Compiling tsuburu-server v0.4.9 (/opt/rustwide/workdir/crates/tsuburu-server)
[INFO] [stderr]    Compiling log v0.4.34
[INFO] [stderr] warning: tsuburu-server@0.4.9: could not create /opt/rustwide/workdir/crates/tsuburu-server/../../web/dist: Read-only file system (os error 30)
[INFO] [stderr]    Compiling nasm-rs v0.3.2
[INFO] [stderr]    Compiling atomig-macro v0.4.0
[INFO] [stderr]    Compiling zerocopy-derive v0.7.35
[INFO] [stderr]     Checking flate2 v1.1.10
[INFO] [stderr]     Checking is-docker v0.2.0
[INFO] [stderr]     Checking is-wsl v0.4.0
[INFO] [stderr]     Checking raw-cpuid v11.6.0
[INFO] [stderr]     Checking atomig v0.4.3
[INFO] [stderr]     Checking bitreader v0.3.11
[INFO] [stderr]     Checking quick_cache v0.6.24
[INFO] [stderr]     Checking fallible_collections v0.5.2
[INFO] [stderr]     Checking rust-embed-utils v8.12.0
[INFO] [stderr]     Checking to_method v1.1.0
[INFO] [stderr]     Checking leb128 v0.2.7
[INFO] [stderr]     Checking assert_matches v1.5.0
[INFO] [stderr]     Checking tracing-subscriber v0.3.23
[INFO] [stderr]     Checking open v5.4.3
[INFO] [stderr]     Checking avif-parse v2.1.0
[INFO] [stderr]     Checking compression-codecs v0.4.39
[INFO] [stderr]     Checking tsuburu-vocabulary v0.4.9 (/opt/rustwide/workdir/crates/tsuburu-vocabulary)
[INFO] [stderr]     Checking zerocopy v0.7.35
[INFO] [stderr]    Compiling ring v0.17.14
[INFO] [stderr]    Compiling rav1d v1.1.0
[INFO] [stderr]     Checking ed25519-dalek v2.2.0
[INFO] [stderr]    Compiling hybrid-array v0.4.14
[INFO] [stderr]     Checking regex v1.13.1
[INFO] [stderr]     Checking serde_json v1.0.151
[INFO] [stderr]     Checking serde_path_to_error v0.1.20
[INFO] [stderr]    Compiling crypto-common v0.2.2
[INFO] [stderr]    Compiling block-buffer v0.12.1
[INFO] [stderr]    Compiling digest v0.11.3
[INFO] [stderr]    Compiling rustls v0.23.43
[INFO] [stderr]    Compiling rust-embed-impl v8.12.0
[INFO] [stderr]     Checking rust-embed v8.12.0
[INFO] [stderr]    Compiling serde_derive v1.0.229
[INFO] [stderr]    Compiling thiserror-impl v2.0.20
[INFO] [stderr]    Compiling tokio-macros v2.7.2
[INFO] [stderr]    Compiling zerovec-derive v0.11.6
[INFO] [stderr]    Compiling displaydoc v0.2.7
[INFO] [stderr]    Compiling futures-macro v0.3.34
[INFO] [stderr]    Compiling clap_derive v4.6.4
[INFO] [stderr]     Checking rustls-webpki v0.103.15
[INFO] [stderr]     Checking tokio v1.53.1
[INFO] [stderr]     Checking futures-util v0.3.34
[INFO] [stderr]     Checking zerotrie v0.2.5
[INFO] [stderr]     Checking thiserror v2.0.20
[INFO] [stderr]     Checking zerovec v0.11.8
[INFO] [stderr]     Checking tsuburu-keywords v0.4.9 (/opt/rustwide/workdir/crates/tsuburu-keywords)
[INFO] [stderr]     Checking tsuburu-ocr v0.4.9 (/opt/rustwide/workdir/crates/tsuburu-ocr)
[INFO] [stderr]     Checking clap v4.6.6
[INFO] [stderr]     Checking tinystr v0.8.4
[INFO] [stderr]     Checking potential_utf v0.1.6
[INFO] [stderr]     Checking icu_collections v2.3.0
[INFO] [stderr]     Checking icu_locale_core v2.3.0
[INFO] [stderr]     Checking serde v1.0.229
[INFO] [stderr]     Checking icu_provider v2.3.1
[INFO] [stderr]     Checking icu_properties v2.3.0
[INFO] [stderr]     Checking icu_normalizer v2.3.0
[INFO] [stderr]     Checking serde_urlencoded v0.7.1
[INFO] [stderr]     Checking assert-json-diff v2.0.2
[INFO] [stderr]     Checking tsuburu-dialogue v0.4.9 (/opt/rustwide/workdir/crates/tsuburu-dialogue)
[INFO] [stderr]     Checking tsuburu-korean v0.4.9 (/opt/rustwide/workdir/crates/tsuburu-korean)
[INFO] [stderr]     Checking tsuburu-store v0.4.9 (/opt/rustwide/workdir/crates/tsuburu-store)
[INFO] [stderr]     Checking tsuburu-meta v0.4.9 (/opt/rustwide/workdir/crates/tsuburu-meta)
[INFO] [stderr]     Checking tsuburu-downloads v0.4.9 (/opt/rustwide/workdir/crates/tsuburu-downloads)
[INFO] [stderr]     Checking idna_adapter v1.2.2
[INFO] [stderr]     Checking tsuburu-hitomi v0.4.9 (/opt/rustwide/workdir/crates/tsuburu-hitomi)
[INFO] [stderr]     Checking futures-executor v0.3.34
[INFO] [stderr]     Checking idna v1.1.0
[INFO] [stderr]     Checking futures v0.3.34
[INFO] [stderr]     Checking url v2.5.8
[INFO] [stderr]     Checking tokio-util v0.7.19
[INFO] [stderr]     Checking tower v0.5.3
[INFO] [stderr]     Checking tokio-rustls v0.26.5
[INFO] [stderr]     Checking async-compression v0.4.44
[INFO] [stderr]     Checking deadpool v0.12.3
[INFO] [stderr]     Checking h2 v0.4.19
[INFO] [stderr]     Checking tower-http v0.6.11
[INFO] [stderr]     Checking tsuburu-avif v0.4.9 (/opt/rustwide/workdir/crates/tsuburu-avif)
[INFO] [stderr]     Checking hyper v1.11.1
[INFO] [stderr]     Checking hyper-util v0.1.20
[INFO] [stderr]     Checking hyper-rustls v0.27.9
[INFO] [stderr]     Checking axum v0.8.9
[INFO] [stderr]     Checking wiremock v0.6.5
[INFO] [stderr]     Checking reqwest v0.12.28
[INFO] [stderr]     Checking tsuburu-fetch v0.4.9 (/opt/rustwide/workdir/crates/tsuburu-fetch)
[INFO] [stderr]     Checking tsuburu-embed v0.4.9 (/opt/rustwide/workdir/crates/tsuburu-embed)
[INFO] [stderr]     Checking tsuburu-update v0.4.9 (/opt/rustwide/workdir/crates/tsuburu-update)
[INFO] [stdout] error: #[derive(RustEmbed)] folder '/opt/rustwide/workdir/crates/tsuburu-server/../../web/dist' does not exist. cwd: '/opt/rustwide/workdir'
[INFO] [stdout]   --> crates/tsuburu-server/src/assets.rs:10:1
[INFO] [stdout]    |
[INFO] [stdout] 10 | / #[folder = "../../web/dist"]
[INFO] [stdout] 11 | | struct Assets;
[INFO] [stdout]    | |______________^
[INFO] [stdout] 
[INFO] [stdout] 
[INFO] [stdout] error: #[derive(RustEmbed)] folder '/opt/rustwide/workdir/crates/tsuburu-server/../../web/dist' does not exist. cwd: '/opt/rustwide/workdir'
[INFO] [stdout]   --> crates/tsuburu-server/src/assets.rs:10:1
[INFO] [stdout]    |
[INFO] [stdout] 10 | / #[folder = "../../web/dist"]
[INFO] [stdout] 11 | | struct Assets;
[INFO] [stdout]    | |______________^
[INFO] [stdout] 
[INFO] [stdout] 
[INFO] [stdout] error[E0599]: no associated function or constant named `get` found for struct `Assets` in the current scope
[INFO] [stdout]   --> crates/tsuburu-server/src/assets.rs:17:33
[INFO] [stdout]    |
[INFO] [stdout] 11 | struct Assets;
[INFO] [stdout]    | ------------- associated function or constant `get` not found for this struct
[INFO] [stdout] ...
[INFO] [stdout] 17 |     if let Some(file) = Assets::get(path) {
[INFO] [stdout]    |                                 ^^^ associated function or constant not found in `Assets`
[INFO] [stdout]    |
[INFO] [stdout]    = help: items from traits can only be used if the trait is implemented and in scope
[INFO] [stdout]    = note: the following traits define an item `get`, perhaps you need to implement one of them:
[INFO] [stdout]            candidate #1: `Embed`
[INFO] [stdout]            candidate #2: `Fetcher`
[INFO] [stdout]            candidate #3: `SliceIndex`
[INFO] [stdout]            candidate #4: `icu_collections::codepointtrie::cptrie::TypedCodePointTrie`
[INFO] [stdout]            candidate #5: `icu_properties::names::PropertyEnumToValueNameLookup`
[INFO] [stdout]            candidate #6: `icu_provider::baked::DataStore`
[INFO] [stdout]            candidate #7: `redb::multimap_table::ReadableMultimapTable`
[INFO] [stdout]            candidate #8: `redb::table::ReadableTable`
[INFO] [stdout]            candidate #9: `rustls::server::server_conn::StoresServerSessions`
[INFO] [stdout] 
[INFO] [stdout] 
[INFO] [stdout] error[E0599]: no associated function or constant named `get` found for struct `Assets` in the current scope
[INFO] [stdout]   --> crates/tsuburu-server/src/assets.rs:23:19
[INFO] [stdout]    |
[INFO] [stdout] 11 | struct Assets;
[INFO] [stdout]    | ------------- associated function or constant `get` not found for this struct
[INFO] [stdout] ...
[INFO] [stdout] 23 |     match Assets::get("index.html") {
[INFO] [stdout]    |                   ^^^ associated function or constant not found in `Assets`
[INFO] [stdout]    |
[INFO] [stdout]    = help: items from traits can only be used if the trait is implemented and in scope
[INFO] [stdout]    = note: the following traits define an item `get`, perhaps you need to implement one of them:
[INFO] [stdout]            candidate #1: `Embed`
[INFO] [stdout]            candidate #2: `Fetcher`
[INFO] [stdout]            candidate #3: `SliceIndex`
[INFO] [stdout]            candidate #4: `icu_collections::codepointtrie::cptrie::TypedCodePointTrie`
[INFO] [stdout]            candidate #5: `icu_properties::names::PropertyEnumToValueNameLookup`
[INFO] [stdout]            candidate #6: `icu_provider::baked::DataStore`
[INFO] [stdout]            candidate #7: `redb::multimap_table::ReadableMultimapTable`
[INFO] [stdout]            candidate #8: `redb::table::ReadableTable`
[INFO] [stdout]            candidate #9: `rustls::server::server_conn::StoresServerSessions`
[INFO] [stdout] 
[INFO] [stdout] 
[INFO] [stdout] error[E0599]: no associated function or constant named `get` found for struct `Assets` in the current scope
[INFO] [stdout]   --> crates/tsuburu-server/src/assets.rs:17:33
[INFO] [stdout]    |
[INFO] [stdout] 11 | struct Assets;
[INFO] [stdout]    | ------------- associated function or constant `get` not found for this struct
[INFO] [stdout] ...
[INFO] [stdout] 17 |     if let Some(file) = Assets::get(path) {
[INFO] [stdout]    |                                 ^^^ associated function or constant not found in `Assets`
[INFO] [stdout]    |
[INFO] [stdout]    = help: items from traits can only be used if the trait is implemented and in scope
[INFO] [stdout]    = note: the following traits define an item `get`, perhaps you need to implement one of them:
[INFO] [stdout]            candidate #1: `Embed`
[INFO] [stdout]            candidate #2: `Fetcher`
[INFO] [stdout]            candidate #3: `SliceIndex`
[INFO] [stdout]            candidate #4: `icu_collections::codepointtrie::cptrie::TypedCodePointTrie`
[INFO] [stdout]            candidate #5: `icu_properties::names::PropertyEnumToValueNameLookup`
[INFO] [stdout]            candidate #6: `icu_provider::baked::DataStore`
[INFO] [stdout]            candidate #7: `redb::multimap_table::ReadableMultimapTable`
[INFO] [stdout]            candidate #8: `redb::table::ReadableTable`
[INFO] [stdout]            candidate #9: `rustls::server::server_conn::StoresServerSessions`
[INFO] [stdout] 
[INFO] [stdout] 
[INFO] [stdout] error[E0599]: no associated function or constant named `get` found for struct `Assets` in the current scope
[INFO] [stdout]   --> crates/tsuburu-server/src/assets.rs:23:19
[INFO] [stdout]    |
[INFO] [stdout] 11 | struct Assets;
[INFO] [stdout]    | ------------- associated function or constant `get` not found for this struct
[INFO] [stdout] ...
[INFO] [stdout] 23 |     match Assets::get("index.html") {
[INFO] [stdout]    |                   ^^^ associated function or constant not found in `Assets`
[INFO] [stdout]    |
[INFO] [stdout]    = help: items from traits can only be used if the trait is implemented and in scope
[INFO] [stdout]    = note: the following traits define an item `get`, perhaps you need to implement one of them:
[INFO] [stdout]            candidate #1: `Embed`
[INFO] [stdout]            candidate #2: `Fetcher`
[INFO] [stdout]            candidate #3: `SliceIndex`
[INFO] [stdout]            candidate #4: `icu_collections::codepointtrie::cptrie::TypedCodePointTrie`
[INFO] [stdout]            candidate #5: `icu_properties::names::PropertyEnumToValueNameLookup`
[INFO] [stdout]            candidate #6: `icu_provider::baked::DataStore`
[INFO] [stdout]            candidate #7: `redb::multimap_table::ReadableMultimapTable`
[INFO] [stdout]            candidate #8: `redb::table::ReadableTable`
[INFO] [stdout]            candidate #9: `rustls::server::server_conn::StoresServerSessions`
[INFO] [stdout] 
[INFO] [stdout] 
[INFO] [stdout] For more information about this error, try `rustc --explain E0599`.
[INFO] [stdout] 
[INFO] [stderr] warning: tsuburu-server@0.4.9: could not create /opt/rustwide/workdir/crates/tsuburu-server/../../web/dist: Read-only file system (os error 30)
[INFO] [stderr] error: could not compile `tsuburu-server` (lib test) due to 3 previous errors
[INFO] [stderr] warning: build failed, waiting for other jobs to finish...
[INFO] [stdout] For more information about this error, try `rustc --explain E0599`.
[INFO] [stdout] 
[INFO] [stderr] warning: tsuburu-server@0.4.9: could not create /opt/rustwide/workdir/crates/tsuburu-server/../../web/dist: Read-only file system (os error 30)
[INFO] [stderr] error: could not compile `tsuburu-server` (lib) due to 3 previous errors
[INFO] [stderr] warning: unused dependency `tracing`
[INFO] [stderr]   --> crates/tsuburu-keywords/Cargo.toml:11:1
[INFO] [stderr]    |
[INFO] [stderr] 11 | tracing = { workspace = true }
[INFO] [stderr]    | ^^^^^^^^^^^^^^^^^^^^^^^^^^^^^^
[INFO] [stderr]    |
[INFO] [stderr]    = note: `cargo::unused_dependencies` is set to `warn` by default
[INFO] [stderr] help: consider removing the dependency on `tracing`
[INFO] [stderr] warning: `tsuburu-keywords` (manifest) generated 1 warning
[INFO] running `Command { std: "docker" "inspect" "96bfc98bed929d824098e46a5294bbfe36dddd03401c2a420d8d4415d97d1c72", kill_on_drop: false }`
[INFO] running `Command { std: "docker" "rm" "-f" "96bfc98bed929d824098e46a5294bbfe36dddd03401c2a420d8d4415d97d1c72", kill_on_drop: false }`
[INFO] [stdout] 96bfc98bed929d824098e46a5294bbfe36dddd03401c2a420d8d4415d97d1c72
