[INFO] cloning repository https://github.com/biondiBagasta/rust-axum-post-backend
[INFO] running `Command { std: "git" "-c" "credential.helper=" "-c" "credential.helper=/workspace/cargo-home/bin/git-credential-null" "clone" "--bare" "https://github.com/biondiBagasta/rust-axum-post-backend" "/workspace/cache/git-repos/https%3A%2F%2Fgithub.com%2FbiondiBagasta%2Frust-axum-post-backend", kill_on_drop: false }`
[INFO] [stderr] Cloning into bare repository '/workspace/cache/git-repos/https%3A%2F%2Fgithub.com%2FbiondiBagasta%2Frust-axum-post-backend'...
[INFO] running `Command { std: "git" "rev-parse" "HEAD", kill_on_drop: false }`
[INFO] [stdout] 02152c67d880a5afc4e33bd2fd52b6c063164de6
[INFO] checking biondiBagasta/rust-axum-post-backend against 3154cc1a3e6424e44f438a95007d043ed5ceaaf6 for pr-133502-30
[INFO] running `Command { std: "git" "clone" "/workspace/cache/git-repos/https%3A%2F%2Fgithub.com%2FbiondiBagasta%2Frust-axum-post-backend" "/workspace/builds/worker-5-tc2/source", kill_on_drop: false }`
[INFO] [stderr] Cloning into '/workspace/builds/worker-5-tc2/source'...
[INFO] [stderr] done.
[INFO] started tweaking git repo https://github.com/biondiBagasta/rust-axum-post-backend
[INFO] finished tweaking git repo https://github.com/biondiBagasta/rust-axum-post-backend
[INFO] tweaked toml for git repo https://github.com/biondiBagasta/rust-axum-post-backend written to /workspace/builds/worker-5-tc2/source/Cargo.toml
[INFO] validating manifest of git repo https://github.com/biondiBagasta/rust-axum-post-backend on toolchain 3154cc1a3e6424e44f438a95007d043ed5ceaaf6
[INFO] running `Command { std: CARGO_HOME="/workspace/cargo-home" RUSTUP_HOME="/workspace/rustup-home" "/workspace/cargo-home/bin/cargo" "+3154cc1a3e6424e44f438a95007d043ed5ceaaf6" "metadata" "--manifest-path" "Cargo.toml" "--no-deps", kill_on_drop: false }`
[INFO] crate git repo https://github.com/biondiBagasta/rust-axum-post-backend already has a lockfile, it will not be regenerated
[INFO] running `Command { std: CARGO_HOME="/workspace/cargo-home" RUSTUP_HOME="/workspace/rustup-home" "/workspace/cargo-home/bin/cargo" "+3154cc1a3e6424e44f438a95007d043ed5ceaaf6" "fetch" "--manifest-path" "Cargo.toml", kill_on_drop: false }`
[INFO] running `Command { std: "docker" "create" "-v" "/var/lib/crater-agent-workspace/builds/worker-5-tc2/source:/opt/rustwide/workdir:ro,Z" "-v" "/var/lib/crater-agent-workspace/builds/worker-5-tc2/target:/opt/rustwide/target:rw,Z" "-v" "/var/lib/crater-agent-workspace/cargo-home:/opt/rustwide/cargo-home:ro,Z" "-v" "/var/lib/crater-agent-workspace/rustup-home:/opt/rustwide/rustup-home:ro,Z" "-m" "1610612736" "--network" "none" "ghcr.io/rust-lang/crates-build-env/linux@sha256:77db811e55d90add9212f6832c23229e3de5f1c1f9905e8cb07319ea15df73ac" "sleep" "infinity", kill_on_drop: false }`
[INFO] [stdout] cba33eed32b419fc08b17c95f61f3ff80b42086e1e2942bb85bd13116de51088
[INFO] running `Command { std: "docker" "start" "cba33eed32b419fc08b17c95f61f3ff80b42086e1e2942bb85bd13116de51088", kill_on_drop: false }`
[INFO] running `Command { std: "docker" "inspect" "cba33eed32b419fc08b17c95f61f3ff80b42086e1e2942bb85bd13116de51088", kill_on_drop: false }`
[INFO] running `Command { std: "docker" "exec" "-e" "SOURCE_DIR=/opt/rustwide/workdir" "-e" "CARGO_HOME=/opt/rustwide/cargo-home" "-e" "RUSTUP_HOME=/opt/rustwide/rustup-home" "-e" "CARGO_TARGET_DIR=/opt/rustwide/target" "-w" "/opt/rustwide/workdir" "--user" "0:0" "cba33eed32b419fc08b17c95f61f3ff80b42086e1e2942bb85bd13116de51088" "/opt/rustwide/cargo-home/bin/cargo" "+3154cc1a3e6424e44f438a95007d043ed5ceaaf6" "metadata" "--no-deps" "--format-version=1", kill_on_drop: false }`
[INFO] running `Command { std: "docker" "inspect" "cba33eed32b419fc08b17c95f61f3ff80b42086e1e2942bb85bd13116de51088", kill_on_drop: false }`
[INFO] running `Command { std: "docker" "exec" "-e" "SOURCE_DIR=/opt/rustwide/workdir" "-e" "CARGO_HOME=/opt/rustwide/cargo-home" "-e" "RUSTUP_HOME=/opt/rustwide/rustup-home" "-e" "CARGO_TARGET_DIR=/opt/rustwide/target" "-e" "CARGO_INCREMENTAL=0" "-e" "RUST_BACKTRACE=full" "-e" "RUSTFLAGS=--cap-lints=forbid" "-e" "RUSTDOCFLAGS=--cap-lints=forbid" "-w" "/opt/rustwide/workdir" "--user" "0:0" "cba33eed32b419fc08b17c95f61f3ff80b42086e1e2942bb85bd13116de51088" "/opt/rustwide/cargo-home/bin/cargo" "+3154cc1a3e6424e44f438a95007d043ed5ceaaf6" "check" "--frozen" "--all" "--all-targets" "--message-format=json", kill_on_drop: false }`
[INFO] [stderr]    Compiling libc v0.2.170
[INFO] [stderr]    Compiling serde v1.0.218
[INFO] [stderr]    Compiling quote v1.0.39
[INFO] [stderr]     Checking bytes v1.10.0
[INFO] [stderr]    Compiling cfg-if v1.0.0
[INFO] [stderr]    Compiling openssl-sys v0.9.106
[INFO] [stderr]     Checking once_cell v1.20.3
[INFO] [stderr]    Compiling openssl v0.10.71
[INFO] [stderr]     Checking futures-util v0.3.31
[INFO] [stderr]     Checking tracing-core v0.1.33
[INFO] [stderr]    Compiling litemap v0.7.5
[INFO] [stderr]    Compiling writeable v0.5.5
[INFO] [stderr]    Compiling syn v2.0.99
[INFO] [stderr]     Checking foldhash v0.1.4
[INFO] [stderr]    Compiling time-core v0.1.2
[INFO] [stderr]    Compiling native-tls v0.2.14
[INFO] [stderr]     Checking http v1.2.0
[INFO] [stderr]    Compiling time-macros v0.2.19
[INFO] [stderr]     Checking hashbrown v0.15.2
[INFO] [stderr]     Checking crypto-common v0.1.6
[INFO] [stderr]    Compiling num-traits v0.2.19
[INFO] [stderr]    Compiling icu_locid_transform_data v1.5.0
[INFO] [stderr]    Compiling icu_properties_data v1.5.0
[INFO] [stderr]     Checking mio v1.0.3
[INFO] [stderr]     Checking signal-hook-registry v1.4.2
[INFO] [stderr]     Checking socket2 v0.5.8
[INFO] [stderr]    Compiling digest v0.10.7
[INFO] [stderr]     Checking indexmap v2.7.1
[INFO] [stderr]    Compiling icu_normalizer_data v1.5.0
[INFO] [stderr]    Compiling utf16_iter v1.0.5
[INFO] [stderr]    Compiling write16 v1.0.0
[INFO] [stderr]    Compiling bitflags v2.9.0
[INFO] [stderr]     Checking http-body v1.0.1
[INFO] [stderr]    Compiling foreign-types-shared v0.1.1
[INFO] [stderr]     Checking byteorder v1.5.0
[INFO] [stderr]    Compiling foreign-types v0.3.2
[INFO] [stderr]    Compiling lock_api v0.4.12
[INFO] [stderr]    Compiling getrandom v0.2.15
[INFO] [stderr]    Compiling log v0.4.26
[INFO] [stderr]    Compiling percent-encoding v2.3.1
[INFO] [stderr]    Compiling futures-sink v0.3.31
[INFO] [stderr]    Compiling memchr v2.7.4
[INFO] [stderr]    Compiling powerfmt v0.2.0
[INFO] [stderr]    Compiling form_urlencoded v1.2.1
[INFO] [stderr]    Compiling deranged v0.3.11
[INFO] [stderr]    Compiling tinyvec v1.9.0
[INFO] [stderr]    Compiling rand_core v0.6.4
[INFO] [stderr]    Compiling slab v0.4.9
[INFO] [stderr]    Compiling openssl-probe v0.1.6
[INFO] [stderr]    Compiling futures-io v0.3.31
[INFO] [stderr]    Compiling tokio v1.43.0
[INFO] [stderr]    Compiling getrandom v0.3.1
[INFO] [stderr]    Compiling rustix v0.38.44
[INFO] [stderr]    Compiling iana-time-zone v0.1.61
[INFO] [stderr]    Compiling time v0.3.37
[INFO] [stderr]    Compiling chrono v0.4.40
[INFO] [stderr]    Compiling crc v3.2.1
[INFO] [stderr]    Compiling event-listener v5.4.0
[INFO] [stderr]    Compiling unicode-normalization v0.1.24
[INFO] [stderr]    Compiling sha2 v0.10.8
[INFO] [stderr]     Checking http-body-util v0.1.2
[INFO] [stderr]    Compiling hashlink v0.10.0
[INFO] [stderr]    Compiling hmac v0.12.1
[INFO] [stderr]    Compiling linux-raw-sys v0.4.15
[INFO] [stderr]    Compiling stringprep v0.1.5
[INFO] [stderr]    Compiling synstructure v0.13.1
[INFO] [stderr]    Compiling darling_core v0.20.10
[INFO] [stderr]    Compiling hkdf v0.12.4
[INFO] [stderr]    Compiling atoi v2.0.0
[INFO] [stderr]    Compiling futures-channel v0.3.31
[INFO] [stderr]    Compiling md-5 v0.10.6
[INFO] [stderr]    Compiling home v0.5.11
[INFO] [stderr]    Compiling whoami v1.5.2
[INFO] [stderr]    Compiling mime_guess v2.0.5
[INFO] [stderr]     Checking num-integer v0.1.46
[INFO] [stderr]    Compiling ring v0.17.12
[INFO] [stderr]    Compiling serde_derive v1.0.218
[INFO] [stderr]    Compiling zerofrom-derive v0.1.6
[INFO] [stderr]    Compiling yoke-derive v0.7.5
[INFO] [stderr]    Compiling zerovec-derive v0.10.3
[INFO] [stderr]    Compiling displaydoc v0.2.5
[INFO] [stderr]    Compiling icu_provider_macros v1.5.0
[INFO] [stderr]    Compiling tracing-attributes v0.1.28
[INFO] [stderr]    Compiling tokio-macros v2.5.0
[INFO] [stderr]    Compiling openssl-macros v0.1.1
[INFO] [stderr]    Compiling zerocopy-derive v0.7.35
[INFO] [stderr]    Compiling thiserror-impl v2.0.12
[INFO] [stderr]    Compiling zerofrom v0.1.6
[INFO] [stderr]    Compiling yoke v0.7.5
[INFO] [stderr]    Compiling zerovec v0.10.4
[INFO] [stderr]     Checking tracing v0.1.41
[INFO] [stderr]    Compiling zerocopy v0.7.35
[INFO] [stderr]     Checking thiserror v2.0.12
[INFO] [stderr]    Compiling tokio-stream v0.1.17
[INFO] [stderr]    Compiling ppv-lite86 v0.2.20
[INFO] [stderr]    Compiling tinystr v0.7.6
[INFO] [stderr]    Compiling icu_locid v1.5.0
[INFO] [stderr]    Compiling icu_collections v1.5.0
[INFO] [stderr]    Compiling rand_chacha v0.3.1
[INFO] [stderr]    Compiling icu_provider v1.5.0
[INFO] [stderr]    Compiling rand v0.8.5
[INFO] [stderr]     Checking icu_locid_transform v1.5.0
[INFO] [stderr]     Checking icu_properties v1.5.1
[INFO] [stderr]    Compiling darling_macro v0.20.10
[INFO] [stderr]    Compiling tempfile v3.17.1
[INFO] [stderr]     Checking unicode-properties v0.1.3
[INFO] [stderr]    Compiling darling v0.20.10
[INFO] [stderr]     Checking cipher v0.4.4
[INFO] [stderr]     Checking num-bigint v0.4.6
[INFO] [stderr]     Checking spin v0.9.8
[INFO] [stderr]     Checking multer v3.1.0
[INFO] [stderr]     Checking axum-core v0.5.0
[INFO] [stderr]     Checking blowfish v0.9.1
[INFO] [stderr]    Compiling serde_with_macros v3.12.0
[INFO] [stderr]     Checking smallvec v1.14.0
[INFO] [stderr]     Checking parking_lot_core v0.9.10
[INFO] [stderr]     Checking parking_lot v0.12.3
[INFO] [stderr]     Checking icu_normalizer v1.5.0
[INFO] [stderr]     Checking serde_json v1.0.140
[INFO] [stderr]     Checking idna_adapter v1.2.0
[INFO] [stderr]     Checking idna v1.0.3
[INFO] [stderr]    Compiling either v1.14.0
[INFO] [stderr]     Checking url v2.5.4
[INFO] [stderr]    Compiling futures-intrusive v0.5.0
[INFO] [stderr]     Checking serde_urlencoded v0.7.1
[INFO] [stderr]     Checking serde_path_to_error v0.1.17
[INFO] [stderr]     Checking pem v3.0.5
[INFO] [stderr]     Checking http-range-header v0.4.2
[INFO] [stderr]     Checking bcrypt v0.17.0
[INFO] [stderr]     Checking serde_with v3.12.0
[INFO] [stderr]     Checking simple_asn1 v0.6.3
[INFO] [stderr]    Compiling sqlx-core v0.8.3
[INFO] [stderr]     Checking jsonwebtoken v9.3.1
[INFO] [stderr]     Checking tokio-util v0.7.13
[INFO] [stderr]     Checking tokio-native-tls v0.3.1
[INFO] [stderr]     Checking tower v0.5.2
[INFO] [stderr]    Compiling sqlx-postgres v0.8.3
[INFO] [stderr]     Checking h2 v0.4.8
[INFO] [stderr]     Checking tower-http v0.6.2
[INFO] [stderr]    Compiling sqlx-macros-core v0.8.3
[INFO] [stderr]     Checking hyper v1.6.0
[INFO] [stderr]    Compiling sqlx-macros v0.8.3
[INFO] [stderr]     Checking hyper-util v0.1.10
[INFO] [stderr]     Checking sqlx v0.8.3
[INFO] [stderr]     Checking hyper-tls v0.6.0
[INFO] [stderr]     Checking axum v0.8.1
[INFO] [stderr]     Checking reqwest v0.12.12
[INFO] [stderr]     Checking rust_axum_pos_backend v0.1.0 (/opt/rustwide/workdir)
[INFO] [stdout] error: error communicating with database: Connection refused (os error 111)
[INFO] [stdout]   --> src/controller/auth_controller.rs:25:25
[INFO] [stdout]    |
[INFO] [stdout] 25 |       let query_find_first = sqlx::query_as!(
[INFO] [stdout]    |  ____________________________^
[INFO] [stdout] 26 | |         UserData,
[INFO] [stdout] 27 | |         "SELECT * FROM user_system WHERE username = $1 LIMIT 1",
[INFO] [stdout] 28 | |         body.username
[INFO] [stdout] 29 | |     ).fetch_one(&pg_pool)
[INFO] [stdout]    | |_____^
[INFO] [stdout]    |
[INFO] [stdout]    = note: this error originates in the macro `$crate::sqlx_macros::expand_query` which comes from the expansion of the macro `sqlx::query_as` (in Nightly builds, run with -Z macro-backtrace for more info)
[INFO] [stdout] 
[INFO] [stdout] 
[INFO] [stdout] error: error communicating with database: Connection refused (os error 111)
[INFO] [stdout]    --> src/controller/auth_controller.rs:139:25
[INFO] [stdout]     |
[INFO] [stdout] 139 |       let query_find_first = query_as!(
[INFO] [stdout]     |  ____________________________^
[INFO] [stdout] 140 | |         UserData,
[INFO] [stdout] 141 | |         "SELECT * FROM user_system WHERE username = $1",
[INFO] [stdout] 142 | |         body.username
[INFO] [stdout] 143 | |     ).fetch_one(&pg_pool)
[INFO] [stdout]     | |_____^
[INFO] [stdout]     |
[INFO] [stdout]     = note: this error originates in the macro `$crate::sqlx_macros::expand_query` which comes from the expansion of the macro `query_as` (in Nightly builds, run with -Z macro-backtrace for more info)
[INFO] [stdout] 
[INFO] [stdout] 
[INFO] [stdout] error: error communicating with database: Connection refused (os error 111)
[INFO] [stdout]    --> src/controller/auth_controller.rs:159:8
[INFO] [stdout]     |
[INFO] [stdout] 159 | /                 query!(
[INFO] [stdout] 160 | |                     "UPDATE user_system SET password = $1 WHERE username = $2",
[INFO] [stdout] 161 | |                     new_password,
[INFO] [stdout] 162 | |                     body.username
[INFO] [stdout] 163 | |                 ).execute(&pg_pool)
[INFO] [stdout]     | |_________________^
[INFO] [stdout]     |
[INFO] [stdout]     = note: this error originates in the macro `$crate::sqlx_macros::expand_query` which comes from the expansion of the macro `query` (in Nightly builds, run with -Z macro-backtrace for more info)
[INFO] [stdout] 
[INFO] [stdout] 
[INFO] [stdout] error: error communicating with database: Connection refused (os error 111)
[INFO] [stdout]   --> src/controller/category_controller.rs:31:21
[INFO] [stdout]    |
[INFO] [stdout] 31 |       let query_search = sqlx::query_as!(
[INFO] [stdout]    |  ________________________^
[INFO] [stdout] 32 | |         CategoryData,
[INFO] [stdout] 33 | |         "SELECT * FROM category WHERE name ILIKE $1 LIMIT($2) OFFSET($3)",
[INFO] [stdout] 34 | |         format!("%{}%", body.term),
[INFO] [stdout] 35 | |         PAGE_TAKE,
[INFO] [stdout] 36 | |         (&body.page - 1) * PAGE_TAKE
[INFO] [stdout] 37 | |     ).fetch_all(&pg_pool)
[INFO] [stdout]    | |_____^
[INFO] [stdout]    |
[INFO] [stdout]    = note: this error originates in the macro `$crate::sqlx_macros::expand_query` which comes from the expansion of the macro `sqlx::query_as` (in Nightly builds, run with -Z macro-backtrace for more info)
[INFO] [stdout] 
[INFO] [stdout] 
[INFO] [stdout] error: error communicating with database: Connection refused (os error 111)
[INFO] [stdout]   --> src/controller/category_controller.rs:66:24
[INFO] [stdout]    |
[INFO] [stdout] 66 |       let query_find_many = sqlx::query_as!(
[INFO] [stdout]    |  ___________________________^
[INFO] [stdout] 67 | |         CategoryData, 
[INFO] [stdout] 68 | |         "SELECT * FROM category ORDER BY name ASC"
[INFO] [stdout] 69 | |     ).fetch_all(&pg_pool)
[INFO] [stdout]    | |_____^
[INFO] [stdout]    |
[INFO] [stdout]    = note: this error originates in the macro `$crate::sqlx_macros::expand_query` which comes from the expansion of the macro `sqlx::query_as` (in Nightly builds, run with -Z macro-backtrace for more info)
[INFO] [stdout] 
[INFO] [stdout] 
[INFO] [stdout] error: error communicating with database: Connection refused (os error 111)
[INFO] [stdout]   --> src/controller/category_controller.rs:89:5
[INFO] [stdout]    |
[INFO] [stdout] 89 | /     sqlx::query_as!(CategoryData, 
[INFO] [stdout] 90 | |         "INSERT INTO category (name) VALUES($1) RETURNING *",
[INFO] [stdout] 91 | |         body.name,
[INFO] [stdout] 92 | |     ).fetch_one(&pg_pool)
[INFO] [stdout]    | |_____^
[INFO] [stdout]    |
[INFO] [stdout]    = note: this error originates in the macro `$crate::sqlx_macros::expand_query` which comes from the expansion of the macro `sqlx::query_as` (in Nightly builds, run with -Z macro-backtrace for more info)
[INFO] [stdout] 
[INFO] [stdout] 
[INFO] [stdout] error: error communicating with database: Connection refused (os error 111)
[INFO] [stdout]    --> src/controller/category_controller.rs:113:2
[INFO] [stdout]     |
[INFO] [stdout] 113 | /     sqlx::query!(
[INFO] [stdout] 114 | |         "UPDATE category set name = $1 WHERE id = $2",
[INFO] [stdout] 115 | |         body.name,
[INFO] [stdout] 116 | |         id
[INFO] [stdout] 117 | |     ).execute(&pg_pool)
[INFO] [stdout]     | |_____^
[INFO] [stdout]     |
[INFO] [stdout]     = note: this error originates in the macro `$crate::sqlx_macros::expand_query` which comes from the expansion of the macro `sqlx::query` (in Nightly builds, run with -Z macro-backtrace for more info)
[INFO] [stdout] 
[INFO] [stdout] 
[INFO] [stdout] error: error communicating with database: Connection refused (os error 111)
[INFO] [stdout]    --> src/controller/category_controller.rs:136:2
[INFO] [stdout]     |
[INFO] [stdout] 136 | /     sqlx::query!(
[INFO] [stdout] 137 | |         "DELETE from category WHERE id = $1",
[INFO] [stdout] 138 | |         id
[INFO] [stdout] 139 | |     ).execute(&pg_pool)
[INFO] [stdout]     | |_____^
[INFO] [stdout]     |
[INFO] [stdout]     = note: this error originates in the macro `$crate::sqlx_macros::expand_query` which comes from the expansion of the macro `sqlx::query` (in Nightly builds, run with -Z macro-backtrace for more info)
[INFO] [stdout] 
[INFO] [stdout] 
[INFO] [stdout] error: error communicating with database: Connection refused (os error 111)
[INFO] [stdout]   --> src/controller/user_controller.rs:33:21
[INFO] [stdout]    |
[INFO] [stdout] 33 |       let query_search = sqlx::query_as!(
[INFO] [stdout]    |  ________________________^
[INFO] [stdout] 34 | |         UserData,
[INFO] [stdout] 35 | |         "SELECT * FROM user_system WHERE username ILIKE $1 OR full_name ILIKE $2
[INFO] [stdout] 36 | |         LIMIT($3) OFFSET($4)",
[INFO] [stdout] ...  |
[INFO] [stdout] 40 | |         (&body.page - 1) * PAGE_TAKE
[INFO] [stdout] 41 | |     ).fetch_all(&pg_pool)
[INFO] [stdout]    | |_____^
[INFO] [stdout]    |
[INFO] [stdout]    = note: this error originates in the macro `$crate::sqlx_macros::expand_query` which comes from the expansion of the macro `sqlx::query_as` (in Nightly builds, run with -Z macro-backtrace for more info)
[INFO] [stdout] 
[INFO] [stdout] 
[INFO] [stdout] error: error communicating with database: Connection refused (os error 111)
[INFO] [stdout]   --> src/controller/user_controller.rs:76:2
[INFO] [stdout]    |
[INFO] [stdout] 76 | /     sqlx::query!(
[INFO] [stdout] 77 | |         "INSERT INTO user_system (username, password, full_name, address, phone_number, role, photo) VALUES ($1, $2, $3, $4, $5, $...
[INFO] [stdout] 78 | |         body.username,
[INFO] [stdout] 79 | |         hashed_password,
[INFO] [stdout] ...  |
[INFO] [stdout] 84 | |         body.photo
[INFO] [stdout] 85 | |     ).execute(&pg_pool)
[INFO] [stdout]    | |_____^
[INFO] [stdout]    |
[INFO] [stdout]    = note: this error originates in the macro `$crate::sqlx_macros::expand_query` which comes from the expansion of the macro `sqlx::query` (in Nightly builds, run with -Z macro-backtrace for more info)
[INFO] [stdout] 
[INFO] [stdout] 
[INFO] [stdout] error: error communicating with database: Connection refused (os error 111)
[INFO] [stdout]    --> src/controller/user_controller.rs:107:3
[INFO] [stdout]     |
[INFO] [stdout] 107 | /         sqlx::query!(
[INFO] [stdout] 108 | |             "UPDATE user_system SET username = $1, full_name = $2, address = $3, phone_number = $4, role = $5, photo = $6 WHERE 
[INFO] [stdout] 109 | |             id = $7",
[INFO] [stdout] 110 | |             body.username,
[INFO] [stdout] ...   |
[INFO] [stdout] 116 | |             id
[INFO] [stdout] 117 | |         ).execute(&pg_pool)
[INFO] [stdout]     | |_________^
[INFO] [stdout]     |
[INFO] [stdout]     = note: this error originates in the macro `$crate::sqlx_macros::expand_query` which comes from the expansion of the macro `sqlx::query` (in Nightly builds, run with -Z macro-backtrace for more info)
[INFO] [stdout] 
[INFO] [stdout] 
[INFO] [stdout] error: error communicating with database: Connection refused (os error 111)
[INFO] [stdout]    --> src/controller/user_controller.rs:132:26
[INFO] [stdout]     |
[INFO] [stdout] 132 |           let query_find_first = sqlx::query_as!(
[INFO] [stdout]     |  ________________________________^
[INFO] [stdout] 133 | |             UserData,
[INFO] [stdout] 134 | |             "SELECT * FROM user_system WHERE id = $1 LIMIT 1",
[INFO] [stdout] 135 | |             id
[INFO] [stdout] 136 | |         ).fetch_one(&pg_pool)
[INFO] [stdout]     | |_________^
[INFO] [stdout]     |
[INFO] [stdout]     = note: this error originates in the macro `$crate::sqlx_macros::expand_query` which comes from the expansion of the macro `sqlx::query_as` (in Nightly builds, run with -Z macro-backtrace for more info)
[INFO] [stdout] 
[INFO] [stdout] 
[INFO] [stdout] error: error communicating with database: Connection refused (os error 111)
[INFO] [stdout]    --> src/controller/user_controller.rs:148:4
[INFO] [stdout]     |
[INFO] [stdout] 148 | /             sqlx::query!(
[INFO] [stdout] 149 | |                 "UPDATE user_system SET username = $1, full_name = $2, address = $3, phone_number = $4, role = $5, photo = $6 WHERE 
[INFO] [stdout] 150 | |                 id = $7",
[INFO] [stdout] 151 | |                 body.username,
[INFO] [stdout] ...   |
[INFO] [stdout] 157 | |                 id
[INFO] [stdout] 158 | |             ).execute(&pg_pool)
[INFO] [stdout]     | |_____________^
[INFO] [stdout]     |
[INFO] [stdout]     = note: this error originates in the macro `$crate::sqlx_macros::expand_query` which comes from the expansion of the macro `sqlx::query` (in Nightly builds, run with -Z macro-backtrace for more info)
[INFO] [stdout] 
[INFO] [stdout] 
[INFO] [stdout] error: error communicating with database: Connection refused (os error 111)
[INFO] [stdout]    --> src/controller/user_controller.rs:172:4
[INFO] [stdout]     |
[INFO] [stdout] 172 | / ...   sqlx::query!(
[INFO] [stdout] 173 | | ...   "UPDATE user_system SET username = $1, password = $8, full_name = $2, address = $3, phone_number = $4, role = $5, photo = $...
[INFO] [stdout] 174 | | ...       id = $7",
[INFO] [stdout] 175 | | ...       body.username,
[INFO] [stdout] ...   |
[INFO] [stdout] 182 | | ...       &body.password.unwrap()
[INFO] [stdout] 183 | | ...   ).execute(&pg_pool)
[INFO] [stdout]     | |_______^
[INFO] [stdout]     |
[INFO] [stdout]     = note: this error originates in the macro `$crate::sqlx_macros::expand_query` which comes from the expansion of the macro `sqlx::query` (in Nightly builds, run with -Z macro-backtrace for more info)
[INFO] [stdout] 
[INFO] [stdout] 
[INFO] [stdout] error: error communicating with database: Connection refused (os error 111)
[INFO] [stdout]    --> src/controller/user_controller.rs:204:2
[INFO] [stdout]     |
[INFO] [stdout] 204 | /     sqlx::query!(
[INFO] [stdout] 205 | |         "DELETE FROM user_system WHERE id = $1",
[INFO] [stdout] 206 | |         id
[INFO] [stdout] 207 | |     ).execute(&pg_pool)
[INFO] [stdout]     | |_____^
[INFO] [stdout]     |
[INFO] [stdout]     = note: this error originates in the macro `$crate::sqlx_macros::expand_query` which comes from the expansion of the macro `sqlx::query` (in Nightly builds, run with -Z macro-backtrace for more info)
[INFO] [stdout] 
[INFO] [stdout] 
[INFO] [stdout] error: error communicating with database: Connection refused (os error 111)
[INFO] [stdout]   --> src/controller/product_controller.rs:30:21
[INFO] [stdout]    |
[INFO] [stdout] 30 |       let query_search = sqlx::query_as!(
[INFO] [stdout]    |  ________________________^
[INFO] [stdout] 31 | |         ProductData,
[INFO] [stdout] 32 | |         "SELECT * FROM product WHERE name ILIKE $1 LIMIT($2) OFFSET($3)",
[INFO] [stdout] 33 | |         format!("%{}%", body.term),
[INFO] [stdout] 34 | |         PAGE_TAKE,
[INFO] [stdout] 35 | |         (&body.page - 1) * PAGE_TAKE
[INFO] [stdout] 36 | |     ).fetch_all(&pg_pool)
[INFO] [stdout]    | |_____^
[INFO] [stdout]    |
[INFO] [stdout]    = note: this error originates in the macro `$crate::sqlx_macros::expand_query` which comes from the expansion of the macro `sqlx::query_as` (in Nightly builds, run with -Z macro-backtrace for more info)
[INFO] [stdout] 
[INFO] [stdout] 
[INFO] [stdout] error: error communicating with database: Connection refused (os error 111)
[INFO] [stdout]   --> src/controller/product_controller.rs:67:2
[INFO] [stdout]    |
[INFO] [stdout] 67 | /     sqlx::query!(
[INFO] [stdout] 68 | |         "INSERT INTO product(
[INFO] [stdout] 69 | |             name, 
[INFO] [stdout] 70 | |             purchase_price, 
[INFO] [stdout] ...  |
[INFO] [stdout] 91 | |         body.category_id
[INFO] [stdout] 92 | |     ).execute(&pg_pool)
[INFO] [stdout]    | |_____^
[INFO] [stdout]    |
[INFO] [stdout]    = note: this error originates in the macro `$crate::sqlx_macros::expand_query` which comes from the expansion of the macro `sqlx::query` (in Nightly builds, run with -Z macro-backtrace for more info)
[INFO] [stdout] 
[INFO] [stdout] 
[INFO] [stdout] error: error communicating with database: Connection refused (os error 111)
[INFO] [stdout]    --> src/controller/product_controller.rs:112:2
[INFO] [stdout]     |
[INFO] [stdout] 112 | /     sqlx::query!(
[INFO] [stdout] 113 | |         "UPDATE product set name = $1, purchase_price = $2, 
[INFO] [stdout] 114 | |         selling_price = $3, stock = $4, discount = $5, image = $6, category_id = $7
[INFO] [stdout] 115 | |         WHERE id = $8",
[INFO] [stdout] ...   |
[INFO] [stdout] 123 | |         id
[INFO] [stdout] 124 | |     ).execute(&pg_pool)
[INFO] [stdout]     | |_____^
[INFO] [stdout]     |
[INFO] [stdout]     = note: this error originates in the macro `$crate::sqlx_macros::expand_query` which comes from the expansion of the macro `sqlx::query` (in Nightly builds, run with -Z macro-backtrace for more info)
[INFO] [stdout] 
[INFO] [stdout] 
[INFO] [stdout] error: error communicating with database: Connection refused (os error 111)
[INFO] [stdout]    --> src/controller/product_controller.rs:143:2
[INFO] [stdout]     |
[INFO] [stdout] 143 | /     sqlx::query!(
[INFO] [stdout] 144 | |         "DELETE FROM product WHERE id = $1",
[INFO] [stdout] 145 | |         id
[INFO] [stdout] 146 | |     ).execute(&pg_pool)
[INFO] [stdout]     | |_____^
[INFO] [stdout]     |
[INFO] [stdout]     = note: this error originates in the macro `$crate::sqlx_macros::expand_query` which comes from the expansion of the macro `sqlx::query` (in Nightly builds, run with -Z macro-backtrace for more info)
[INFO] [stdout] 
[INFO] [stdout] 
[INFO] [stdout] warning: unused import: `CategoryData`
[INFO] [stdout]   --> src/controller/category_controller.rs:10:57
[INFO] [stdout]    |
[INFO] [stdout] 10 | use crate::model::category_model::{ CategoryCreateBody, CategoryData, CategoryUpdateBody, CategoryPaginate };
[INFO] [stdout]    |                                                         ^^^^^^^^^^^^
[INFO] [stdout]    |
[INFO] [stdout]    = note: `#[warn(unused_imports)]` (part of `#[warn(unused)]`) on by default
[INFO] [stdout] 
[INFO] [stdout] 
[INFO] [stdout] warning: unused import: `UserData`
[INFO] [stdout]   --> src/controller/user_controller.rs:12:63
[INFO] [stdout]    |
[INFO] [stdout] 12 | use crate::model::user_model::{ UserCreateDto, UserUpdateDto, UserData, UserPaginate };
[INFO] [stdout]    |                                                               ^^^^^^^^
[INFO] [stdout] 
[INFO] [stdout] 
[INFO] [stdout] warning: unused import: `ProductData`
[INFO] [stdout]   --> src/controller/product_controller.rs:10:36
[INFO] [stdout]    |
[INFO] [stdout] 10 | use crate::model::product_model::{ ProductData, ProductCreateBody, ProductUpdateBody, ProductPaginate };
[INFO] [stdout]    |                                    ^^^^^^^^^^^
[INFO] [stdout] 
[INFO] [stdout] 
[INFO] [stdout] warning: unused import: `CategoryData`
[INFO] [stdout]  --> src/model/product_model.rs:4:37
[INFO] [stdout]   |
[INFO] [stdout] 4 | use crate::model::category_model::{ CategoryData };
[INFO] [stdout]   |                                     ^^^^^^^^^^^^
[INFO] [stdout] 
[INFO] [stdout] 
[INFO] [stdout] error: error communicating with database: Connection refused (os error 111)
[INFO] [stdout]   --> src/controller/auth_controller.rs:25:25
[INFO] [stdout]    |
[INFO] [stdout] 25 |       let query_find_first = sqlx::query_as!(
[INFO] [stdout]    |  ____________________________^
[INFO] [stdout] 26 | |         UserData,
[INFO] [stdout] 27 | |         "SELECT * FROM user_system WHERE username = $1 LIMIT 1",
[INFO] [stdout] 28 | |         body.username
[INFO] [stdout] 29 | |     ).fetch_one(&pg_pool)
[INFO] [stdout]    | |_____^
[INFO] [stdout]    |
[INFO] [stdout]    = note: this error originates in the macro `$crate::sqlx_macros::expand_query` which comes from the expansion of the macro `sqlx::query_as` (in Nightly builds, run with -Z macro-backtrace for more info)
[INFO] [stdout] 
[INFO] [stdout] 
[INFO] [stdout] error: error communicating with database: Connection refused (os error 111)
[INFO] [stdout]    --> src/controller/auth_controller.rs:139:25
[INFO] [stdout]     |
[INFO] [stdout] 139 |       let query_find_first = query_as!(
[INFO] [stdout]     |  ____________________________^
[INFO] [stdout] 140 | |         UserData,
[INFO] [stdout] 141 | |         "SELECT * FROM user_system WHERE username = $1",
[INFO] [stdout] 142 | |         body.username
[INFO] [stdout] 143 | |     ).fetch_one(&pg_pool)
[INFO] [stdout]     | |_____^
[INFO] [stdout]     |
[INFO] [stdout]     = note: this error originates in the macro `$crate::sqlx_macros::expand_query` which comes from the expansion of the macro `query_as` (in Nightly builds, run with -Z macro-backtrace for more info)
[INFO] [stdout] 
[INFO] [stdout] 
[INFO] [stdout] error: error communicating with database: Connection refused (os error 111)
[INFO] [stdout]    --> src/controller/auth_controller.rs:159:8
[INFO] [stdout]     |
[INFO] [stdout] 159 | /                 query!(
[INFO] [stdout] 160 | |                     "UPDATE user_system SET password = $1 WHERE username = $2",
[INFO] [stdout] 161 | |                     new_password,
[INFO] [stdout] 162 | |                     body.username
[INFO] [stdout] 163 | |                 ).execute(&pg_pool)
[INFO] [stdout]     | |_________________^
[INFO] [stdout]     |
[INFO] [stdout]     = note: this error originates in the macro `$crate::sqlx_macros::expand_query` which comes from the expansion of the macro `query` (in Nightly builds, run with -Z macro-backtrace for more info)
[INFO] [stdout] 
[INFO] [stdout] 
[INFO] [stdout] error: error communicating with database: Connection refused (os error 111)
[INFO] [stdout]   --> src/controller/category_controller.rs:31:21
[INFO] [stdout]    |
[INFO] [stdout] 31 |       let query_search = sqlx::query_as!(
[INFO] [stdout]    |  ________________________^
[INFO] [stdout] 32 | |         CategoryData,
[INFO] [stdout] 33 | |         "SELECT * FROM category WHERE name ILIKE $1 LIMIT($2) OFFSET($3)",
[INFO] [stdout] 34 | |         format!("%{}%", body.term),
[INFO] [stdout] 35 | |         PAGE_TAKE,
[INFO] [stdout] 36 | |         (&body.page - 1) * PAGE_TAKE
[INFO] [stdout] 37 | |     ).fetch_all(&pg_pool)
[INFO] [stdout]    | |_____^
[INFO] [stdout]    |
[INFO] [stdout]    = note: this error originates in the macro `$crate::sqlx_macros::expand_query` which comes from the expansion of the macro `sqlx::query_as` (in Nightly builds, run with -Z macro-backtrace for more info)
[INFO] [stdout] 
[INFO] [stdout] 
[INFO] [stdout] error: error communicating with database: Connection refused (os error 111)
[INFO] [stdout]   --> src/controller/category_controller.rs:66:24
[INFO] [stdout]    |
[INFO] [stdout] 66 |       let query_find_many = sqlx::query_as!(
[INFO] [stdout]    |  ___________________________^
[INFO] [stdout] 67 | |         CategoryData, 
[INFO] [stdout] 68 | |         "SELECT * FROM category ORDER BY name ASC"
[INFO] [stdout] 69 | |     ).fetch_all(&pg_pool)
[INFO] [stdout]    | |_____^
[INFO] [stdout]    |
[INFO] [stdout]    = note: this error originates in the macro `$crate::sqlx_macros::expand_query` which comes from the expansion of the macro `sqlx::query_as` (in Nightly builds, run with -Z macro-backtrace for more info)
[INFO] [stdout] 
[INFO] [stdout] 
[INFO] [stdout] error: error communicating with database: Connection refused (os error 111)
[INFO] [stdout]   --> src/controller/category_controller.rs:89:5
[INFO] [stdout]    |
[INFO] [stdout] 89 | /     sqlx::query_as!(CategoryData, 
[INFO] [stdout] 90 | |         "INSERT INTO category (name) VALUES($1) RETURNING *",
[INFO] [stdout] 91 | |         body.name,
[INFO] [stdout] 92 | |     ).fetch_one(&pg_pool)
[INFO] [stdout]    | |_____^
[INFO] [stdout]    |
[INFO] [stdout]    = note: this error originates in the macro `$crate::sqlx_macros::expand_query` which comes from the expansion of the macro `sqlx::query_as` (in Nightly builds, run with -Z macro-backtrace for more info)
[INFO] [stdout] 
[INFO] [stdout] 
[INFO] [stdout] error: error communicating with database: Connection refused (os error 111)
[INFO] [stdout]    --> src/controller/category_controller.rs:113:2
[INFO] [stdout]     |
[INFO] [stdout] 113 | /     sqlx::query!(
[INFO] [stdout] 114 | |         "UPDATE category set name = $1 WHERE id = $2",
[INFO] [stdout] 115 | |         body.name,
[INFO] [stdout] 116 | |         id
[INFO] [stdout] 117 | |     ).execute(&pg_pool)
[INFO] [stdout]     | |_____^
[INFO] [stdout]     |
[INFO] [stdout]     = note: this error originates in the macro `$crate::sqlx_macros::expand_query` which comes from the expansion of the macro `sqlx::query` (in Nightly builds, run with -Z macro-backtrace for more info)
[INFO] [stdout] 
[INFO] [stdout] 
[INFO] [stdout] error: error communicating with database: Connection refused (os error 111)
[INFO] [stdout]    --> src/controller/category_controller.rs:136:2
[INFO] [stdout]     |
[INFO] [stdout] 136 | /     sqlx::query!(
[INFO] [stdout] 137 | |         "DELETE from category WHERE id = $1",
[INFO] [stdout] 138 | |         id
[INFO] [stdout] 139 | |     ).execute(&pg_pool)
[INFO] [stdout]     | |_____^
[INFO] [stdout]     |
[INFO] [stdout]     = note: this error originates in the macro `$crate::sqlx_macros::expand_query` which comes from the expansion of the macro `sqlx::query` (in Nightly builds, run with -Z macro-backtrace for more info)
[INFO] [stdout] 
[INFO] [stdout] 
[INFO] [stdout] error: error communicating with database: Connection refused (os error 111)
[INFO] [stdout]   --> src/controller/user_controller.rs:33:21
[INFO] [stdout]    |
[INFO] [stdout] 33 |       let query_search = sqlx::query_as!(
[INFO] [stdout]    |  ________________________^
[INFO] [stdout] 34 | |         UserData,
[INFO] [stdout] 35 | |         "SELECT * FROM user_system WHERE username ILIKE $1 OR full_name ILIKE $2
[INFO] [stdout] 36 | |         LIMIT($3) OFFSET($4)",
[INFO] [stdout] ...  |
[INFO] [stdout] 40 | |         (&body.page - 1) * PAGE_TAKE
[INFO] [stdout] 41 | |     ).fetch_all(&pg_pool)
[INFO] [stdout]    | |_____^
[INFO] [stdout]    |
[INFO] [stdout]    = note: this error originates in the macro `$crate::sqlx_macros::expand_query` which comes from the expansion of the macro `sqlx::query_as` (in Nightly builds, run with -Z macro-backtrace for more info)
[INFO] [stdout] 
[INFO] [stdout] 
[INFO] [stdout] error: error communicating with database: Connection refused (os error 111)
[INFO] [stdout]   --> src/controller/user_controller.rs:76:2
[INFO] [stdout]    |
[INFO] [stdout] 76 | /     sqlx::query!(
[INFO] [stdout] 77 | |         "INSERT INTO user_system (username, password, full_name, address, phone_number, role, photo) VALUES ($1, $2, $3, $4, $5, $...
[INFO] [stdout] 78 | |         body.username,
[INFO] [stdout] 79 | |         hashed_password,
[INFO] [stdout] ...  |
[INFO] [stdout] 84 | |         body.photo
[INFO] [stdout] 85 | |     ).execute(&pg_pool)
[INFO] [stdout]    | |_____^
[INFO] [stdout]    |
[INFO] [stdout]    = note: this error originates in the macro `$crate::sqlx_macros::expand_query` which comes from the expansion of the macro `sqlx::query` (in Nightly builds, run with -Z macro-backtrace for more info)
[INFO] [stdout] 
[INFO] [stdout] 
[INFO] [stdout] error: error communicating with database: Connection refused (os error 111)
[INFO] [stdout]    --> src/controller/user_controller.rs:107:3
[INFO] [stdout]     |
[INFO] [stdout] 107 | /         sqlx::query!(
[INFO] [stdout] 108 | |             "UPDATE user_system SET username = $1, full_name = $2, address = $3, phone_number = $4, role = $5, photo = $6 WHERE 
[INFO] [stdout] 109 | |             id = $7",
[INFO] [stdout] 110 | |             body.username,
[INFO] [stdout] ...   |
[INFO] [stdout] 116 | |             id
[INFO] [stdout] 117 | |         ).execute(&pg_pool)
[INFO] [stdout]     | |_________^
[INFO] [stdout]     |
[INFO] [stdout]     = note: this error originates in the macro `$crate::sqlx_macros::expand_query` which comes from the expansion of the macro `sqlx::query` (in Nightly builds, run with -Z macro-backtrace for more info)
[INFO] [stdout] 
[INFO] [stdout] 
[INFO] [stdout] error: error communicating with database: Connection refused (os error 111)
[INFO] [stdout]    --> src/controller/user_controller.rs:132:26
[INFO] [stdout]     |
[INFO] [stdout] 132 |           let query_find_first = sqlx::query_as!(
[INFO] [stdout]     |  ________________________________^
[INFO] [stdout] 133 | |             UserData,
[INFO] [stdout] 134 | |             "SELECT * FROM user_system WHERE id = $1 LIMIT 1",
[INFO] [stdout] 135 | |             id
[INFO] [stdout] 136 | |         ).fetch_one(&pg_pool)
[INFO] [stdout]     | |_________^
[INFO] [stdout]     |
[INFO] [stdout]     = note: this error originates in the macro `$crate::sqlx_macros::expand_query` which comes from the expansion of the macro `sqlx::query_as` (in Nightly builds, run with -Z macro-backtrace for more info)
[INFO] [stdout] 
[INFO] [stdout] 
[INFO] [stdout] error: error communicating with database: Connection refused (os error 111)
[INFO] [stdout]    --> src/controller/user_controller.rs:148:4
[INFO] [stdout]     |
[INFO] [stdout] 148 | /             sqlx::query!(
[INFO] [stdout] 149 | |                 "UPDATE user_system SET username = $1, full_name = $2, address = $3, phone_number = $4, role = $5, photo = $6 WHERE 
[INFO] [stdout] 150 | |                 id = $7",
[INFO] [stdout] 151 | |                 body.username,
[INFO] [stdout] ...   |
[INFO] [stdout] 157 | |                 id
[INFO] [stdout] 158 | |             ).execute(&pg_pool)
[INFO] [stdout]     | |_____________^
[INFO] [stdout]     |
[INFO] [stdout]     = note: this error originates in the macro `$crate::sqlx_macros::expand_query` which comes from the expansion of the macro `sqlx::query` (in Nightly builds, run with -Z macro-backtrace for more info)
[INFO] [stdout] 
[INFO] [stdout] 
[INFO] [stdout] error: error communicating with database: Connection refused (os error 111)
[INFO] [stdout]    --> src/controller/user_controller.rs:172:4
[INFO] [stdout]     |
[INFO] [stdout] 172 | / ...   sqlx::query!(
[INFO] [stdout] 173 | | ...   "UPDATE user_system SET username = $1, password = $8, full_name = $2, address = $3, phone_number = $4, role = $5, photo = $...
[INFO] [stdout] 174 | | ...       id = $7",
[INFO] [stdout] 175 | | ...       body.username,
[INFO] [stdout] ...   |
[INFO] [stdout] 182 | | ...       &body.password.unwrap()
[INFO] [stdout] 183 | | ...   ).execute(&pg_pool)
[INFO] [stdout]     | |_______^
[INFO] [stdout]     |
[INFO] [stdout]     = note: this error originates in the macro `$crate::sqlx_macros::expand_query` which comes from the expansion of the macro `sqlx::query` (in Nightly builds, run with -Z macro-backtrace for more info)
[INFO] [stdout] 
[INFO] [stdout] 
[INFO] [stdout] error: error communicating with database: Connection refused (os error 111)
[INFO] [stdout]    --> src/controller/user_controller.rs:204:2
[INFO] [stdout]     |
[INFO] [stdout] 204 | /     sqlx::query!(
[INFO] [stdout] 205 | |         "DELETE FROM user_system WHERE id = $1",
[INFO] [stdout] 206 | |         id
[INFO] [stdout] 207 | |     ).execute(&pg_pool)
[INFO] [stdout]     | |_____^
[INFO] [stdout]     |
[INFO] [stdout]     = note: this error originates in the macro `$crate::sqlx_macros::expand_query` which comes from the expansion of the macro `sqlx::query` (in Nightly builds, run with -Z macro-backtrace for more info)
[INFO] [stdout] 
[INFO] [stdout] 
[INFO] [stdout] error: error communicating with database: Connection refused (os error 111)
[INFO] [stdout]   --> src/controller/product_controller.rs:30:21
[INFO] [stdout]    |
[INFO] [stdout] 30 |       let query_search = sqlx::query_as!(
[INFO] [stdout]    |  ________________________^
[INFO] [stdout] 31 | |         ProductData,
[INFO] [stdout] 32 | |         "SELECT * FROM product WHERE name ILIKE $1 LIMIT($2) OFFSET($3)",
[INFO] [stdout] 33 | |         format!("%{}%", body.term),
[INFO] [stdout] 34 | |         PAGE_TAKE,
[INFO] [stdout] 35 | |         (&body.page - 1) * PAGE_TAKE
[INFO] [stdout] 36 | |     ).fetch_all(&pg_pool)
[INFO] [stdout]    | |_____^
[INFO] [stdout]    |
[INFO] [stdout]    = note: this error originates in the macro `$crate::sqlx_macros::expand_query` which comes from the expansion of the macro `sqlx::query_as` (in Nightly builds, run with -Z macro-backtrace for more info)
[INFO] [stdout] 
[INFO] [stdout] 
[INFO] [stdout] error: error communicating with database: Connection refused (os error 111)
[INFO] [stdout]   --> src/controller/product_controller.rs:67:2
[INFO] [stdout]    |
[INFO] [stdout] 67 | /     sqlx::query!(
[INFO] [stdout] 68 | |         "INSERT INTO product(
[INFO] [stdout] 69 | |             name, 
[INFO] [stdout] 70 | |             purchase_price, 
[INFO] [stdout] ...  |
[INFO] [stdout] 91 | |         body.category_id
[INFO] [stdout] 92 | |     ).execute(&pg_pool)
[INFO] [stdout]    | |_____^
[INFO] [stdout]    |
[INFO] [stdout]    = note: this error originates in the macro `$crate::sqlx_macros::expand_query` which comes from the expansion of the macro `sqlx::query` (in Nightly builds, run with -Z macro-backtrace for more info)
[INFO] [stdout] 
[INFO] [stdout] 
[INFO] [stdout] error: error communicating with database: Connection refused (os error 111)
[INFO] [stdout]    --> src/controller/product_controller.rs:112:2
[INFO] [stdout]     |
[INFO] [stdout] 112 | /     sqlx::query!(
[INFO] [stdout] 113 | |         "UPDATE product set name = $1, purchase_price = $2, 
[INFO] [stdout] 114 | |         selling_price = $3, stock = $4, discount = $5, image = $6, category_id = $7
[INFO] [stdout] 115 | |         WHERE id = $8",
[INFO] [stdout] ...   |
[INFO] [stdout] 123 | |         id
[INFO] [stdout] 124 | |     ).execute(&pg_pool)
[INFO] [stdout]     | |_____^
[INFO] [stdout]     |
[INFO] [stdout]     = note: this error originates in the macro `$crate::sqlx_macros::expand_query` which comes from the expansion of the macro `sqlx::query` (in Nightly builds, run with -Z macro-backtrace for more info)
[INFO] [stdout] 
[INFO] [stdout] 
[INFO] [stdout] error: error communicating with database: Connection refused (os error 111)
[INFO] [stdout]    --> src/controller/product_controller.rs:143:2
[INFO] [stdout]     |
[INFO] [stdout] 143 | /     sqlx::query!(
[INFO] [stdout] 144 | |         "DELETE FROM product WHERE id = $1",
[INFO] [stdout] 145 | |         id
[INFO] [stdout] 146 | |     ).execute(&pg_pool)
[INFO] [stdout]     | |_____^
[INFO] [stdout]     |
[INFO] [stdout]     = note: this error originates in the macro `$crate::sqlx_macros::expand_query` which comes from the expansion of the macro `sqlx::query` (in Nightly builds, run with -Z macro-backtrace for more info)
[INFO] [stdout] 
[INFO] [stdout] 
[INFO] [stdout] warning: unused import: `CategoryData`
[INFO] [stdout]   --> src/controller/category_controller.rs:10:57
[INFO] [stdout]    |
[INFO] [stdout] 10 | use crate::model::category_model::{ CategoryCreateBody, CategoryData, CategoryUpdateBody, CategoryPaginate };
[INFO] [stdout]    |                                                         ^^^^^^^^^^^^
[INFO] [stdout]    |
[INFO] [stdout]    = note: `#[warn(unused_imports)]` (part of `#[warn(unused)]`) on by default
[INFO] [stdout] 
[INFO] [stdout] 
[INFO] [stdout] warning: unused import: `UserData`
[INFO] [stdout]   --> src/controller/user_controller.rs:12:63
[INFO] [stdout]    |
[INFO] [stdout] 12 | use crate::model::user_model::{ UserCreateDto, UserUpdateDto, UserData, UserPaginate };
[INFO] [stdout]    |                                                               ^^^^^^^^
[INFO] [stdout] 
[INFO] [stdout] 
[INFO] [stdout] warning: unused import: `ProductData`
[INFO] [stdout]   --> src/controller/product_controller.rs:10:36
[INFO] [stdout]    |
[INFO] [stdout] 10 | use crate::model::product_model::{ ProductData, ProductCreateBody, ProductUpdateBody, ProductPaginate };
[INFO] [stdout]    |                                    ^^^^^^^^^^^
[INFO] [stdout] 
[INFO] [stdout] 
[INFO] [stdout] warning: unused import: `CategoryData`
[INFO] [stdout]  --> src/model/product_model.rs:4:37
[INFO] [stdout]   |
[INFO] [stdout] 4 | use crate::model::category_model::{ CategoryData };
[INFO] [stdout]   |                                     ^^^^^^^^^^^^
[INFO] [stdout] 
[INFO] [stdout] 
[INFO] [stderr] error: could not compile `rust_axum_pos_backend` (bin "rust_axum_pos_backend") due to 19 previous errors; 4 warnings emitted
[INFO] [stderr] warning: build failed, waiting for other jobs to finish...
[INFO] [stderr] error: could not compile `rust_axum_pos_backend` (bin "rust_axum_pos_backend" test) due to 19 previous errors; 4 warnings emitted
[INFO] [stderr] warning: unused dependency `serde_with`
[INFO] [stderr]  --> Cargo.toml:8:1
[INFO] [stderr]   |
[INFO] [stderr] 8 | serde_with = "3.12.0"
[INFO] [stderr]   | ^^^^^^^^^^^^^^^^^^^^^
[INFO] [stderr]   |
[INFO] [stderr]   = note: `cargo::unused_dependencies` is set to `warn` by default
[INFO] [stderr] help: consider removing the dependency on `serde_with`
[INFO] [stderr] warning: `rust_axum_pos_backend` (manifest) generated 1 warning
[INFO] running `Command { std: "docker" "inspect" "cba33eed32b419fc08b17c95f61f3ff80b42086e1e2942bb85bd13116de51088", kill_on_drop: false }`
[INFO] running `Command { std: "docker" "rm" "-f" "cba33eed32b419fc08b17c95f61f3ff80b42086e1e2942bb85bd13116de51088", kill_on_drop: false }`
[INFO] [stdout] cba33eed32b419fc08b17c95f61f3ff80b42086e1e2942bb85bd13116de51088
