[INFO] cloning repository https://github.com/binary4cat/catdo
[INFO] running `Command { std: "git" "-c" "credential.helper=" "-c" "credential.helper=/workspace/cargo-home/bin/git-credential-null" "clone" "--bare" "https://github.com/binary4cat/catdo" "/workspace/cache/git-repos/https%3A%2F%2Fgithub.com%2Fbinary4cat%2Fcatdo", kill_on_drop: false }`
[INFO] [stderr] Cloning into bare repository '/workspace/cache/git-repos/https%3A%2F%2Fgithub.com%2Fbinary4cat%2Fcatdo'...
[INFO] running `Command { std: "git" "rev-parse" "HEAD", kill_on_drop: false }`
[INFO] [stdout] 4d732c334d83a9af52f5d219c10bb0cbc1b42db8
[INFO] checking binary4cat/catdo against 3154cc1a3e6424e44f438a95007d043ed5ceaaf6 for pr-133502-30
[INFO] running `Command { std: "git" "clone" "/workspace/cache/git-repos/https%3A%2F%2Fgithub.com%2Fbinary4cat%2Fcatdo" "/workspace/builds/worker-1-tc2/source", kill_on_drop: false }`
[INFO] [stderr] Cloning into '/workspace/builds/worker-1-tc2/source'...
[INFO] [stderr] done.
[INFO] started tweaking git repo https://github.com/binary4cat/catdo
[INFO] finished tweaking git repo https://github.com/binary4cat/catdo
[INFO] tweaked toml for git repo https://github.com/binary4cat/catdo written to /workspace/builds/worker-1-tc2/source/Cargo.toml
[INFO] validating manifest of git repo https://github.com/binary4cat/catdo on toolchain 3154cc1a3e6424e44f438a95007d043ed5ceaaf6
[INFO] running `Command { std: CARGO_HOME="/workspace/cargo-home" RUSTUP_HOME="/workspace/rustup-home" "/workspace/cargo-home/bin/cargo" "+3154cc1a3e6424e44f438a95007d043ed5ceaaf6" "metadata" "--manifest-path" "Cargo.toml" "--no-deps", kill_on_drop: false }`
[INFO] crate git repo https://github.com/binary4cat/catdo already has a lockfile, it will not be regenerated
[INFO] running `Command { std: CARGO_HOME="/workspace/cargo-home" RUSTUP_HOME="/workspace/rustup-home" "/workspace/cargo-home/bin/cargo" "+3154cc1a3e6424e44f438a95007d043ed5ceaaf6" "fetch" "--manifest-path" "Cargo.toml", kill_on_drop: false }`
[INFO] running `Command { std: "docker" "create" "-v" "/var/lib/crater-agent-workspace/builds/worker-1-tc2/source:/opt/rustwide/workdir:ro,Z" "-v" "/var/lib/crater-agent-workspace/builds/worker-1-tc2/target:/opt/rustwide/target:rw,Z" "-v" "/var/lib/crater-agent-workspace/cargo-home:/opt/rustwide/cargo-home:ro,Z" "-v" "/var/lib/crater-agent-workspace/rustup-home:/opt/rustwide/rustup-home:ro,Z" "-m" "1610612736" "--network" "none" "ghcr.io/rust-lang/crates-build-env/linux@sha256:77db811e55d90add9212f6832c23229e3de5f1c1f9905e8cb07319ea15df73ac" "sleep" "infinity", kill_on_drop: false }`
[INFO] [stdout] 1101a8fe63d42728c5fe6ec31246c14b865dc086a936353025d931c529e30f7c
[INFO] running `Command { std: "docker" "start" "1101a8fe63d42728c5fe6ec31246c14b865dc086a936353025d931c529e30f7c", kill_on_drop: false }`
[INFO] running `Command { std: "docker" "inspect" "1101a8fe63d42728c5fe6ec31246c14b865dc086a936353025d931c529e30f7c", kill_on_drop: false }`
[INFO] running `Command { std: "docker" "exec" "-e" "SOURCE_DIR=/opt/rustwide/workdir" "-e" "CARGO_HOME=/opt/rustwide/cargo-home" "-e" "RUSTUP_HOME=/opt/rustwide/rustup-home" "-e" "CARGO_TARGET_DIR=/opt/rustwide/target" "-w" "/opt/rustwide/workdir" "--user" "0:0" "1101a8fe63d42728c5fe6ec31246c14b865dc086a936353025d931c529e30f7c" "/opt/rustwide/cargo-home/bin/cargo" "+3154cc1a3e6424e44f438a95007d043ed5ceaaf6" "metadata" "--no-deps" "--format-version=1", kill_on_drop: false }`
[INFO] running `Command { std: "docker" "inspect" "1101a8fe63d42728c5fe6ec31246c14b865dc086a936353025d931c529e30f7c", kill_on_drop: false }`
[INFO] running `Command { std: "docker" "exec" "-e" "SOURCE_DIR=/opt/rustwide/workdir" "-e" "CARGO_HOME=/opt/rustwide/cargo-home" "-e" "RUSTUP_HOME=/opt/rustwide/rustup-home" "-e" "CARGO_TARGET_DIR=/opt/rustwide/target" "-e" "CARGO_INCREMENTAL=0" "-e" "RUST_BACKTRACE=full" "-e" "RUSTFLAGS=--cap-lints=forbid" "-e" "RUSTDOCFLAGS=--cap-lints=forbid" "-w" "/opt/rustwide/workdir" "--user" "0:0" "1101a8fe63d42728c5fe6ec31246c14b865dc086a936353025d931c529e30f7c" "/opt/rustwide/cargo-home/bin/cargo" "+3154cc1a3e6424e44f438a95007d043ed5ceaaf6" "check" "--frozen" "--all" "--all-targets" "--message-format=json", kill_on_drop: false }`
[INFO] [stderr]     Checking futures-sink v0.3.34
[INFO] [stderr]     Checking mio v1.2.3
[INFO] [stderr]     Checking futures-io v0.3.34
[INFO] [stderr]    Compiling syn v3.0.5
[INFO] [stderr]     Checking digest v0.10.7
[INFO] [stderr]    Compiling cpufeatures v0.3.1
[INFO] [stderr]     Checking tracing v0.1.44
[INFO] [stderr]     Checking digest v0.11.3
[INFO] [stderr]     Checking inotify-sys v0.1.8
[INFO] [stderr]    Compiling multer v3.1.0
[INFO] [stderr]     Checking instant v0.1.13
[INFO] [stderr]    Compiling mime_guess v2.0.5
[INFO] [stderr]    Compiling syn v2.0.119
[INFO] [stderr]    Compiling sha2 v0.11.0
[INFO] [stderr]     Checking is-docker v0.2.0
[INFO] [stderr]     Checking spin v0.9.9
[INFO] [stderr]     Checking clap_builder v4.6.6
[INFO] [stderr]     Checking futures-channel v0.3.34
[INFO] [stderr]     Checking notify-types v1.0.1
[INFO] [stderr]     Checking inotify v0.10.2
[INFO] [stderr]     Checking is-wsl v0.4.0
[INFO] [stderr]     Checking tempfile v3.27.0
[INFO] [stderr]     Checking serde_json v1.0.151
[INFO] [stderr]     Checking serde_path_to_error v0.1.20
[INFO] [stderr]     Checking open v5.4.3
[INFO] [stderr]     Checking sha1 v0.10.7
[INFO] [stderr]     Checking axum-core v0.5.6
[INFO] [stderr]     Checking sha2 v0.10.9
[INFO] [stderr]     Checking tower-http v0.6.11
[INFO] [stderr]     Checking notify v7.0.0
[INFO] [stderr]     Checking notify-debouncer-mini v0.5.0
[INFO] [stderr]     Checking rust-embed-utils v8.12.0
[INFO] [stderr]    Compiling rust-embed-impl v8.12.0
[INFO] [stderr]     Checking rust-embed v8.12.0
[INFO] [stderr]    Compiling futures-macro v0.3.34
[INFO] [stderr]    Compiling tokio-macros v2.7.2
[INFO] [stderr]    Compiling thiserror-impl v2.0.20
[INFO] [stderr]    Compiling serde_derive v1.0.229
[INFO] [stderr]    Compiling clap_derive v4.6.4
[INFO] [stderr]     Checking tokio v1.53.1
[INFO] [stderr]     Checking futures-util v0.3.34
[INFO] [stderr]     Checking thiserror v2.0.20
[INFO] [stderr]     Checking tungstenite v0.29.0
[INFO] [stderr]     Checking clap v4.6.6
[INFO] [stderr]     Checking serde v1.0.229
[INFO] [stderr]     Checking serde_urlencoded v0.7.1
[INFO] [stderr]     Checking futures-executor v0.3.34
[INFO] [stderr]     Checking futures v0.3.34
[INFO] [stderr]     Checking hyper v1.11.1
[INFO] [stderr]     Checking tower v0.5.3
[INFO] [stderr]     Checking tokio-tungstenite v0.29.0
[INFO] [stderr]     Checking hyper-util v0.1.20
[INFO] [stderr]     Checking axum v0.8.9
[INFO] [stderr]     Checking catdo v0.1.2 (/opt/rustwide/workdir)
[INFO] [stdout] error: #[derive(RustEmbed)] folder '/opt/rustwide/workdir/web/dist' does not exist. cwd: '/opt/rustwide/workdir'
[INFO] [stdout]   --> src/server/embed.rs:11:1
[INFO] [stdout]    |
[INFO] [stdout] 11 | / #[folder = "web/dist"]
[INFO] [stdout] 12 | | struct FrontendAssets;
[INFO] [stdout]    | |______________________^
[INFO] [stdout] 
[INFO] [stdout] 
[INFO] [stdout] error: #[derive(RustEmbed)] folder '/opt/rustwide/workdir/web/dist' does not exist. cwd: '/opt/rustwide/workdir'
[INFO] [stdout]   --> src/server/embed.rs:11:1
[INFO] [stdout]    |
[INFO] [stdout] 11 | / #[folder = "web/dist"]
[INFO] [stdout] 12 | | struct FrontendAssets;
[INFO] [stdout]    | |______________________^
[INFO] [stdout] 
[INFO] [stdout] 
[INFO] [stdout] error[E0599]: no associated function or constant named `get` found for struct `FrontendAssets` in the current scope
[INFO] [stdout]   --> src/server/embed.rs:26:44
[INFO] [stdout]    |
[INFO] [stdout] 12 | struct FrontendAssets;
[INFO] [stdout]    | --------------------- associated function or constant `get` not found for this struct
[INFO] [stdout] ...
[INFO] [stdout] 26 |     if let Some(content) = FrontendAssets::get(path) {
[INFO] [stdout]    |                                            ^^^ associated function or constant not found in `FrontendAssets`
[INFO] [stdout]    |
[INFO] [stdout]    = help: items from traits can only be used if the trait is implemented and in scope
[INFO] [stdout]    = note: the following traits define an item `get`, perhaps you need to implement one of them:
[INFO] [stdout]            candidate #1: `Embed`
[INFO] [stdout]            candidate #2: `SliceIndex`
[INFO] [stdout] 
[INFO] [stdout] 
[INFO] [stdout] error[E0599]: no associated function or constant named `get` found for struct `FrontendAssets` in the current scope
[INFO] [stdout]   --> src/server/embed.rs:30:44
[INFO] [stdout]    |
[INFO] [stdout] 12 | struct FrontendAssets;
[INFO] [stdout]    | --------------------- associated function or constant `get` not found for this struct
[INFO] [stdout] ...
[INFO] [stdout] 30 |     if let Some(content) = FrontendAssets::get("index.html") {
[INFO] [stdout]    |                                            ^^^ associated function or constant not found in `FrontendAssets`
[INFO] [stdout]    |
[INFO] [stdout]    = help: items from traits can only be used if the trait is implemented and in scope
[INFO] [stdout]    = note: the following traits define an item `get`, perhaps you need to implement one of them:
[INFO] [stdout]            candidate #1: `Embed`
[INFO] [stdout]            candidate #2: `SliceIndex`
[INFO] [stdout] 
[INFO] [stdout] 
[INFO] [stdout] error[E0599]: no associated function or constant named `get` found for struct `FrontendAssets` in the current scope
[INFO] [stdout]   --> src/server/embed.rs:26:44
[INFO] [stdout]    |
[INFO] [stdout] 12 | struct FrontendAssets;
[INFO] [stdout]    | --------------------- associated function or constant `get` not found for this struct
[INFO] [stdout] ...
[INFO] [stdout] 26 |     if let Some(content) = FrontendAssets::get(path) {
[INFO] [stdout]    |                                            ^^^ associated function or constant not found in `FrontendAssets`
[INFO] [stdout]    |
[INFO] [stdout]    = help: items from traits can only be used if the trait is implemented and in scope
[INFO] [stdout]    = note: the following traits define an item `get`, perhaps you need to implement one of them:
[INFO] [stdout]            candidate #1: `Embed`
[INFO] [stdout]            candidate #2: `SliceIndex`
[INFO] [stdout] 
[INFO] [stdout] 
[INFO] [stdout] error[E0599]: no associated function or constant named `get` found for struct `FrontendAssets` in the current scope
[INFO] [stdout]   --> src/server/embed.rs:30:44
[INFO] [stdout]    |
[INFO] [stdout] 12 | struct FrontendAssets;
[INFO] [stdout]    | --------------------- associated function or constant `get` not found for this struct
[INFO] [stdout] ...
[INFO] [stdout] 30 |     if let Some(content) = FrontendAssets::get("index.html") {
[INFO] [stdout]    |                                            ^^^ associated function or constant not found in `FrontendAssets`
[INFO] [stdout]    |
[INFO] [stdout]    = help: items from traits can only be used if the trait is implemented and in scope
[INFO] [stdout]    = note: the following traits define an item `get`, perhaps you need to implement one of them:
[INFO] [stdout]            candidate #1: `Embed`
[INFO] [stdout]            candidate #2: `SliceIndex`
[INFO] [stdout] 
[INFO] [stdout] 
[INFO] [stdout] For more information about this error, try `rustc --explain E0599`.
[INFO] [stdout] 
[INFO] [stderr] error: could not compile `catdo` (bin "catdo") due to 3 previous errors
[INFO] [stderr] warning: build failed, waiting for other jobs to finish...
[INFO] [stdout] For more information about this error, try `rustc --explain E0599`.
[INFO] [stdout] 
[INFO] [stderr] error: could not compile `catdo` (bin "catdo" test) due to 3 previous errors
[INFO] [stderr] warning: unused dependency `notify-debouncer-mini`
[INFO] [stderr]  --> Cargo.toml:5:1
[INFO] [stderr]   |
[INFO] [stderr] 5 | notify-debouncer-mini = "0.5"
[INFO] [stderr]   | ^^^^^^^^^^^^^^^^^^^^^^^^^^^^^
[INFO] [stderr]   |
[INFO] [stderr]   = note: `cargo::unused_dependencies` is set to `warn` by default
[INFO] [stderr] help: consider removing the dependency on `notify-debouncer-mini`
[INFO] [stderr] warning: unused dependency `tower-http`
[INFO] [stderr]   --> Cargo.toml:28:15
[INFO] [stderr]    |
[INFO] [stderr] 28 | [dependencies.tower-http]
[INFO] [stderr]    |               ^^^^^^^^^^^
[INFO] [stderr]    |
[INFO] [stderr] help: consider removing the dependency on `tower-http`
[INFO] [stderr] warning: `catdo` (manifest) generated 2 warnings
[INFO] running `Command { std: "docker" "inspect" "1101a8fe63d42728c5fe6ec31246c14b865dc086a936353025d931c529e30f7c", kill_on_drop: false }`
[INFO] running `Command { std: "docker" "rm" "-f" "1101a8fe63d42728c5fe6ec31246c14b865dc086a936353025d931c529e30f7c", kill_on_drop: false }`
[INFO] [stdout] 1101a8fe63d42728c5fe6ec31246c14b865dc086a936353025d931c529e30f7c
