[INFO] cloning repository https://github.com/billsun9305/vitals
[INFO] running `Command { std: "git" "-c" "credential.helper=" "-c" "credential.helper=/workspace/cargo-home/bin/git-credential-null" "clone" "--bare" "https://github.com/billsun9305/vitals" "/workspace/cache/git-repos/https%3A%2F%2Fgithub.com%2Fbillsun9305%2Fvitals", kill_on_drop: false }`
[INFO] [stderr] Cloning into bare repository '/workspace/cache/git-repos/https%3A%2F%2Fgithub.com%2Fbillsun9305%2Fvitals'...
[INFO] running `Command { std: "git" "rev-parse" "HEAD", kill_on_drop: false }`
[INFO] [stdout] 824f72fa4a4814fea7e29f0d30404b1f5021bae9
[INFO] checking billsun9305/vitals against 3154cc1a3e6424e44f438a95007d043ed5ceaaf6 for pr-133502-30
[INFO] running `Command { std: "git" "clone" "/workspace/cache/git-repos/https%3A%2F%2Fgithub.com%2Fbillsun9305%2Fvitals" "/workspace/builds/worker-4-tc2/source", kill_on_drop: false }`
[INFO] [stderr] Cloning into '/workspace/builds/worker-4-tc2/source'...
[INFO] [stderr] done.
[INFO] removed /workspace/builds/worker-4-tc2/source/rust-toolchain.toml
[INFO] started tweaking git repo https://github.com/billsun9305/vitals
[INFO] finished tweaking git repo https://github.com/billsun9305/vitals
[INFO] tweaked toml for git repo https://github.com/billsun9305/vitals written to /workspace/builds/worker-4-tc2/source/Cargo.toml
[INFO] validating manifest of git repo https://github.com/billsun9305/vitals on toolchain 3154cc1a3e6424e44f438a95007d043ed5ceaaf6
[INFO] running `Command { std: CARGO_HOME="/workspace/cargo-home" RUSTUP_HOME="/workspace/rustup-home" "/workspace/cargo-home/bin/cargo" "+3154cc1a3e6424e44f438a95007d043ed5ceaaf6" "metadata" "--manifest-path" "Cargo.toml" "--no-deps", kill_on_drop: false }`
[INFO] crate git repo https://github.com/billsun9305/vitals already has a lockfile, it will not be regenerated
[INFO] running `Command { std: CARGO_HOME="/workspace/cargo-home" RUSTUP_HOME="/workspace/rustup-home" "/workspace/cargo-home/bin/cargo" "+3154cc1a3e6424e44f438a95007d043ed5ceaaf6" "fetch" "--manifest-path" "Cargo.toml", kill_on_drop: false }`
[INFO] [stderr] warning: `package.homepage` is redundant with `package.repository`
[INFO] [stderr]  --> crates/app/Cargo.toml:9:1
[INFO] [stderr]   |
[INFO] [stderr] 8 | repository.workspace = true
[INFO] [stderr]   | ----------
[INFO] [stderr] 9 | homepage.workspace = true
[INFO] [stderr]   | ^^^^^^^^
[INFO] [stderr]   |
[INFO] [stderr]   = note: `cargo::redundant_homepage` is set to `warn` by default
[INFO] [stderr] help: consider removing `package.homepage`
[INFO] [stderr] warning: `vitals` (manifest) generated 1 warning
[INFO] [stderr] warning: `package.homepage` is redundant with `package.repository`
[INFO] [stderr]  --> crates/core/Cargo.toml:9:1
[INFO] [stderr]   |
[INFO] [stderr] 8 | repository.workspace = true
[INFO] [stderr]   | ----------
[INFO] [stderr] 9 | homepage.workspace = true
[INFO] [stderr]   | ^^^^^^^^
[INFO] [stderr]   |
[INFO] [stderr]   = note: `cargo::redundant_homepage` is set to `warn` by default
[INFO] [stderr] help: consider removing `package.homepage`
[INFO] [stderr] warning: `vitals-core` (manifest) generated 1 warning
[INFO] running `Command { std: "docker" "create" "-v" "/var/lib/crater-agent-workspace/builds/worker-4-tc2/source:/opt/rustwide/workdir:ro,Z" "-v" "/var/lib/crater-agent-workspace/builds/worker-4-tc2/target:/opt/rustwide/target:rw,Z" "-v" "/var/lib/crater-agent-workspace/cargo-home:/opt/rustwide/cargo-home:ro,Z" "-v" "/var/lib/crater-agent-workspace/rustup-home:/opt/rustwide/rustup-home:ro,Z" "-m" "1610612736" "--network" "none" "ghcr.io/rust-lang/crates-build-env/linux@sha256:77db811e55d90add9212f6832c23229e3de5f1c1f9905e8cb07319ea15df73ac" "sleep" "infinity", kill_on_drop: false }`
[INFO] [stdout] d3e21b7b50fce11b16f70ebd9de7fa708923690bf38843a736c1abee8b6f7f90
[INFO] running `Command { std: "docker" "start" "d3e21b7b50fce11b16f70ebd9de7fa708923690bf38843a736c1abee8b6f7f90", kill_on_drop: false }`
[INFO] running `Command { std: "docker" "inspect" "d3e21b7b50fce11b16f70ebd9de7fa708923690bf38843a736c1abee8b6f7f90", kill_on_drop: false }`
[INFO] running `Command { std: "docker" "exec" "-e" "SOURCE_DIR=/opt/rustwide/workdir" "-e" "CARGO_HOME=/opt/rustwide/cargo-home" "-e" "RUSTUP_HOME=/opt/rustwide/rustup-home" "-e" "CARGO_TARGET_DIR=/opt/rustwide/target" "-w" "/opt/rustwide/workdir" "--user" "0:0" "d3e21b7b50fce11b16f70ebd9de7fa708923690bf38843a736c1abee8b6f7f90" "/opt/rustwide/cargo-home/bin/cargo" "+3154cc1a3e6424e44f438a95007d043ed5ceaaf6" "metadata" "--no-deps" "--format-version=1", kill_on_drop: false }`
[INFO] running `Command { std: "docker" "inspect" "d3e21b7b50fce11b16f70ebd9de7fa708923690bf38843a736c1abee8b6f7f90", kill_on_drop: false }`
[INFO] running `Command { std: "docker" "exec" "-e" "SOURCE_DIR=/opt/rustwide/workdir" "-e" "CARGO_HOME=/opt/rustwide/cargo-home" "-e" "RUSTUP_HOME=/opt/rustwide/rustup-home" "-e" "CARGO_TARGET_DIR=/opt/rustwide/target" "-e" "CARGO_INCREMENTAL=0" "-e" "RUST_BACKTRACE=full" "-e" "RUSTFLAGS=--cap-lints=forbid" "-e" "RUSTDOCFLAGS=--cap-lints=forbid" "-w" "/opt/rustwide/workdir" "--user" "0:0" "d3e21b7b50fce11b16f70ebd9de7fa708923690bf38843a736c1abee8b6f7f90" "/opt/rustwide/cargo-home/bin/cargo" "+3154cc1a3e6424e44f438a95007d043ed5ceaaf6" "check" "--frozen" "--all" "--all-targets" "--message-format=json", kill_on_drop: false }`
[INFO] [stderr] warning: `package.homepage` is redundant with `package.repository`
[INFO] [stderr]  --> crates/core/Cargo.toml:9:1
[INFO] [stderr]   |
[INFO] [stderr] 8 | repository.workspace = true
[INFO] [stderr]   | ----------
[INFO] [stderr] 9 | homepage.workspace = true
[INFO] [stderr]   | ^^^^^^^^
[INFO] [stderr]   |
[INFO] [stderr]   = note: `cargo::redundant_homepage` is set to `warn` by default
[INFO] [stderr] help: consider removing `package.homepage`
[INFO] [stderr] warning: `vitals-core` (manifest) generated 1 warning
[INFO] [stderr] warning: `package.homepage` is redundant with `package.repository`
[INFO] [stderr]  --> crates/app/Cargo.toml:9:1
[INFO] [stderr]   |
[INFO] [stderr] 8 | repository.workspace = true
[INFO] [stderr]   | ----------
[INFO] [stderr] 9 | homepage.workspace = true
[INFO] [stderr]   | ^^^^^^^^
[INFO] [stderr]   |
[INFO] [stderr]   = note: `cargo::redundant_homepage` is set to `warn` by default
[INFO] [stderr] help: consider removing `package.homepage`
[INFO] [stderr] warning: `vitals` (manifest) generated 1 warning
[INFO] [stderr]    Compiling objc2 v0.6.4
[INFO] [stderr]     Checking objc2-encode v4.1.0
[INFO] [stderr]    Compiling nom v7.1.3
[INFO] [stderr]    Compiling clang-sys v1.9.1
[INFO] [stderr]     Checking core-foundation-sys v0.8.7
[INFO] [stderr]     Checking serde v1.0.229
[INFO] [stderr]     Checking serde_json v1.0.151
[INFO] [stderr]     Checking time v0.3.55
[INFO] [stderr]     Checking sysinfo v0.39.6
[INFO] [stderr]     Checking core-foundation v0.10.1
[INFO] [stdout] error: `objc2` only works on Apple platforms. Pass `--target aarch64-apple-darwin` or similar to compile for macOS.
[INFO] [stdout]        (If you're absolutely certain that you're using GNUStep, you can specify that with the `gnustep-x-y` Cargo feature instead).
[INFO] [stdout]    --> /opt/rustwide/cargo-home/registry/src/index.crates.io-1949cf8c6b5b557f/objc2-0.6.4/src/lib.rs:219:1
[INFO] [stdout]     |
[INFO] [stdout] 219 | compile_error!("`objc2` only works on Apple platforms. Pass `--target aarch64-apple-darwin` or similar to compile for macOS.\n(If you're absolutely certain that you're using GNUStep, you can specify that with the `gnustep-x-y` Cargo feature instead).");
[INFO] [stdout]     | ^^^^^^^^^^^^^^^^^^^^^^^^^^^^^^^^^^^^^^^^^^^^^^^^^^^^^^^^^^^^^^^^^^^^^^^^^^^^^^^^^^^^^^^^^^^^^^^^^^^^^^^^^^^^^^^^^^^^^^^^^^^^^^^^^^^^^^^^^^^^^^^^^^^^^^^^^^^^^^^^^^^^^^^^^^^^^^^^^^^^^^^^^^^^^^^^^^^^^^^^^^^^^^^^^^^^^^^^^^^^^^^^^^^^^^^^^^^^^^^^^^^^^^^^^^^^
[INFO] [stdout] 
[INFO] [stdout] 
[INFO] [stderr]     Checking rustix v1.1.4
[INFO] [stderr]    Compiling crc32fast v1.5.1
[INFO] [stderr]     Checking simd-adler32 v0.3.10
[INFO] [stderr]     Checking miniz_oxide v0.9.1
[INFO] [stderr]     Checking macmon v0.8.2
[INFO] [stderr]     Checking filetime v0.2.29
[INFO] [stderr]    Compiling include_dir_macros v0.7.4
[INFO] [stdout] error[E0425]: cannot find value `CTL_HW` in crate `libc`
[INFO] [stdout]     --> /opt/rustwide/cargo-home/registry/src/index.crates.io-1949cf8c6b5b557f/macmon-0.8.2/src_lib/sources.rs:363:27
[INFO] [stdout]      |
[INFO] [stdout]  363 |     let mut name = [libc::CTL_HW, libc::HW_MEMSIZE];
[INFO] [stdout]      |                           ^^^^^^ not found in `libc`
[INFO] [stdout]      |
[INFO] [stdout] note: similarly named constant `CTL_FS` defined here
[INFO] [stdout]     --> /opt/rustwide/cargo-home/registry/src/index.crates.io-1949cf8c6b5b557f/libc-0.2.189/src/unix/linux_like/linux/mod.rs:3099:1
[INFO] [stdout]      |
[INFO] [stdout] 3099 | pub const CTL_FS: c_int = 5;
[INFO] [stdout]      | ^^^^^^^^^^^^^^^^^^^^^^^
[INFO] [stdout] help: a constant with a similar name exists
[INFO] [stdout]      |
[INFO] [stdout]  363 -     let mut name = [libc::CTL_HW, libc::HW_MEMSIZE];
[INFO] [stdout]  363 +     let mut name = [libc::CTL_FS, libc::HW_MEMSIZE];
[INFO] [stdout]      |
[INFO] [stdout] 
[INFO] [stdout] 
[INFO] [stdout] error[E0425]: cannot find value `HW_MEMSIZE` in crate `libc`
[INFO] [stdout]    --> /opt/rustwide/cargo-home/registry/src/index.crates.io-1949cf8c6b5b557f/macmon-0.8.2/src_lib/sources.rs:363:41
[INFO] [stdout]     |
[INFO] [stdout] 363 |     let mut name = [libc::CTL_HW, libc::HW_MEMSIZE];
[INFO] [stdout]     |                                         ^^^^^^^^^^ not found in `libc`
[INFO] [stdout] 
[INFO] [stdout] 
[INFO] [stdout] error[E0425]: cannot find value `HOST_VM_INFO64_COUNT` in crate `libc`
[INFO] [stdout]    --> /opt/rustwide/cargo-home/registry/src/index.crates.io-1949cf8c6b5b557f/macmon-0.8.2/src_lib/sources.rs:380:32
[INFO] [stdout]     |
[INFO] [stdout] 380 |     let mut count: u32 = libc::HOST_VM_INFO64_COUNT as _;
[INFO] [stdout]     |                                ^^^^^^^^^^^^^^^^^^^^ not found in `libc`
[INFO] [stdout] 
[INFO] [stdout] 
[INFO] [stdout] error[E0425]: cannot find type `vm_statistics64` in crate `libc`
[INFO] [stdout]     --> /opt/rustwide/cargo-home/registry/src/index.crates.io-1949cf8c6b5b557f/macmon-0.8.2/src_lib/sources.rs:381:46
[INFO] [stdout]      |
[INFO] [stdout]  381 |     let mut stats = std::mem::zeroed::<libc::vm_statistics64>();
[INFO] [stdout]      |                                              ^^^^^^^^^^^^^^^ not found in `libc`
[INFO] [stdout]      |
[INFO] [stdout] note: similarly named struct `iw_statistics` defined here
[INFO] [stdout]     --> /opt/rustwide/cargo-home/registry/src/index.crates.io-1949cf8c6b5b557f/libc-0.2.189/src/macros.rs:182:9
[INFO] [stdout]      |
[INFO] [stdout]  182 |           $pub struct $i { $($field)* }
[INFO] [stdout]      |           ^^^^^^^^^^^^^^
[INFO] [stdout]      |
[INFO] [stdout]     ::: /opt/rustwide/cargo-home/registry/src/index.crates.io-1949cf8c6b5b557f/libc-0.2.189/src/unix/linux_like/linux/mod.rs:47:1
[INFO] [stdout]      |
[INFO] [stdout]   47 | / s! {
[INFO] [stdout]   48 | |     pub struct dqblk {
[INFO] [stdout]   49 | |         pub dqb_bhardlimit: u64,
[INFO] [stdout]   50 | |         pub dqb_bsoftlimit: u64,
[INFO] [stdout] ...    |
[INFO] [stdout] 1010 | | }
[INFO] [stdout]      | |_- in this macro invocation
[INFO] [stdout]      = note: this error originates in the macro `s` (in Nightly builds, run with -Z macro-backtrace for more info)
[INFO] [stdout] help: a struct with a similar name exists
[INFO] [stdout]      |
[INFO] [stdout]  381 -     let mut stats = std::mem::zeroed::<libc::vm_statistics64>();
[INFO] [stdout]  381 +     let mut stats = std::mem::zeroed::<libc::iw_statistics>();
[INFO] [stdout]      |
[INFO] [stdout] 
[INFO] [stdout] 
[INFO] [stdout] error[E0425]: cannot find function `host_statistics64` in crate `libc`
[INFO] [stdout]    --> /opt/rustwide/cargo-home/registry/src/index.crates.io-1949cf8c6b5b557f/macmon-0.8.2/src_lib/sources.rs:385:26
[INFO] [stdout]     |
[INFO] [stdout] 385 |     let ret_code = libc::host_statistics64(
[INFO] [stdout]     |                          ^^^^^^^^^^^^^^^^^ not found in `libc`
[INFO] [stdout] 
[INFO] [stdout] 
[INFO] [stdout] error[E0425]: cannot find function `mach_host_self` in crate `libc`
[INFO] [stdout]    --> /opt/rustwide/cargo-home/registry/src/index.crates.io-1949cf8c6b5b557f/macmon-0.8.2/src_lib/sources.rs:386:13
[INFO] [stdout]     |
[INFO] [stdout] 386 |       libc::mach_host_self(),
[INFO] [stdout]     |             ^^^^^^^^^^^^^^ not found in `libc`
[INFO] [stdout] 
[INFO] [stdout] 
[INFO] [stdout] error[E0425]: cannot find value `HOST_VM_INFO64` in crate `libc`
[INFO] [stdout]    --> /opt/rustwide/cargo-home/registry/src/index.crates.io-1949cf8c6b5b557f/macmon-0.8.2/src_lib/sources.rs:387:13
[INFO] [stdout]     |
[INFO] [stdout] 387 |       libc::HOST_VM_INFO64,
[INFO] [stdout]     |             ^^^^^^^^^^^^^^ not found in `libc`
[INFO] [stdout] 
[INFO] [stdout] 
[INFO] [stdout] error[E0425]: cannot find value `VM_SWAPUSAGE` in crate `libc`
[INFO] [stdout]    --> /opt/rustwide/cargo-home/registry/src/index.crates.io-1949cf8c6b5b557f/macmon-0.8.2/src_lib/sources.rs:416:41
[INFO] [stdout]     |
[INFO] [stdout] 416 |     let mut name = [libc::CTL_VM, libc::VM_SWAPUSAGE];
[INFO] [stdout]     |                                         ^^^^^^^^^^^^ not found in `libc`
[INFO] [stdout] 
[INFO] [stdout] 
[INFO] [stdout] error[E0425]: cannot find type `xsw_usage` in crate `libc`
[INFO] [stdout]    --> /opt/rustwide/cargo-home/registry/src/index.crates.io-1949cf8c6b5b557f/macmon-0.8.2/src_lib/sources.rs:417:46
[INFO] [stdout]     |
[INFO] [stdout] 417 |     let mut size = std::mem::size_of::<libc::xsw_usage>();
[INFO] [stdout]     |                                              ^^^^^^^^^ not found in `libc`
[INFO] [stdout] 
[INFO] [stdout] 
[INFO] [stdout] error[E0425]: cannot find type `xsw_usage` in crate `libc`
[INFO] [stdout]    --> /opt/rustwide/cargo-home/registry/src/index.crates.io-1949cf8c6b5b557f/macmon-0.8.2/src_lib/sources.rs:418:24
[INFO] [stdout]     |
[INFO] [stdout] 418 |     let mut xsw: libc::xsw_usage = std::mem::zeroed::<libc::xsw_usage>();
[INFO] [stdout]     |                        ^^^^^^^^^ not found in `libc`
[INFO] [stdout] 
[INFO] [stdout] 
[INFO] [stdout] error[E0425]: cannot find type `xsw_usage` in crate `libc`
[INFO] [stdout]    --> /opt/rustwide/cargo-home/registry/src/index.crates.io-1949cf8c6b5b557f/macmon-0.8.2/src_lib/sources.rs:418:61
[INFO] [stdout]     |
[INFO] [stdout] 418 |     let mut xsw: libc::xsw_usage = std::mem::zeroed::<libc::xsw_usage>();
[INFO] [stdout]     |                                                             ^^^^^^^^^ not found in `libc`
[INFO] [stdout] 
[INFO] [stdout] 
[INFO] [stdout] error[E0425]: cannot find function `sysctlbyname` in crate `libc`
[INFO] [stdout]    --> /opt/rustwide/cargo-home/registry/src/index.crates.io-1949cf8c6b5b557f/macmon-0.8.2/src_lib/sources.rs:594:21
[INFO] [stdout]     |
[INFO] [stdout] 594 |     let ret = libc::sysctlbyname(cname.as_ptr(), null_mut(), &mut size, null_mut(), 0);
[INFO] [stdout]     |                     ^^^^^^^^^^^^ not found in `libc`
[INFO] [stdout] 
[INFO] [stdout] 
[INFO] [stdout] error[E0425]: cannot find function `sysctlbyname` in crate `libc`
[INFO] [stdout]    --> /opt/rustwide/cargo-home/registry/src/index.crates.io-1949cf8c6b5b557f/macmon-0.8.2/src_lib/sources.rs:601:13
[INFO] [stdout]     |
[INFO] [stdout] 601 |       libc::sysctlbyname(cname.as_ptr(), buf.as_mut_ptr() as *mut c_void, &mut size, null_mut(), 0);
[INFO] [stdout]     |             ^^^^^^^^^^^^ not found in `libc`
[INFO] [stdout] 
[INFO] [stdout] 
[INFO] [stdout] error[E0425]: cannot find function `sysctlbyname` in crate `libc`
[INFO] [stdout]    --> /opt/rustwide/cargo-home/registry/src/index.crates.io-1949cf8c6b5b557f/macmon-0.8.2/src_lib/sources.rs:616:11
[INFO] [stdout]     |
[INFO] [stdout] 616 |     libc::sysctlbyname(cname.as_ptr(), buf.as_mut_ptr().cast(), &mut size, null_mut(), 0)
[INFO] [stdout]     |           ^^^^^^^^^^^^ not found in `libc`
[INFO] [stdout] 
[INFO] [stdout] 
[INFO] [stdout] error[E0455]: link kind `framework` is only supported on Apple targets
[INFO] [stdout]    --> /opt/rustwide/cargo-home/registry/src/index.crates.io-1949cf8c6b5b557f/macmon-0.8.2/src_lib/sources.rs:123:31
[INFO] [stdout]     |
[INFO] [stdout] 123 | #[link(name = "IOKit", kind = "framework")]
[INFO] [stdout]     |                               ^^^^^^^^^^^
[INFO] [stdout] 
[INFO] [stdout] 
[INFO] [stdout] error[E0455]: link kind `framework` is only supported on Apple targets
[INFO] [stdout]     --> /opt/rustwide/cargo-home/registry/src/index.crates.io-1949cf8c6b5b557f/macmon-0.8.2/src_lib/sources.rs:1026:31
[INFO] [stdout]      |
[INFO] [stdout] 1026 | #[link(name = "IOKit", kind = "framework")]
[INFO] [stdout]      |                               ^^^^^^^^^^^
[INFO] [stdout] 
[INFO] [stdout] 
[INFO] [stdout] error[E0455]: link kind `framework` is only supported on Apple targets
[INFO] [stdout]     --> /opt/rustwide/cargo-home/registry/src/index.crates.io-1949cf8c6b5b557f/macmon-0.8.2/src_lib/sources.rs:1121:31
[INFO] [stdout]      |
[INFO] [stdout] 1121 | #[link(name = "IOKit", kind = "framework")]
[INFO] [stdout]      |                               ^^^^^^^^^^^
[INFO] [stdout] 
[INFO] [stdout] 
[INFO] [stderr]     Checking ascii v1.1.0
[INFO] [stderr]     Checking chunked_transfer v1.5.0
[INFO] [stderr]     Checking include_dir v0.7.4
[INFO] [stdout] Some errors have detailed explanations: E0425, E0455.
[INFO] [stdout] 
[INFO] [stdout] For more information about an error, try `rustc --explain E0425`.
[INFO] [stdout] 
[INFO] [stderr] error: could not compile `macmon` (lib) due to 17 previous errors
[INFO] [stderr] warning: build failed, waiting for other jobs to finish...
[INFO] [stderr] error: could not compile `objc2` (lib) due to 1 previous error
[INFO] running `Command { std: "docker" "inspect" "d3e21b7b50fce11b16f70ebd9de7fa708923690bf38843a736c1abee8b6f7f90", kill_on_drop: false }`
[INFO] running `Command { std: "docker" "rm" "-f" "d3e21b7b50fce11b16f70ebd9de7fa708923690bf38843a736c1abee8b6f7f90", kill_on_drop: false }`
[INFO] [stdout] d3e21b7b50fce11b16f70ebd9de7fa708923690bf38843a736c1abee8b6f7f90
