[INFO] cloning repository https://github.com/bigoldcat123/rust
[INFO] running `Command { std: "git" "-c" "credential.helper=" "-c" "credential.helper=/workspace/cargo-home/bin/git-credential-null" "clone" "--bare" "https://github.com/bigoldcat123/rust" "/workspace/cache/git-repos/https%3A%2F%2Fgithub.com%2Fbigoldcat123%2Frust", kill_on_drop: false }`
[INFO] [stderr] Cloning into bare repository '/workspace/cache/git-repos/https%3A%2F%2Fgithub.com%2Fbigoldcat123%2Frust'...
[INFO] running `Command { std: "git" "rev-parse" "HEAD", kill_on_drop: false }`
[INFO] [stdout] 34162ed16e6c6d46723a9efcee2d75fa3b7b1e96
[INFO] checking bigoldcat123/rust against 3154cc1a3e6424e44f438a95007d043ed5ceaaf6 for pr-133502-30
[INFO] running `Command { std: "git" "clone" "/workspace/cache/git-repos/https%3A%2F%2Fgithub.com%2Fbigoldcat123%2Frust" "/workspace/builds/worker-4-tc2/source", kill_on_drop: false }`
[INFO] [stderr] Cloning into '/workspace/builds/worker-4-tc2/source'...
[INFO] [stderr] done.
[INFO] started tweaking git repo https://github.com/bigoldcat123/rust
[INFO] finished tweaking git repo https://github.com/bigoldcat123/rust
[INFO] tweaked toml for git repo https://github.com/bigoldcat123/rust written to /workspace/builds/worker-4-tc2/source/Cargo.toml
[INFO] validating manifest of git repo https://github.com/bigoldcat123/rust on toolchain 3154cc1a3e6424e44f438a95007d043ed5ceaaf6
[INFO] running `Command { std: CARGO_HOME="/workspace/cargo-home" RUSTUP_HOME="/workspace/rustup-home" "/workspace/cargo-home/bin/cargo" "+3154cc1a3e6424e44f438a95007d043ed5ceaaf6" "metadata" "--manifest-path" "Cargo.toml" "--no-deps", kill_on_drop: false }`
[INFO] crate git repo https://github.com/bigoldcat123/rust already has a lockfile, it will not be regenerated
[INFO] running `Command { std: CARGO_HOME="/workspace/cargo-home" RUSTUP_HOME="/workspace/rustup-home" "/workspace/cargo-home/bin/cargo" "+3154cc1a3e6424e44f438a95007d043ed5ceaaf6" "fetch" "--manifest-path" "Cargo.toml", kill_on_drop: false }`
[INFO] [stderr]     Blocking waiting for file lock on package cache
[INFO] running `Command { std: "docker" "create" "-v" "/var/lib/crater-agent-workspace/builds/worker-4-tc2/source:/opt/rustwide/workdir:ro,Z" "-v" "/var/lib/crater-agent-workspace/builds/worker-4-tc2/target:/opt/rustwide/target:rw,Z" "-v" "/var/lib/crater-agent-workspace/cargo-home:/opt/rustwide/cargo-home:ro,Z" "-v" "/var/lib/crater-agent-workspace/rustup-home:/opt/rustwide/rustup-home:ro,Z" "-m" "1610612736" "--network" "none" "ghcr.io/rust-lang/crates-build-env/linux@sha256:77db811e55d90add9212f6832c23229e3de5f1c1f9905e8cb07319ea15df73ac" "sleep" "infinity", kill_on_drop: false }`
[INFO] [stdout] 8b4b9705a19d049ec53ed68c94ac26c5d8ce807dd836b2768cd64e1beb84d158
[INFO] running `Command { std: "docker" "start" "8b4b9705a19d049ec53ed68c94ac26c5d8ce807dd836b2768cd64e1beb84d158", kill_on_drop: false }`
[INFO] running `Command { std: "docker" "inspect" "8b4b9705a19d049ec53ed68c94ac26c5d8ce807dd836b2768cd64e1beb84d158", kill_on_drop: false }`
[INFO] running `Command { std: "docker" "exec" "-e" "SOURCE_DIR=/opt/rustwide/workdir" "-e" "CARGO_HOME=/opt/rustwide/cargo-home" "-e" "RUSTUP_HOME=/opt/rustwide/rustup-home" "-e" "CARGO_TARGET_DIR=/opt/rustwide/target" "-w" "/opt/rustwide/workdir" "--user" "0:0" "8b4b9705a19d049ec53ed68c94ac26c5d8ce807dd836b2768cd64e1beb84d158" "/opt/rustwide/cargo-home/bin/cargo" "+3154cc1a3e6424e44f438a95007d043ed5ceaaf6" "metadata" "--no-deps" "--format-version=1", kill_on_drop: false }`
[INFO] running `Command { std: "docker" "inspect" "8b4b9705a19d049ec53ed68c94ac26c5d8ce807dd836b2768cd64e1beb84d158", kill_on_drop: false }`
[INFO] running `Command { std: "docker" "exec" "-e" "SOURCE_DIR=/opt/rustwide/workdir" "-e" "CARGO_HOME=/opt/rustwide/cargo-home" "-e" "RUSTUP_HOME=/opt/rustwide/rustup-home" "-e" "CARGO_TARGET_DIR=/opt/rustwide/target" "-e" "CARGO_INCREMENTAL=0" "-e" "RUST_BACKTRACE=full" "-e" "RUSTFLAGS=--cap-lints=forbid" "-e" "RUSTDOCFLAGS=--cap-lints=forbid" "-w" "/opt/rustwide/workdir" "--user" "0:0" "8b4b9705a19d049ec53ed68c94ac26c5d8ce807dd836b2768cd64e1beb84d158" "/opt/rustwide/cargo-home/bin/cargo" "+3154cc1a3e6424e44f438a95007d043ed5ceaaf6" "check" "--frozen" "--all" "--all-targets" "--message-format=json", kill_on_drop: false }`
[INFO] [stderr]    Compiling unicode-ident v1.0.17
[INFO] [stderr]    Compiling libc v0.2.171
[INFO] [stderr]    Compiling getrandom v0.3.1
[INFO] [stderr]     Checking memchr v2.7.4
[INFO] [stderr]     Checking regex-syntax v0.8.5
[INFO] [stderr]     Checking byteorder v1.5.0
[INFO] [stderr]     Checking jiff v0.2.10
[INFO] [stderr]     Checking anstream v0.6.18
[INFO] [stderr]    Compiling proc-macro2 v1.0.93
[INFO] [stderr]    Compiling quote v1.0.38
[INFO] [stderr]    Compiling syn v2.0.98
[INFO] [stderr]     Checking aho-corasick v1.1.3
[INFO] [stderr]     Checking rand_core v0.9.3
[INFO] [stderr]     Checking regex-automata v0.4.9
[INFO] [stderr]    Compiling zerocopy-derive v0.7.35
[INFO] [stderr]     Checking zerocopy v0.7.35
[INFO] [stderr]     Checking regex v1.11.1
[INFO] [stderr]     Checking env_filter v0.1.3
[INFO] [stderr]     Checking env_logger v0.11.8
[INFO] [stderr]     Checking ppv-lite86 v0.2.20
[INFO] [stderr]     Checking rand_chacha v0.9.0
[INFO] [stderr]     Checking rand v0.9.1
[INFO] [stderr]     Checking solutions v0.1.0 (/opt/rustwide/workdir/solutions)
[INFO] [stdout] error[E0433]: cannot find `macos` in `os`
[INFO] [stdout]    --> solutions/src/every_day.rs:471:10
[INFO] [stdout]     |
[INFO] [stdout] 471 |     os::{macos::raw::stat, unix::net::SocketAddr},
[INFO] [stdout]     |          ^^^^^ could not find `macos` in `os`
[INFO] [stdout]     |
[INFO] [stdout] note: found an item that was configured out
[INFO] [stdout]    --> /rustc/3154cc1a3e6424e44f438a95007d043ed5ceaaf6/library/std/src/os/mod.rs:118:6
[INFO] [stdout]     |
[INFO] [stdout]     = note: the item is gated behind the `macos` feature
[INFO] [stdout] 
[INFO] [stdout] 
[INFO] [stdout] error[E0433]: cannot find `macos` in `os`
[INFO] [stdout]    --> solutions/src/every_day.rs:471:10
[INFO] [stdout]     |
[INFO] [stdout] 471 |     os::{macos::raw::stat, unix::net::SocketAddr},
[INFO] [stdout]     |          ^^^^^ could not find `macos` in `os`
[INFO] [stdout]     |
[INFO] [stdout] note: found an item that was configured out
[INFO] [stdout]    --> /rustc/3154cc1a3e6424e44f438a95007d043ed5ceaaf6/library/std/src/os/mod.rs:118:6
[INFO] [stdout]     |
[INFO] [stdout]     = note: the item is gated behind the `macos` feature
[INFO] [stdout] 
[INFO] [stdout] 
[INFO] [stdout] error[E0658]: use of unstable library feature `current_thread_id`
[INFO] [stdout]    --> solutions/src/every_day.rs:475:5
[INFO] [stdout]     |
[INFO] [stdout] 475 |     thread::current_id,
[INFO] [stdout]     |     ^^^^^^^^^^^^^^^^^^
[INFO] [stdout]     |
[INFO] [stdout]     = note: see issue #147194 <https://github.com/rust-lang/rust/issues/147194> for more information
[INFO] [stdout]     = help: add `#![feature(current_thread_id)]` to the crate attributes to enable
[INFO] [stdout]     = note: this compiler was built on 2026-10-09; consider upgrading it if it is out of date
[INFO] [stdout] 
[INFO] [stdout] 
[INFO] [stdout] error[E0658]: use of unstable library feature `current_thread_id`
[INFO] [stdout]    --> solutions/src/every_day.rs:475:5
[INFO] [stdout]     |
[INFO] [stdout] 475 |     thread::current_id,
[INFO] [stdout]     |     ^^^^^^^^^^^^^^^^^^
[INFO] [stdout]     |
[INFO] [stdout]     = note: see issue #147194 <https://github.com/rust-lang/rust/issues/147194> for more information
[INFO] [stdout]     = help: add `#![feature(current_thread_id)]` to the crate attributes to enable
[INFO] [stdout]     = note: this compiler was built on 2026-10-09; consider upgrading it if it is out of date
[INFO] [stdout] 
[INFO] [stdout] 
[INFO] [stdout] Some errors have detailed explanations: E0433, E0658.
[INFO] [stdout] 
[INFO] [stdout] For more information about an error, try `rustc --explain E0433`.
[INFO] [stdout] 
[INFO] [stderr] error: could not compile `solutions` (lib test) due to 2 previous errors
[INFO] [stderr] warning: build failed, waiting for other jobs to finish...
[INFO] [stdout] Some errors have detailed explanations: E0433, E0658.
[INFO] [stdout] 
[INFO] [stdout] For more information about an error, try `rustc --explain E0433`.
[INFO] [stdout] 
[INFO] [stderr] error: could not compile `solutions` (lib) due to 2 previous errors
[INFO] running `Command { std: "docker" "inspect" "8b4b9705a19d049ec53ed68c94ac26c5d8ce807dd836b2768cd64e1beb84d158", kill_on_drop: false }`
[INFO] running `Command { std: "docker" "rm" "-f" "8b4b9705a19d049ec53ed68c94ac26c5d8ce807dd836b2768cd64e1beb84d158", kill_on_drop: false }`
[INFO] [stdout] 8b4b9705a19d049ec53ed68c94ac26c5d8ce807dd836b2768cd64e1beb84d158
