[INFO] cloning repository https://github.com/bigdae/kid-internet-lock
[INFO] running `Command { std: "git" "-c" "credential.helper=" "-c" "credential.helper=/workspace/cargo-home/bin/git-credential-null" "clone" "--bare" "https://github.com/bigdae/kid-internet-lock" "/workspace/cache/git-repos/https%3A%2F%2Fgithub.com%2Fbigdae%2Fkid-internet-lock", kill_on_drop: false }`
[INFO] [stderr] Cloning into bare repository '/workspace/cache/git-repos/https%3A%2F%2Fgithub.com%2Fbigdae%2Fkid-internet-lock'...
[INFO] running `Command { std: "git" "rev-parse" "HEAD", kill_on_drop: false }`
[INFO] [stdout] 4613a9f05d40c9c38081064def9e36ee0b9f6700
[INFO] checking bigdae/kid-internet-lock against 3154cc1a3e6424e44f438a95007d043ed5ceaaf6+rustflags=-Znext-solver=coherence for pr-133502-30
[INFO] running `Command { std: "git" "clone" "/workspace/cache/git-repos/https%3A%2F%2Fgithub.com%2Fbigdae%2Fkid-internet-lock" "/workspace/builds/worker-3-tc1/source", kill_on_drop: false }`
[INFO] [stderr] Cloning into '/workspace/builds/worker-3-tc1/source'...
[INFO] [stderr] done.
[INFO] started tweaking git repo https://github.com/bigdae/kid-internet-lock
[INFO] finished tweaking git repo https://github.com/bigdae/kid-internet-lock
[INFO] tweaked toml for git repo https://github.com/bigdae/kid-internet-lock written to /workspace/builds/worker-3-tc1/source/Cargo.toml
[INFO] validating manifest of git repo https://github.com/bigdae/kid-internet-lock on toolchain 3154cc1a3e6424e44f438a95007d043ed5ceaaf6
[INFO] running `Command { std: CARGO_HOME="/workspace/cargo-home" RUSTUP_HOME="/workspace/rustup-home" "/workspace/cargo-home/bin/cargo" "+3154cc1a3e6424e44f438a95007d043ed5ceaaf6" "metadata" "--manifest-path" "Cargo.toml" "--no-deps", kill_on_drop: false }`
[INFO] crate git repo https://github.com/bigdae/kid-internet-lock already has a lockfile, it will not be regenerated
[INFO] running `Command { std: CARGO_HOME="/workspace/cargo-home" RUSTUP_HOME="/workspace/rustup-home" "/workspace/cargo-home/bin/cargo" "+3154cc1a3e6424e44f438a95007d043ed5ceaaf6" "fetch" "--manifest-path" "Cargo.toml", kill_on_drop: false }`
[INFO] [stderr]     Blocking waiting for file lock on package cache
[INFO] [stderr]  Downloading crates ...
[INFO] [stderr]   Downloaded toml v1.1.6+spec-1.1.0
[INFO] [stderr]   Downloaded winresource v0.1.31
[INFO] running `Command { std: "docker" "create" "-v" "/var/lib/crater-agent-workspace/builds/worker-3-tc1/source:/opt/rustwide/workdir:ro,Z" "-v" "/var/lib/crater-agent-workspace/builds/worker-3-tc1/target:/opt/rustwide/target:rw,Z" "-v" "/var/lib/crater-agent-workspace/cargo-home:/opt/rustwide/cargo-home:ro,Z" "-v" "/var/lib/crater-agent-workspace/rustup-home:/opt/rustwide/rustup-home:ro,Z" "-m" "1610612736" "--network" "none" "ghcr.io/rust-lang/crates-build-env/linux@sha256:77db811e55d90add9212f6832c23229e3de5f1c1f9905e8cb07319ea15df73ac" "sleep" "infinity", kill_on_drop: false }`
[INFO] [stdout] 859560a2348f657c139df3039558c19108ed11498ba3ebf572bb740283a9f1d6
[INFO] running `Command { std: "docker" "start" "859560a2348f657c139df3039558c19108ed11498ba3ebf572bb740283a9f1d6", kill_on_drop: false }`
[INFO] running `Command { std: "docker" "inspect" "859560a2348f657c139df3039558c19108ed11498ba3ebf572bb740283a9f1d6", kill_on_drop: false }`
[INFO] running `Command { std: "docker" "exec" "-e" "SOURCE_DIR=/opt/rustwide/workdir" "-e" "CARGO_HOME=/opt/rustwide/cargo-home" "-e" "RUSTUP_HOME=/opt/rustwide/rustup-home" "-e" "CARGO_TARGET_DIR=/opt/rustwide/target" "-w" "/opt/rustwide/workdir" "--user" "0:0" "859560a2348f657c139df3039558c19108ed11498ba3ebf572bb740283a9f1d6" "/opt/rustwide/cargo-home/bin/cargo" "+3154cc1a3e6424e44f438a95007d043ed5ceaaf6" "metadata" "--no-deps" "--format-version=1", kill_on_drop: false }`
[INFO] running `Command { std: "docker" "inspect" "859560a2348f657c139df3039558c19108ed11498ba3ebf572bb740283a9f1d6", kill_on_drop: false }`
[INFO] running `Command { std: "docker" "exec" "-e" "SOURCE_DIR=/opt/rustwide/workdir" "-e" "CARGO_HOME=/opt/rustwide/cargo-home" "-e" "RUSTUP_HOME=/opt/rustwide/rustup-home" "-e" "CARGO_TARGET_DIR=/opt/rustwide/target" "-e" "CARGO_INCREMENTAL=0" "-e" "RUST_BACKTRACE=full" "-e" "RUSTFLAGS=--cap-lints=forbid -Znext-solver=coherence" "-e" "RUSTDOCFLAGS=--cap-lints=forbid" "-w" "/opt/rustwide/workdir" "--user" "0:0" "859560a2348f657c139df3039558c19108ed11498ba3ebf572bb740283a9f1d6" "/opt/rustwide/cargo-home/bin/cargo" "+3154cc1a3e6424e44f438a95007d043ed5ceaaf6" "check" "--frozen" "--all" "--all-targets" "--message-format=json", kill_on_drop: false }`
[INFO] [stderr]    Compiling serde_core v1.0.229
[INFO] [stderr]    Compiling proc-macro2 v1.0.107
[INFO] [stderr]    Compiling winnow v1.0.4
[INFO] [stderr]    Compiling quote v1.0.47
[INFO] [stderr]     Checking typenum v1.20.1
[INFO] [stderr]    Compiling autocfg v1.5.1
[INFO] [stderr]     Checking const-oid v0.10.2
[INFO] [stderr]     Checking windows-link v0.2.1
[INFO] [stderr]     Checking cpufeatures v0.3.1
[INFO] [stderr]     Checking windows-sys v0.61.2
[INFO] [stderr]    Compiling num-traits v0.2.19
[INFO] [stderr]    Compiling toml_parser v1.1.3+spec-1.1.0
[INFO] [stderr]    Compiling syn v3.0.5
[INFO] [stderr]     Checking hybrid-array v0.4.15
[INFO] [stderr]     Checking chrono v0.4.45
[INFO] [stderr]     Checking crypto-common v0.2.2
[INFO] [stderr]     Checking block-buffer v0.12.1
[INFO] [stderr]     Checking digest v0.11.3
[INFO] [stderr]     Checking sha2 v0.11.0
[INFO] [stderr]     Checking serde_json v1.0.151
[INFO] [stderr]    Compiling serde_derive v1.0.229
[INFO] [stderr]    Compiling serde_spanned v1.1.1
[INFO] [stderr]    Compiling toml_datetime v1.1.1+spec-1.1.0
[INFO] [stderr]    Compiling toml v1.1.6+spec-1.1.0
[INFO] [stderr]    Compiling winresource v0.1.31
[INFO] [stderr]    Compiling kid_internet_lock v0.1.0 (/opt/rustwide/workdir)
[INFO] [stderr]     Checking serde v1.0.229
[INFO] [stdout] error[E0433]: cannot find `windows` in `os`
[INFO] [stdout]    --> src/config.rs:375:18
[INFO] [stdout]     |
[INFO] [stdout] 375 |     use std::os::windows::process::CommandExt;
[INFO] [stdout]     |                  ^^^^^^^ could not find `windows` in `os`
[INFO] [stdout]     |
[INFO] [stdout] note: found an item that was configured out
[INFO] [stdout]    --> /rustc/3154cc1a3e6424e44f438a95007d043ed5ceaaf6/library/std/src/os/mod.rs:62:4
[INFO] [stdout]     |
[INFO] [stdout]     = note: the item is gated behind the `windows` feature
[INFO] [stdout] 
[INFO] [stdout] 
[INFO] [stdout] error[E0433]: cannot find `windows` in `os`
[INFO] [stdout]    --> src/config.rs:482:18
[INFO] [stdout]     |
[INFO] [stdout] 482 |     use std::os::windows::process::CommandExt;
[INFO] [stdout]     |                  ^^^^^^^ could not find `windows` in `os`
[INFO] [stdout]     |
[INFO] [stdout] note: found an item that was configured out
[INFO] [stdout]    --> /rustc/3154cc1a3e6424e44f438a95007d043ed5ceaaf6/library/std/src/os/mod.rs:62:4
[INFO] [stdout]     |
[INFO] [stdout]     = note: the item is gated behind the `windows` feature
[INFO] [stdout] 
[INFO] [stdout] 
[INFO] [stdout] error[E0433]: cannot find `windows` in `os`
[INFO] [stdout]    --> src/config.rs:542:18
[INFO] [stdout]     |
[INFO] [stdout] 542 |     use std::os::windows::process::CommandExt;
[INFO] [stdout]     |                  ^^^^^^^ could not find `windows` in `os`
[INFO] [stdout]     |
[INFO] [stdout] note: found an item that was configured out
[INFO] [stdout]    --> /rustc/3154cc1a3e6424e44f438a95007d043ed5ceaaf6/library/std/src/os/mod.rs:62:4
[INFO] [stdout]     |
[INFO] [stdout]     = note: the item is gated behind the `windows` feature
[INFO] [stdout] 
[INFO] [stdout] 
[INFO] [stdout] error[E0433]: cannot find `windows` in `os`
[INFO] [stdout]  --> src/firewall.rs:1:14
[INFO] [stdout]   |
[INFO] [stdout] 1 | use std::os::windows::process::CommandExt;
[INFO] [stdout]   |              ^^^^^^^ could not find `windows` in `os`
[INFO] [stdout]   |
[INFO] [stdout] note: found an item that was configured out
[INFO] [stdout]  --> /rustc/3154cc1a3e6424e44f438a95007d043ed5ceaaf6/library/std/src/os/mod.rs:62:4
[INFO] [stdout]   |
[INFO] [stdout]   = note: the item is gated behind the `windows` feature
[INFO] [stdout] 
[INFO] [stdout] 
[INFO] [stdout] error[E0433]: cannot find `windows` in `os`
[INFO] [stdout]    --> src/bin/../config.rs:375:18
[INFO] [stdout]     |
[INFO] [stdout] 375 |     use std::os::windows::process::CommandExt;
[INFO] [stdout]     |                  ^^^^^^^ could not find `windows` in `os`
[INFO] [stdout]     |
[INFO] [stdout] note: found an item that was configured out
[INFO] [stdout]    --> /rustc/3154cc1a3e6424e44f438a95007d043ed5ceaaf6/library/std/src/os/mod.rs:62:4
[INFO] [stdout]     |
[INFO] [stdout]     = note: the item is gated behind the `windows` feature
[INFO] [stdout] 
[INFO] [stdout] 
[INFO] [stdout] error[E0433]: cannot find `windows` in `os`
[INFO] [stdout]    --> src/bin/../config.rs:375:18
[INFO] [stdout]     |
[INFO] [stdout] 375 |     use std::os::windows::process::CommandExt;
[INFO] [stdout]     |                  ^^^^^^^ could not find `windows` in `os`
[INFO] [stdout]     |
[INFO] [stdout] note: found an item that was configured out
[INFO] [stdout]    --> /rustc/3154cc1a3e6424e44f438a95007d043ed5ceaaf6/library/std/src/os/mod.rs:62:4
[INFO] [stdout]     |
[INFO] [stdout]     = note: the item is gated behind the `windows` feature
[INFO] [stdout] 
[INFO] [stdout] 
[INFO] [stdout] error[E0433]: cannot find `windows` in `os`
[INFO] [stdout]    --> src/bin/../config.rs:482:18
[INFO] [stdout]     |
[INFO] [stdout] 482 |     use std::os::windows::process::CommandExt;
[INFO] [stdout]     |                  ^^^^^^^ could not find `windows` in `os`
[INFO] [stdout]     |
[INFO] [stdout] note: found an item that was configured out
[INFO] [stdout]    --> /rustc/3154cc1a3e6424e44f438a95007d043ed5ceaaf6/library/std/src/os/mod.rs:62:4
[INFO] [stdout]     |
[INFO] [stdout]     = note: the item is gated behind the `windows` feature
[INFO] [stdout] 
[INFO] [stdout] 
[INFO] [stdout] error[E0433]: cannot find `windows` in `os`
[INFO] [stdout]    --> src/bin/../config.rs:482:18
[INFO] [stdout]     |
[INFO] [stdout] 482 |     use std::os::windows::process::CommandExt;
[INFO] [stdout]     |                  ^^^^^^^ could not find `windows` in `os`
[INFO] [stdout]     |
[INFO] [stdout] note: found an item that was configured out
[INFO] [stdout]    --> /rustc/3154cc1a3e6424e44f438a95007d043ed5ceaaf6/library/std/src/os/mod.rs:62:4
[INFO] [stdout]     |
[INFO] [stdout]     = note: the item is gated behind the `windows` feature
[INFO] [stdout] 
[INFO] [stdout] 
[INFO] [stdout] error[E0433]: cannot find `windows` in `os`
[INFO] [stdout]    --> src/bin/../config.rs:542:18
[INFO] [stdout]     |
[INFO] [stdout] 542 |     use std::os::windows::process::CommandExt;
[INFO] [stdout]     |                  ^^^^^^^ could not find `windows` in `os`
[INFO] [stdout]     |
[INFO] [stdout] note: found an item that was configured out
[INFO] [stdout]    --> /rustc/3154cc1a3e6424e44f438a95007d043ed5ceaaf6/library/std/src/os/mod.rs:62:4
[INFO] [stdout]     |
[INFO] [stdout]     = note: the item is gated behind the `windows` feature
[INFO] [stdout] 
[INFO] [stdout] 
[INFO] [stdout] error[E0433]: cannot find `windows` in `os`
[INFO] [stdout]    --> src/bin/../config.rs:542:18
[INFO] [stdout]     |
[INFO] [stdout] 542 |     use std::os::windows::process::CommandExt;
[INFO] [stdout]     |                  ^^^^^^^ could not find `windows` in `os`
[INFO] [stdout]     |
[INFO] [stdout] note: found an item that was configured out
[INFO] [stdout]    --> /rustc/3154cc1a3e6424e44f438a95007d043ed5ceaaf6/library/std/src/os/mod.rs:62:4
[INFO] [stdout]     |
[INFO] [stdout]     = note: the item is gated behind the `windows` feature
[INFO] [stdout] 
[INFO] [stdout] 
[INFO] [stdout] error[E0433]: cannot find `windows` in `os`
[INFO] [stdout]  --> src/bin/../firewall.rs:1:14
[INFO] [stdout]   |
[INFO] [stdout] 1 | use std::os::windows::process::CommandExt;
[INFO] [stdout]   |              ^^^^^^^ could not find `windows` in `os`
[INFO] [stdout]   |
[INFO] [stdout] note: found an item that was configured out
[INFO] [stdout]  --> /rustc/3154cc1a3e6424e44f438a95007d043ed5ceaaf6/library/std/src/os/mod.rs:62:4
[INFO] [stdout]   |
[INFO] [stdout]   = note: the item is gated behind the `windows` feature
[INFO] [stdout] 
[INFO] [stdout] 
[INFO] [stdout] error[E0433]: cannot find `windows` in `os`
[INFO] [stdout]  --> src/bin/../firewall.rs:1:14
[INFO] [stdout]   |
[INFO] [stdout] 1 | use std::os::windows::process::CommandExt;
[INFO] [stdout]   |              ^^^^^^^ could not find `windows` in `os`
[INFO] [stdout]   |
[INFO] [stdout] note: found an item that was configured out
[INFO] [stdout]  --> /rustc/3154cc1a3e6424e44f438a95007d043ed5ceaaf6/library/std/src/os/mod.rs:62:4
[INFO] [stdout]   |
[INFO] [stdout]   = note: the item is gated behind the `windows` feature
[INFO] [stdout] 
[INFO] [stdout] 
[INFO] [stdout] error[E0433]: cannot find `windows` in `os`
[INFO] [stdout]    --> src/config.rs:375:18
[INFO] [stdout]     |
[INFO] [stdout] 375 |     use std::os::windows::process::CommandExt;
[INFO] [stdout]     |                  ^^^^^^^ could not find `windows` in `os`
[INFO] [stdout]     |
[INFO] [stdout] note: found an item that was configured out
[INFO] [stdout]    --> /rustc/3154cc1a3e6424e44f438a95007d043ed5ceaaf6/library/std/src/os/mod.rs:62:4
[INFO] [stdout]     |
[INFO] [stdout]     = note: the item is gated behind the `windows` feature
[INFO] [stdout] 
[INFO] [stdout] 
[INFO] [stdout] error[E0433]: cannot find `windows` in `os`
[INFO] [stdout]    --> src/config.rs:482:18
[INFO] [stdout]     |
[INFO] [stdout] 482 |     use std::os::windows::process::CommandExt;
[INFO] [stdout]     |                  ^^^^^^^ could not find `windows` in `os`
[INFO] [stdout]     |
[INFO] [stdout] note: found an item that was configured out
[INFO] [stdout]    --> /rustc/3154cc1a3e6424e44f438a95007d043ed5ceaaf6/library/std/src/os/mod.rs:62:4
[INFO] [stdout]     |
[INFO] [stdout]     = note: the item is gated behind the `windows` feature
[INFO] [stdout] 
[INFO] [stdout] 
[INFO] [stdout] error[E0433]: cannot find `windows` in `os`
[INFO] [stdout]    --> src/config.rs:542:18
[INFO] [stdout]     |
[INFO] [stdout] 542 |     use std::os::windows::process::CommandExt;
[INFO] [stdout]     |                  ^^^^^^^ could not find `windows` in `os`
[INFO] [stdout]     |
[INFO] [stdout] note: found an item that was configured out
[INFO] [stdout]    --> /rustc/3154cc1a3e6424e44f438a95007d043ed5ceaaf6/library/std/src/os/mod.rs:62:4
[INFO] [stdout]     |
[INFO] [stdout]     = note: the item is gated behind the `windows` feature
[INFO] [stdout] 
[INFO] [stdout] 
[INFO] [stdout] error[E0433]: cannot find `windows` in `os`
[INFO] [stdout]  --> src/firewall.rs:1:14
[INFO] [stdout]   |
[INFO] [stdout] 1 | use std::os::windows::process::CommandExt;
[INFO] [stdout]   |              ^^^^^^^ could not find `windows` in `os`
[INFO] [stdout]   |
[INFO] [stdout] note: found an item that was configured out
[INFO] [stdout]  --> /rustc/3154cc1a3e6424e44f438a95007d043ed5ceaaf6/library/std/src/os/mod.rs:62:4
[INFO] [stdout]   |
[INFO] [stdout]   = note: the item is gated behind the `windows` feature
[INFO] [stdout] 
[INFO] [stdout] 
[INFO] [stdout] error[E0599]: no method named `creation_flags` found for mutable reference `&mut Command` in the current scope
[INFO] [stdout]    --> src/bin/../config.rs:465:10
[INFO] [stdout]     |
[INFO] [stdout] 456 |     let output = Command::new("schtasks")
[INFO] [stdout] 457 |         .args(&[
[INFO] [stdout] 458 |             "/Create",
[INFO] [stdout] 459 |             "/F",
[INFO] [stdout] 460 |             "/TN",
[INFO] [stdout] 461 |             AUTOSTART_TASK_NAME,
[INFO] [stdout] 462 |             "/XML",
[INFO] [stdout] 463 |             &xml_path.to_string_lossy(),
[INFO] [stdout] 464 |         ])
[INFO] [stdout] 465 |         .creation_flags(CREATE_NO_WINDOW)
[INFO] [stdout]     |          ^^^^^^^^^^^^^^ method not found in `&mut Command`
[INFO] [stdout] 
[INFO] [stdout] 
[INFO] [stdout] error[E0599]: no method named `creation_flags` found for mutable reference `&mut Command` in the current scope
[INFO] [stdout]    --> src/config.rs:465:10
[INFO] [stdout]     |
[INFO] [stdout] 456 |     let output = Command::new("schtasks")
[INFO] [stdout] 457 |         .args(&[
[INFO] [stdout] 458 |             "/Create",
[INFO] [stdout] 459 |             "/F",
[INFO] [stdout] 460 |             "/TN",
[INFO] [stdout] 461 |             AUTOSTART_TASK_NAME,
[INFO] [stdout] 462 |             "/XML",
[INFO] [stdout] 463 |             &xml_path.to_string_lossy(),
[INFO] [stdout] 464 |         ])
[INFO] [stdout] 465 |         .creation_flags(CREATE_NO_WINDOW)
[INFO] [stdout]     |          ^^^^^^^^^^^^^^ method not found in `&mut Command`
[INFO] [stdout] 
[INFO] [stdout] 
[INFO] [stdout] error[E0599]: no method named `creation_flags` found for mutable reference `&mut Command` in the current scope
[INFO] [stdout]    --> src/bin/../config.rs:465:10
[INFO] [stdout]     |
[INFO] [stdout] 456 |     let output = Command::new("schtasks")
[INFO] [stdout] 457 |         .args(&[
[INFO] [stdout] 458 |             "/Create",
[INFO] [stdout] 459 |             "/F",
[INFO] [stdout] 460 |             "/TN",
[INFO] [stdout] 461 |             AUTOSTART_TASK_NAME,
[INFO] [stdout] 462 |             "/XML",
[INFO] [stdout] 463 |             &xml_path.to_string_lossy(),
[INFO] [stdout] 464 |         ])
[INFO] [stdout] 465 |         .creation_flags(CREATE_NO_WINDOW)
[INFO] [stdout]     |          ^^^^^^^^^^^^^^ method not found in `&mut Command`
[INFO] [stdout] 
[INFO] [stdout] 
[INFO] [stdout] error[E0599]: no method named `creation_flags` found for mutable reference `&mut Command` in the current scope
[INFO] [stdout]    --> src/bin/../config.rs:487:10
[INFO] [stdout]     |
[INFO] [stdout] 485 |     let output = Command::new("schtasks")
[INFO] [stdout] 486 |         .args(&["/Delete", "/F", "/TN", AUTOSTART_TASK_NAME])
[INFO] [stdout] 487 |         .creation_flags(CREATE_NO_WINDOW)
[INFO] [stdout]     |          ^^^^^^^^^^^^^^ method not found in `&mut Command`
[INFO] [stdout] 
[INFO] [stdout] 
[INFO] [stdout] error[E0599]: no method named `creation_flags` found for mutable reference `&mut Command` in the current scope
[INFO] [stdout]    --> src/bin/../config.rs:487:10
[INFO] [stdout]     |
[INFO] [stdout] 485 |     let output = Command::new("schtasks")
[INFO] [stdout] 486 |         .args(&["/Delete", "/F", "/TN", AUTOSTART_TASK_NAME])
[INFO] [stdout] 487 |         .creation_flags(CREATE_NO_WINDOW)
[INFO] [stdout]     |          ^^^^^^^^^^^^^^ method not found in `&mut Command`
[INFO] [stdout] 
[INFO] [stdout] 
[INFO] [stdout] error[E0599]: no method named `creation_flags` found for mutable reference `&mut Command` in the current scope
[INFO] [stdout]    --> src/bin/../config.rs:547:10
[INFO] [stdout]     |
[INFO] [stdout] 545 |     let output = Command::new("schtasks")
[INFO] [stdout] 546 |         .args(&["/Query", "/TN", AUTOSTART_TASK_NAME])
[INFO] [stdout] 547 |         .creation_flags(CREATE_NO_WINDOW)
[INFO] [stdout]     |          ^^^^^^^^^^^^^^ method not found in `&mut Command`
[INFO] [stdout] 
[INFO] [stdout] 
[INFO] [stdout] error[E0599]: no method named `creation_flags` found for mutable reference `&mut Command` in the current scope
[INFO] [stdout]    --> src/config.rs:487:10
[INFO] [stdout]     |
[INFO] [stdout] 485 |     let output = Command::new("schtasks")
[INFO] [stdout] 486 |         .args(&["/Delete", "/F", "/TN", AUTOSTART_TASK_NAME])
[INFO] [stdout] 487 |         .creation_flags(CREATE_NO_WINDOW)
[INFO] [stdout]     |          ^^^^^^^^^^^^^^ method not found in `&mut Command`
[INFO] [stdout] 
[INFO] [stdout] 
[INFO] [stdout] error[E0599]: no method named `creation_flags` found for mutable reference `&mut Command` in the current scope
[INFO] [stdout]    --> src/bin/../config.rs:547:10
[INFO] [stdout]     |
[INFO] [stdout] 545 |     let output = Command::new("schtasks")
[INFO] [stdout] 546 |         .args(&["/Query", "/TN", AUTOSTART_TASK_NAME])
[INFO] [stdout] 547 |         .creation_flags(CREATE_NO_WINDOW)
[INFO] [stdout]     |          ^^^^^^^^^^^^^^ method not found in `&mut Command`
[INFO] [stdout] 
[INFO] [stdout] 
[INFO] [stdout] error[E0599]: no method named `creation_flags` found for mutable reference `&mut Command` in the current scope
[INFO] [stdout]   --> src/bin/../firewall.rs:16:14
[INFO] [stdout]    |
[INFO] [stdout] 14 |         let output = Command::new("netsh")
[INFO] [stdout] 15 |             .args(["advfirewall", "set", "allprofiles", "state", "on"])
[INFO] [stdout] 16 |             .creation_flags(CREATE_NO_WINDOW)
[INFO] [stdout]    |              ^^^^^^^^^^^^^^ method not found in `&mut Command`
[INFO] [stdout] 
[INFO] [stdout] 
[INFO] [stdout] error[E0599]: no method named `creation_flags` found for mutable reference `&mut Command` in the current scope
[INFO] [stdout]   --> src/bin/../firewall.rs:16:14
[INFO] [stdout]    |
[INFO] [stdout] 14 |         let output = Command::new("netsh")
[INFO] [stdout] 15 |             .args(["advfirewall", "set", "allprofiles", "state", "on"])
[INFO] [stdout] 16 |             .creation_flags(CREATE_NO_WINDOW)
[INFO] [stdout]    |              ^^^^^^^^^^^^^^ method not found in `&mut Command`
[INFO] [stdout] 
[INFO] [stdout] 
[INFO] [stdout] error[E0599]: no method named `creation_flags` found for mutable reference `&mut Command` in the current scope
[INFO] [stdout]    --> src/config.rs:465:10
[INFO] [stdout]     |
[INFO] [stdout] 456 |     let output = Command::new("schtasks")
[INFO] [stdout] 457 |         .args(&[
[INFO] [stdout] 458 |             "/Create",
[INFO] [stdout] 459 |             "/F",
[INFO] [stdout] 460 |             "/TN",
[INFO] [stdout] 461 |             AUTOSTART_TASK_NAME,
[INFO] [stdout] 462 |             "/XML",
[INFO] [stdout] 463 |             &xml_path.to_string_lossy(),
[INFO] [stdout] 464 |         ])
[INFO] [stdout] 465 |         .creation_flags(CREATE_NO_WINDOW)
[INFO] [stdout]     |          ^^^^^^^^^^^^^^ method not found in `&mut Command`
[INFO] [stdout] 
[INFO] [stdout] 
[INFO] [stdout] error[E0599]: no method named `creation_flags` found for mutable reference `&mut Command` in the current scope
[INFO] [stdout]    --> src/config.rs:547:10
[INFO] [stdout]     |
[INFO] [stdout] 545 |     let output = Command::new("schtasks")
[INFO] [stdout] 546 |         .args(&["/Query", "/TN", AUTOSTART_TASK_NAME])
[INFO] [stdout] 547 |         .creation_flags(CREATE_NO_WINDOW)
[INFO] [stdout]     |          ^^^^^^^^^^^^^^ method not found in `&mut Command`
[INFO] [stdout] 
[INFO] [stdout] 
[INFO] [stdout] error[E0599]: no method named `creation_flags` found for mutable reference `&mut Command` in the current scope
[INFO] [stdout]   --> src/bin/../firewall.rs:53:14
[INFO] [stdout]    |
[INFO] [stdout] 40 |         let output = Command::new("netsh")
[INFO] [stdout] 41 |             .args([
[INFO] [stdout] 42 |                 "advfirewall",
[INFO] [stdout] 43 |                 "firewall",
[INFO] [stdout] 44 |                 "add",
[INFO] [stdout] 45 |                 "rule",
[INFO] [stdout] 46 |                 &format!("name={}", FIREWALL_RULE_NAME),
[INFO] [stdout] 47 |                 "dir=out",
[INFO] [stdout] 48 |                 "action=block",
[INFO] [stdout] 49 |                 "enable=yes",
[INFO] [stdout] 50 |                 "profile=any",
[INFO] [stdout] 51 |                 "description=Kid Internet Lock Automated Outbound Block Rule",
[INFO] [stdout] 52 |             ])
[INFO] [stdout] 53 |             .creation_flags(CREATE_NO_WINDOW)
[INFO] [stdout]    |              ^^^^^^^^^^^^^^ method not found in `&mut Command`
[INFO] [stdout] 
[INFO] [stdout] 
[INFO] [stdout] error[E0599]: no method named `creation_flags` found for mutable reference `&mut Command` in the current scope
[INFO] [stdout]   --> src/bin/../firewall.rs:53:14
[INFO] [stdout]    |
[INFO] [stdout] 40 |         let output = Command::new("netsh")
[INFO] [stdout] 41 |             .args([
[INFO] [stdout] 42 |                 "advfirewall",
[INFO] [stdout] 43 |                 "firewall",
[INFO] [stdout] 44 |                 "add",
[INFO] [stdout] 45 |                 "rule",
[INFO] [stdout] 46 |                 &format!("name={}", FIREWALL_RULE_NAME),
[INFO] [stdout] 47 |                 "dir=out",
[INFO] [stdout] 48 |                 "action=block",
[INFO] [stdout] 49 |                 "enable=yes",
[INFO] [stdout] 50 |                 "profile=any",
[INFO] [stdout] 51 |                 "description=Kid Internet Lock Automated Outbound Block Rule",
[INFO] [stdout] 52 |             ])
[INFO] [stdout] 53 |             .creation_flags(CREATE_NO_WINDOW)
[INFO] [stdout]    |              ^^^^^^^^^^^^^^ method not found in `&mut Command`
[INFO] [stdout] 
[INFO] [stdout] 
[INFO] [stdout] error[E0599]: no method named `creation_flags` found for mutable reference `&mut Command` in the current scope
[INFO] [stdout]    --> src/config.rs:487:10
[INFO] [stdout]     |
[INFO] [stdout] 485 |     let output = Command::new("schtasks")
[INFO] [stdout] 486 |         .args(&["/Delete", "/F", "/TN", AUTOSTART_TASK_NAME])
[INFO] [stdout] 487 |         .creation_flags(CREATE_NO_WINDOW)
[INFO] [stdout]     |          ^^^^^^^^^^^^^^ method not found in `&mut Command`
[INFO] [stdout] 
[INFO] [stdout] 
[INFO] [stdout] error[E0599]: no method named `creation_flags` found for mutable reference `&mut Command` in the current scope
[INFO] [stdout]   --> src/bin/../firewall.rs:85:14
[INFO] [stdout]    |
[INFO] [stdout] 77 |         let output = Command::new("netsh")
[INFO] [stdout] 78 |             .args([
[INFO] [stdout] 79 |                 "advfirewall",
[INFO] [stdout] 80 |                 "firewall",
[INFO] [stdout] 81 |                 "delete",
[INFO] [stdout] 82 |                 "rule",
[INFO] [stdout] 83 |                 &format!("name={}", FIREWALL_RULE_NAME),
[INFO] [stdout] 84 |             ])
[INFO] [stdout] 85 |             .creation_flags(CREATE_NO_WINDOW)
[INFO] [stdout]    |              ^^^^^^^^^^^^^^ method not found in `&mut Command`
[INFO] [stdout] 
[INFO] [stdout] 
[INFO] [stdout] error[E0599]: no method named `creation_flags` found for mutable reference `&mut Command` in the current scope
[INFO] [stdout]    --> src/config.rs:547:10
[INFO] [stdout]     |
[INFO] [stdout] 545 |     let output = Command::new("schtasks")
[INFO] [stdout] 546 |         .args(&["/Query", "/TN", AUTOSTART_TASK_NAME])
[INFO] [stdout] 547 |         .creation_flags(CREATE_NO_WINDOW)
[INFO] [stdout]     |          ^^^^^^^^^^^^^^ method not found in `&mut Command`
[INFO] [stdout] 
[INFO] [stdout] 
[INFO] [stdout] error[E0599]: no method named `creation_flags` found for mutable reference `&mut Command` in the current scope
[INFO] [stdout]    --> src/bin/../firewall.rs:104:14
[INFO] [stdout]     |
[INFO] [stdout]  96 |         let output = Command::new("netsh")
[INFO] [stdout]  97 |             .args([
[INFO] [stdout]  98 |                 "advfirewall",
[INFO] [stdout]  99 |                 "firewall",
[INFO] [stdout] 100 |                 "show",
[INFO] [stdout] 101 |                 "rule",
[INFO] [stdout] 102 |                 &format!("name={}", FIREWALL_RULE_NAME),
[INFO] [stdout] 103 |             ])
[INFO] [stdout] 104 |             .creation_flags(CREATE_NO_WINDOW)
[INFO] [stdout]     |              ^^^^^^^^^^^^^^ method not found in `&mut Command`
[INFO] [stdout] 
[INFO] [stdout] 
[INFO] [stdout] error[E0599]: no method named `creation_flags` found for mutable reference `&mut Command` in the current scope
[INFO] [stdout]   --> src/firewall.rs:16:14
[INFO] [stdout]    |
[INFO] [stdout] 14 |         let output = Command::new("netsh")
[INFO] [stdout] 15 |             .args(["advfirewall", "set", "allprofiles", "state", "on"])
[INFO] [stdout] 16 |             .creation_flags(CREATE_NO_WINDOW)
[INFO] [stdout]    |              ^^^^^^^^^^^^^^ method not found in `&mut Command`
[INFO] [stdout] 
[INFO] [stdout] 
[INFO] [stdout] error[E0599]: no method named `creation_flags` found for mutable reference `&mut Command` in the current scope
[INFO] [stdout]   --> src/bin/../firewall.rs:85:14
[INFO] [stdout]    |
[INFO] [stdout] 77 |         let output = Command::new("netsh")
[INFO] [stdout] 78 |             .args([
[INFO] [stdout] 79 |                 "advfirewall",
[INFO] [stdout] 80 |                 "firewall",
[INFO] [stdout] 81 |                 "delete",
[INFO] [stdout] 82 |                 "rule",
[INFO] [stdout] 83 |                 &format!("name={}", FIREWALL_RULE_NAME),
[INFO] [stdout] 84 |             ])
[INFO] [stdout] 85 |             .creation_flags(CREATE_NO_WINDOW)
[INFO] [stdout]    |              ^^^^^^^^^^^^^^ method not found in `&mut Command`
[INFO] [stdout] 
[INFO] [stdout] 
[INFO] [stdout] error[E0599]: no method named `creation_flags` found for mutable reference `&mut Command` in the current scope
[INFO] [stdout]    --> src/bin/../firewall.rs:104:14
[INFO] [stdout]     |
[INFO] [stdout]  96 |         let output = Command::new("netsh")
[INFO] [stdout]  97 |             .args([
[INFO] [stdout]  98 |                 "advfirewall",
[INFO] [stdout]  99 |                 "firewall",
[INFO] [stdout] 100 |                 "show",
[INFO] [stdout] 101 |                 "rule",
[INFO] [stdout] 102 |                 &format!("name={}", FIREWALL_RULE_NAME),
[INFO] [stdout] 103 |             ])
[INFO] [stdout] 104 |             .creation_flags(CREATE_NO_WINDOW)
[INFO] [stdout]     |              ^^^^^^^^^^^^^^ method not found in `&mut Command`
[INFO] [stdout] 
[INFO] [stdout] 
[INFO] [stdout] error[E0599]: no method named `creation_flags` found for mutable reference `&mut Command` in the current scope
[INFO] [stdout]   --> src/firewall.rs:53:14
[INFO] [stdout]    |
[INFO] [stdout] 40 |         let output = Command::new("netsh")
[INFO] [stdout] 41 |             .args([
[INFO] [stdout] 42 |                 "advfirewall",
[INFO] [stdout] 43 |                 "firewall",
[INFO] [stdout] 44 |                 "add",
[INFO] [stdout] 45 |                 "rule",
[INFO] [stdout] 46 |                 &format!("name={}", FIREWALL_RULE_NAME),
[INFO] [stdout] 47 |                 "dir=out",
[INFO] [stdout] 48 |                 "action=block",
[INFO] [stdout] 49 |                 "enable=yes",
[INFO] [stdout] 50 |                 "profile=any",
[INFO] [stdout] 51 |                 "description=Kid Internet Lock Automated Outbound Block Rule",
[INFO] [stdout] 52 |             ])
[INFO] [stdout] 53 |             .creation_flags(CREATE_NO_WINDOW)
[INFO] [stdout]    |              ^^^^^^^^^^^^^^ method not found in `&mut Command`
[INFO] [stdout] 
[INFO] [stdout] 
[INFO] [stdout] error[E0599]: no method named `creation_flags` found for mutable reference `&mut Command` in the current scope
[INFO] [stdout]   --> src/firewall.rs:85:14
[INFO] [stdout]    |
[INFO] [stdout] 77 |         let output = Command::new("netsh")
[INFO] [stdout] 78 |             .args([
[INFO] [stdout] 79 |                 "advfirewall",
[INFO] [stdout] 80 |                 "firewall",
[INFO] [stdout] 81 |                 "delete",
[INFO] [stdout] 82 |                 "rule",
[INFO] [stdout] 83 |                 &format!("name={}", FIREWALL_RULE_NAME),
[INFO] [stdout] 84 |             ])
[INFO] [stdout] 85 |             .creation_flags(CREATE_NO_WINDOW)
[INFO] [stdout]    |              ^^^^^^^^^^^^^^ method not found in `&mut Command`
[INFO] [stdout] 
[INFO] [stdout] 
[INFO] [stdout] error[E0599]: no method named `creation_flags` found for mutable reference `&mut Command` in the current scope
[INFO] [stdout]    --> src/firewall.rs:104:14
[INFO] [stdout]     |
[INFO] [stdout]  96 |         let output = Command::new("netsh")
[INFO] [stdout]  97 |             .args([
[INFO] [stdout]  98 |                 "advfirewall",
[INFO] [stdout]  99 |                 "firewall",
[INFO] [stdout] 100 |                 "show",
[INFO] [stdout] 101 |                 "rule",
[INFO] [stdout] 102 |                 &format!("name={}", FIREWALL_RULE_NAME),
[INFO] [stdout] 103 |             ])
[INFO] [stdout] 104 |             .creation_flags(CREATE_NO_WINDOW)
[INFO] [stdout]     |              ^^^^^^^^^^^^^^ method not found in `&mut Command`
[INFO] [stdout] 
[INFO] [stdout] 
[INFO] [stdout] error[E0599]: no method named `creation_flags` found for mutable reference `&mut Command` in the current scope
[INFO] [stdout]   --> src/firewall.rs:16:14
[INFO] [stdout]    |
[INFO] [stdout] 14 |         let output = Command::new("netsh")
[INFO] [stdout] 15 |             .args(["advfirewall", "set", "allprofiles", "state", "on"])
[INFO] [stdout] 16 |             .creation_flags(CREATE_NO_WINDOW)
[INFO] [stdout]    |              ^^^^^^^^^^^^^^ method not found in `&mut Command`
[INFO] [stdout] 
[INFO] [stdout] 
[INFO] [stdout] error[E0599]: no method named `creation_flags` found for mutable reference `&mut Command` in the current scope
[INFO] [stdout]   --> src/firewall.rs:53:14
[INFO] [stdout]    |
[INFO] [stdout] 40 |         let output = Command::new("netsh")
[INFO] [stdout] 41 |             .args([
[INFO] [stdout] 42 |                 "advfirewall",
[INFO] [stdout] 43 |                 "firewall",
[INFO] [stdout] 44 |                 "add",
[INFO] [stdout] 45 |                 "rule",
[INFO] [stdout] 46 |                 &format!("name={}", FIREWALL_RULE_NAME),
[INFO] [stdout] 47 |                 "dir=out",
[INFO] [stdout] 48 |                 "action=block",
[INFO] [stdout] 49 |                 "enable=yes",
[INFO] [stdout] 50 |                 "profile=any",
[INFO] [stdout] 51 |                 "description=Kid Internet Lock Automated Outbound Block Rule",
[INFO] [stdout] 52 |             ])
[INFO] [stdout] 53 |             .creation_flags(CREATE_NO_WINDOW)
[INFO] [stdout]    |              ^^^^^^^^^^^^^^ method not found in `&mut Command`
[INFO] [stdout] 
[INFO] [stdout] 
[INFO] [stdout] error[E0599]: no method named `creation_flags` found for mutable reference `&mut Command` in the current scope
[INFO] [stdout]   --> src/firewall.rs:85:14
[INFO] [stdout]    |
[INFO] [stdout] 77 |         let output = Command::new("netsh")
[INFO] [stdout] 78 |             .args([
[INFO] [stdout] 79 |                 "advfirewall",
[INFO] [stdout] 80 |                 "firewall",
[INFO] [stdout] 81 |                 "delete",
[INFO] [stdout] 82 |                 "rule",
[INFO] [stdout] 83 |                 &format!("name={}", FIREWALL_RULE_NAME),
[INFO] [stdout] 84 |             ])
[INFO] [stdout] 85 |             .creation_flags(CREATE_NO_WINDOW)
[INFO] [stdout]    |              ^^^^^^^^^^^^^^ method not found in `&mut Command`
[INFO] [stdout] 
[INFO] [stdout] 
[INFO] [stdout] error[E0599]: no method named `creation_flags` found for mutable reference `&mut Command` in the current scope
[INFO] [stdout]    --> src/firewall.rs:104:14
[INFO] [stdout]     |
[INFO] [stdout]  96 |         let output = Command::new("netsh")
[INFO] [stdout]  97 |             .args([
[INFO] [stdout]  98 |                 "advfirewall",
[INFO] [stdout]  99 |                 "firewall",
[INFO] [stdout] 100 |                 "show",
[INFO] [stdout] 101 |                 "rule",
[INFO] [stdout] 102 |                 &format!("name={}", FIREWALL_RULE_NAME),
[INFO] [stdout] 103 |             ])
[INFO] [stdout] 104 |             .creation_flags(CREATE_NO_WINDOW)
[INFO] [stdout]     |              ^^^^^^^^^^^^^^ method not found in `&mut Command`
[INFO] [stdout] 
[INFO] [stdout] 
[INFO] [stdout] Some errors have detailed explanations: E0433, E0599.
[INFO] [stdout] 
[INFO] [stdout] For more information about an error, try `rustc --explain E0433`.
[INFO] [stdout] 
[INFO] [stderr] error: could not compile `kid_internet_lock` (bin "schedule_viewer") due to 11 previous errors
[INFO] [stderr] warning: build failed, waiting for other jobs to finish...
[INFO] [stdout] Some errors have detailed explanations: E0433, E0599.
[INFO] [stdout] 
[INFO] [stdout] For more information about an error, try `rustc --explain E0433`.
[INFO] [stdout] 
[INFO] [stderr] error: could not compile `kid_internet_lock` (bin "schedule_viewer" test) due to 11 previous errors
[INFO] [stdout] Some errors have detailed explanations: E0433, E0599.
[INFO] [stdout] 
[INFO] [stdout] For more information about an error, try `rustc --explain E0433`.
[INFO] [stdout] 
[INFO] [stderr] error: could not compile `kid_internet_lock` (bin "kid_internet_lock") due to 11 previous errors
[INFO] [stdout] Some errors have detailed explanations: E0433, E0599.
[INFO] [stdout] 
[INFO] [stdout] For more information about an error, try `rustc --explain E0433`.
[INFO] [stdout] 
[INFO] [stderr] error: could not compile `kid_internet_lock` (bin "kid_internet_lock" test) due to 11 previous errors
[INFO] running `Command { std: "docker" "inspect" "859560a2348f657c139df3039558c19108ed11498ba3ebf572bb740283a9f1d6", kill_on_drop: false }`
[INFO] running `Command { std: "docker" "rm" "-f" "859560a2348f657c139df3039558c19108ed11498ba3ebf572bb740283a9f1d6", kill_on_drop: false }`
[INFO] [stdout] 859560a2348f657c139df3039558c19108ed11498ba3ebf572bb740283a9f1d6
