[INFO] cloning repository https://github.com/bhuvaneshwararaja/portmesh
[INFO] running `Command { std: "git" "-c" "credential.helper=" "-c" "credential.helper=/workspace/cargo-home/bin/git-credential-null" "clone" "--bare" "https://github.com/bhuvaneshwararaja/portmesh" "/workspace/cache/git-repos/https%3A%2F%2Fgithub.com%2Fbhuvaneshwararaja%2Fportmesh", kill_on_drop: false }`
[INFO] [stderr] Cloning into bare repository '/workspace/cache/git-repos/https%3A%2F%2Fgithub.com%2Fbhuvaneshwararaja%2Fportmesh'...
[INFO] running `Command { std: "git" "rev-parse" "HEAD", kill_on_drop: false }`
[INFO] [stdout] aa8b1d6ea0314caa4cef61ceb2f1b23c893bc562
[INFO] checking bhuvaneshwararaja/portmesh against 3154cc1a3e6424e44f438a95007d043ed5ceaaf6+rustflags=-Znext-solver=coherence for pr-133502-30
[INFO] running `Command { std: "git" "clone" "/workspace/cache/git-repos/https%3A%2F%2Fgithub.com%2Fbhuvaneshwararaja%2Fportmesh" "/workspace/builds/worker-1-tc1/source", kill_on_drop: false }`
[INFO] [stderr] Cloning into '/workspace/builds/worker-1-tc1/source'...
[INFO] [stderr] done.
[INFO] removed /workspace/builds/worker-1-tc1/source/rust-toolchain.toml
[INFO] started tweaking git repo https://github.com/bhuvaneshwararaja/portmesh
[INFO] finished tweaking git repo https://github.com/bhuvaneshwararaja/portmesh
[INFO] tweaked toml for git repo https://github.com/bhuvaneshwararaja/portmesh written to /workspace/builds/worker-1-tc1/source/Cargo.toml
[INFO] validating manifest of git repo https://github.com/bhuvaneshwararaja/portmesh on toolchain 3154cc1a3e6424e44f438a95007d043ed5ceaaf6
[INFO] running `Command { std: CARGO_HOME="/workspace/cargo-home" RUSTUP_HOME="/workspace/rustup-home" "/workspace/cargo-home/bin/cargo" "+3154cc1a3e6424e44f438a95007d043ed5ceaaf6" "metadata" "--manifest-path" "Cargo.toml" "--no-deps", kill_on_drop: false }`
[INFO] crate git repo https://github.com/bhuvaneshwararaja/portmesh already has a lockfile, it will not be regenerated
[INFO] running `Command { std: CARGO_HOME="/workspace/cargo-home" RUSTUP_HOME="/workspace/rustup-home" "/workspace/cargo-home/bin/cargo" "+3154cc1a3e6424e44f438a95007d043ed5ceaaf6" "fetch" "--manifest-path" "Cargo.toml", kill_on_drop: false }`
[INFO] [stderr] warning: unused field `authors` in `workspace.package`
[INFO] [stderr]   --> Cargo.toml:72:1
[INFO] [stderr]    |
[INFO] [stderr] 72 | authors = ["PortMesh Authors"]
[INFO] [stderr]    | ^^^^^^^
[INFO] [stderr]    |
[INFO] [stderr]    = note: `cargo::unused_workspace_package_fields` is set to `warn` by default
[INFO] [stderr] help: consider removing the field `workspace.package.authors`
[INFO] [stderr] warning: unused field `homepage` in `workspace.package`
[INFO] [stderr]   --> Cargo.toml:74:1
[INFO] [stderr]    |
[INFO] [stderr] 74 | homepage = "https://github.com/portmesh/portmesh"
[INFO] [stderr]    | ^^^^^^^^
[INFO] [stderr]    |
[INFO] [stderr] help: consider removing the field `workspace.package.homepage`
[INFO] [stderr] warning: unused field `repository` in `workspace.package`
[INFO] [stderr]   --> Cargo.toml:76:1
[INFO] [stderr]    |
[INFO] [stderr] 76 | repository = "https://github.com/portmesh/portmesh"
[INFO] [stderr]    | ^^^^^^^^^^
[INFO] [stderr]    |
[INFO] [stderr] help: consider removing the field `workspace.package.repository`
[INFO] [stderr] warning: workspace (manifest) generated 3 warnings
[INFO] [stderr]     Blocking waiting for file lock on package cache
[INFO] [stderr]     Updating crates.io index
[INFO] [stderr]  Downloading crates ...
[INFO] [stderr]   Downloaded which v6.0.3
[INFO] [stderr]   Downloaded aya-log-ebpf-macros v0.2.0
[INFO] [stderr]   Downloaded aya-log-ebpf v0.2.0
[INFO] [stderr]   Downloaded aya-log-parser v0.2.0
[INFO] [stderr]   Downloaded aya-log-common v0.2.0
[INFO] [stderr]   Downloaded aya-ebpf v0.2.1
[INFO] [stderr]   Downloaded aya-ebpf-macros v0.2.0
[INFO] [stderr]   Downloaded aya-ebpf-cty v0.3.0
[INFO] [stderr]   Downloaded cargo-platform v0.3.3
[INFO] [stderr]   Downloaded netlink-packet-sock-diag v0.4.2
[INFO] [stderr]   Downloaded netlink-packet-core v0.7.0
[INFO] [stderr]   Downloaded netstat2 v0.11.2
[INFO] [stderr]   Downloaded netlink-packet-utils v0.5.2
[INFO] [stderr]   Downloaded aya-build v0.2.0
[INFO] [stderr]   Downloaded which v8.0.5
[INFO] [stderr]   Downloaded cargo_metadata v0.23.1
[INFO] [stderr]   Downloaded aya-log v0.3.0
[INFO] [stderr]   Downloaded crossterm v0.28.1
[INFO] [stderr]   Downloaded aya-ebpf-bindings v0.2.0
[INFO] [stderr]   Downloaded aya-obj v0.3.0
[INFO] [stderr]   Downloaded aya v0.14.0
[INFO] running `Command { std: "docker" "create" "-v" "/var/lib/crater-agent-workspace/builds/worker-1-tc1/source:/opt/rustwide/workdir:ro,Z" "-v" "/var/lib/crater-agent-workspace/builds/worker-1-tc1/target:/opt/rustwide/target:rw,Z" "-v" "/var/lib/crater-agent-workspace/cargo-home:/opt/rustwide/cargo-home:ro,Z" "-v" "/var/lib/crater-agent-workspace/rustup-home:/opt/rustwide/rustup-home:ro,Z" "-m" "1610612736" "--network" "none" "ghcr.io/rust-lang/crates-build-env/linux@sha256:77db811e55d90add9212f6832c23229e3de5f1c1f9905e8cb07319ea15df73ac" "sleep" "infinity", kill_on_drop: false }`
[INFO] [stdout] c21a1fb5f8be9a4a95cf514297f92cc09a748db904c733575abded7d413427a8
[INFO] running `Command { std: "docker" "start" "c21a1fb5f8be9a4a95cf514297f92cc09a748db904c733575abded7d413427a8", kill_on_drop: false }`
[INFO] running `Command { std: "docker" "inspect" "c21a1fb5f8be9a4a95cf514297f92cc09a748db904c733575abded7d413427a8", kill_on_drop: false }`
[INFO] running `Command { std: "docker" "exec" "-e" "SOURCE_DIR=/opt/rustwide/workdir" "-e" "CARGO_HOME=/opt/rustwide/cargo-home" "-e" "RUSTUP_HOME=/opt/rustwide/rustup-home" "-e" "CARGO_TARGET_DIR=/opt/rustwide/target" "-w" "/opt/rustwide/workdir" "--user" "0:0" "c21a1fb5f8be9a4a95cf514297f92cc09a748db904c733575abded7d413427a8" "/opt/rustwide/cargo-home/bin/cargo" "+3154cc1a3e6424e44f438a95007d043ed5ceaaf6" "metadata" "--no-deps" "--format-version=1", kill_on_drop: false }`
[INFO] running `Command { std: "docker" "inspect" "c21a1fb5f8be9a4a95cf514297f92cc09a748db904c733575abded7d413427a8", kill_on_drop: false }`
[INFO] running `Command { std: "docker" "exec" "-e" "SOURCE_DIR=/opt/rustwide/workdir" "-e" "CARGO_HOME=/opt/rustwide/cargo-home" "-e" "RUSTUP_HOME=/opt/rustwide/rustup-home" "-e" "CARGO_TARGET_DIR=/opt/rustwide/target" "-e" "CARGO_INCREMENTAL=0" "-e" "RUST_BACKTRACE=full" "-e" "RUSTFLAGS=--cap-lints=forbid -Znext-solver=coherence" "-e" "RUSTDOCFLAGS=--cap-lints=forbid" "-w" "/opt/rustwide/workdir" "--user" "0:0" "c21a1fb5f8be9a4a95cf514297f92cc09a748db904c733575abded7d413427a8" "/opt/rustwide/cargo-home/bin/cargo" "+3154cc1a3e6424e44f438a95007d043ed5ceaaf6" "check" "--frozen" "--all" "--all-targets" "--message-format=json", kill_on_drop: false }`
[INFO] [stderr] warning: unused field `authors` in `workspace.package`
[INFO] [stderr]   --> Cargo.toml:72:1
[INFO] [stderr]    |
[INFO] [stderr] 72 | authors = ["PortMesh Authors"]
[INFO] [stderr]    | ^^^^^^^
[INFO] [stderr]    |
[INFO] [stderr]    = note: `cargo::unused_workspace_package_fields` is set to `warn` by default
[INFO] [stderr] help: consider removing the field `workspace.package.authors`
[INFO] [stderr] warning: unused field `homepage` in `workspace.package`
[INFO] [stderr]   --> Cargo.toml:74:1
[INFO] [stderr]    |
[INFO] [stderr] 74 | homepage = "https://github.com/portmesh/portmesh"
[INFO] [stderr]    | ^^^^^^^^
[INFO] [stderr]    |
[INFO] [stderr] help: consider removing the field `workspace.package.homepage`
[INFO] [stderr] warning: unused field `repository` in `workspace.package`
[INFO] [stderr]   --> Cargo.toml:76:1
[INFO] [stderr]    |
[INFO] [stderr] 76 | repository = "https://github.com/portmesh/portmesh"
[INFO] [stderr]    | ^^^^^^^^^^
[INFO] [stderr]    |
[INFO] [stderr] help: consider removing the field `workspace.package.repository`
[INFO] [stderr] warning: workspace (manifest) generated 3 warnings
[INFO] [stderr]    Compiling serde_core v1.0.229
[INFO] [stderr]    Compiling zmij v1.0.23
[INFO] [stderr]    Compiling serde_json v1.0.151
[INFO] [stderr]    Compiling camino v1.2.5
[INFO] [stderr]    Compiling anyhow v1.0.104
[INFO] [stderr]    Compiling memchr v2.8.3
[INFO] [stderr]    Compiling rustversion v1.0.23
[INFO] [stderr]    Compiling rustix v0.38.44
[INFO] [stderr]    Compiling bitflags v2.13.1
[INFO] [stderr]    Compiling serde v1.0.229
[INFO] [stderr]    Compiling thiserror v2.0.20
[INFO] [stderr]    Compiling proc-macro2-diagnostics v0.10.1
[INFO] [stderr]    Compiling linux-raw-sys v0.4.15
[INFO] [stderr]    Compiling home v0.5.12
[INFO] [stderr]    Compiling syn v3.0.4
[INFO] [stderr]    Compiling libc v0.2.189
[INFO] [stderr]    Compiling syn v2.0.119
[INFO] [stderr]    Compiling either v1.18.0
[INFO] [stderr]     Checking log v0.4.34
[INFO] [stderr]    Compiling crc32fast v1.5.1
[INFO] [stderr]     Checking hashbrown v0.17.1
[INFO] [stderr]    Compiling object v0.39.1
[INFO] [stderr]    Compiling signal-hook v0.3.18
[INFO] [stderr]     Checking portmesh-common v0.1.0 (/opt/rustwide/workdir/portmesh-common)
[INFO] [stderr]     Checking mio v1.2.2
[INFO] [stderr]     Checking parking_lot_core v0.9.12
[INFO] [stderr]     Checking once_cell v1.21.4
[INFO] [stderr]     Checking jiff-core v0.1.0
[INFO] [stderr]     Checking assert_matches v1.5.0
[INFO] [stderr]     Checking clap_builder v4.6.6
[INFO] [stderr]     Checking signal-hook-mio v0.2.5
[INFO] [stderr]     Checking parking_lot v0.12.5
[INFO] [stderr]     Checking env_filter v2.0.0
[INFO] [stderr]     Checking indexmap v2.14.0
[INFO] [stderr]     Checking crossterm v0.28.1
[INFO] [stderr]    Compiling which v8.0.5
[INFO] [stderr]     Checking jiff v0.2.35
[INFO] [stderr]    Compiling which v6.0.3
[INFO] [stderr]    Compiling portmesh-ebpf v0.1.0 (/opt/rustwide/workdir/portmesh-ebpf)
[INFO] [stderr]    Compiling thiserror-impl v2.0.20
[INFO] [stderr]    Compiling serde_derive v1.0.229
[INFO] [stderr]    Compiling tokio-macros v2.7.2
[INFO] [stderr]    Compiling clap_derive v4.6.4
[INFO] [stderr]    Compiling semver v1.0.28
[INFO] [stderr]    Compiling cargo-platform v0.3.3
[INFO] [stderr]    Compiling rustc_version v0.4.1
[INFO] [stderr]     Checking tokio v1.53.1
[INFO] [stderr]     Checking env_logger v0.11.11
[INFO] [stderr]    Compiling num_enum_derive v0.7.6
[INFO] [stderr]    Compiling aya-ebpf-macros v0.2.0
[INFO] [stderr]     Checking clap v4.6.6
[INFO] [stderr]    Compiling num_enum v0.7.6
[INFO] [stderr]     Checking aya-log-common v0.2.0
[INFO] [stderr]    Compiling aya-log-parser v0.2.0
[INFO] [stderr]    Compiling aya-log-ebpf-macros v0.2.0
[INFO] [stderr]     Checking aya-obj v0.3.0
[INFO] [stderr]    Compiling cargo_metadata v0.23.1
[INFO] [stderr]     Checking aya v0.14.0
[INFO] [stderr]    Compiling aya-build v0.2.0
[INFO] [stderr]    Compiling aya-ebpf-cty v0.3.0
[INFO] [stderr]    Compiling aya-ebpf-bindings v0.2.0
[INFO] [stderr]    Compiling aya-ebpf v0.2.1
[INFO] [stderr]     Checking aya-log v0.3.0
[INFO] [stderr]     Checking aya-log-ebpf v0.2.0
[INFO] [stdout] error: unwinding panics are not supported without std
[INFO] [stdout]   |
[INFO] [stdout]   = help: using nightly cargo, use -Zbuild-std with panic="abort" to avoid unwinding
[INFO] [stdout]   = note: since the core library is usually precompiled with panic="unwind", rebuilding your crate with panic="abort" may not be enough to fix the problem
[INFO] [stdout] 
[INFO] [stdout] 
[INFO] [stdout] error[E0308]: mismatched types
[INFO] [stdout]   --> portmesh-ebpf/src/main.rs:50:9
[INFO] [stdout]    |
[INFO] [stdout] 49 |     let uaddr: *const u8 = match ctx.arg(1) {
[INFO] [stdout]    |                                  ---------- this expression has type `Option<_>`
[INFO] [stdout] 50 |         Ok(ptr) => ptr,
[INFO] [stdout]    |         ^^^^^^^ expected `Option<_>`, found `Result<_, _>`
[INFO] [stdout]    |
[INFO] [stdout]    = note: expected enum `Option<_>`
[INFO] [stdout]               found enum `Result<_, _>`
[INFO] [stdout] help: try wrapping the pattern in `core::prelude::v1::Some`
[INFO] [stdout]    |
[INFO] [stdout] 50 |         core::prelude::v1::Some(Ok(ptr)) => ptr,
[INFO] [stdout]    |         ++++++++++++++++++++++++       +
[INFO] [stdout] 
[INFO] [stdout] 
[INFO] [stdout] error[E0308]: mismatched types
[INFO] [stdout]   --> portmesh-ebpf/src/main.rs:51:9
[INFO] [stdout]    |
[INFO] [stdout] 49 |     let uaddr: *const u8 = match ctx.arg(1) {
[INFO] [stdout]    |                                  ---------- this expression has type `Option<_>`
[INFO] [stdout] 50 |         Ok(ptr) => ptr,
[INFO] [stdout] 51 |         Err(_) => return,
[INFO] [stdout]    |         ^^^^^^ expected `Option<_>`, found `Result<_, _>`
[INFO] [stdout]    |
[INFO] [stdout]    = note: expected enum `Option<_>`
[INFO] [stdout]               found enum `Result<_, _>`
[INFO] [stdout] help: try wrapping the pattern in `core::prelude::v1::Some`
[INFO] [stdout]    |
[INFO] [stdout] 51 |         core::prelude::v1::Some(Err(_)) => return,
[INFO] [stdout]    |         ++++++++++++++++++++++++      +
[INFO] [stdout] 
[INFO] [stdout] 
[INFO] [stdout] error[E0282]: type annotations needed
[INFO] [stdout]   --> portmesh-ebpf/src/main.rs:76:24
[INFO] [stdout]    |
[INFO] [stdout] 76 |     let ret: i64 = ctx.ret().unwrap_or(0);
[INFO] [stdout]    |                        ^^^ cannot infer type of the type parameter `T` declared on the method `ret`
[INFO] [stdout]    |
[INFO] [stdout] help: consider specifying a concrete type for the type parameter `T`
[INFO] [stdout]    |
[INFO] [stdout] 76 |     let ret: i64 = ctx.ret::</* Type */>().unwrap_or(0);
[INFO] [stdout]    |                           ++++++++++++++
[INFO] [stdout] 
[INFO] [stdout] 
[INFO] [stderr]    Compiling portmesh v0.1.0 (/opt/rustwide/workdir/portmesh)
[INFO] [stdout] error[E0133]: call to unsafe function `bpf_ktime_get_ns` is unsafe and requires unsafe function or block
[INFO] [stdout]    --> portmesh-ebpf/src/main.rs:114:16
[INFO] [stdout]     |
[INFO] [stdout] 114 |         ts_ns: bpf_ktime_get_ns(),
[INFO] [stdout]     |                ^^^^^^^^^^^^^^^^^^ call to unsafe function
[INFO] [stdout]     |
[INFO] [stdout]     = note: consult the function's documentation for information on how to avoid undefined behavior
[INFO] [stdout] 
[INFO] [stdout] 
[INFO] [stdout] Some errors have detailed explanations: E0133, E0282, E0308.
[INFO] [stdout] 
[INFO] [stdout] For more information about an error, try `rustc --explain E0133`.
[INFO] [stdout] 
[INFO] [stdout] error[E0308]: mismatched types
[INFO] [stdout]   --> portmesh-ebpf/src/main.rs:50:9
[INFO] [stdout]    |
[INFO] [stdout] 49 |     let uaddr: *const u8 = match ctx.arg(1) {
[INFO] [stdout]    |                                  ---------- this expression has type `Option<_>`
[INFO] [stdout] 50 |         Ok(ptr) => ptr,
[INFO] [stdout]    |         ^^^^^^^ expected `Option<_>`, found `Result<_, _>`
[INFO] [stdout]    |
[INFO] [stdout]    = note: expected enum `Option<_>`
[INFO] [stdout]               found enum `Result<_, _>`
[INFO] [stdout] help: try wrapping the pattern in `core::prelude::v1::Some`
[INFO] [stdout]    |
[INFO] [stdout] 50 |         core::prelude::v1::Some(Ok(ptr)) => ptr,
[INFO] [stdout]    |         ++++++++++++++++++++++++       +
[INFO] [stdout] 
[INFO] [stdout] 
[INFO] [stdout] error[E0308]: mismatched types
[INFO] [stdout]   --> portmesh-ebpf/src/main.rs:51:9
[INFO] [stdout]    |
[INFO] [stdout] 49 |     let uaddr: *const u8 = match ctx.arg(1) {
[INFO] [stdout]    |                                  ---------- this expression has type `Option<_>`
[INFO] [stdout] 50 |         Ok(ptr) => ptr,
[INFO] [stdout] 51 |         Err(_) => return,
[INFO] [stdout]    |         ^^^^^^ expected `Option<_>`, found `Result<_, _>`
[INFO] [stdout]    |
[INFO] [stdout]    = note: expected enum `Option<_>`
[INFO] [stdout]               found enum `Result<_, _>`
[INFO] [stdout] help: try wrapping the pattern in `core::prelude::v1::Some`
[INFO] [stdout]    |
[INFO] [stdout] 51 |         core::prelude::v1::Some(Err(_)) => return,
[INFO] [stdout]    |         ++++++++++++++++++++++++      +
[INFO] [stdout] 
[INFO] [stdout] 
[INFO] [stdout] error[E0282]: type annotations needed
[INFO] [stdout]   --> portmesh-ebpf/src/main.rs:76:24
[INFO] [stdout]    |
[INFO] [stdout] 76 |     let ret: i64 = ctx.ret().unwrap_or(0);
[INFO] [stdout]    |                        ^^^ cannot infer type of the type parameter `T` declared on the method `ret`
[INFO] [stdout]    |
[INFO] [stdout] help: consider specifying a concrete type for the type parameter `T`
[INFO] [stdout]    |
[INFO] [stdout] 76 |     let ret: i64 = ctx.ret::</* Type */>().unwrap_or(0);
[INFO] [stdout]    |                           ++++++++++++++
[INFO] [stdout] 
[INFO] [stdout] 
[INFO] [stdout] error[E0133]: call to unsafe function `bpf_ktime_get_ns` is unsafe and requires unsafe function or block
[INFO] [stdout]    --> portmesh-ebpf/src/main.rs:114:16
[INFO] [stdout]     |
[INFO] [stdout] 114 |         ts_ns: bpf_ktime_get_ns(),
[INFO] [stdout]     |                ^^^^^^^^^^^^^^^^^^ call to unsafe function
[INFO] [stdout]     |
[INFO] [stdout]     = note: consult the function's documentation for information on how to avoid undefined behavior
[INFO] [stdout] 
[INFO] [stdout] 
[INFO] [stdout] Some errors have detailed explanations: E0133, E0282, E0308.
[INFO] [stdout] 
[INFO] [stdout] For more information about an error, try `rustc --explain E0133`.
[INFO] [stdout] 
[INFO] [stderr] error: could not compile `portmesh-ebpf` (bin "portmesh" test) due to 4 previous errors
[INFO] [stderr] warning: build failed, waiting for other jobs to finish...
[INFO] [stderr] error: could not compile `portmesh-ebpf` (bin "portmesh") due to 5 previous errors
[INFO] running `Command { std: "docker" "inspect" "c21a1fb5f8be9a4a95cf514297f92cc09a748db904c733575abded7d413427a8", kill_on_drop: false }`
[INFO] running `Command { std: "docker" "rm" "-f" "c21a1fb5f8be9a4a95cf514297f92cc09a748db904c733575abded7d413427a8", kill_on_drop: false }`
[INFO] [stdout] c21a1fb5f8be9a4a95cf514297f92cc09a748db904c733575abded7d413427a8
