[INFO] cloning repository https://github.com/bernatch22/diskscan
[INFO] running `Command { std: "git" "-c" "credential.helper=" "-c" "credential.helper=/workspace/cargo-home/bin/git-credential-null" "clone" "--bare" "https://github.com/bernatch22/diskscan" "/workspace/cache/git-repos/https%3A%2F%2Fgithub.com%2Fbernatch22%2Fdiskscan", kill_on_drop: false }`
[INFO] [stderr] Cloning into bare repository '/workspace/cache/git-repos/https%3A%2F%2Fgithub.com%2Fbernatch22%2Fdiskscan'...
[INFO] running `Command { std: "git" "rev-parse" "HEAD", kill_on_drop: false }`
[INFO] [stdout] 919dab3227b76a43f200deb278cb34933dd4dda9
[INFO] checking bernatch22/diskscan against 3154cc1a3e6424e44f438a95007d043ed5ceaaf6+rustflags=-Znext-solver=coherence for pr-133502-30
[INFO] running `Command { std: "git" "clone" "/workspace/cache/git-repos/https%3A%2F%2Fgithub.com%2Fbernatch22%2Fdiskscan" "/workspace/builds/worker-1-tc1/source", kill_on_drop: false }`
[INFO] [stderr] Cloning into '/workspace/builds/worker-1-tc1/source'...
[INFO] [stderr] done.
[INFO] started tweaking git repo https://github.com/bernatch22/diskscan
[INFO] finished tweaking git repo https://github.com/bernatch22/diskscan
[INFO] tweaked toml for git repo https://github.com/bernatch22/diskscan written to /workspace/builds/worker-1-tc1/source/Cargo.toml
[INFO] validating manifest of git repo https://github.com/bernatch22/diskscan on toolchain 3154cc1a3e6424e44f438a95007d043ed5ceaaf6
[INFO] running `Command { std: CARGO_HOME="/workspace/cargo-home" RUSTUP_HOME="/workspace/rustup-home" "/workspace/cargo-home/bin/cargo" "+3154cc1a3e6424e44f438a95007d043ed5ceaaf6" "metadata" "--manifest-path" "Cargo.toml" "--no-deps", kill_on_drop: false }`
[INFO] crate git repo https://github.com/bernatch22/diskscan already has a lockfile, it will not be regenerated
[INFO] running `Command { std: CARGO_HOME="/workspace/cargo-home" RUSTUP_HOME="/workspace/rustup-home" "/workspace/cargo-home/bin/cargo" "+3154cc1a3e6424e44f438a95007d043ed5ceaaf6" "fetch" "--manifest-path" "Cargo.toml", kill_on_drop: false }`
[INFO] running `Command { std: "docker" "create" "-v" "/var/lib/crater-agent-workspace/builds/worker-1-tc1/source:/opt/rustwide/workdir:ro,Z" "-v" "/var/lib/crater-agent-workspace/builds/worker-1-tc1/target:/opt/rustwide/target:rw,Z" "-v" "/var/lib/crater-agent-workspace/cargo-home:/opt/rustwide/cargo-home:ro,Z" "-v" "/var/lib/crater-agent-workspace/rustup-home:/opt/rustwide/rustup-home:ro,Z" "-m" "1610612736" "--network" "none" "ghcr.io/rust-lang/crates-build-env/linux@sha256:77db811e55d90add9212f6832c23229e3de5f1c1f9905e8cb07319ea15df73ac" "sleep" "infinity", kill_on_drop: false }`
[INFO] [stdout] 7d6d8787720f4d0d634e263776de790bccee04fa2ec34cbcb81023d6afc6a42e
[INFO] running `Command { std: "docker" "start" "7d6d8787720f4d0d634e263776de790bccee04fa2ec34cbcb81023d6afc6a42e", kill_on_drop: false }`
[INFO] running `Command { std: "docker" "inspect" "7d6d8787720f4d0d634e263776de790bccee04fa2ec34cbcb81023d6afc6a42e", kill_on_drop: false }`
[INFO] running `Command { std: "docker" "exec" "-e" "SOURCE_DIR=/opt/rustwide/workdir" "-e" "CARGO_HOME=/opt/rustwide/cargo-home" "-e" "RUSTUP_HOME=/opt/rustwide/rustup-home" "-e" "CARGO_TARGET_DIR=/opt/rustwide/target" "-w" "/opt/rustwide/workdir" "--user" "0:0" "7d6d8787720f4d0d634e263776de790bccee04fa2ec34cbcb81023d6afc6a42e" "/opt/rustwide/cargo-home/bin/cargo" "+3154cc1a3e6424e44f438a95007d043ed5ceaaf6" "metadata" "--no-deps" "--format-version=1", kill_on_drop: false }`
[INFO] running `Command { std: "docker" "inspect" "7d6d8787720f4d0d634e263776de790bccee04fa2ec34cbcb81023d6afc6a42e", kill_on_drop: false }`
[INFO] running `Command { std: "docker" "exec" "-e" "SOURCE_DIR=/opt/rustwide/workdir" "-e" "CARGO_HOME=/opt/rustwide/cargo-home" "-e" "RUSTUP_HOME=/opt/rustwide/rustup-home" "-e" "CARGO_TARGET_DIR=/opt/rustwide/target" "-e" "CARGO_INCREMENTAL=0" "-e" "RUST_BACKTRACE=full" "-e" "RUSTFLAGS=--cap-lints=forbid -Znext-solver=coherence" "-e" "RUSTDOCFLAGS=--cap-lints=forbid" "-w" "/opt/rustwide/workdir" "--user" "0:0" "7d6d8787720f4d0d634e263776de790bccee04fa2ec34cbcb81023d6afc6a42e" "/opt/rustwide/cargo-home/bin/cargo" "+3154cc1a3e6424e44f438a95007d043ed5ceaaf6" "check" "--frozen" "--all" "--all-targets" "--message-format=json", kill_on_drop: false }`
[INFO] [stderr]    Compiling crossbeam-utils v0.8.22
[INFO] [stderr]    Compiling crossbeam-epoch v0.9.20
[INFO] [stderr]    Compiling crossbeam-deque v0.8.7
[INFO] [stderr]    Compiling rayon-core v1.13.0
[INFO] [stderr]     Checking rayon v1.12.0
[INFO] [stderr]     Checking diskscan v0.1.0 (/opt/rustwide/workdir)
[INFO] [stdout] error: diskscan supports macOS only: it depends on getattrlistbulk(2), APFS firmlink semantics and the Finder. Pull requests adding a Linux backend are welcome.
[INFO] [stdout]   --> src/lib.rs:40:1
[INFO] [stdout]    |
[INFO] [stdout] 40 | / compile_error!(
[INFO] [stdout] 41 | |     "diskscan supports macOS only: it depends on getattrlistbulk(2), APFS firmlink \
[INFO] [stdout] 42 | |      semantics and the Finder. Pull requests adding a Linux backend are welcome."
[INFO] [stdout] 43 | | );
[INFO] [stdout]    | |_^
[INFO] [stdout] 
[INFO] [stdout] 
[INFO] [stdout] error: diskscan supports macOS only: it depends on getattrlistbulk(2), APFS firmlink semantics and the Finder. Pull requests adding a Linux backend are welcome.
[INFO] [stdout]   --> src/lib.rs:40:1
[INFO] [stdout]    |
[INFO] [stdout] 40 | / compile_error!(
[INFO] [stdout] 41 | |     "diskscan supports macOS only: it depends on getattrlistbulk(2), APFS firmlink \
[INFO] [stdout] 42 | |      semantics and the Finder. Pull requests adding a Linux backend are welcome."
[INFO] [stdout] 43 | | );
[INFO] [stdout]    | |_^
[INFO] [stdout] 
[INFO] [stdout] 
[INFO] [stdout] error[E0425]: cannot find type `attrgroup_t` in crate `libc`
[INFO] [stdout]   --> src/scan/listing.rs:63:29
[INFO] [stdout]    |
[INFO] [stdout] 63 | const ATTR_CMN_ERROR: libc::attrgroup_t = 0x2000_0000;
[INFO] [stdout]    |                             ^^^^^^^^^^^ not found in `libc`
[INFO] [stdout] 
[INFO] [stdout] 
[INFO] [stdout] error[E0425]: cannot find type `attrlist` in crate `libc`
[INFO] [stdout]   --> src/scan/listing.rs:97:23
[INFO] [stdout]    |
[INFO] [stdout] 97 |     let mut al: libc::attrlist = unsafe { std::mem::zeroed() };
[INFO] [stdout]    |                       ^^^^^^^^ not found in `libc`
[INFO] [stdout] 
[INFO] [stdout] 
[INFO] [stdout] error[E0425]: cannot find value `ATTR_BIT_MAP_COUNT` in crate `libc`
[INFO] [stdout]   --> src/scan/listing.rs:98:28
[INFO] [stdout]    |
[INFO] [stdout] 98 |     al.bitmapcount = libc::ATTR_BIT_MAP_COUNT;
[INFO] [stdout]    |                            ^^^^^^^^^^^^^^^^^^ not found in `libc`
[INFO] [stdout] 
[INFO] [stdout] 
[INFO] [stdout] error[E0425]: cannot find value `ATTR_CMN_RETURNED_ATTRS` in crate `libc`
[INFO] [stdout]   --> src/scan/listing.rs:99:27
[INFO] [stdout]    |
[INFO] [stdout] 99 |     al.commonattr = libc::ATTR_CMN_RETURNED_ATTRS
[INFO] [stdout]    |                           ^^^^^^^^^^^^^^^^^^^^^^^ not found in `libc`
[INFO] [stdout] 
[INFO] [stdout] 
[INFO] [stdout] error[E0425]: cannot find value `ATTR_CMN_NAME` in crate `libc`
[INFO] [stdout]    --> src/scan/listing.rs:101:17
[INFO] [stdout]     |
[INFO] [stdout] 101 |         | libc::ATTR_CMN_NAME
[INFO] [stdout]     |                 ^^^^^^^^^^^^^ not found in `libc`
[INFO] [stdout] 
[INFO] [stdout] 
[INFO] [stdout] error[E0425]: cannot find value `ATTR_CMN_DEVID` in crate `libc`
[INFO] [stdout]    --> src/scan/listing.rs:102:17
[INFO] [stdout]     |
[INFO] [stdout] 102 |         | libc::ATTR_CMN_DEVID
[INFO] [stdout]     |                 ^^^^^^^^^^^^^^ not found in `libc`
[INFO] [stdout] 
[INFO] [stdout] 
[INFO] [stdout] error[E0425]: cannot find value `ATTR_CMN_OBJTYPE` in crate `libc`
[INFO] [stdout]    --> src/scan/listing.rs:103:17
[INFO] [stdout]     |
[INFO] [stdout] 103 |         | libc::ATTR_CMN_OBJTYPE
[INFO] [stdout]     |                 ^^^^^^^^^^^^^^^^ not found in `libc`
[INFO] [stdout] 
[INFO] [stdout] 
[INFO] [stdout] error[E0425]: cannot find value `ATTR_CMN_FILEID` in crate `libc`
[INFO] [stdout]    --> src/scan/listing.rs:104:17
[INFO] [stdout]     |
[INFO] [stdout] 104 |         | libc::ATTR_CMN_FILEID;
[INFO] [stdout]     |                 ^^^^^^^^^^^^^^^ not found in `libc`
[INFO] [stdout] 
[INFO] [stdout] 
[INFO] [stdout] error[E0425]: cannot find value `ATTR_FILE_LINKCOUNT` in crate `libc`
[INFO] [stdout]    --> src/scan/listing.rs:105:25
[INFO] [stdout]     |
[INFO] [stdout] 105 |     al.fileattr = libc::ATTR_FILE_LINKCOUNT | libc::ATTR_FILE_TOTALSIZE | libc::ATTR_FILE_ALLOCSIZE;
[INFO] [stdout]     |                         ^^^^^^^^^^^^^^^^^^^ not found in `libc`
[INFO] [stdout] 
[INFO] [stdout] 
[INFO] [stdout] error[E0425]: cannot find value `ATTR_FILE_TOTALSIZE` in crate `libc`
[INFO] [stdout]    --> src/scan/listing.rs:105:53
[INFO] [stdout]     |
[INFO] [stdout] 105 |     al.fileattr = libc::ATTR_FILE_LINKCOUNT | libc::ATTR_FILE_TOTALSIZE | libc::ATTR_FILE_ALLOCSIZE;
[INFO] [stdout]     |                                                     ^^^^^^^^^^^^^^^^^^^ not found in `libc`
[INFO] [stdout] 
[INFO] [stdout] 
[INFO] [stdout] error[E0425]: cannot find value `ATTR_FILE_ALLOCSIZE` in crate `libc`
[INFO] [stdout]    --> src/scan/listing.rs:105:81
[INFO] [stdout]     |
[INFO] [stdout] 105 |     al.fileattr = libc::ATTR_FILE_LINKCOUNT | libc::ATTR_FILE_TOTALSIZE | libc::ATTR_FILE_ALLOCSIZE;
[INFO] [stdout]     |                                                                                 ^^^^^^^^^^^^^^^^^^^ not found in `libc`
[INFO] [stdout] 
[INFO] [stdout] 
[INFO] [stdout] error[E0425]: cannot find function `getattrlistbulk` in crate `libc`
[INFO] [stdout]    --> src/scan/listing.rs:111:19
[INFO] [stdout]     |
[INFO] [stdout] 111 |             libc::getattrlistbulk(
[INFO] [stdout]     |                   ^^^^^^^^^^^^^^^ not found in `libc`
[INFO] [stdout] 
[INFO] [stdout] 
[INFO] [stdout] error[E0425]: cannot find value `FSOPT_NOFOLLOW` in crate `libc`
[INFO] [stdout]    --> src/scan/listing.rs:116:33
[INFO] [stdout]     |
[INFO] [stdout] 116 |                 u64::from(libc::FSOPT_NOFOLLOW),
[INFO] [stdout]     |                                 ^^^^^^^^^^^^^^ not found in `libc`
[INFO] [stdout]     |
[INFO] [stdout] note: similarly named constant `O_NOFOLLOW` defined here
[INFO] [stdout]    --> /opt/rustwide/cargo-home/registry/src/index.crates.io-1949cf8c6b5b557f/libc-0.2.189/src/unix/linux_like/linux/gnu/b64/x86_64/mod.rs:527:1
[INFO] [stdout]     |
[INFO] [stdout] 527 | pub const O_NOFOLLOW: c_int = 0x20000;
[INFO] [stdout]     | ^^^^^^^^^^^^^^^^^^^^^^^^^^^
[INFO] [stdout] help: a constant with a similar name exists
[INFO] [stdout]     |
[INFO] [stdout] 116 -                 u64::from(libc::FSOPT_NOFOLLOW),
[INFO] [stdout] 116 +                 u64::from(libc::O_NOFOLLOW),
[INFO] [stdout]     |
[INFO] [stdout] 
[INFO] [stdout] 
[INFO] [stdout] error[E0425]: cannot find value `ATTR_CMN_NAME` in crate `libc`
[INFO] [stdout]    --> src/scan/listing.rs:159:36
[INFO] [stdout]     |
[INFO] [stdout] 159 |         if returned_common & libc::ATTR_CMN_NAME != 0 {
[INFO] [stdout]     |                                    ^^^^^^^^^^^^^ not found in `libc`
[INFO] [stdout] 
[INFO] [stdout] 
[INFO] [stdout] error[E0425]: cannot find value `ATTR_CMN_DEVID` in crate `libc`
[INFO] [stdout]    --> src/scan/listing.rs:169:36
[INFO] [stdout]     |
[INFO] [stdout] 169 |         if returned_common & libc::ATTR_CMN_DEVID != 0 {
[INFO] [stdout]     |                                    ^^^^^^^^^^^^^^ not found in `libc`
[INFO] [stdout] 
[INFO] [stdout] 
[INFO] [stdout] error[E0425]: cannot find value `ATTR_CMN_OBJTYPE` in crate `libc`
[INFO] [stdout]    --> src/scan/listing.rs:173:36
[INFO] [stdout]     |
[INFO] [stdout] 173 |         if returned_common & libc::ATTR_CMN_OBJTYPE != 0 {
[INFO] [stdout]     |                                    ^^^^^^^^^^^^^^^^ not found in `libc`
[INFO] [stdout] 
[INFO] [stdout] 
[INFO] [stdout] error[E0425]: cannot find value `ATTR_CMN_FILEID` in crate `libc`
[INFO] [stdout]    --> src/scan/listing.rs:181:36
[INFO] [stdout]     |
[INFO] [stdout] 181 |         if returned_common & libc::ATTR_CMN_FILEID != 0 {
[INFO] [stdout]     |                                    ^^^^^^^^^^^^^^^ not found in `libc`
[INFO] [stdout] 
[INFO] [stdout] 
[INFO] [stdout] error[E0425]: cannot find value `ATTR_FILE_LINKCOUNT` in crate `libc`
[INFO] [stdout]    --> src/scan/listing.rs:185:34
[INFO] [stdout]     |
[INFO] [stdout] 185 |         if returned_file & libc::ATTR_FILE_LINKCOUNT != 0 {
[INFO] [stdout]     |                                  ^^^^^^^^^^^^^^^^^^^ not found in `libc`
[INFO] [stdout] 
[INFO] [stdout] 
[INFO] [stdout] error[E0425]: cannot find value `ATTR_FILE_TOTALSIZE` in crate `libc`
[INFO] [stdout]    --> src/scan/listing.rs:189:34
[INFO] [stdout]     |
[INFO] [stdout] 189 |         if returned_file & libc::ATTR_FILE_TOTALSIZE != 0 {
[INFO] [stdout]     |                                  ^^^^^^^^^^^^^^^^^^^ not found in `libc`
[INFO] [stdout] 
[INFO] [stdout] 
[INFO] [stdout] error[E0425]: cannot find value `ATTR_FILE_ALLOCSIZE` in crate `libc`
[INFO] [stdout]    --> src/scan/listing.rs:193:34
[INFO] [stdout]     |
[INFO] [stdout] 193 |         if returned_file & libc::ATTR_FILE_ALLOCSIZE != 0 {
[INFO] [stdout]     |                                  ^^^^^^^^^^^^^^^^^^^ not found in `libc`
[INFO] [stdout] 
[INFO] [stdout] 
[INFO] [stdout] error[E0277]: the trait bound `u64: From<i64>` is not satisfied
[INFO] [stdout]   --> src/scan/volume.rs:29:14
[INFO] [stdout]    |
[INFO] [stdout] 29 |     let bs = u64::from(st.f_bsize);
[INFO] [stdout]    |              ^^^ the trait `From<i64>` is not implemented for `u64`
[INFO] [stdout]    |
[INFO] [stdout]    = help: `u64` implements trait `From<T>`:
[INFO] [stdout]              From<bool>
[INFO] [stdout]              From<char>
[INFO] [stdout]              From<std::ascii::Char>
[INFO] [stdout]              From<u16>
[INFO] [stdout]              From<u32>
[INFO] [stdout]              From<u8>
[INFO] [stdout] 
[INFO] [stdout] 
[INFO] [stdout] error[E0609]: no field `f_mntonname` on type `statfs`
[INFO] [stdout]   --> src/scan/volume.rs:31:44
[INFO] [stdout]    |
[INFO] [stdout] 31 |     let mount = unsafe { CStr::from_ptr(st.f_mntonname.as_ptr()) }
[INFO] [stdout]    |                                            ^^^^^^^^^^^ unknown field
[INFO] [stdout]    |
[INFO] [stdout]    = note: available fields are: `f_type`, `f_bsize`, `f_blocks`, `f_bfree`, `f_bavail` ... and 5 others
[INFO] [stdout] 
[INFO] [stdout] 
[INFO] [stdout] error[E0609]: no field `f_fstypename` on type `statfs`
[INFO] [stdout]   --> src/scan/volume.rs:34:45
[INFO] [stdout]    |
[INFO] [stdout] 34 |     let fstype = unsafe { CStr::from_ptr(st.f_fstypename.as_ptr()) }
[INFO] [stdout]    |                                             ^^^^^^^^^^^^ unknown field
[INFO] [stdout]    |
[INFO] [stdout]    = note: available fields are: `f_type`, `f_bsize`, `f_blocks`, `f_bfree`, `f_bavail` ... and 5 others
[INFO] [stdout] 
[INFO] [stdout] 
[INFO] [stdout] error[E0425]: cannot find type `attrgroup_t` in crate `libc`
[INFO] [stdout]   --> src/scan/listing.rs:63:29
[INFO] [stdout]    |
[INFO] [stdout] 63 | const ATTR_CMN_ERROR: libc::attrgroup_t = 0x2000_0000;
[INFO] [stdout]    |                             ^^^^^^^^^^^ not found in `libc`
[INFO] [stdout] 
[INFO] [stdout] 
[INFO] [stdout] error[E0425]: cannot find type `attrlist` in crate `libc`
[INFO] [stdout]   --> src/scan/listing.rs:97:23
[INFO] [stdout]    |
[INFO] [stdout] 97 |     let mut al: libc::attrlist = unsafe { std::mem::zeroed() };
[INFO] [stdout]    |                       ^^^^^^^^ not found in `libc`
[INFO] [stdout] 
[INFO] [stdout] 
[INFO] [stdout] error[E0425]: cannot find value `ATTR_BIT_MAP_COUNT` in crate `libc`
[INFO] [stdout]   --> src/scan/listing.rs:98:28
[INFO] [stdout]    |
[INFO] [stdout] 98 |     al.bitmapcount = libc::ATTR_BIT_MAP_COUNT;
[INFO] [stdout]    |                            ^^^^^^^^^^^^^^^^^^ not found in `libc`
[INFO] [stdout] 
[INFO] [stdout] 
[INFO] [stdout] error[E0425]: cannot find value `ATTR_CMN_RETURNED_ATTRS` in crate `libc`
[INFO] [stdout]   --> src/scan/listing.rs:99:27
[INFO] [stdout]    |
[INFO] [stdout] 99 |     al.commonattr = libc::ATTR_CMN_RETURNED_ATTRS
[INFO] [stdout]    |                           ^^^^^^^^^^^^^^^^^^^^^^^ not found in `libc`
[INFO] [stdout] 
[INFO] [stdout] 
[INFO] [stdout] error[E0425]: cannot find value `ATTR_CMN_NAME` in crate `libc`
[INFO] [stdout]    --> src/scan/listing.rs:101:17
[INFO] [stdout]     |
[INFO] [stdout] 101 |         | libc::ATTR_CMN_NAME
[INFO] [stdout]     |                 ^^^^^^^^^^^^^ not found in `libc`
[INFO] [stdout] 
[INFO] [stdout] 
[INFO] [stdout] error[E0425]: cannot find value `ATTR_CMN_DEVID` in crate `libc`
[INFO] [stdout]    --> src/scan/listing.rs:102:17
[INFO] [stdout]     |
[INFO] [stdout] 102 |         | libc::ATTR_CMN_DEVID
[INFO] [stdout]     |                 ^^^^^^^^^^^^^^ not found in `libc`
[INFO] [stdout] 
[INFO] [stdout] 
[INFO] [stdout] error[E0425]: cannot find value `ATTR_CMN_OBJTYPE` in crate `libc`
[INFO] [stdout]    --> src/scan/listing.rs:103:17
[INFO] [stdout]     |
[INFO] [stdout] 103 |         | libc::ATTR_CMN_OBJTYPE
[INFO] [stdout]     |                 ^^^^^^^^^^^^^^^^ not found in `libc`
[INFO] [stdout] 
[INFO] [stdout] 
[INFO] [stdout] error[E0425]: cannot find value `ATTR_CMN_FILEID` in crate `libc`
[INFO] [stdout]    --> src/scan/listing.rs:104:17
[INFO] [stdout]     |
[INFO] [stdout] 104 |         | libc::ATTR_CMN_FILEID;
[INFO] [stdout]     |                 ^^^^^^^^^^^^^^^ not found in `libc`
[INFO] [stdout] 
[INFO] [stdout] 
[INFO] [stdout] error[E0425]: cannot find value `ATTR_FILE_LINKCOUNT` in crate `libc`
[INFO] [stdout]    --> src/scan/listing.rs:105:25
[INFO] [stdout]     |
[INFO] [stdout] 105 |     al.fileattr = libc::ATTR_FILE_LINKCOUNT | libc::ATTR_FILE_TOTALSIZE | libc::ATTR_FILE_ALLOCSIZE;
[INFO] [stdout]     |                         ^^^^^^^^^^^^^^^^^^^ not found in `libc`
[INFO] [stdout] 
[INFO] [stdout] 
[INFO] [stdout] error[E0425]: cannot find value `ATTR_FILE_TOTALSIZE` in crate `libc`
[INFO] [stdout]    --> src/scan/listing.rs:105:53
[INFO] [stdout]     |
[INFO] [stdout] 105 |     al.fileattr = libc::ATTR_FILE_LINKCOUNT | libc::ATTR_FILE_TOTALSIZE | libc::ATTR_FILE_ALLOCSIZE;
[INFO] [stdout]     |                                                     ^^^^^^^^^^^^^^^^^^^ not found in `libc`
[INFO] [stdout] 
[INFO] [stdout] 
[INFO] [stdout] error[E0425]: cannot find value `ATTR_FILE_ALLOCSIZE` in crate `libc`
[INFO] [stdout]    --> src/scan/listing.rs:105:81
[INFO] [stdout]     |
[INFO] [stdout] 105 |     al.fileattr = libc::ATTR_FILE_LINKCOUNT | libc::ATTR_FILE_TOTALSIZE | libc::ATTR_FILE_ALLOCSIZE;
[INFO] [stdout]     |                                                                                 ^^^^^^^^^^^^^^^^^^^ not found in `libc`
[INFO] [stdout] 
[INFO] [stdout] 
[INFO] [stdout] error[E0425]: cannot find function `getattrlistbulk` in crate `libc`
[INFO] [stdout]    --> src/scan/listing.rs:111:19
[INFO] [stdout]     |
[INFO] [stdout] 111 |             libc::getattrlistbulk(
[INFO] [stdout]     |                   ^^^^^^^^^^^^^^^ not found in `libc`
[INFO] [stdout] 
[INFO] [stdout] 
[INFO] [stdout] error[E0425]: cannot find value `FSOPT_NOFOLLOW` in crate `libc`
[INFO] [stdout]    --> src/scan/listing.rs:116:33
[INFO] [stdout]     |
[INFO] [stdout] 116 |                 u64::from(libc::FSOPT_NOFOLLOW),
[INFO] [stdout]     |                                 ^^^^^^^^^^^^^^ not found in `libc`
[INFO] [stdout]     |
[INFO] [stdout] note: similarly named constant `O_NOFOLLOW` defined here
[INFO] [stdout]    --> /opt/rustwide/cargo-home/registry/src/index.crates.io-1949cf8c6b5b557f/libc-0.2.189/src/unix/linux_like/linux/gnu/b64/x86_64/mod.rs:527:1
[INFO] [stdout]     |
[INFO] [stdout] 527 | pub const O_NOFOLLOW: c_int = 0x20000;
[INFO] [stdout]     | ^^^^^^^^^^^^^^^^^^^^^^^^^^^
[INFO] [stdout] help: a constant with a similar name exists
[INFO] [stdout]     |
[INFO] [stdout] 116 -                 u64::from(libc::FSOPT_NOFOLLOW),
[INFO] [stdout] 116 +                 u64::from(libc::O_NOFOLLOW),
[INFO] [stdout]     |
[INFO] [stdout] 
[INFO] [stdout] 
[INFO] [stdout] error[E0425]: cannot find value `ATTR_CMN_NAME` in crate `libc`
[INFO] [stdout]    --> src/scan/listing.rs:159:36
[INFO] [stdout]     |
[INFO] [stdout] 159 |         if returned_common & libc::ATTR_CMN_NAME != 0 {
[INFO] [stdout]     |                                    ^^^^^^^^^^^^^ not found in `libc`
[INFO] [stdout] 
[INFO] [stdout] 
[INFO] [stdout] error[E0425]: cannot find value `ATTR_CMN_DEVID` in crate `libc`
[INFO] [stdout]    --> src/scan/listing.rs:169:36
[INFO] [stdout]     |
[INFO] [stdout] 169 |         if returned_common & libc::ATTR_CMN_DEVID != 0 {
[INFO] [stdout]     |                                    ^^^^^^^^^^^^^^ not found in `libc`
[INFO] [stdout] 
[INFO] [stdout] 
[INFO] [stdout] error[E0425]: cannot find value `ATTR_CMN_OBJTYPE` in crate `libc`
[INFO] [stdout]    --> src/scan/listing.rs:173:36
[INFO] [stdout]     |
[INFO] [stdout] 173 |         if returned_common & libc::ATTR_CMN_OBJTYPE != 0 {
[INFO] [stdout]     |                                    ^^^^^^^^^^^^^^^^ not found in `libc`
[INFO] [stdout] 
[INFO] [stdout] 
[INFO] [stdout] error[E0425]: cannot find value `ATTR_CMN_FILEID` in crate `libc`
[INFO] [stdout]    --> src/scan/listing.rs:181:36
[INFO] [stdout]     |
[INFO] [stdout] 181 |         if returned_common & libc::ATTR_CMN_FILEID != 0 {
[INFO] [stdout]     |                                    ^^^^^^^^^^^^^^^ not found in `libc`
[INFO] [stdout] 
[INFO] [stdout] 
[INFO] [stdout] error[E0425]: cannot find value `ATTR_FILE_LINKCOUNT` in crate `libc`
[INFO] [stdout]    --> src/scan/listing.rs:185:34
[INFO] [stdout]     |
[INFO] [stdout] 185 |         if returned_file & libc::ATTR_FILE_LINKCOUNT != 0 {
[INFO] [stdout]     |                                  ^^^^^^^^^^^^^^^^^^^ not found in `libc`
[INFO] [stdout] 
[INFO] [stdout] 
[INFO] [stdout] error[E0425]: cannot find value `ATTR_FILE_TOTALSIZE` in crate `libc`
[INFO] [stdout]    --> src/scan/listing.rs:189:34
[INFO] [stdout]     |
[INFO] [stdout] 189 |         if returned_file & libc::ATTR_FILE_TOTALSIZE != 0 {
[INFO] [stdout]     |                                  ^^^^^^^^^^^^^^^^^^^ not found in `libc`
[INFO] [stdout] 
[INFO] [stdout] 
[INFO] [stdout] error[E0425]: cannot find value `ATTR_FILE_ALLOCSIZE` in crate `libc`
[INFO] [stdout]    --> src/scan/listing.rs:193:34
[INFO] [stdout]     |
[INFO] [stdout] 193 |         if returned_file & libc::ATTR_FILE_ALLOCSIZE != 0 {
[INFO] [stdout]     |                                  ^^^^^^^^^^^^^^^^^^^ not found in `libc`
[INFO] [stdout] 
[INFO] [stdout] 
[INFO] [stdout] error[E0277]: the trait bound `u64: From<i64>` is not satisfied
[INFO] [stdout]   --> src/scan/volume.rs:29:14
[INFO] [stdout]    |
[INFO] [stdout] 29 |     let bs = u64::from(st.f_bsize);
[INFO] [stdout]    |              ^^^ the trait `From<i64>` is not implemented for `u64`
[INFO] [stdout]    |
[INFO] [stdout]    = help: `u64` implements trait `From<T>`:
[INFO] [stdout]              From<bool>
[INFO] [stdout]              From<char>
[INFO] [stdout]              From<std::ascii::Char>
[INFO] [stdout]              From<u16>
[INFO] [stdout]              From<u32>
[INFO] [stdout]              From<u8>
[INFO] [stdout] 
[INFO] [stdout] 
[INFO] [stdout] error[E0609]: no field `f_mntonname` on type `statfs`
[INFO] [stdout]   --> src/scan/volume.rs:31:44
[INFO] [stdout]    |
[INFO] [stdout] 31 |     let mount = unsafe { CStr::from_ptr(st.f_mntonname.as_ptr()) }
[INFO] [stdout]    |                                            ^^^^^^^^^^^ unknown field
[INFO] [stdout]    |
[INFO] [stdout]    = note: available fields are: `f_type`, `f_bsize`, `f_blocks`, `f_bfree`, `f_bavail` ... and 5 others
[INFO] [stdout] 
[INFO] [stdout] 
[INFO] [stdout] error[E0609]: no field `f_fstypename` on type `statfs`
[INFO] [stdout]   --> src/scan/volume.rs:34:45
[INFO] [stdout]    |
[INFO] [stdout] 34 |     let fstype = unsafe { CStr::from_ptr(st.f_fstypename.as_ptr()) }
[INFO] [stdout]    |                                             ^^^^^^^^^^^^ unknown field
[INFO] [stdout]    |
[INFO] [stdout]    = note: available fields are: `f_type`, `f_bsize`, `f_blocks`, `f_bfree`, `f_bavail` ... and 5 others
[INFO] [stdout] 
[INFO] [stdout] 
[INFO] [stdout] Some errors have detailed explanations: E0277, E0425, E0609.
[INFO] [stdout] 
[INFO] [stdout] For more information about an error, try `rustc --explain E0277`.
[INFO] [stdout] 
[INFO] [stderr] error: could not compile `diskscan` (lib test) due to 24 previous errors
[INFO] [stderr] warning: build failed, waiting for other jobs to finish...
[INFO] [stdout] Some errors have detailed explanations: E0277, E0425, E0609.
[INFO] [stdout] 
[INFO] [stdout] For more information about an error, try `rustc --explain E0277`.
[INFO] [stdout] 
[INFO] [stderr] error: could not compile `diskscan` (lib) due to 24 previous errors
[INFO] running `Command { std: "docker" "inspect" "7d6d8787720f4d0d634e263776de790bccee04fa2ec34cbcb81023d6afc6a42e", kill_on_drop: false }`
[INFO] running `Command { std: "docker" "rm" "-f" "7d6d8787720f4d0d634e263776de790bccee04fa2ec34cbcb81023d6afc6a42e", kill_on_drop: false }`
[INFO] [stdout] 7d6d8787720f4d0d634e263776de790bccee04fa2ec34cbcb81023d6afc6a42e
