[INFO] cloning repository https://github.com/bassprofressor-lab/cyberbrain
[INFO] running `Command { std: "git" "-c" "credential.helper=" "-c" "credential.helper=/workspace/cargo-home/bin/git-credential-null" "clone" "--bare" "https://github.com/bassprofressor-lab/cyberbrain" "/workspace/cache/git-repos/https%3A%2F%2Fgithub.com%2Fbassprofressor-lab%2Fcyberbrain", kill_on_drop: false }`
[INFO] [stderr] Cloning into bare repository '/workspace/cache/git-repos/https%3A%2F%2Fgithub.com%2Fbassprofressor-lab%2Fcyberbrain'...
[INFO] running `Command { std: "git" "rev-parse" "HEAD", kill_on_drop: false }`
[INFO] [stdout] bfb9c60d5069a20f9be176148c40c96f4ff0019c
[INFO] checking bassprofressor-lab/cyberbrain against 3154cc1a3e6424e44f438a95007d043ed5ceaaf6 for pr-133502-30
[INFO] running `Command { std: "git" "clone" "/workspace/cache/git-repos/https%3A%2F%2Fgithub.com%2Fbassprofressor-lab%2Fcyberbrain" "/workspace/builds/worker-6-tc2/source", kill_on_drop: false }`
[INFO] [stderr] Cloning into '/workspace/builds/worker-6-tc2/source'...
[INFO] [stderr] done.
[INFO] removed /workspace/builds/worker-6-tc2/source/rust-toolchain.toml
[INFO] started tweaking git repo https://github.com/bassprofressor-lab/cyberbrain
[INFO] finished tweaking git repo https://github.com/bassprofressor-lab/cyberbrain
[INFO] tweaked toml for git repo https://github.com/bassprofressor-lab/cyberbrain written to /workspace/builds/worker-6-tc2/source/Cargo.toml
[INFO] validating manifest of git repo https://github.com/bassprofressor-lab/cyberbrain on toolchain 3154cc1a3e6424e44f438a95007d043ed5ceaaf6
[INFO] running `Command { std: CARGO_HOME="/workspace/cargo-home" RUSTUP_HOME="/workspace/rustup-home" "/workspace/cargo-home/bin/cargo" "+3154cc1a3e6424e44f438a95007d043ed5ceaaf6" "metadata" "--manifest-path" "Cargo.toml" "--no-deps", kill_on_drop: false }`
[INFO] crate git repo https://github.com/bassprofressor-lab/cyberbrain already has a lockfile, it will not be regenerated
[INFO] running `Command { std: CARGO_HOME="/workspace/cargo-home" RUSTUP_HOME="/workspace/rustup-home" "/workspace/cargo-home/bin/cargo" "+3154cc1a3e6424e44f438a95007d043ed5ceaaf6" "fetch" "--manifest-path" "Cargo.toml", kill_on_drop: false }`
[INFO] running `Command { std: "docker" "create" "-v" "/var/lib/crater-agent-workspace/builds/worker-6-tc2/source:/opt/rustwide/workdir:ro,Z" "-v" "/var/lib/crater-agent-workspace/builds/worker-6-tc2/target:/opt/rustwide/target:rw,Z" "-v" "/var/lib/crater-agent-workspace/cargo-home:/opt/rustwide/cargo-home:ro,Z" "-v" "/var/lib/crater-agent-workspace/rustup-home:/opt/rustwide/rustup-home:ro,Z" "-m" "1610612736" "--network" "none" "ghcr.io/rust-lang/crates-build-env/linux@sha256:77db811e55d90add9212f6832c23229e3de5f1c1f9905e8cb07319ea15df73ac" "sleep" "infinity", kill_on_drop: false }`
[INFO] [stdout] 2225786ec83a3b1201bf467396419802b4bf5cf03306173812ab395fc6851ca1
[INFO] running `Command { std: "docker" "start" "2225786ec83a3b1201bf467396419802b4bf5cf03306173812ab395fc6851ca1", kill_on_drop: false }`
[INFO] running `Command { std: "docker" "inspect" "2225786ec83a3b1201bf467396419802b4bf5cf03306173812ab395fc6851ca1", kill_on_drop: false }`
[INFO] running `Command { std: "docker" "exec" "-e" "SOURCE_DIR=/opt/rustwide/workdir" "-e" "CARGO_HOME=/opt/rustwide/cargo-home" "-e" "RUSTUP_HOME=/opt/rustwide/rustup-home" "-e" "CARGO_TARGET_DIR=/opt/rustwide/target" "-w" "/opt/rustwide/workdir" "--user" "0:0" "2225786ec83a3b1201bf467396419802b4bf5cf03306173812ab395fc6851ca1" "/opt/rustwide/cargo-home/bin/cargo" "+3154cc1a3e6424e44f438a95007d043ed5ceaaf6" "metadata" "--no-deps" "--format-version=1", kill_on_drop: false }`
[INFO] running `Command { std: "docker" "inspect" "2225786ec83a3b1201bf467396419802b4bf5cf03306173812ab395fc6851ca1", kill_on_drop: false }`
[INFO] running `Command { std: "docker" "exec" "-e" "SOURCE_DIR=/opt/rustwide/workdir" "-e" "CARGO_HOME=/opt/rustwide/cargo-home" "-e" "RUSTUP_HOME=/opt/rustwide/rustup-home" "-e" "CARGO_TARGET_DIR=/opt/rustwide/target" "-e" "CARGO_INCREMENTAL=0" "-e" "RUST_BACKTRACE=full" "-e" "RUSTFLAGS=--cap-lints=forbid" "-e" "RUSTDOCFLAGS=--cap-lints=forbid" "-w" "/opt/rustwide/workdir" "--user" "0:0" "2225786ec83a3b1201bf467396419802b4bf5cf03306173812ab395fc6851ca1" "/opt/rustwide/cargo-home/bin/cargo" "+3154cc1a3e6424e44f438a95007d043ed5ceaaf6" "check" "--frozen" "--all" "--all-targets" "--message-format=json", kill_on_drop: false }`
[INFO] [stderr]    Compiling syn v3.0.5
[INFO] [stderr]    Compiling find-msvc-tools v0.1.12
[INFO] [stderr]     Checking hashbrown v0.17.1
[INFO] [stderr]     Checking aho-corasick v1.1.5
[INFO] [stderr]     Checking mio v1.2.3
[INFO] [stderr]     Checking toml_datetime v1.1.1+spec-1.1.0
[INFO] [stderr]     Checking serde_spanned v1.1.1
[INFO] [stderr]     Checking toml_parser v1.1.3+spec-1.1.0
[INFO] [stderr]    Compiling tracing-attributes v0.1.31
[INFO] [stderr]     Checking toml_writer v1.1.2+spec-1.1.0
[INFO] [stderr]     Checking bstr v1.13.1
[INFO] [stderr]    Compiling serde_json v1.0.151
[INFO] [stderr]     Checking jiff v0.2.35
[INFO] [stderr]     Checking ctutils v0.4.2
[INFO] [stderr]     Checking futures-util v0.3.34
[INFO] [stderr]     Checking getrandom v0.2.17
[INFO] [stderr]     Checking hybrid-array v0.4.14
[INFO] [stderr]     Checking subtle v2.6.1
[INFO] [stderr]    Compiling cc v1.4.5
[INFO] [stderr]    Compiling rustls v0.23.45
[INFO] [stderr]    Compiling zerocopy v0.8.56
[INFO] [stderr]     Checking rustls-native-certs v0.8.4
[INFO] [stderr]    Compiling darling_core v0.20.11
[INFO] [stderr]     Checking tempfile v3.27.0
[INFO] [stderr]     Checking either v1.18.0
[INFO] [stderr]    Compiling mime_guess v2.0.5
[INFO] [stderr]     Checking toml v1.1.5+spec-1.1.0
[INFO] [stderr]     Checking crypto-common v0.1.7
[INFO] [stderr]    Compiling ahash v0.8.12
[INFO] [stderr]    Compiling option-ext v0.2.0
[INFO] [stderr]    Compiling esaxx-rs v0.1.10
[INFO] [stderr]     Checking bit-vec v0.8.0
[INFO] [stderr]     Checking rayon v1.12.0
[INFO] [stderr]     Checking itertools v0.14.0
[INFO] [stderr]     Checking bit-set v0.8.0
[INFO] [stderr]     Checking nom v7.1.3
[INFO] [stderr]     Checking indexmap v2.14.2
[INFO] [stderr]    Compiling dirs-sys v0.5.0
[INFO] [stderr]     Checking crypto-common v0.2.2
[INFO] [stderr]     Checking regex-automata v0.4.18
[INFO] [stderr]     Checking block-buffer v0.12.1
[INFO] [stderr]     Checking digest v0.10.7
[INFO] [stderr]     Checking castaway v0.2.4
[INFO] [stderr]    Compiling monostate-impl v0.1.18
[INFO] [stderr]     Checking tracing v0.1.44
[INFO] [stderr]    Compiling pastey v0.2.3
[INFO] [stderr]    Compiling cpufeatures v0.3.1
[INFO] [stderr]    Compiling macro_rules_attribute-proc_macro v0.2.3
[INFO] [stderr]     Checking sha1 v0.10.7
[INFO] [stderr]    Compiling blake3 v1.8.7
[INFO] [stderr]    Compiling ring v0.17.14
[INFO] [stderr]    Compiling libsqlite3-sys v0.38.2
[INFO] [stderr]    Compiling digest v0.11.3
[INFO] [stderr]     Checking monostate v0.1.18
[INFO] [stderr]    Compiling sha2 v0.11.0
[INFO] [stderr]     Checking macro_rules_attribute v0.2.3
[INFO] [stderr]     Checking hashbrown v0.16.1
[INFO] [stderr]    Compiling dirs v6.0.0
[INFO] [stderr]    Compiling curve25519-dalek v5.0.0
[INFO] [stderr]     Checking hashlink v0.12.1
[INFO] [stderr]     Checking unicode-normalization-alignments v0.1.12
[INFO] [stderr]     Checking daachorse v3.0.3
[INFO] [stderr]    Compiling mime v0.3.17
[INFO] [stderr]     Checking unicode_categories v0.1.1
[INFO] [stderr]     Checking time v0.3.55
[INFO] [stderr]     Checking phc v0.6.1
[INFO] [stderr]    Compiling rust-embed-utils v8.12.0
[INFO] [stderr]    Compiling shellexpand v3.1.2
[INFO] [stderr]    Compiling curve25519-dalek-derive v0.1.1
[INFO] [stderr]     Checking base64 v0.23.1
[INFO] [stderr]     Checking signature v3.0.0
[INFO] [stderr]     Checking clap_builder v4.6.6
[INFO] [stderr]     Checking ed25519 v3.0.0
[INFO] [stderr]     Checking password-hash v0.6.1
[INFO] [stderr]     Checking blake2 v0.11.0
[INFO] [stderr]    Compiling rust-embed-impl v8.12.0
[INFO] [stderr]     Checking axum-core v0.5.6
[INFO] [stderr]     Checking tracing-log v0.2.0
[INFO] [stderr]     Checking pem v4.0.0
[INFO] [stderr]    Compiling cyberbrain v0.7.8 (/opt/rustwide/workdir/crates/cyberbrain)
[INFO] [stderr]     Checking matchit v0.8.4
[INFO] [stderr]     Checking http-range-header v0.4.2
[INFO] [stderr]     Checking argon2 v0.6.0
[INFO] [stderr]     Checking tracing-subscriber v0.3.23
[INFO] [stderr]     Checking globset v0.4.20
[INFO] [stderr]     Checking regex v1.13.1
[INFO] [stderr]     Checking fancy-regex v0.17.0
[INFO] [stderr]     Checking yasna v0.6.0
[INFO] [stderr] warning: cyberbrain@0.7.8: ui/dist is missing; `cyberbrain serve` will have no UI
[INFO] [stderr]     Checking rust-embed v8.12.0
[INFO] [stderr]    Compiling darling_macro v0.20.11
[INFO] [stderr]     Checking ignore v0.4.33
[INFO] [stderr]     Checking rayon-cond v0.4.0
[INFO] [stderr]    Compiling darling v0.20.11
[INFO] [stderr]    Compiling derive_builder_core v0.20.2
[INFO] [stderr]     Checking ed25519-dalek v3.0.0
[INFO] [stderr]    Compiling serde_derive v1.0.229
[INFO] [stderr]    Compiling zerovec-derive v0.11.6
[INFO] [stderr]    Compiling displaydoc v0.2.7
[INFO] [stderr]    Compiling thiserror-impl v2.0.20
[INFO] [stderr]    Compiling tokio-macros v2.7.2
[INFO] [stderr]    Compiling clap_derive v4.6.4
[INFO] [stderr]    Compiling derive_builder_macro v0.20.2
[INFO] [stderr]     Checking ppv-lite86 v0.2.21
[INFO] [stderr]     Checking derive_builder v0.20.2
[INFO] [stderr]     Checking zerotrie v0.2.5
[INFO] [stderr]     Checking tokio v1.53.1
[INFO] [stderr]     Checking rand_chacha v0.9.0
[INFO] [stderr]     Checking zerovec v0.11.8
[INFO] [stderr]     Checking rand v0.9.5
[INFO] [stderr]     Checking thiserror v2.0.20
[INFO] [stderr]     Checking tinystr v0.8.4
[INFO] [stderr]     Checking potential_utf v0.1.6
[INFO] [stderr]     Checking icu_collections v2.3.0
[INFO] [stderr]     Checking icu_locale_core v2.3.0
[INFO] [stderr]     Checking tungstenite v0.29.0
[INFO] [stderr]     Checking clap v4.6.6
[INFO] [stderr]     Checking rustls-webpki v0.103.15
[INFO] [stderr]     Checking rcgen v0.14.10
[INFO] [stderr]     Checking serde v1.0.229
[INFO] [stderr]     Checking icu_provider v2.3.1
[INFO] [stderr]     Checking icu_normalizer v2.3.0
[INFO] [stderr]     Checking icu_properties v2.3.0
[INFO] [stderr]     Checking serde_yaml_ng v0.10.0
[INFO] [stderr]     Checking ulid v3.0.0
[INFO] [stderr]     Checking compact_str v0.9.1
[INFO] [stderr]     Checking spm_precompiled v0.1.4
[INFO] [stderr]     Checking dary_heap v0.3.9
[INFO] [stderr]     Checking safetensors v0.8.0
[INFO] [stderr]     Checking serde_urlencoded v0.7.1
[INFO] [stderr]     Checking cyberbrain-desktop v0.7.8 (/opt/rustwide/workdir/crates/cyberbrain-desktop)
[INFO] [stderr]     Checking tokenizers v0.23.2
[INFO] [stderr]     Checking cyberbrain-core v0.7.8 (/opt/rustwide/workdir/crates/cyberbrain-core)
[INFO] [stderr]     Checking idna_adapter v1.2.2
[INFO] [stderr]     Checking idna v1.1.0
[INFO] [stderr]     Checking url v2.5.8
[INFO] [stderr]     Checking tokio-util v0.7.19
[INFO] [stderr]     Checking tower v0.5.3
[INFO] [stderr]     Checking tokio-tungstenite v0.29.0
[INFO] [stderr]     Checking h2 v0.4.19
[INFO] [stderr]     Checking tower-http v0.7.1
[INFO] [stderr]     Checking tower-http v0.6.11
[INFO] [stderr]     Checking cyberbrain-code v0.7.8 (/opt/rustwide/workdir/crates/cyberbrain-code)
[INFO] [stderr]     Checking tokio-rustls v0.26.5
[INFO] [stderr]     Checking rustls-platform-verifier v0.7.0
[INFO] [stderr]     Checking rusqlite v0.40.2
[INFO] [stderr]     Checking cyberbrain-index v0.7.8 (/opt/rustwide/workdir/crates/cyberbrain-index)
[INFO] [stderr]     Checking cyberbrain-embed v0.7.8 (/opt/rustwide/workdir/crates/cyberbrain-embed)
[INFO] [stderr]     Checking hyper v1.11.1
[INFO] [stderr]     Checking hyper-util v0.1.20
[INFO] [stderr]     Checking hyper-rustls v0.27.9
[INFO] [stderr]     Checking axum v0.8.9
[INFO] [stderr]     Checking reqwest v0.13.4
[INFO] [stderr]     Checking cyberbrain-llm v0.7.8 (/opt/rustwide/workdir/crates/cyberbrain-llm)
[INFO] [stderr]     Checking cyberbrain-policy v0.7.8 (/opt/rustwide/workdir/crates/cyberbrain-policy)
[INFO] [stdout] error: #[derive(RustEmbed)] folder '/opt/rustwide/workdir/crates/cyberbrain/../../ui/dist' does not exist. cwd: '/opt/rustwide/workdir'
[INFO] [stdout]   --> crates/cyberbrain/src/serve/assets.rs:17:1
[INFO] [stdout]    |
[INFO] [stdout] 17 | / /// The folder comes from `build.rs` rather than a literal, because it is `ui/dist` in a
[INFO] [stdout] 18 | | /// checkout and `crates/cyberbrain/ui-dist` in a published crate; see `ui_dir` there.
[INFO] [stdout] 19 | | #[cfg(feature = "ui")]
[INFO] [stdout] 20 | | #[derive(rust_embed::RustEmbed)]
[INFO] [stdout] 21 | | #[folder = "$CYBERBRAIN_UI_DIR"]
[INFO] [stdout] 22 | | pub struct Ui;
[INFO] [stdout]    | |______________^
[INFO] [stdout] 
[INFO] [stdout] 
[INFO] [stdout] error: #[derive(RustEmbed)] folder '/opt/rustwide/workdir/crates/cyberbrain/../../ui/dist' does not exist. cwd: '/opt/rustwide/workdir'
[INFO] [stdout]   --> crates/cyberbrain/src/serve/assets.rs:17:1
[INFO] [stdout]    |
[INFO] [stdout] 17 | / /// The folder comes from `build.rs` rather than a literal, because it is `ui/dist` in a
[INFO] [stdout] 18 | | /// checkout and `crates/cyberbrain/ui-dist` in a published crate; see `ui_dir` there.
[INFO] [stdout] 19 | | #[cfg(feature = "ui")]
[INFO] [stdout] 20 | | #[derive(rust_embed::RustEmbed)]
[INFO] [stdout] 21 | | #[folder = "$CYBERBRAIN_UI_DIR"]
[INFO] [stdout] 22 | | pub struct Ui;
[INFO] [stdout]    | |______________^
[INFO] [stdout] 
[INFO] [stdout] 
[INFO] [stdout] error[E0599]: no associated function or constant named `get` found for struct `Ui` in the current scope
[INFO] [stdout]    --> crates/cyberbrain/src/serve/assets.rs:155:30
[INFO] [stdout]     |
[INFO] [stdout]  22 | pub struct Ui;
[INFO] [stdout]     | ------------- associated function or constant `get` not found for this struct
[INFO] [stdout] ...
[INFO] [stdout] 155 |         if let Some(f) = Ui::get(&path) {
[INFO] [stdout]     |                              ^^^ associated function or constant not found in `Ui`
[INFO] [stdout]     |
[INFO] [stdout]     = help: items from traits can only be used if the trait is implemented and in scope
[INFO] [stdout]     = note: the following traits define an item `get`, perhaps you need to implement one of them:
[INFO] [stdout]             candidate #1: `FallibleStreamingIterator`
[INFO] [stdout]             candidate #2: `RustEmbed`
[INFO] [stdout]             candidate #3: `SliceIndex`
[INFO] [stdout]             candidate #4: `StoresServerSessions`
[INFO] [stdout]             candidate #5: `icu_collections::codepointtrie::cptrie::TypedCodePointTrie`
[INFO] [stdout]             candidate #6: `icu_properties::names::PropertyEnumToValueNameLookup`
[INFO] [stdout]             candidate #7: `icu_provider::baked::DataStore`
[INFO] [stdout]             candidate #8: `itertools::Itertools`
[INFO] [stdout]             candidate #9: `toml_parser::source::SourceIndex`
[INFO] [stdout] 
[INFO] [stdout] 
[INFO] [stdout] error[E0599]: no associated function or constant named `get` found for struct `Ui` in the current scope
[INFO] [stdout]    --> crates/cyberbrain/src/serve/assets.rs:160:38
[INFO] [stdout]     |
[INFO] [stdout]  22 | pub struct Ui;
[INFO] [stdout]     | ------------- associated function or constant `get` not found for this struct
[INFO] [stdout] ...
[INFO] [stdout] 160 |             && let Some(index) = Ui::get("index.html")
[INFO] [stdout]     |                                      ^^^ associated function or constant not found in `Ui`
[INFO] [stdout]     |
[INFO] [stdout]     = help: items from traits can only be used if the trait is implemented and in scope
[INFO] [stdout]     = note: the following traits define an item `get`, perhaps you need to implement one of them:
[INFO] [stdout]             candidate #1: `FallibleStreamingIterator`
[INFO] [stdout]             candidate #2: `RustEmbed`
[INFO] [stdout]             candidate #3: `SliceIndex`
[INFO] [stdout]             candidate #4: `StoresServerSessions`
[INFO] [stdout]             candidate #5: `icu_collections::codepointtrie::cptrie::TypedCodePointTrie`
[INFO] [stdout]             candidate #6: `icu_properties::names::PropertyEnumToValueNameLookup`
[INFO] [stdout]             candidate #7: `icu_provider::baked::DataStore`
[INFO] [stdout]             candidate #8: `itertools::Itertools`
[INFO] [stdout]             candidate #9: `toml_parser::source::SourceIndex`
[INFO] [stdout] 
[INFO] [stdout] 
[INFO] [stdout] error[E0599]: no associated function or constant named `get` found for struct `Ui` in the current scope
[INFO] [stdout]    --> crates/cyberbrain/src/serve/assets.rs:155:30
[INFO] [stdout]     |
[INFO] [stdout]  22 | pub struct Ui;
[INFO] [stdout]     | ------------- associated function or constant `get` not found for this struct
[INFO] [stdout] ...
[INFO] [stdout] 155 |         if let Some(f) = Ui::get(&path) {
[INFO] [stdout]     |                              ^^^ associated function or constant not found in `Ui`
[INFO] [stdout]     |
[INFO] [stdout]     = help: items from traits can only be used if the trait is implemented and in scope
[INFO] [stdout]     = note: the following traits define an item `get`, perhaps you need to implement one of them:
[INFO] [stdout]             candidate #1: `FallibleStreamingIterator`
[INFO] [stdout]             candidate #2: `RustEmbed`
[INFO] [stdout]             candidate #3: `SliceIndex`
[INFO] [stdout]             candidate #4: `StoresServerSessions`
[INFO] [stdout]             candidate #5: `icu_collections::codepointtrie::cptrie::TypedCodePointTrie`
[INFO] [stdout]             candidate #6: `icu_properties::names::PropertyEnumToValueNameLookup`
[INFO] [stdout]             candidate #7: `icu_provider::baked::DataStore`
[INFO] [stdout]             candidate #8: `itertools::Itertools`
[INFO] [stdout]             candidate #9: `toml_parser::source::SourceIndex`
[INFO] [stdout] 
[INFO] [stdout] 
[INFO] [stdout] error[E0599]: no associated function or constant named `get` found for struct `Ui` in the current scope
[INFO] [stdout]    --> crates/cyberbrain/src/serve/assets.rs:160:38
[INFO] [stdout]     |
[INFO] [stdout]  22 | pub struct Ui;
[INFO] [stdout]     | ------------- associated function or constant `get` not found for this struct
[INFO] [stdout] ...
[INFO] [stdout] 160 |             && let Some(index) = Ui::get("index.html")
[INFO] [stdout]     |                                      ^^^ associated function or constant not found in `Ui`
[INFO] [stdout]     |
[INFO] [stdout]     = help: items from traits can only be used if the trait is implemented and in scope
[INFO] [stdout]     = note: the following traits define an item `get`, perhaps you need to implement one of them:
[INFO] [stdout]             candidate #1: `FallibleStreamingIterator`
[INFO] [stdout]             candidate #2: `RustEmbed`
[INFO] [stdout]             candidate #3: `SliceIndex`
[INFO] [stdout]             candidate #4: `StoresServerSessions`
[INFO] [stdout]             candidate #5: `icu_collections::codepointtrie::cptrie::TypedCodePointTrie`
[INFO] [stdout]             candidate #6: `icu_properties::names::PropertyEnumToValueNameLookup`
[INFO] [stdout]             candidate #7: `icu_provider::baked::DataStore`
[INFO] [stdout]             candidate #8: `itertools::Itertools`
[INFO] [stdout]             candidate #9: `toml_parser::source::SourceIndex`
[INFO] [stdout] 
[INFO] [stdout] 
[INFO] [stdout] error[E0599]: no associated function or constant named `get` found for struct `Ui` in the current scope
[INFO] [stdout]   --> crates/cyberbrain/src/serve/assets.rs:40:21
[INFO] [stdout]    |
[INFO] [stdout] 22 | pub struct Ui;
[INFO] [stdout]    | ------------- associated function or constant `get` not found for this struct
[INFO] [stdout] ...
[INFO] [stdout] 40 |     let index = Ui::get("index.html")?;
[INFO] [stdout]    |                     ^^^ associated function or constant not found in `Ui`
[INFO] [stdout]    |
[INFO] [stdout]    = help: items from traits can only be used if the trait is implemented and in scope
[INFO] [stdout]    = note: the following traits define an item `get`, perhaps you need to implement one of them:
[INFO] [stdout]            candidate #1: `FallibleStreamingIterator`
[INFO] [stdout]            candidate #2: `RustEmbed`
[INFO] [stdout]            candidate #3: `SliceIndex`
[INFO] [stdout]            candidate #4: `StoresServerSessions`
[INFO] [stdout]            candidate #5: `icu_collections::codepointtrie::cptrie::TypedCodePointTrie`
[INFO] [stdout]            candidate #6: `icu_properties::names::PropertyEnumToValueNameLookup`
[INFO] [stdout]            candidate #7: `icu_provider::baked::DataStore`
[INFO] [stdout]            candidate #8: `itertools::Itertools`
[INFO] [stdout]            candidate #9: `toml_parser::source::SourceIndex`
[INFO] [stdout] 
[INFO] [stdout] 
[INFO] [stdout] error[E0599]: no associated function or constant named `get` found for struct `Ui` in the current scope
[INFO] [stdout]    --> crates/cyberbrain/src/serve/assets.rs:183:13
[INFO] [stdout]     |
[INFO] [stdout]  22 | pub struct Ui;
[INFO] [stdout]     | ------------- associated function or constant `get` not found for this struct
[INFO] [stdout] ...
[INFO] [stdout] 183 |         Ui::get("index.html").is_some()
[INFO] [stdout]     |             ^^^ associated function or constant not found in `Ui`
[INFO] [stdout]     |
[INFO] [stdout]     = help: items from traits can only be used if the trait is implemented and in scope
[INFO] [stdout]     = note: the following traits define an item `get`, perhaps you need to implement one of them:
[INFO] [stdout]             candidate #1: `FallibleStreamingIterator`
[INFO] [stdout]             candidate #2: `RustEmbed`
[INFO] [stdout]             candidate #3: `SliceIndex`
[INFO] [stdout]             candidate #4: `StoresServerSessions`
[INFO] [stdout]             candidate #5: `icu_collections::codepointtrie::cptrie::TypedCodePointTrie`
[INFO] [stdout]             candidate #6: `icu_properties::names::PropertyEnumToValueNameLookup`
[INFO] [stdout]             candidate #7: `icu_provider::baked::DataStore`
[INFO] [stdout]             candidate #8: `itertools::Itertools`
[INFO] [stdout]             candidate #9: `toml_parser::source::SourceIndex`
[INFO] [stdout] 
[INFO] [stdout] 
[INFO] [stdout] error[E0599]: no associated function or constant named `get` found for struct `Ui` in the current scope
[INFO] [stdout]   --> crates/cyberbrain/src/serve/assets.rs:40:21
[INFO] [stdout]    |
[INFO] [stdout] 22 | pub struct Ui;
[INFO] [stdout]    | ------------- associated function or constant `get` not found for this struct
[INFO] [stdout] ...
[INFO] [stdout] 40 |     let index = Ui::get("index.html")?;
[INFO] [stdout]    |                     ^^^ associated function or constant not found in `Ui`
[INFO] [stdout]    |
[INFO] [stdout]    = help: items from traits can only be used if the trait is implemented and in scope
[INFO] [stdout]    = note: the following traits define an item `get`, perhaps you need to implement one of them:
[INFO] [stdout]            candidate #1: `FallibleStreamingIterator`
[INFO] [stdout]            candidate #2: `RustEmbed`
[INFO] [stdout]            candidate #3: `SliceIndex`
[INFO] [stdout]            candidate #4: `StoresServerSessions`
[INFO] [stdout]            candidate #5: `icu_collections::codepointtrie::cptrie::TypedCodePointTrie`
[INFO] [stdout]            candidate #6: `icu_properties::names::PropertyEnumToValueNameLookup`
[INFO] [stdout]            candidate #7: `icu_provider::baked::DataStore`
[INFO] [stdout]            candidate #8: `itertools::Itertools`
[INFO] [stdout]            candidate #9: `toml_parser::source::SourceIndex`
[INFO] [stdout] 
[INFO] [stdout] 
[INFO] [stdout] error[E0599]: no associated function or constant named `get` found for struct `Ui` in the current scope
[INFO] [stdout]    --> crates/cyberbrain/src/serve/assets.rs:183:13
[INFO] [stdout]     |
[INFO] [stdout]  22 | pub struct Ui;
[INFO] [stdout]     | ------------- associated function or constant `get` not found for this struct
[INFO] [stdout] ...
[INFO] [stdout] 183 |         Ui::get("index.html").is_some()
[INFO] [stdout]     |             ^^^ associated function or constant not found in `Ui`
[INFO] [stdout]     |
[INFO] [stdout]     = help: items from traits can only be used if the trait is implemented and in scope
[INFO] [stdout]     = note: the following traits define an item `get`, perhaps you need to implement one of them:
[INFO] [stdout]             candidate #1: `FallibleStreamingIterator`
[INFO] [stdout]             candidate #2: `RustEmbed`
[INFO] [stdout]             candidate #3: `SliceIndex`
[INFO] [stdout]             candidate #4: `StoresServerSessions`
[INFO] [stdout]             candidate #5: `icu_collections::codepointtrie::cptrie::TypedCodePointTrie`
[INFO] [stdout]             candidate #6: `icu_properties::names::PropertyEnumToValueNameLookup`
[INFO] [stdout]             candidate #7: `icu_provider::baked::DataStore`
[INFO] [stdout]             candidate #8: `itertools::Itertools`
[INFO] [stdout]             candidate #9: `toml_parser::source::SourceIndex`
[INFO] [stdout] 
[INFO] [stdout] 
[INFO] [stdout] For more information about this error, try `rustc --explain E0599`.
[INFO] [stdout] 
[INFO] [stderr] warning: cyberbrain@0.7.8: ui/dist is missing; `cyberbrain serve` will have no UI
[INFO] [stderr] error: could not compile `cyberbrain` (bin "cyberbrain") due to 5 previous errors
[INFO] [stderr] warning: build failed, waiting for other jobs to finish...
[INFO] [stdout] For more information about this error, try `rustc --explain E0599`.
[INFO] [stdout] 
[INFO] [stderr] warning: cyberbrain@0.7.8: ui/dist is missing; `cyberbrain serve` will have no UI
[INFO] [stderr] error: could not compile `cyberbrain` (bin "cyberbrain" test) due to 5 previous errors
[INFO] [stderr] warning: unused dependency `anyhow`
[INFO] [stderr]   --> crates/cyberbrain/Cargo.toml:25:1
[INFO] [stderr]    |
[INFO] [stderr] 25 | anyhow = "1.0.104"
[INFO] [stderr]    | ^^^^^^^^^^^^^^^^^^
[INFO] [stderr]    |
[INFO] [stderr]    = note: `cargo::unused_dependencies` is set to `warn` by default
[INFO] [stderr] help: consider removing the dependency on `anyhow`
[INFO] [stderr] warning: unused dependency `tracing-subscriber`
[INFO] [stderr]   --> crates/cyberbrain/Cargo.toml:54:1
[INFO] [stderr]    |
[INFO] [stderr] 54 | tracing-subscriber = "0.3.23"
[INFO] [stderr]    | ^^^^^^^^^^^^^^^^^^^^^^^^^^^^^
[INFO] [stderr]    |
[INFO] [stderr] help: consider removing the dependency on `tracing-subscriber`
[INFO] [stderr] warning: `cyberbrain` (manifest) generated 2 warnings
[INFO] running `Command { std: "docker" "inspect" "2225786ec83a3b1201bf467396419802b4bf5cf03306173812ab395fc6851ca1", kill_on_drop: false }`
[INFO] running `Command { std: "docker" "rm" "-f" "2225786ec83a3b1201bf467396419802b4bf5cf03306173812ab395fc6851ca1", kill_on_drop: false }`
[INFO] [stdout] 2225786ec83a3b1201bf467396419802b4bf5cf03306173812ab395fc6851ca1
