[INFO] cloning repository https://github.com/barbariand/dead_kitten
[INFO] running `Command { std: "git" "-c" "credential.helper=" "-c" "credential.helper=/workspace/cargo-home/bin/git-credential-null" "clone" "--bare" "https://github.com/barbariand/dead_kitten" "/workspace/cache/git-repos/https%3A%2F%2Fgithub.com%2Fbarbariand%2Fdead_kitten", kill_on_drop: false }`
[INFO] [stderr] Cloning into bare repository '/workspace/cache/git-repos/https%3A%2F%2Fgithub.com%2Fbarbariand%2Fdead_kitten'...
[INFO] running `Command { std: "git" "rev-parse" "HEAD", kill_on_drop: false }`
[INFO] [stdout] 847864c1784dc4ca5076012df8300e7439753e29
[INFO] checking barbariand/dead_kitten against 3154cc1a3e6424e44f438a95007d043ed5ceaaf6+rustflags=-Znext-solver=coherence for pr-133502-30
[INFO] running `Command { std: "git" "clone" "/workspace/cache/git-repos/https%3A%2F%2Fgithub.com%2Fbarbariand%2Fdead_kitten" "/workspace/builds/worker-0-tc1/source", kill_on_drop: false }`
[INFO] [stderr] Cloning into '/workspace/builds/worker-0-tc1/source'...
[INFO] [stderr] done.
[INFO] started tweaking git repo https://github.com/barbariand/dead_kitten
[INFO] finished tweaking git repo https://github.com/barbariand/dead_kitten
[INFO] tweaked toml for git repo https://github.com/barbariand/dead_kitten written to /workspace/builds/worker-0-tc1/source/Cargo.toml
[INFO] validating manifest of git repo https://github.com/barbariand/dead_kitten on toolchain 3154cc1a3e6424e44f438a95007d043ed5ceaaf6
[INFO] running `Command { std: CARGO_HOME="/workspace/cargo-home" RUSTUP_HOME="/workspace/rustup-home" "/workspace/cargo-home/bin/cargo" "+3154cc1a3e6424e44f438a95007d043ed5ceaaf6" "metadata" "--manifest-path" "Cargo.toml" "--no-deps", kill_on_drop: false }`
[INFO] crate git repo https://github.com/barbariand/dead_kitten already has a lockfile, it will not be regenerated
[INFO] running `Command { std: CARGO_HOME="/workspace/cargo-home" RUSTUP_HOME="/workspace/rustup-home" "/workspace/cargo-home/bin/cargo" "+3154cc1a3e6424e44f438a95007d043ed5ceaaf6" "fetch" "--manifest-path" "Cargo.toml", kill_on_drop: false }`
[INFO] [stderr]     Updating crates.io index
[INFO] [stderr]  Downloading crates ...
[INFO] [stderr]   Downloaded blowfish v0.10.0
[INFO] [stderr]   Downloaded askama_macros v0.15.6
[INFO] [stderr]   Downloaded bcrypt v0.19.3
[INFO] [stderr]   Downloaded askama v0.15.6
[INFO] [stderr]   Downloaded axum-extra v0.12.6
[INFO] [stderr]   Downloaded askama_parser v0.15.6
[INFO] [stderr]   Downloaded askama_derive v0.15.6
[INFO] running `Command { std: "docker" "create" "-v" "/var/lib/crater-agent-workspace/builds/worker-0-tc1/source:/opt/rustwide/workdir:ro,Z" "-v" "/var/lib/crater-agent-workspace/builds/worker-0-tc1/target:/opt/rustwide/target:rw,Z" "-v" "/var/lib/crater-agent-workspace/cargo-home:/opt/rustwide/cargo-home:ro,Z" "-v" "/var/lib/crater-agent-workspace/rustup-home:/opt/rustwide/rustup-home:ro,Z" "-m" "1610612736" "--network" "none" "ghcr.io/rust-lang/crates-build-env/linux@sha256:77db811e55d90add9212f6832c23229e3de5f1c1f9905e8cb07319ea15df73ac" "sleep" "infinity", kill_on_drop: false }`
[INFO] [stdout] 190e696e7e51a0d4c8e9765c2d661960e12ccd54a222a73e43dd013186b2ee63
[INFO] running `Command { std: "docker" "start" "190e696e7e51a0d4c8e9765c2d661960e12ccd54a222a73e43dd013186b2ee63", kill_on_drop: false }`
[INFO] running `Command { std: "docker" "inspect" "190e696e7e51a0d4c8e9765c2d661960e12ccd54a222a73e43dd013186b2ee63", kill_on_drop: false }`
[INFO] running `Command { std: "docker" "exec" "-e" "SOURCE_DIR=/opt/rustwide/workdir" "-e" "CARGO_HOME=/opt/rustwide/cargo-home" "-e" "RUSTUP_HOME=/opt/rustwide/rustup-home" "-e" "CARGO_TARGET_DIR=/opt/rustwide/target" "-w" "/opt/rustwide/workdir" "--user" "0:0" "190e696e7e51a0d4c8e9765c2d661960e12ccd54a222a73e43dd013186b2ee63" "/opt/rustwide/cargo-home/bin/cargo" "+3154cc1a3e6424e44f438a95007d043ed5ceaaf6" "metadata" "--no-deps" "--format-version=1", kill_on_drop: false }`
[INFO] running `Command { std: "docker" "inspect" "190e696e7e51a0d4c8e9765c2d661960e12ccd54a222a73e43dd013186b2ee63", kill_on_drop: false }`
[INFO] running `Command { std: "docker" "exec" "-e" "SOURCE_DIR=/opt/rustwide/workdir" "-e" "CARGO_HOME=/opt/rustwide/cargo-home" "-e" "RUSTUP_HOME=/opt/rustwide/rustup-home" "-e" "CARGO_TARGET_DIR=/opt/rustwide/target" "-e" "CARGO_INCREMENTAL=0" "-e" "RUST_BACKTRACE=full" "-e" "RUSTFLAGS=--cap-lints=forbid -Znext-solver=coherence" "-e" "RUSTDOCFLAGS=--cap-lints=forbid" "-w" "/opt/rustwide/workdir" "--user" "0:0" "190e696e7e51a0d4c8e9765c2d661960e12ccd54a222a73e43dd013186b2ee63" "/opt/rustwide/cargo-home/bin/cargo" "+3154cc1a3e6424e44f438a95007d043ed5ceaaf6" "check" "--frozen" "--all" "--all-targets" "--message-format=json", kill_on_drop: false }`
[INFO] [stderr]     Checking futures-core v0.3.33
[INFO] [stderr]    Compiling syn v3.0.3
[INFO] [stderr]    Compiling zerovec-derive v0.11.3
[INFO] [stderr]     Checking futures-sink v0.3.33
[INFO] [stderr]     Checking parking_lot_core v0.9.12
[INFO] [stderr]    Compiling thiserror v2.0.19
[INFO] [stderr]     Checking tracing v0.1.44
[INFO] [stderr]    Compiling futures-macro v0.3.33
[INFO] [stderr]     Checking futures-task v0.3.33
[INFO] [stderr]     Checking futures-channel v0.3.33
[INFO] [stderr]     Checking futures-io v0.3.33
[INFO] [stderr]    Compiling cc v1.4.0
[INFO] [stderr]     Checking parking_lot v0.12.5
[INFO] [stderr]    Compiling getrandom v0.4.3
[INFO] [stderr]    Compiling futures-util v0.3.33
[INFO] [stderr]    Compiling tokio-stream v0.1.19
[INFO] [stderr]     Checking crypto-common v0.1.7
[INFO] [stderr]    Compiling uuid v1.24.0
[INFO] [stderr]    Compiling futures-intrusive v0.5.0
[INFO] [stderr]    Compiling time-macros v0.2.32
[INFO] [stderr]    Compiling flume v0.11.1
[INFO] [stderr]    Compiling zerovec v0.11.6
[INFO] [stderr]     Checking digest v0.10.7
[INFO] [stderr]    Compiling potential_utf v0.1.5
[INFO] [stderr]     Checking http-body-util v0.1.4
[INFO] [stderr]    Compiling winnow v1.0.4
[INFO] [stderr]    Compiling libsqlite3-sys v0.30.1
[INFO] [stderr]    Compiling rustc-hash v2.1.3
[INFO] [stderr]     Checking sha2 v0.10.9
[INFO] [stderr]     Checking regex-automata v0.4.16
[INFO] [stderr]     Checking inout v0.2.2
[INFO] [stderr]     Checking time v0.3.55
[INFO] [stderr]    Compiling cookie v0.18.1
[INFO] [stderr]     Checking cipher v0.5.2
[INFO] [stderr]     Checking axum-core v0.5.6
[INFO] [stderr]     Checking tracing-log v0.2.0
[INFO] [stderr]     Checking byteorder v1.5.0
[INFO] [stderr]     Checking blowfish v0.10.0
[INFO] [stderr]     Checking futures-executor v0.3.33
[INFO] [stderr]     Checking dirs-sys v0.5.0
[INFO] [stderr]     Checking crossbeam-channel v0.5.16
[INFO] [stderr]     Checking symlink v0.1.0
[INFO] [stderr]     Checking base64 v0.23.0
[INFO] [stderr]     Checking matchers v0.2.0
[INFO] [stderr]     Checking bcrypt v0.19.3
[INFO] [stderr]     Checking tracing-subscriber v0.3.23
[INFO] [stderr]     Checking dirs v6.0.0
[INFO] [stderr]     Checking futures v0.3.33
[INFO] [stderr]    Compiling displaydoc v0.2.7
[INFO] [stderr]    Compiling serde_derive v1.0.229
[INFO] [stderr]    Compiling tokio-macros v2.7.2
[INFO] [stderr]    Compiling thiserror-impl v2.0.19
[INFO] [stderr]     Checking tokio v1.53.1
[INFO] [stderr]    Compiling tinystr v0.8.3
[INFO] [stderr]    Compiling icu_locale_core v2.2.0
[INFO] [stderr]    Compiling zerotrie v0.2.4
[INFO] [stderr]    Compiling icu_collections v2.2.0
[INFO] [stderr]     Checking tracing-appender v0.2.5
[INFO] [stderr]    Compiling icu_provider v2.2.0
[INFO] [stderr]    Compiling icu_normalizer v2.2.0
[INFO] [stderr]    Compiling icu_properties v2.2.0
[INFO] [stderr]    Compiling serde v1.0.229
[INFO] [stderr]     Checking serde_urlencoded v0.7.1
[INFO] [stderr]     Checking either v1.17.0
[INFO] [stderr]     Checking idna_adapter v1.2.2
[INFO] [stderr]     Checking idna v1.1.0
[INFO] [stderr]    Compiling basic-toml v0.1.10
[INFO] [stderr]    Compiling askama_parser v0.15.6
[INFO] [stderr]     Checking url v2.5.8
[INFO] [stderr]    Compiling sqlx-core v0.8.6
[INFO] [stderr]     Checking hyper v1.11.0
[INFO] [stderr]     Checking tower v0.5.3
[INFO] [stderr]     Checking tokio-util v0.7.19
[INFO] [stderr]     Checking tower-http v0.6.11
[INFO] [stderr]     Checking hyper-util v0.1.20
[INFO] [stderr]     Checking axum v0.8.9
[INFO] [stderr]    Compiling askama_derive v0.15.6
[INFO] [stderr]    Compiling sqlx-sqlite v0.8.6
[INFO] [stderr]     Checking axum-extra v0.12.6
[INFO] [stderr]    Compiling sqlx-macros-core v0.8.6
[INFO] [stderr]    Compiling askama_macros v0.15.6
[INFO] [stderr]     Checking askama v0.15.6
[INFO] [stderr]    Compiling sqlx-macros v0.8.6
[INFO] [stderr]     Checking sqlx v0.8.6
[INFO] [stderr]     Checking dead_womans_switch v0.1.0 (/opt/rustwide/workdir)
[INFO] [stdout] error[E0425]: cannot find type `Request` in this scope
[INFO] [stdout]   --> src/server.rs:15:27
[INFO] [stdout]    |
[INFO] [stdout] 15 | async fn log_request(req: Request<Body>, next: axum::middleware::Next) -> axum::response::Response {
[INFO] [stdout]    |                           ^^^^^^^ not found in this scope
[INFO] [stdout]    |
[INFO] [stdout] help: consider importing one of these items
[INFO] [stdout]    |
[INFO] [stdout]  1 + use std::error::Request;
[INFO] [stdout]    |
[INFO] [stdout]  1 + use axum::extract::Request;
[INFO] [stdout]    |
[INFO] [stdout] 
[INFO] [stdout] 
[INFO] [stdout] error[E0425]: cannot find type `Body` in this scope
[INFO] [stdout]   --> src/server.rs:15:35
[INFO] [stdout]    |
[INFO] [stdout] 15 | async fn log_request(req: Request<Body>, next: axum::middleware::Next) -> axum::response::Response {
[INFO] [stdout]    |                                   ^^^^ not found in this scope
[INFO] [stdout]    |
[INFO] [stdout] help: consider importing this struct
[INFO] [stdout]    |
[INFO] [stdout]  1 + use axum::body::Body;
[INFO] [stdout]    |
[INFO] [stdout] 
[INFO] [stdout] 
[INFO] [stdout] warning: unused imports: `SeekFrom` and `Seek`
[INFO] [stdout]  --> src/encrypt.rs:2:21
[INFO] [stdout]   |
[INFO] [stdout] 2 | use std::io::{Read, Seek, SeekFrom, Write};
[INFO] [stdout]   |                     ^^^^  ^^^^^^^^
[INFO] [stdout]   |
[INFO] [stdout]   = note: `#[warn(unused_imports)]` (part of `#[warn(unused)]`) on by default
[INFO] [stdout] 
[INFO] [stdout] 
[INFO] [stdout] warning: unused import: `std::os::unix::io::AsRawFd`
[INFO] [stdout]  --> src/encrypt.rs:3:5
[INFO] [stdout]   |
[INFO] [stdout] 3 | use std::os::unix::io::AsRawFd;
[INFO] [stdout]   |     ^^^^^^^^^^^^^^^^^^^^^^^^^^
[INFO] [stdout] 
[INFO] [stdout] 
[INFO] [stdout] warning: unused import: `error::ServerError`
[INFO] [stdout]  --> src/main.rs:8:5
[INFO] [stdout]   |
[INFO] [stdout] 8 | use error::ServerError;
[INFO] [stdout]   |     ^^^^^^^^^^^^^^^^^^
[INFO] [stdout] 
[INFO] [stdout] 
[INFO] [stdout] error[E0425]: cannot find type `Request` in this scope
[INFO] [stdout]   --> src/server.rs:15:27
[INFO] [stdout]    |
[INFO] [stdout] 15 | async fn log_request(req: Request<Body>, next: axum::middleware::Next) -> axum::response::Response {
[INFO] [stdout]    |                           ^^^^^^^ not found in this scope
[INFO] [stdout]    |
[INFO] [stdout] help: consider importing one of these items
[INFO] [stdout]    |
[INFO] [stdout]  1 + use std::error::Request;
[INFO] [stdout]    |
[INFO] [stdout]  1 + use axum::extract::Request;
[INFO] [stdout]    |
[INFO] [stdout] 
[INFO] [stdout] 
[INFO] [stdout] error[E0425]: cannot find type `Body` in this scope
[INFO] [stdout]   --> src/server.rs:15:35
[INFO] [stdout]    |
[INFO] [stdout] 15 | async fn log_request(req: Request<Body>, next: axum::middleware::Next) -> axum::response::Response {
[INFO] [stdout]    |                                   ^^^^ not found in this scope
[INFO] [stdout]    |
[INFO] [stdout] help: consider importing this struct
[INFO] [stdout]    |
[INFO] [stdout]  1 + use axum::body::Body;
[INFO] [stdout]    |
[INFO] [stdout] 
[INFO] [stdout] 
[INFO] [stdout] warning: unused imports: `SeekFrom` and `Seek`
[INFO] [stdout]  --> src/encrypt.rs:2:21
[INFO] [stdout]   |
[INFO] [stdout] 2 | use std::io::{Read, Seek, SeekFrom, Write};
[INFO] [stdout]   |                     ^^^^  ^^^^^^^^
[INFO] [stdout]   |
[INFO] [stdout]   = note: `#[warn(unused_imports)]` (part of `#[warn(unused)]`) on by default
[INFO] [stdout] 
[INFO] [stdout] 
[INFO] [stdout] warning: unused import: `std::os::unix::io::AsRawFd`
[INFO] [stdout]  --> src/encrypt.rs:3:5
[INFO] [stdout]   |
[INFO] [stdout] 3 | use std::os::unix::io::AsRawFd;
[INFO] [stdout]   |     ^^^^^^^^^^^^^^^^^^^^^^^^^^
[INFO] [stdout] 
[INFO] [stdout] 
[INFO] [stdout] warning: unused import: `error::ServerError`
[INFO] [stdout]  --> src/main.rs:8:5
[INFO] [stdout]   |
[INFO] [stdout] 8 | use error::ServerError;
[INFO] [stdout]   |     ^^^^^^^^^^^^^^^^^^
[INFO] [stdout] 
[INFO] [stdout] 
[INFO] [stdout] error[E0277]: the trait bound `FromFn<fn(_, Next) -> _ {log_request}, (), Route, _>: Service<_>` is not satisfied
[INFO] [stdout]    --> src/server.rs:11:16
[INFO] [stdout]     |
[INFO] [stdout]  11 |         .layer(middleware::from_fn(log_request))
[INFO] [stdout]     |          ----- ^^^^^^^^^^^^^^^^^^^^^^^^^^^^^^^^ unsatisfied trait bound
[INFO] [stdout]     |          |
[INFO] [stdout]     |          required by a bound introduced by this call
[INFO] [stdout]     |
[INFO] [stdout]     = help: the trait `tower_service::Service<axum::http::Request<Body>>` is not implemented for `FromFn<fn({type error}, Next) -> _ {log_request}, (), Route, _>`
[INFO] [stdout]     = help: the following other types implement trait `tower_service::Service<Request>`:
[INFO] [stdout]               axum::middleware::FromFn<F, S, I, (T1, T2)>
[INFO] [stdout]               axum::middleware::FromFn<F, S, I, (T1, T2, T3)>
[INFO] [stdout]               axum::middleware::FromFn<F, S, I, (T1, T2, T3, T4)>
[INFO] [stdout]               axum::middleware::FromFn<F, S, I, (T1, T2, T3, T4, T5)>
[INFO] [stdout]               axum::middleware::FromFn<F, S, I, (T1, T2, T3, T4, T5, T6)>
[INFO] [stdout]               axum::middleware::FromFn<F, S, I, (T1, T2, T3, T4, T5, T6, T7)>
[INFO] [stdout]               axum::middleware::FromFn<F, S, I, (T1, T2, T3, T4, T5, T6, T7, T8)>
[INFO] [stdout]               axum::middleware::FromFn<F, S, I, (T1, T2, T3, T4, T5, T6, T7, T8, T9)>
[INFO] [stdout]             and 8 others
[INFO] [stdout] note: required by a bound in `Router::<S>::layer`
[INFO] [stdout]    --> /opt/rustwide/cargo-home/registry/src/index.crates.io-1949cf8c6b5b557f/axum-0.8.9/src/routing/mod.rs:306:21
[INFO] [stdout]     |
[INFO] [stdout] 138 | impl<S> Router<S>
[INFO] [stdout] ...
[INFO] [stdout] 303 |     pub fn layer<L>(self, layer: L) -> Router<S>
[INFO] [stdout] ...
[INFO] [stdout] 306 |         L::Service: Service<Request> + Clone + Send + Sync + 'static,
[INFO] [stdout]     |                     ^^^^^^^^^^^^^^^^ required by this bound in `Router::<S>::layer`
[INFO] [stdout]     = note: the full name for the type has been written to '/opt/rustwide/target/debug/build/dead_womans_switch/e866842ce988b7b9/out/dead_womans_switch-e866842ce988b7b9.long-type-4855394577081129250.txt'
[INFO] [stdout]     = note: consider using `--verbose` to print the full type name to the console
[INFO] [stdout] 
[INFO] [stdout] 
[INFO] [stdout] error[E0277]: the trait bound `FromFn<fn(_, Next) -> _ {log_request}, (), Route, _>: Service<_>` is not satisfied
[INFO] [stdout]   --> src/server.rs:9:5
[INFO] [stdout]    |
[INFO] [stdout]  9 | /     Router::<AppState>::new()
[INFO] [stdout] 10 | |         .layer(TraceLayer::new_for_http())
[INFO] [stdout] 11 | |         .layer(middleware::from_fn(log_request))
[INFO] [stdout]    | |________________________________________________^ unsatisfied trait bound
[INFO] [stdout]    |
[INFO] [stdout]    = help: the trait `tower_service::Service<axum::http::Request<Body>>` is not implemented for `FromFn<fn({type error}, Next) -> _ {log_request}, (), Route, _>`
[INFO] [stdout]    = help: the following other types implement trait `tower_service::Service<Request>`:
[INFO] [stdout]              axum::middleware::FromFn<F, S, I, (T1, T2)>
[INFO] [stdout]              axum::middleware::FromFn<F, S, I, (T1, T2, T3)>
[INFO] [stdout]              axum::middleware::FromFn<F, S, I, (T1, T2, T3, T4)>
[INFO] [stdout]              axum::middleware::FromFn<F, S, I, (T1, T2, T3, T4, T5)>
[INFO] [stdout]              axum::middleware::FromFn<F, S, I, (T1, T2, T3, T4, T5, T6)>
[INFO] [stdout]              axum::middleware::FromFn<F, S, I, (T1, T2, T3, T4, T5, T6, T7)>
[INFO] [stdout]              axum::middleware::FromFn<F, S, I, (T1, T2, T3, T4, T5, T6, T7, T8)>
[INFO] [stdout]              axum::middleware::FromFn<F, S, I, (T1, T2, T3, T4, T5, T6, T7, T8, T9)>
[INFO] [stdout]            and 8 others
[INFO] [stdout]    = note: the full name for the type has been written to '/opt/rustwide/target/debug/build/dead_womans_switch/e866842ce988b7b9/out/dead_womans_switch-e866842ce988b7b9.long-type-4855394577081129250.txt'
[INFO] [stdout]    = note: consider using `--verbose` to print the full type name to the console
[INFO] [stdout] 
[INFO] [stdout] 
[INFO] [stdout] error[E0277]: the trait bound `FromFn<fn(_, Next) -> _ {log_request}, (), Route, _>: Service<_>` is not satisfied
[INFO] [stdout]    --> src/server.rs:11:16
[INFO] [stdout]     |
[INFO] [stdout]  11 |         .layer(middleware::from_fn(log_request))
[INFO] [stdout]     |          ----- ^^^^^^^^^^^^^^^^^^^^^^^^^^^^^^^^ unsatisfied trait bound
[INFO] [stdout]     |          |
[INFO] [stdout]     |          required by a bound introduced by this call
[INFO] [stdout]     |
[INFO] [stdout]     = help: the trait `tower_service::Service<axum::http::Request<Body>>` is not implemented for `FromFn<fn({type error}, Next) -> _ {log_request}, (), Route, _>`
[INFO] [stdout]     = help: the following other types implement trait `tower_service::Service<Request>`:
[INFO] [stdout]               axum::middleware::FromFn<F, S, I, (T1, T2)>
[INFO] [stdout]               axum::middleware::FromFn<F, S, I, (T1, T2, T3)>
[INFO] [stdout]               axum::middleware::FromFn<F, S, I, (T1, T2, T3, T4)>
[INFO] [stdout]               axum::middleware::FromFn<F, S, I, (T1, T2, T3, T4, T5)>
[INFO] [stdout]               axum::middleware::FromFn<F, S, I, (T1, T2, T3, T4, T5, T6)>
[INFO] [stdout]               axum::middleware::FromFn<F, S, I, (T1, T2, T3, T4, T5, T6, T7)>
[INFO] [stdout]               axum::middleware::FromFn<F, S, I, (T1, T2, T3, T4, T5, T6, T7, T8)>
[INFO] [stdout]               axum::middleware::FromFn<F, S, I, (T1, T2, T3, T4, T5, T6, T7, T8, T9)>
[INFO] [stdout]             and 8 others
[INFO] [stdout] note: required by a bound in `Router::<S>::layer`
[INFO] [stdout]    --> /opt/rustwide/cargo-home/registry/src/index.crates.io-1949cf8c6b5b557f/axum-0.8.9/src/routing/mod.rs:306:21
[INFO] [stdout]     |
[INFO] [stdout] 138 | impl<S> Router<S>
[INFO] [stdout] ...
[INFO] [stdout] 303 |     pub fn layer<L>(self, layer: L) -> Router<S>
[INFO] [stdout] ...
[INFO] [stdout] 306 |         L::Service: Service<Request> + Clone + Send + Sync + 'static,
[INFO] [stdout]     |                     ^^^^^^^^^^^^^^^^ required by this bound in `Router::<S>::layer`
[INFO] [stdout]     = note: the full name for the type has been written to '/opt/rustwide/target/debug/build/dead_womans_switch/b902d94106f66274/out/dead_womans_switch-b902d94106f66274.long-type-14131416917786256616.txt'
[INFO] [stdout]     = note: consider using `--verbose` to print the full type name to the console
[INFO] [stdout] 
[INFO] [stdout] 
[INFO] [stdout] error[E0277]: the trait bound `FromFn<fn(_, Next) -> _ {log_request}, (), Route, _>: Service<_>` is not satisfied
[INFO] [stdout]   --> src/server.rs:9:5
[INFO] [stdout]    |
[INFO] [stdout]  9 | /     Router::<AppState>::new()
[INFO] [stdout] 10 | |         .layer(TraceLayer::new_for_http())
[INFO] [stdout] 11 | |         .layer(middleware::from_fn(log_request))
[INFO] [stdout]    | |________________________________________________^ unsatisfied trait bound
[INFO] [stdout]    |
[INFO] [stdout]    = help: the trait `tower_service::Service<axum::http::Request<Body>>` is not implemented for `FromFn<fn({type error}, Next) -> _ {log_request}, (), Route, _>`
[INFO] [stdout]    = help: the following other types implement trait `tower_service::Service<Request>`:
[INFO] [stdout]              axum::middleware::FromFn<F, S, I, (T1, T2)>
[INFO] [stdout]              axum::middleware::FromFn<F, S, I, (T1, T2, T3)>
[INFO] [stdout]              axum::middleware::FromFn<F, S, I, (T1, T2, T3, T4)>
[INFO] [stdout]              axum::middleware::FromFn<F, S, I, (T1, T2, T3, T4, T5)>
[INFO] [stdout]              axum::middleware::FromFn<F, S, I, (T1, T2, T3, T4, T5, T6)>
[INFO] [stdout]              axum::middleware::FromFn<F, S, I, (T1, T2, T3, T4, T5, T6, T7)>
[INFO] [stdout]              axum::middleware::FromFn<F, S, I, (T1, T2, T3, T4, T5, T6, T7, T8)>
[INFO] [stdout]              axum::middleware::FromFn<F, S, I, (T1, T2, T3, T4, T5, T6, T7, T8, T9)>
[INFO] [stdout]            and 8 others
[INFO] [stdout]    = note: the full name for the type has been written to '/opt/rustwide/target/debug/build/dead_womans_switch/b902d94106f66274/out/dead_womans_switch-b902d94106f66274.long-type-14131416917786256616.txt'
[INFO] [stdout]    = note: consider using `--verbose` to print the full type name to the console
[INFO] [stdout] 
[INFO] [stdout] 
[INFO] [stdout] warning: unused variable: `state`
[INFO] [stdout]   --> src/main.rs:66:26
[INFO] [stdout]    |
[INFO] [stdout] 66 | async fn shutdown_signal(state: AppState) {
[INFO] [stdout]    |                          ^^^^^ help: if this is intentional, prefix it with an underscore: `_state`
[INFO] [stdout]    |
[INFO] [stdout]    = note: `#[warn(unused_variables)]` (part of `#[warn(unused)]`) on by default
[INFO] [stdout] 
[INFO] [stdout] 
[INFO] [stdout] Some errors have detailed explanations: E0277, E0425.
[INFO] [stdout] 
[INFO] [stdout] For more information about an error, try `rustc --explain E0277`.
[INFO] [stdout] 
[INFO] [stderr] error: could not compile `dead_womans_switch` (bin "dead_womans_switch" test) due to 4 previous errors; 4 warnings emitted
[INFO] [stderr] warning: build failed, waiting for other jobs to finish...
[INFO] [stdout] warning: unused variable: `state`
[INFO] [stdout]   --> src/main.rs:66:26
[INFO] [stdout]    |
[INFO] [stdout] 66 | async fn shutdown_signal(state: AppState) {
[INFO] [stdout]    |                          ^^^^^ help: if this is intentional, prefix it with an underscore: `_state`
[INFO] [stdout]    |
[INFO] [stdout]    = note: `#[warn(unused_variables)]` (part of `#[warn(unused)]`) on by default
[INFO] [stdout] 
[INFO] [stdout] 
[INFO] [stdout] Some errors have detailed explanations: E0277, E0425.
[INFO] [stdout] 
[INFO] [stdout] For more information about an error, try `rustc --explain E0277`.
[INFO] [stdout] 
[INFO] [stderr] error: could not compile `dead_womans_switch` (bin "dead_womans_switch") due to 4 previous errors; 4 warnings emitted
[INFO] [stderr] warning: unused dependency `askama`
[INFO] [stderr]  --> Cargo.toml:2:1
[INFO] [stderr]   |
[INFO] [stderr] 2 | askama = "0.15.4"
[INFO] [stderr]   | ^^^^^^^^^^^^^^^^^
[INFO] [stderr]   |
[INFO] [stderr]   = note: `cargo::unused_dependencies` is set to `warn` by default
[INFO] [stderr] help: consider removing the dependency on `askama`
[INFO] [stderr] warning: unused dependency `axum-extra`
[INFO] [stderr]   --> Cargo.toml:16:15
[INFO] [stderr]    |
[INFO] [stderr] 16 | [dependencies.axum-extra]
[INFO] [stderr]    |               ^^^^^^^^^^^
[INFO] [stderr]    |
[INFO] [stderr] help: consider removing the dependency on `axum-extra`
[INFO] [stderr] warning: unused dependency `bcrypt`
[INFO] [stderr]  --> Cargo.toml:3:1
[INFO] [stderr]   |
[INFO] [stderr] 3 | bcrypt = "0.19.0"
[INFO] [stderr]   | ^^^^^^^^^^^^^^^^^
[INFO] [stderr]   |
[INFO] [stderr] help: consider removing the dependency on `bcrypt`
[INFO] [stderr] warning: unused dependency `futures`
[INFO] [stderr]  --> Cargo.toml:7:1
[INFO] [stderr]   |
[INFO] [stderr] 7 | futures = "0.3.32"
[INFO] [stderr]   | ^^^^^^^^^^^^^^^^^^
[INFO] [stderr]   |
[INFO] [stderr] help: consider removing the dependency on `futures`
[INFO] [stderr] warning: `dead_womans_switch` (manifest) generated 4 warnings
[INFO] running `Command { std: "docker" "inspect" "190e696e7e51a0d4c8e9765c2d661960e12ccd54a222a73e43dd013186b2ee63", kill_on_drop: false }`
[INFO] running `Command { std: "docker" "rm" "-f" "190e696e7e51a0d4c8e9765c2d661960e12ccd54a222a73e43dd013186b2ee63", kill_on_drop: false }`
[INFO] [stdout] 190e696e7e51a0d4c8e9765c2d661960e12ccd54a222a73e43dd013186b2ee63
