[INFO] cloning repository https://github.com/ayushd03/nobattery
[INFO] running `Command { std: "git" "-c" "credential.helper=" "-c" "credential.helper=/workspace/cargo-home/bin/git-credential-null" "clone" "--bare" "https://github.com/ayushd03/nobattery" "/workspace/cache/git-repos/https%3A%2F%2Fgithub.com%2Fayushd03%2Fnobattery", kill_on_drop: false }`
[INFO] [stderr] Cloning into bare repository '/workspace/cache/git-repos/https%3A%2F%2Fgithub.com%2Fayushd03%2Fnobattery'...
[INFO] running `Command { std: "git" "rev-parse" "HEAD", kill_on_drop: false }`
[INFO] [stdout] b25db58b183e7f3812f093a199302470d1ae00bf
[INFO] checking ayushd03/nobattery against 3154cc1a3e6424e44f438a95007d043ed5ceaaf6 for pr-133502-30
[INFO] running `Command { std: "git" "clone" "/workspace/cache/git-repos/https%3A%2F%2Fgithub.com%2Fayushd03%2Fnobattery" "/workspace/builds/worker-2-tc2/source", kill_on_drop: false }`
[INFO] [stderr] Cloning into '/workspace/builds/worker-2-tc2/source'...
[INFO] [stderr] done.
[INFO] started tweaking git repo https://github.com/ayushd03/nobattery
[INFO] finished tweaking git repo https://github.com/ayushd03/nobattery
[INFO] tweaked toml for git repo https://github.com/ayushd03/nobattery written to /workspace/builds/worker-2-tc2/source/Cargo.toml
[INFO] validating manifest of git repo https://github.com/ayushd03/nobattery on toolchain 3154cc1a3e6424e44f438a95007d043ed5ceaaf6
[INFO] running `Command { std: CARGO_HOME="/workspace/cargo-home" RUSTUP_HOME="/workspace/rustup-home" "/workspace/cargo-home/bin/cargo" "+3154cc1a3e6424e44f438a95007d043ed5ceaaf6" "metadata" "--manifest-path" "Cargo.toml" "--no-deps", kill_on_drop: false }`
[INFO] crate git repo https://github.com/ayushd03/nobattery already has a lockfile, it will not be regenerated
[INFO] running `Command { std: CARGO_HOME="/workspace/cargo-home" RUSTUP_HOME="/workspace/rustup-home" "/workspace/cargo-home/bin/cargo" "+3154cc1a3e6424e44f438a95007d043ed5ceaaf6" "fetch" "--manifest-path" "Cargo.toml", kill_on_drop: false }`
[INFO] [stderr] warning: `package.homepage` is redundant with `package.repository`
[INFO] [stderr]  --> apps/desktop/Cargo.toml:9:1
[INFO] [stderr]   |
[INFO] [stderr] 8 | repository.workspace = true
[INFO] [stderr]   | ----------
[INFO] [stderr] 9 | homepage.workspace = true
[INFO] [stderr]   | ^^^^^^^^
[INFO] [stderr]   |
[INFO] [stderr]   = note: `cargo::redundant_homepage` is set to `warn` by default
[INFO] [stderr] help: consider removing `package.homepage`
[INFO] [stderr] warning: `nobattery` (manifest) generated 1 warning
[INFO] [stderr] warning: `package.homepage` is redundant with `package.repository`
[INFO] [stderr]  --> crates/core/Cargo.toml:9:1
[INFO] [stderr]   |
[INFO] [stderr] 8 | repository.workspace = true
[INFO] [stderr]   | ----------
[INFO] [stderr] 9 | homepage.workspace = true
[INFO] [stderr]   | ^^^^^^^^
[INFO] [stderr]   |
[INFO] [stderr]   = note: `cargo::redundant_homepage` is set to `warn` by default
[INFO] [stderr] help: consider removing `package.homepage`
[INFO] [stderr] warning: `nobattery-core` (manifest) generated 1 warning
[INFO] running `Command { std: "docker" "create" "-v" "/var/lib/crater-agent-workspace/builds/worker-2-tc2/source:/opt/rustwide/workdir:ro,Z" "-v" "/var/lib/crater-agent-workspace/builds/worker-2-tc2/target:/opt/rustwide/target:rw,Z" "-v" "/var/lib/crater-agent-workspace/cargo-home:/opt/rustwide/cargo-home:ro,Z" "-v" "/var/lib/crater-agent-workspace/rustup-home:/opt/rustwide/rustup-home:ro,Z" "-m" "1610612736" "--network" "none" "ghcr.io/rust-lang/crates-build-env/linux@sha256:77db811e55d90add9212f6832c23229e3de5f1c1f9905e8cb07319ea15df73ac" "sleep" "infinity", kill_on_drop: false }`
[INFO] [stdout] 6970d01ed2b3bca7e7762a6d9c4813c7b29ae0b0e15fdc2f1757c54afa58a07b
[INFO] running `Command { std: "docker" "start" "6970d01ed2b3bca7e7762a6d9c4813c7b29ae0b0e15fdc2f1757c54afa58a07b", kill_on_drop: false }`
[INFO] running `Command { std: "docker" "inspect" "6970d01ed2b3bca7e7762a6d9c4813c7b29ae0b0e15fdc2f1757c54afa58a07b", kill_on_drop: false }`
[INFO] running `Command { std: "docker" "exec" "-e" "SOURCE_DIR=/opt/rustwide/workdir" "-e" "CARGO_HOME=/opt/rustwide/cargo-home" "-e" "RUSTUP_HOME=/opt/rustwide/rustup-home" "-e" "CARGO_TARGET_DIR=/opt/rustwide/target" "-w" "/opt/rustwide/workdir" "--user" "0:0" "6970d01ed2b3bca7e7762a6d9c4813c7b29ae0b0e15fdc2f1757c54afa58a07b" "/opt/rustwide/cargo-home/bin/cargo" "+3154cc1a3e6424e44f438a95007d043ed5ceaaf6" "metadata" "--no-deps" "--format-version=1", kill_on_drop: false }`
[INFO] running `Command { std: "docker" "inspect" "6970d01ed2b3bca7e7762a6d9c4813c7b29ae0b0e15fdc2f1757c54afa58a07b", kill_on_drop: false }`
[INFO] running `Command { std: "docker" "exec" "-e" "SOURCE_DIR=/opt/rustwide/workdir" "-e" "CARGO_HOME=/opt/rustwide/cargo-home" "-e" "RUSTUP_HOME=/opt/rustwide/rustup-home" "-e" "CARGO_TARGET_DIR=/opt/rustwide/target" "-e" "CARGO_INCREMENTAL=0" "-e" "RUST_BACKTRACE=full" "-e" "RUSTFLAGS=--cap-lints=forbid" "-e" "RUSTDOCFLAGS=--cap-lints=forbid" "-w" "/opt/rustwide/workdir" "--user" "0:0" "6970d01ed2b3bca7e7762a6d9c4813c7b29ae0b0e15fdc2f1757c54afa58a07b" "/opt/rustwide/cargo-home/bin/cargo" "+3154cc1a3e6424e44f438a95007d043ed5ceaaf6" "check" "--frozen" "--all" "--all-targets" "--message-format=json", kill_on_drop: false }`
[INFO] [stderr] warning: `package.homepage` is redundant with `package.repository`
[INFO] [stderr]  --> crates/core/Cargo.toml:9:1
[INFO] [stderr]   |
[INFO] [stderr] 8 | repository.workspace = true
[INFO] [stderr]   | ----------
[INFO] [stderr] 9 | homepage.workspace = true
[INFO] [stderr]   | ^^^^^^^^
[INFO] [stderr]   |
[INFO] [stderr]   = note: `cargo::redundant_homepage` is set to `warn` by default
[INFO] [stderr] help: consider removing `package.homepage`
[INFO] [stderr] warning: `nobattery-core` (manifest) generated 1 warning
[INFO] [stderr] warning: `package.homepage` is redundant with `package.repository`
[INFO] [stderr]  --> apps/desktop/Cargo.toml:9:1
[INFO] [stderr]   |
[INFO] [stderr] 8 | repository.workspace = true
[INFO] [stderr]   | ----------
[INFO] [stderr] 9 | homepage.workspace = true
[INFO] [stderr]   | ^^^^^^^^
[INFO] [stderr]   |
[INFO] [stderr]   = note: `cargo::redundant_homepage` is set to `warn` by default
[INFO] [stderr] help: consider removing `package.homepage`
[INFO] [stderr] warning: `nobattery` (manifest) generated 1 warning
[INFO] [stderr]    Compiling serde_core v1.0.229
[INFO] [stderr]    Compiling syn v3.0.4
[INFO] [stderr]    Compiling syn v2.0.119
[INFO] [stderr]    Compiling rustix v1.1.4
[INFO] [stderr]    Compiling proc-macro-error-attr v1.0.4
[INFO] [stderr]    Compiling syn v1.0.109
[INFO] [stderr]    Compiling wayland-sys v0.31.11
[INFO] [stderr]    Compiling wayland-scanner v0.31.11
[INFO] [stderr]    Compiling proc-macro-error v1.0.4
[INFO] [stderr]    Compiling rustix v0.38.44
[INFO] [stderr]     Checking linux-raw-sys v0.4.15
[INFO] [stderr]     Checking concurrent-queue v2.5.0
[INFO] [stderr]    Compiling gtk v0.18.2
[INFO] [stderr]    Compiling drm-sys v0.8.1
[INFO] [stderr]    Compiling libxdo-sys v0.11.0
[INFO] [stderr]    Compiling drm-fourcc v2.2.0
[INFO] [stderr]     Checking xkeysym v0.2.1
[INFO] [stderr]    Compiling smithay-client-toolkit v0.19.2
[INFO] [stderr]     Checking strict-num v0.1.1
[INFO] [stderr]     Checking linux-raw-sys v0.9.4
[INFO] [stderr]     Checking cursor-icon v1.2.0
[INFO] [stderr]     Checking ttf-parser v0.25.1
[INFO] [stderr]     Checking async-channel v2.5.0
[INFO] [stderr]    Compiling ahash v0.8.12
[INFO] [stderr]    Compiling tiny-xlib v0.2.5
[INFO] [stderr]     Checking dpi v0.1.2
[INFO] [stderr]     Checking ab_glyph_rasterizer v0.1.10
[INFO] [stderr]     Checking x11rb-protocol v0.13.2
[INFO] [stderr]    Compiling winit v0.30.13
[INFO] [stderr]     Checking libxdo v0.6.0
[INFO] [stderr]     Checking winnow v0.5.40
[INFO] [stderr]     Checking ctor v0.10.1
[INFO] [stderr]     Checking blocking v1.7.0
[INFO] [stderr]     Checking async-executor v1.14.0
[INFO] [stderr]     Checking bitflags v2.13.1
[INFO] [stderr]     Checking uuid v1.25.0
[INFO] [stderr]     Checking xkbcommon-dl v0.4.2
[INFO] [stderr]     Checking owned_ttf_parser v0.25.1
[INFO] [stderr]     Checking smol_str v0.2.2
[INFO] [stderr]     Checking ab_glyph v0.2.32
[INFO] [stderr]     Checking serde_json v1.0.151
[INFO] [stderr]    Compiling thiserror-impl v1.0.69
[INFO] [stderr]    Compiling enumflags2_derive v0.7.12
[INFO] [stderr]    Compiling tracing-attributes v0.1.31
[INFO] [stderr]    Compiling async-recursion v1.1.1
[INFO] [stderr]    Compiling serde_derive v1.0.229
[INFO] [stderr]    Compiling futures-macro v0.3.34
[INFO] [stderr]    Compiling bytemuck_derive v1.12.0
[INFO] [stderr]     Checking thiserror v1.0.69
[INFO] [stderr]    Compiling thiserror-impl v2.0.20
[INFO] [stderr]     Checking futures-util v0.3.34
[INFO] [stderr]     Checking tracing v0.1.44
[INFO] [stderr]     Checking bytemuck v1.25.2
[INFO] [stderr]    Compiling async-trait v0.1.92
[INFO] [stderr]     Checking tiny-skia-path v0.11.4
[INFO] [stderr]     Checking thiserror v2.0.20
[INFO] [stderr]    Compiling serde_repr v0.1.21
[INFO] [stderr]     Checking tiny-skia v0.11.4
[INFO] [stderr]     Checking wayland-backend v0.3.17
[INFO] [stderr]     Checking polling v3.11.0
[INFO] [stderr]     Checking gethostname v1.1.0
[INFO] [stderr]     Checking drm-ffi v0.9.1
[INFO] [stderr]     Checking calloop v0.13.0
[INFO] [stderr]     Checking async-io v2.6.0
[INFO] [stderr]    Compiling serde v1.0.229
[INFO] [stderr]     Checking async-signal v0.2.14
[INFO] [stderr]     Checking drm v0.14.1
[INFO] [stderr]     Checking async-process v2.5.0
[INFO] [stderr]     Checking futures-executor v0.3.34
[INFO] [stderr]    Compiling toml_datetime v0.6.3
[INFO] [stderr]    Compiling serde_spanned v0.6.9
[INFO] [stderr]    Compiling zvariant_utils v4.2.0
[INFO] [stderr]    Compiling enumflags2 v0.7.12
[INFO] [stderr]    Compiling zcheapstr v1.1.0
[INFO] [stderr]    Compiling toml_edit v0.20.2
[INFO] [stderr]     Checking wayland-client v0.31.15
[INFO] [stderr]    Compiling toml_edit v0.19.15
[INFO] [stderr]     Checking wayland-csd-frame v0.3.0
[INFO] [stderr]     Checking nobattery-core v0.1.0 (/opt/rustwide/workdir/crates/core)
[INFO] [stderr]     Checking keyboard-types v0.7.0
[INFO] [stderr]    Compiling zvariant_derive v5.15.0
[INFO] [stderr]    Compiling zvariant v5.15.0
[INFO] [stderr]     Checking wayland-protocols v0.32.13
[INFO] [stderr]     Checking wayland-cursor v0.31.14
[INFO] [stderr]     Checking calloop-wayland-source v0.3.0
[INFO] [stderr]    Compiling proc-macro-crate v1.3.1
[INFO] [stderr]     Checking toml v0.8.2
[INFO] [stderr]    Compiling proc-macro-crate v2.0.2
[INFO] [stderr]    Compiling system-deps v6.2.2
[INFO] [stderr]    Compiling gtk3-macros v0.18.2
[INFO] [stderr]    Compiling glib-macros v0.18.5
[INFO] [stderr]    Compiling glib-sys v0.18.1
[INFO] [stderr]    Compiling gobject-sys v0.18.0
[INFO] [stderr]    Compiling gio-sys v0.18.1
[INFO] [stderr]    Compiling cairo-sys-rs v0.18.2
[INFO] [stderr]    Compiling pango-sys v0.18.0
[INFO] [stderr]    Compiling gdk-sys v0.18.2
[INFO] [stderr]    Compiling gdk-pixbuf-sys v0.18.0
[INFO] [stderr]    Compiling atk-sys v0.18.2
[INFO] [stderr]    Compiling gtk-sys v0.18.2
[INFO] [stderr]    Compiling zbus_names v4.3.4
[INFO] [stderr]     Checking x11rb v0.13.2
[INFO] [stderr]    Compiling zbus_macros v5.19.0
[INFO] [stderr]     Checking glib v0.18.5
[INFO] [stderr]     Checking softbuffer v0.4.8
[INFO] [stderr]     Checking wayland-protocols-wlr v0.3.12
[INFO] [stderr]     Checking wayland-protocols-plasma v0.3.12
[INFO] [stderr]     Checking zbus v5.19.0
[INFO] [stderr]     Checking libappindicator-sys v0.9.0
[INFO] [stderr]     Checking sctk-adwaita v0.10.1
[INFO] [stderr]     Checking gio v0.18.4
[INFO] [stderr]     Checking cairo-rs v0.18.5
[INFO] [stderr]     Checking atk v0.18.2
[INFO] [stderr]     Checking gdk-pixbuf v0.18.5
[INFO] [stderr]     Checking pango v0.18.3
[INFO] [stderr]     Checking gdk v0.18.2
[INFO] [stderr]     Checking libappindicator v0.9.0
[INFO] [stderr]     Checking muda v0.17.2
[INFO] [stderr]     Checking tray-icon v0.21.3
[INFO] [stderr]     Checking nobattery v0.1.0 (/opt/rustwide/workdir/apps/desktop)
[INFO] [stdout] error[E0308]: mismatched types
[INFO] [stdout]   --> apps/desktop/src/battery/linux.rs:81:37
[INFO] [stdout]    |
[INFO] [stdout] 81 |     let percentage: f64 = props.get(DEVICE_IFACE, "Percentage").await?.try_into()?;
[INFO] [stdout]    |                                 --- ^^^^^^^^^^^^ expected `InterfaceName<'_>`, found `&str`
[INFO] [stdout]    |                                 |
[INFO] [stdout]    |                                 arguments to this method are incorrect
[INFO] [stdout]    |
[INFO] [stdout] note: method defined here
[INFO] [stdout]   --> /opt/rustwide/cargo-home/registry/src/index.crates.io-1949cf8c6b5b557f/zbus-5.19.0/src/fdo/properties.rs:18:1
[INFO] [stdout]    |
[INFO] [stdout] 18 | / #[interface(
[INFO] [stdout] 19 | |     name = "org.freedesktop.DBus.Properties",
[INFO] [stdout] 20 | |     introspection_docs = false,
[INFO] [stdout] 21 | |     proxy(visibility = "pub")
[INFO] [stdout] 22 | | )]
[INFO] [stdout]    | |__^
[INFO] [stdout]    = note: this error originates in the attribute macro `::zbus::proxy` (in Nightly builds, run with -Z macro-backtrace for more info)
[INFO] [stdout] 
[INFO] [stdout] 
[INFO] [stdout] error[E0308]: mismatched types
[INFO] [stdout]   --> apps/desktop/src/battery/linux.rs:82:32
[INFO] [stdout]    |
[INFO] [stdout] 82 |     let state: u32 = props.get(DEVICE_IFACE, "State").await?.try_into()?;
[INFO] [stdout]    |                            --- ^^^^^^^^^^^^ expected `InterfaceName<'_>`, found `&str`
[INFO] [stdout]    |                            |
[INFO] [stdout]    |                            arguments to this method are incorrect
[INFO] [stdout]    |
[INFO] [stdout] note: method defined here
[INFO] [stdout]   --> /opt/rustwide/cargo-home/registry/src/index.crates.io-1949cf8c6b5b557f/zbus-5.19.0/src/fdo/properties.rs:18:1
[INFO] [stdout]    |
[INFO] [stdout] 18 | / #[interface(
[INFO] [stdout] 19 | |     name = "org.freedesktop.DBus.Properties",
[INFO] [stdout] 20 | |     introspection_docs = false,
[INFO] [stdout] 21 | |     proxy(visibility = "pub")
[INFO] [stdout] 22 | | )]
[INFO] [stdout]    | |__^
[INFO] [stdout]    = note: this error originates in the attribute macro `::zbus::proxy` (in Nightly builds, run with -Z macro-backtrace for more info)
[INFO] [stdout] 
[INFO] [stdout] 
[INFO] [stdout] error[E0308]: mismatched types
[INFO] [stdout]   --> apps/desktop/src/battery/linux.rs:81:37
[INFO] [stdout]    |
[INFO] [stdout] 81 |     let percentage: f64 = props.get(DEVICE_IFACE, "Percentage").await?.try_into()?;
[INFO] [stdout]    |                                 --- ^^^^^^^^^^^^ expected `InterfaceName<'_>`, found `&str`
[INFO] [stdout]    |                                 |
[INFO] [stdout]    |                                 arguments to this method are incorrect
[INFO] [stdout]    |
[INFO] [stdout] note: method defined here
[INFO] [stdout]   --> /opt/rustwide/cargo-home/registry/src/index.crates.io-1949cf8c6b5b557f/zbus-5.19.0/src/fdo/properties.rs:18:1
[INFO] [stdout]    |
[INFO] [stdout] 18 | / #[interface(
[INFO] [stdout] 19 | |     name = "org.freedesktop.DBus.Properties",
[INFO] [stdout] 20 | |     introspection_docs = false,
[INFO] [stdout] 21 | |     proxy(visibility = "pub")
[INFO] [stdout] 22 | | )]
[INFO] [stdout]    | |__^
[INFO] [stdout]    = note: this error originates in the attribute macro `::zbus::proxy` (in Nightly builds, run with -Z macro-backtrace for more info)
[INFO] [stdout] 
[INFO] [stdout] 
[INFO] [stdout] error[E0308]: mismatched types
[INFO] [stdout]   --> apps/desktop/src/battery/linux.rs:83:38
[INFO] [stdout]    |
[INFO] [stdout] 83 |     let is_present: bool = props.get(DEVICE_IFACE, "IsPresent").await?.try_into()?;
[INFO] [stdout]    |                                  --- ^^^^^^^^^^^^ expected `InterfaceName<'_>`, found `&str`
[INFO] [stdout]    |                                  |
[INFO] [stdout]    |                                  arguments to this method are incorrect
[INFO] [stdout]    |
[INFO] [stdout] note: method defined here
[INFO] [stdout]   --> /opt/rustwide/cargo-home/registry/src/index.crates.io-1949cf8c6b5b557f/zbus-5.19.0/src/fdo/properties.rs:18:1
[INFO] [stdout]    |
[INFO] [stdout] 18 | / #[interface(
[INFO] [stdout] 19 | |     name = "org.freedesktop.DBus.Properties",
[INFO] [stdout] 20 | |     introspection_docs = false,
[INFO] [stdout] 21 | |     proxy(visibility = "pub")
[INFO] [stdout] 22 | | )]
[INFO] [stdout]    | |__^
[INFO] [stdout]    = note: this error originates in the attribute macro `::zbus::proxy` (in Nightly builds, run with -Z macro-backtrace for more info)
[INFO] [stdout] 
[INFO] [stdout] 
[INFO] [stdout] error[E0308]: mismatched types
[INFO] [stdout]   --> apps/desktop/src/battery/linux.rs:82:32
[INFO] [stdout]    |
[INFO] [stdout] 82 |     let state: u32 = props.get(DEVICE_IFACE, "State").await?.try_into()?;
[INFO] [stdout]    |                            --- ^^^^^^^^^^^^ expected `InterfaceName<'_>`, found `&str`
[INFO] [stdout]    |                            |
[INFO] [stdout]    |                            arguments to this method are incorrect
[INFO] [stdout]    |
[INFO] [stdout] note: method defined here
[INFO] [stdout]   --> /opt/rustwide/cargo-home/registry/src/index.crates.io-1949cf8c6b5b557f/zbus-5.19.0/src/fdo/properties.rs:18:1
[INFO] [stdout]    |
[INFO] [stdout] 18 | / #[interface(
[INFO] [stdout] 19 | |     name = "org.freedesktop.DBus.Properties",
[INFO] [stdout] 20 | |     introspection_docs = false,
[INFO] [stdout] 21 | |     proxy(visibility = "pub")
[INFO] [stdout] 22 | | )]
[INFO] [stdout]    | |__^
[INFO] [stdout]    = note: this error originates in the attribute macro `::zbus::proxy` (in Nightly builds, run with -Z macro-backtrace for more info)
[INFO] [stdout] 
[INFO] [stdout] 
[INFO] [stdout] error[E0308]: mismatched types
[INFO] [stdout]   --> apps/desktop/src/battery/linux.rs:84:31
[INFO] [stdout]    |
[INFO] [stdout] 84 |     let kind: u32 = props.get(DEVICE_IFACE, "Type").await?.try_into()?;
[INFO] [stdout]    |                           --- ^^^^^^^^^^^^ expected `InterfaceName<'_>`, found `&str`
[INFO] [stdout]    |                           |
[INFO] [stdout]    |                           arguments to this method are incorrect
[INFO] [stdout]    |
[INFO] [stdout] note: method defined here
[INFO] [stdout]   --> /opt/rustwide/cargo-home/registry/src/index.crates.io-1949cf8c6b5b557f/zbus-5.19.0/src/fdo/properties.rs:18:1
[INFO] [stdout]    |
[INFO] [stdout] 18 | / #[interface(
[INFO] [stdout] 19 | |     name = "org.freedesktop.DBus.Properties",
[INFO] [stdout] 20 | |     introspection_docs = false,
[INFO] [stdout] 21 | |     proxy(visibility = "pub")
[INFO] [stdout] 22 | | )]
[INFO] [stdout]    | |__^
[INFO] [stdout]    = note: this error originates in the attribute macro `::zbus::proxy` (in Nightly builds, run with -Z macro-backtrace for more info)
[INFO] [stdout] 
[INFO] [stdout] 
[INFO] [stdout] error[E0308]: mismatched types
[INFO] [stdout]   --> apps/desktop/src/battery/linux.rs:83:38
[INFO] [stdout]    |
[INFO] [stdout] 83 |     let is_present: bool = props.get(DEVICE_IFACE, "IsPresent").await?.try_into()?;
[INFO] [stdout]    |                                  --- ^^^^^^^^^^^^ expected `InterfaceName<'_>`, found `&str`
[INFO] [stdout]    |                                  |
[INFO] [stdout]    |                                  arguments to this method are incorrect
[INFO] [stdout]    |
[INFO] [stdout] note: method defined here
[INFO] [stdout]   --> /opt/rustwide/cargo-home/registry/src/index.crates.io-1949cf8c6b5b557f/zbus-5.19.0/src/fdo/properties.rs:18:1
[INFO] [stdout]    |
[INFO] [stdout] 18 | / #[interface(
[INFO] [stdout] 19 | |     name = "org.freedesktop.DBus.Properties",
[INFO] [stdout] 20 | |     introspection_docs = false,
[INFO] [stdout] 21 | |     proxy(visibility = "pub")
[INFO] [stdout] 22 | | )]
[INFO] [stdout]    | |__^
[INFO] [stdout]    = note: this error originates in the attribute macro `::zbus::proxy` (in Nightly builds, run with -Z macro-backtrace for more info)
[INFO] [stdout] 
[INFO] [stdout] 
[INFO] [stdout] error[E0308]: mismatched types
[INFO] [stdout]   --> apps/desktop/src/battery/linux.rs:84:31
[INFO] [stdout]    |
[INFO] [stdout] 84 |     let kind: u32 = props.get(DEVICE_IFACE, "Type").await?.try_into()?;
[INFO] [stdout]    |                           --- ^^^^^^^^^^^^ expected `InterfaceName<'_>`, found `&str`
[INFO] [stdout]    |                           |
[INFO] [stdout]    |                           arguments to this method are incorrect
[INFO] [stdout]    |
[INFO] [stdout] note: method defined here
[INFO] [stdout]   --> /opt/rustwide/cargo-home/registry/src/index.crates.io-1949cf8c6b5b557f/zbus-5.19.0/src/fdo/properties.rs:18:1
[INFO] [stdout]    |
[INFO] [stdout] 18 | / #[interface(
[INFO] [stdout] 19 | |     name = "org.freedesktop.DBus.Properties",
[INFO] [stdout] 20 | |     introspection_docs = false,
[INFO] [stdout] 21 | |     proxy(visibility = "pub")
[INFO] [stdout] 22 | | )]
[INFO] [stdout]    | |__^
[INFO] [stdout]    = note: this error originates in the attribute macro `::zbus::proxy` (in Nightly builds, run with -Z macro-backtrace for more info)
[INFO] [stdout] 
[INFO] [stdout] 
[INFO] [stdout] warning: variable does not need to be mutable
[INFO] [stdout]   --> apps/desktop/src/alert/flash.rs:86:9
[INFO] [stdout]    |
[INFO] [stdout] 86 |     let mut attrs = WindowAttributes::default()
[INFO] [stdout]    |         ----^^^^^
[INFO] [stdout]    |         |
[INFO] [stdout]    |         help: remove this `mut`
[INFO] [stdout]    |
[INFO] [stdout]    = note: `#[warn(unused_mut)]` (part of `#[warn(unused)]`) on by default
[INFO] [stdout] 
[INFO] [stdout] 
[INFO] [stdout] warning: variable does not need to be mutable
[INFO] [stdout]   --> apps/desktop/src/alert/flash.rs:86:9
[INFO] [stdout]    |
[INFO] [stdout] 86 |     let mut attrs = WindowAttributes::default()
[INFO] [stdout]    |         ----^^^^^
[INFO] [stdout]    |         |
[INFO] [stdout]    |         help: remove this `mut`
[INFO] [stdout]    |
[INFO] [stdout]    = note: `#[warn(unused_mut)]` (part of `#[warn(unused)]`) on by default
[INFO] [stdout] 
[INFO] [stdout] 
[INFO] [stdout] warning: variable does not need to be mutable
[INFO] [stdout]    --> apps/desktop/src/tray.rs:114:13
[INFO] [stdout]     |
[INFO] [stdout] 114 |         let mut builder = TrayIconBuilder::new()
[INFO] [stdout]     |             ----^^^^^^^
[INFO] [stdout]     |             |
[INFO] [stdout]     |             help: remove this `mut`
[INFO] [stdout] 
[INFO] [stdout] 
[INFO] [stdout] For more information about this error, try `rustc --explain E0308`.
[INFO] [stdout] 
[INFO] [stderr] error: could not compile `nobattery` (bin "nobattery") due to 4 previous errors; 2 warnings emitted
[INFO] [stderr] warning: build failed, waiting for other jobs to finish...
[INFO] [stdout] warning: variable does not need to be mutable
[INFO] [stdout]    --> apps/desktop/src/tray.rs:114:13
[INFO] [stdout]     |
[INFO] [stdout] 114 |         let mut builder = TrayIconBuilder::new()
[INFO] [stdout]     |             ----^^^^^^^
[INFO] [stdout]     |             |
[INFO] [stdout]     |             help: remove this `mut`
[INFO] [stdout] 
[INFO] [stdout] 
[INFO] [stdout] For more information about this error, try `rustc --explain E0308`.
[INFO] [stdout] 
[INFO] [stderr] error: could not compile `nobattery` (bin "nobattery" test) due to 4 previous errors; 2 warnings emitted
[INFO] running `Command { std: "docker" "inspect" "6970d01ed2b3bca7e7762a6d9c4813c7b29ae0b0e15fdc2f1757c54afa58a07b", kill_on_drop: false }`
[INFO] running `Command { std: "docker" "rm" "-f" "6970d01ed2b3bca7e7762a6d9c4813c7b29ae0b0e15fdc2f1757c54afa58a07b", kill_on_drop: false }`
[INFO] [stdout] 6970d01ed2b3bca7e7762a6d9c4813c7b29ae0b0e15fdc2f1757c54afa58a07b
