[INFO] cloning repository https://github.com/aymarzip/Aegis
[INFO] running `Command { std: "git" "-c" "credential.helper=" "-c" "credential.helper=/workspace/cargo-home/bin/git-credential-null" "clone" "--bare" "https://github.com/aymarzip/Aegis" "/workspace/cache/git-repos/https%3A%2F%2Fgithub.com%2Faymarzip%2FAegis", kill_on_drop: false }`
[INFO] [stderr] Cloning into bare repository '/workspace/cache/git-repos/https%3A%2F%2Fgithub.com%2Faymarzip%2FAegis'...
[INFO] running `Command { std: "git" "rev-parse" "HEAD", kill_on_drop: false }`
[INFO] [stdout] 406a582c41f2e16b0623a6cfe4bad75248e4162d
[INFO] checking aymarzip/Aegis against 3154cc1a3e6424e44f438a95007d043ed5ceaaf6 for pr-133502-30
[INFO] running `Command { std: "git" "clone" "/workspace/cache/git-repos/https%3A%2F%2Fgithub.com%2Faymarzip%2FAegis" "/workspace/builds/worker-3-tc2/source", kill_on_drop: false }`
[INFO] [stderr] Cloning into '/workspace/builds/worker-3-tc2/source'...
[INFO] [stderr] done.
[INFO] started tweaking git repo https://github.com/aymarzip/Aegis
[INFO] finished tweaking git repo https://github.com/aymarzip/Aegis
[INFO] tweaked toml for git repo https://github.com/aymarzip/Aegis written to /workspace/builds/worker-3-tc2/source/Cargo.toml
[INFO] validating manifest of git repo https://github.com/aymarzip/Aegis on toolchain 3154cc1a3e6424e44f438a95007d043ed5ceaaf6
[INFO] running `Command { std: CARGO_HOME="/workspace/cargo-home" RUSTUP_HOME="/workspace/rustup-home" "/workspace/cargo-home/bin/cargo" "+3154cc1a3e6424e44f438a95007d043ed5ceaaf6" "metadata" "--manifest-path" "Cargo.toml" "--no-deps", kill_on_drop: false }`
[INFO] crate git repo https://github.com/aymarzip/Aegis already has a lockfile, it will not be regenerated
[INFO] running `Command { std: CARGO_HOME="/workspace/cargo-home" RUSTUP_HOME="/workspace/rustup-home" "/workspace/cargo-home/bin/cargo" "+3154cc1a3e6424e44f438a95007d043ed5ceaaf6" "fetch" "--manifest-path" "Cargo.toml", kill_on_drop: false }`
[INFO] [stderr] warning: unused field `repository` in `workspace.package`
[INFO] [stderr]   --> Cargo.toml:13:1
[INFO] [stderr]    |
[INFO] [stderr] 13 | repository = "https://github.com/example/aegis"
[INFO] [stderr]    | ^^^^^^^^^^
[INFO] [stderr]    |
[INFO] [stderr]    = note: `cargo::unused_workspace_package_fields` is set to `warn` by default
[INFO] [stderr] help: consider removing the field `workspace.package.repository`
[INFO] [stderr] warning: workspace (manifest) generated 1 warning
[INFO] running `Command { std: "docker" "create" "-v" "/var/lib/crater-agent-workspace/builds/worker-3-tc2/source:/opt/rustwide/workdir:ro,Z" "-v" "/var/lib/crater-agent-workspace/builds/worker-3-tc2/target:/opt/rustwide/target:rw,Z" "-v" "/var/lib/crater-agent-workspace/cargo-home:/opt/rustwide/cargo-home:ro,Z" "-v" "/var/lib/crater-agent-workspace/rustup-home:/opt/rustwide/rustup-home:ro,Z" "-m" "1610612736" "--network" "none" "ghcr.io/rust-lang/crates-build-env/linux@sha256:77db811e55d90add9212f6832c23229e3de5f1c1f9905e8cb07319ea15df73ac" "sleep" "infinity", kill_on_drop: false }`
[INFO] [stdout] 56bfe84f012f88c3f290cecc7765d6fbdd6df3024317dd9eed3210178a1334cd
[INFO] running `Command { std: "docker" "start" "56bfe84f012f88c3f290cecc7765d6fbdd6df3024317dd9eed3210178a1334cd", kill_on_drop: false }`
[INFO] running `Command { std: "docker" "inspect" "56bfe84f012f88c3f290cecc7765d6fbdd6df3024317dd9eed3210178a1334cd", kill_on_drop: false }`
[INFO] running `Command { std: "docker" "exec" "-e" "SOURCE_DIR=/opt/rustwide/workdir" "-e" "CARGO_HOME=/opt/rustwide/cargo-home" "-e" "RUSTUP_HOME=/opt/rustwide/rustup-home" "-e" "CARGO_TARGET_DIR=/opt/rustwide/target" "-w" "/opt/rustwide/workdir" "--user" "0:0" "56bfe84f012f88c3f290cecc7765d6fbdd6df3024317dd9eed3210178a1334cd" "/opt/rustwide/cargo-home/bin/cargo" "+3154cc1a3e6424e44f438a95007d043ed5ceaaf6" "metadata" "--no-deps" "--format-version=1", kill_on_drop: false }`
[INFO] running `Command { std: "docker" "inspect" "56bfe84f012f88c3f290cecc7765d6fbdd6df3024317dd9eed3210178a1334cd", kill_on_drop: false }`
[INFO] running `Command { std: "docker" "exec" "-e" "SOURCE_DIR=/opt/rustwide/workdir" "-e" "CARGO_HOME=/opt/rustwide/cargo-home" "-e" "RUSTUP_HOME=/opt/rustwide/rustup-home" "-e" "CARGO_TARGET_DIR=/opt/rustwide/target" "-e" "CARGO_INCREMENTAL=0" "-e" "RUST_BACKTRACE=full" "-e" "RUSTFLAGS=--cap-lints=forbid" "-e" "RUSTDOCFLAGS=--cap-lints=forbid" "-w" "/opt/rustwide/workdir" "--user" "0:0" "56bfe84f012f88c3f290cecc7765d6fbdd6df3024317dd9eed3210178a1334cd" "/opt/rustwide/cargo-home/bin/cargo" "+3154cc1a3e6424e44f438a95007d043ed5ceaaf6" "check" "--frozen" "--all" "--all-targets" "--message-format=json", kill_on_drop: false }`
[INFO] [stderr] warning: unused field `repository` in `workspace.package`
[INFO] [stderr]   --> Cargo.toml:13:1
[INFO] [stderr]    |
[INFO] [stderr] 13 | repository = "https://github.com/example/aegis"
[INFO] [stderr]    | ^^^^^^^^^^
[INFO] [stderr]    |
[INFO] [stderr]    = note: `cargo::unused_workspace_package_fields` is set to `warn` by default
[INFO] [stderr] help: consider removing the field `workspace.package.repository`
[INFO] [stderr] warning: workspace (manifest) generated 1 warning
[INFO] [stderr]    Compiling find-msvc-tools v0.1.10
[INFO] [stderr]     Checking smallvec v1.15.2
[INFO] [stderr]     Checking typenum v1.20.1
[INFO] [stderr]    Compiling serde v1.0.229
[INFO] [stderr]    Compiling syn v2.0.119
[INFO] [stderr]    Compiling displaydoc v0.2.7
[INFO] [stderr]    Compiling serde_core v1.0.229
[INFO] [stderr]    Compiling cc v1.4.2
[INFO] [stderr]     Checking futures-core v0.3.34
[INFO] [stderr]    Compiling num-traits v0.2.19
[INFO] [stderr]    Compiling serde_json v1.0.151
[INFO] [stderr]    Compiling writeable v0.6.3
[INFO] [stderr]    Compiling crossbeam-utils v0.8.22
[INFO] [stderr]    Compiling litemap v0.8.2
[INFO] [stderr]     Checking parking_lot_core v0.9.12
[INFO] [stderr]    Compiling rustls v0.23.43
[INFO] [stderr]     Checking futures-sink v0.3.34
[INFO] [stderr]     Checking parking_lot v0.12.5
[INFO] [stderr]    Compiling zeroize v1.9.0
[INFO] [stderr]    Compiling icu_properties_data v2.2.0
[INFO] [stderr]    Compiling rustls-pki-types v1.15.1
[INFO] [stderr]    Compiling icu_normalizer_data v2.2.0
[INFO] [stderr]    Compiling tokio-macros v2.7.2
[INFO] [stderr]     Checking generic-array v0.14.7
[INFO] [stderr]    Compiling ring v0.17.14
[INFO] [stderr]    Compiling libsqlite3-sys v0.30.1
[INFO] [stderr]     Checking tokio v1.53.1
[INFO] [stderr]     Checking block-buffer v0.10.4
[INFO] [stderr]     Checking crypto-common v0.1.7
[INFO] [stderr]    Compiling getrandom v0.2.17
[INFO] [stderr]     Checking digest v0.10.7
[INFO] [stderr]     Checking spin v0.9.9
[INFO] [stderr]    Compiling untrusted v0.9.0
[INFO] [stderr]    Compiling form_urlencoded v1.2.2
[INFO] [stderr]    Compiling hybrid-array v0.4.14
[INFO] [stderr]     Checking http v1.5.0
[INFO] [stderr]    Compiling mio v1.2.2
[INFO] [stderr]    Compiling socket2 v0.6.5
[INFO] [stderr]    Compiling futures-io v0.3.34
[INFO] [stderr]    Compiling bytes v1.12.1
[INFO] [stderr]     Checking slab v0.4.12
[INFO] [stderr]    Compiling futures-task v0.3.34
[INFO] [stderr]    Compiling futures-util v0.3.34
[INFO] [stderr]    Compiling synstructure v0.13.2
[INFO] [stderr]    Compiling zerofrom-derive v0.1.7
[INFO] [stderr]    Compiling yoke-derive v0.8.2
[INFO] [stderr]    Compiling zerovec-derive v0.11.3
[INFO] [stderr]    Compiling tracing-attributes v0.1.31
[INFO] [stderr]    Compiling rustls-webpki v0.103.14
[INFO] [stderr]    Compiling zerofrom v0.1.8
[INFO] [stderr]    Compiling yoke v0.8.3
[INFO] [stderr]     Checking http-body v1.1.0
[INFO] [stderr]    Compiling zerovec v0.11.6
[INFO] [stderr]    Compiling zerotrie v0.2.4
[INFO] [stderr]     Checking tracing v0.1.44
[INFO] [stderr]    Compiling webpki-roots v1.0.9
[INFO] [stderr]     Checking tinystr v0.8.3
[INFO] [stderr]     Checking potential_utf v0.1.5
[INFO] [stderr]     Checking num-integer v0.1.47
[INFO] [stderr]     Checking icu_collections v2.2.0
[INFO] [stderr]     Checking icu_locale_core v2.2.0
[INFO] [stderr]    Compiling zmij v1.0.23
[INFO] [stderr]    Compiling iana-time-zone v0.1.65
[INFO] [stderr]    Compiling crc-catalog v2.5.0
[INFO] [stderr]    Compiling log v0.4.33
[INFO] [stderr]    Compiling crossbeam-queue v0.3.13
[INFO] [stderr]    Compiling chrono v0.4.45
[INFO] [stderr]     Checking icu_provider v2.2.0
[INFO] [stderr]    Compiling crc v3.4.0
[INFO] [stderr]    Compiling event-listener v5.4.2
[INFO] [stderr]    Compiling sha2 v0.10.9
[INFO] [stderr]     Checking icu_properties v2.2.0
[INFO] [stderr]    Compiling icu_normalizer v2.2.0
[INFO] [stderr]    Compiling tokio-stream v0.1.19
[INFO] [stderr]    Compiling mime_guess v2.0.5
[INFO] [stderr]    Compiling webpki-roots v0.26.11
[INFO] [stderr]    Compiling futures-intrusive v0.5.0
[INFO] [stderr]     Checking idna_adapter v1.2.2
[INFO] [stderr]    Compiling either v1.17.0
[INFO] [stderr]    Compiling crypto-common v0.2.2
[INFO] [stderr]    Compiling block-buffer v0.12.1
[INFO] [stderr]    Compiling idna v1.1.0
[INFO] [stderr]     Checking futures-channel v0.3.34
[INFO] [stderr]    Compiling thiserror v2.0.20
[INFO] [stderr]    Compiling ryu v1.0.23
[INFO] [stderr]    Compiling const-oid v0.10.2
[INFO] [stderr]     Checking indexmap v2.14.0
[INFO] [stderr]    Compiling serde_urlencoded v0.7.1
[INFO] [stderr]    Compiling flume v0.11.1
[INFO] [stderr]    Compiling url v2.5.8
[INFO] [stderr]    Compiling digest v0.11.3
[INFO] [stderr]     Checking der v0.7.10
[INFO] [stderr]    Compiling futures-executor v0.3.34
[INFO] [stderr]    Compiling atoi v2.0.0
[INFO] [stderr]     Checking lazy_static v1.5.0
[INFO] [stderr]    Compiling cpufeatures v0.3.0
[INFO] [stderr]    Compiling time-macros v0.2.32
[INFO] [stderr]    Compiling sha2 v0.11.0
[INFO] [stderr]     Checking spki v0.7.3
[INFO] [stderr]    Compiling sqlx-core v0.8.6
[INFO] [stderr]     Checking deranged v0.5.8
[INFO] [stderr]    Compiling mime v0.3.17
[INFO] [stderr]     Checking sync_wrapper v1.0.2
[INFO] [stderr]     Checking time-core v0.1.9
[INFO] [stderr]     Checking num-conv v0.2.2
[INFO] [stderr]     Checking regex-automata v0.4.18
[INFO] [stderr]     Checking hyper v1.11.0
[INFO] [stderr]    Compiling rust-embed-utils v8.12.0
[INFO] [stderr]     Checking pkcs8 v0.10.2
[INFO] [stderr]     Checking rand_chacha v0.9.0
[INFO] [stderr]     Checking num-iter v0.1.46
[INFO] [stderr]     Checking num-bigint v0.4.8
[INFO] [stderr]     Checking http-body-util v0.1.4
[INFO] [stderr]     Checking time v0.3.55
[INFO] [stderr]     Checking clap_builder v4.6.6
[INFO] [stderr]     Checking axum-core v0.5.6
[INFO] [stderr]     Checking rand v0.9.5
[INFO] [stderr]     Checking matchers v0.2.0
[INFO] [stderr]     Checking num-bigint-dig v0.8.6
[INFO] [stderr]    Compiling rust-embed-impl v8.12.0
[INFO] [stderr]     Checking uuid v1.24.0
[INFO] [stderr]    Compiling sqlx-sqlite v0.8.6
[INFO] [stderr]     Checking pkcs1 v0.7.5
[INFO] [stderr]     Checking hyper-util v0.1.20
[INFO] [stderr]     Checking tower v0.5.3
[INFO] [stderr]     Checking sharded-slab v0.1.7
[INFO] [stderr]    Compiling clap_derive v4.6.4
[INFO] [stderr]    Compiling axum-macros v0.5.1
[INFO] [stderr]     Checking signature v2.2.0
[INFO] [stderr]     Checking tracing-serde v0.2.0
[INFO] [stderr]     Checking serde_path_to_error v0.1.20
[INFO] [stderr]     Checking blake2 v0.10.6
[INFO] [stderr]     Checking tracing-log v0.2.0
[INFO] [stderr]     Checking thread_local v1.1.10
[INFO] [stderr]     Checking simple_asn1 v0.6.4
[INFO] [stderr]     Checking tracing-subscriber v0.3.23
[INFO] [stderr]     Checking jsonwebtoken v9.3.1
[INFO] [stderr]     Checking tower-http v0.6.11
[INFO] [stderr]     Checking serde_yaml v0.9.34+deprecated
[INFO] [stderr]     Checking argon2 v0.5.3
[INFO] [stderr]     Checking rsa v0.9.10
[INFO] [stderr]     Checking rust-embed v8.12.0
[INFO] [stderr]     Checking ulid v1.2.1
[INFO] [stderr]    Compiling sqlx-macros-core v0.8.6
[INFO] [stderr]     Checking axum v0.8.9
[INFO] [stderr]     Checking clap v4.6.6
[INFO] [stderr]    Compiling sqlx-macros v0.8.6
[INFO] [stderr]     Checking sqlx v0.8.6
[INFO] [stderr]     Checking aegis v0.1.0 (/opt/rustwide/workdir/crates/aegis)
[INFO] [stdout] error: #[derive(RustEmbed)] folder '/opt/rustwide/workdir/crates/aegis/../../console/dist' does not exist. cwd: '/opt/rustwide/workdir'
[INFO] [stdout]   --> crates/aegis/src/web.rs:24:1
[INFO] [stdout]    |
[INFO] [stdout] 24 | / #[folder = "../../console/dist"]
[INFO] [stdout] 25 | | struct ConsoleAssets;
[INFO] [stdout]    | |_____________________^
[INFO] [stdout] 
[INFO] [stdout] 
[INFO] [stdout] error: #[derive(RustEmbed)] folder '/opt/rustwide/workdir/crates/aegis/../../console/dist' does not exist. cwd: '/opt/rustwide/workdir'
[INFO] [stdout]   --> crates/aegis/src/web.rs:24:1
[INFO] [stdout]    |
[INFO] [stdout] 24 | / #[folder = "../../console/dist"]
[INFO] [stdout] 25 | | struct ConsoleAssets;
[INFO] [stdout]    | |_____________________^
[INFO] [stdout] 
[INFO] [stdout] 
[INFO] [stdout] error[E0599]: no associated function or constant named `get` found for struct `ConsoleAssets` in the current scope
[INFO] [stdout]    --> crates/aegis/src/web.rs:289:26
[INFO] [stdout]     |
[INFO] [stdout]  25 | struct ConsoleAssets;
[INFO] [stdout]     | -------------------- associated function or constant `get` not found for this struct
[INFO] [stdout] ...
[INFO] [stdout] 289 |     match ConsoleAssets::get(asset_path) {
[INFO] [stdout]     |                          ^^^ associated function or constant not found in `ConsoleAssets`
[INFO] [stdout]     |
[INFO] [stdout]     = help: items from traits can only be used if the trait is implemented and in scope
[INFO] [stdout]     = note: the following traits define an item `get`, perhaps you need to implement one of them:
[INFO] [stdout]             candidate #1: `Embed`
[INFO] [stdout]             candidate #2: `Row`
[INFO] [stdout]             candidate #3: `SliceIndex`
[INFO] [stdout]             candidate #4: `icu_collections::codepointtrie::cptrie::TypedCodePointTrie`
[INFO] [stdout]             candidate #5: `icu_properties::names::PropertyEnumToValueNameLookup`
[INFO] [stdout]             candidate #6: `icu_provider::baked::DataStore`
[INFO] [stdout]             candidate #7: `rustls::server::server_conn::StoresServerSessions`
[INFO] [stdout] 
[INFO] [stdout] 
[INFO] [stdout] error[E0599]: no associated function or constant named `get` found for struct `ConsoleAssets` in the current scope
[INFO] [stdout]    --> crates/aegis/src/web.rs:289:26
[INFO] [stdout]     |
[INFO] [stdout]  25 | struct ConsoleAssets;
[INFO] [stdout]     | -------------------- associated function or constant `get` not found for this struct
[INFO] [stdout] ...
[INFO] [stdout] 289 |     match ConsoleAssets::get(asset_path) {
[INFO] [stdout]     |                          ^^^ associated function or constant not found in `ConsoleAssets`
[INFO] [stdout]     |
[INFO] [stdout]     = help: items from traits can only be used if the trait is implemented and in scope
[INFO] [stdout]     = note: the following traits define an item `get`, perhaps you need to implement one of them:
[INFO] [stdout]             candidate #1: `Embed`
[INFO] [stdout]             candidate #2: `Row`
[INFO] [stdout]             candidate #3: `SliceIndex`
[INFO] [stdout]             candidate #4: `icu_collections::codepointtrie::cptrie::TypedCodePointTrie`
[INFO] [stdout]             candidate #5: `icu_properties::names::PropertyEnumToValueNameLookup`
[INFO] [stdout]             candidate #6: `icu_provider::baked::DataStore`
[INFO] [stdout]             candidate #7: `rustls::server::server_conn::StoresServerSessions`
[INFO] [stdout] 
[INFO] [stdout] 
[INFO] [stdout] error[E0599]: no associated function or constant named `get` found for struct `ConsoleAssets` in the current scope
[INFO] [stdout]    --> crates/aegis/src/web.rs:294:61
[INFO] [stdout]     |
[INFO] [stdout]  25 | struct ConsoleAssets;
[INFO] [stdout]     | -------------------- associated function or constant `get` not found for this struct
[INFO] [stdout] ...
[INFO] [stdout] 294 |         None if !path.contains('.') => match ConsoleAssets::get("index.html") {
[INFO] [stdout]     |                                                             ^^^ associated function or constant not found in `ConsoleAssets`
[INFO] [stdout]     |
[INFO] [stdout]     = help: items from traits can only be used if the trait is implemented and in scope
[INFO] [stdout]     = note: the following traits define an item `get`, perhaps you need to implement one of them:
[INFO] [stdout]             candidate #1: `Embed`
[INFO] [stdout]             candidate #2: `Row`
[INFO] [stdout]             candidate #3: `SliceIndex`
[INFO] [stdout]             candidate #4: `icu_collections::codepointtrie::cptrie::TypedCodePointTrie`
[INFO] [stdout]             candidate #5: `icu_properties::names::PropertyEnumToValueNameLookup`
[INFO] [stdout]             candidate #6: `icu_provider::baked::DataStore`
[INFO] [stdout]             candidate #7: `rustls::server::server_conn::StoresServerSessions`
[INFO] [stdout] 
[INFO] [stdout] 
[INFO] [stdout] error[E0599]: no associated function or constant named `get` found for struct `ConsoleAssets` in the current scope
[INFO] [stdout]    --> crates/aegis/src/web.rs:294:61
[INFO] [stdout]     |
[INFO] [stdout]  25 | struct ConsoleAssets;
[INFO] [stdout]     | -------------------- associated function or constant `get` not found for this struct
[INFO] [stdout] ...
[INFO] [stdout] 294 |         None if !path.contains('.') => match ConsoleAssets::get("index.html") {
[INFO] [stdout]     |                                                             ^^^ associated function or constant not found in `ConsoleAssets`
[INFO] [stdout]     |
[INFO] [stdout]     = help: items from traits can only be used if the trait is implemented and in scope
[INFO] [stdout]     = note: the following traits define an item `get`, perhaps you need to implement one of them:
[INFO] [stdout]             candidate #1: `Embed`
[INFO] [stdout]             candidate #2: `Row`
[INFO] [stdout]             candidate #3: `SliceIndex`
[INFO] [stdout]             candidate #4: `icu_collections::codepointtrie::cptrie::TypedCodePointTrie`
[INFO] [stdout]             candidate #5: `icu_properties::names::PropertyEnumToValueNameLookup`
[INFO] [stdout]             candidate #6: `icu_provider::baked::DataStore`
[INFO] [stdout]             candidate #7: `rustls::server::server_conn::StoresServerSessions`
[INFO] [stdout] 
[INFO] [stdout] 
[INFO] [stdout] For more information about this error, try `rustc --explain E0599`.
[INFO] [stdout] 
[INFO] [stderr] error: could not compile `aegis` (bin "aegis") due to 3 previous errors
[INFO] [stderr] warning: build failed, waiting for other jobs to finish...
[INFO] [stdout] For more information about this error, try `rustc --explain E0599`.
[INFO] [stdout] 
[INFO] [stderr] error: could not compile `aegis` (bin "aegis" test) due to 3 previous errors
[INFO] running `Command { std: "docker" "inspect" "56bfe84f012f88c3f290cecc7765d6fbdd6df3024317dd9eed3210178a1334cd", kill_on_drop: false }`
[INFO] running `Command { std: "docker" "rm" "-f" "56bfe84f012f88c3f290cecc7765d6fbdd6df3024317dd9eed3210178a1334cd", kill_on_drop: false }`
[INFO] [stdout] 56bfe84f012f88c3f290cecc7765d6fbdd6df3024317dd9eed3210178a1334cd
