[INFO] cloning repository https://github.com/ayhid/twins
[INFO] running `Command { std: "git" "-c" "credential.helper=" "-c" "credential.helper=/workspace/cargo-home/bin/git-credential-null" "clone" "--bare" "https://github.com/ayhid/twins" "/workspace/cache/git-repos/https%3A%2F%2Fgithub.com%2Fayhid%2Ftwins", kill_on_drop: false }`
[INFO] [stderr] Cloning into bare repository '/workspace/cache/git-repos/https%3A%2F%2Fgithub.com%2Fayhid%2Ftwins'...
[INFO] running `Command { std: "git" "rev-parse" "HEAD", kill_on_drop: false }`
[INFO] [stdout] 70a63e785573c0768769850603e5e1faed3a4b3f
[INFO] checking ayhid/twins against 3154cc1a3e6424e44f438a95007d043ed5ceaaf6+rustflags=-Znext-solver=coherence for pr-133502-30
[INFO] running `Command { std: "git" "clone" "/workspace/cache/git-repos/https%3A%2F%2Fgithub.com%2Fayhid%2Ftwins" "/workspace/builds/worker-5-tc1/source", kill_on_drop: false }`
[INFO] [stderr] Cloning into '/workspace/builds/worker-5-tc1/source'...
[INFO] [stderr] done.
[INFO] started tweaking git repo https://github.com/ayhid/twins
[INFO] finished tweaking git repo https://github.com/ayhid/twins
[INFO] tweaked toml for git repo https://github.com/ayhid/twins written to /workspace/builds/worker-5-tc1/source/Cargo.toml
[INFO] validating manifest of git repo https://github.com/ayhid/twins on toolchain 3154cc1a3e6424e44f438a95007d043ed5ceaaf6
[INFO] running `Command { std: CARGO_HOME="/workspace/cargo-home" RUSTUP_HOME="/workspace/rustup-home" "/workspace/cargo-home/bin/cargo" "+3154cc1a3e6424e44f438a95007d043ed5ceaaf6" "metadata" "--manifest-path" "Cargo.toml" "--no-deps", kill_on_drop: false }`
[INFO] crate git repo https://github.com/ayhid/twins already has a lockfile, it will not be regenerated
[INFO] running `Command { std: CARGO_HOME="/workspace/cargo-home" RUSTUP_HOME="/workspace/rustup-home" "/workspace/cargo-home/bin/cargo" "+3154cc1a3e6424e44f438a95007d043ed5ceaaf6" "fetch" "--manifest-path" "Cargo.toml", kill_on_drop: false }`
[INFO] running `Command { std: "docker" "create" "-v" "/var/lib/crater-agent-workspace/builds/worker-5-tc1/source:/opt/rustwide/workdir:ro,Z" "-v" "/var/lib/crater-agent-workspace/builds/worker-5-tc1/target:/opt/rustwide/target:rw,Z" "-v" "/var/lib/crater-agent-workspace/cargo-home:/opt/rustwide/cargo-home:ro,Z" "-v" "/var/lib/crater-agent-workspace/rustup-home:/opt/rustwide/rustup-home:ro,Z" "-m" "1610612736" "--network" "none" "ghcr.io/rust-lang/crates-build-env/linux@sha256:77db811e55d90add9212f6832c23229e3de5f1c1f9905e8cb07319ea15df73ac" "sleep" "infinity", kill_on_drop: false }`
[INFO] [stdout] 4f84a0afa8a341d8096cd3fa263fba6600c1f7ff3593eb0c454afe139d55255e
[INFO] running `Command { std: "docker" "start" "4f84a0afa8a341d8096cd3fa263fba6600c1f7ff3593eb0c454afe139d55255e", kill_on_drop: false }`
[INFO] running `Command { std: "docker" "inspect" "4f84a0afa8a341d8096cd3fa263fba6600c1f7ff3593eb0c454afe139d55255e", kill_on_drop: false }`
[INFO] running `Command { std: "docker" "exec" "-e" "SOURCE_DIR=/opt/rustwide/workdir" "-e" "CARGO_HOME=/opt/rustwide/cargo-home" "-e" "RUSTUP_HOME=/opt/rustwide/rustup-home" "-e" "CARGO_TARGET_DIR=/opt/rustwide/target" "-w" "/opt/rustwide/workdir" "--user" "0:0" "4f84a0afa8a341d8096cd3fa263fba6600c1f7ff3593eb0c454afe139d55255e" "/opt/rustwide/cargo-home/bin/cargo" "+3154cc1a3e6424e44f438a95007d043ed5ceaaf6" "metadata" "--no-deps" "--format-version=1", kill_on_drop: false }`
[INFO] running `Command { std: "docker" "inspect" "4f84a0afa8a341d8096cd3fa263fba6600c1f7ff3593eb0c454afe139d55255e", kill_on_drop: false }`
[INFO] running `Command { std: "docker" "exec" "-e" "SOURCE_DIR=/opt/rustwide/workdir" "-e" "CARGO_HOME=/opt/rustwide/cargo-home" "-e" "RUSTUP_HOME=/opt/rustwide/rustup-home" "-e" "CARGO_TARGET_DIR=/opt/rustwide/target" "-e" "CARGO_INCREMENTAL=0" "-e" "RUST_BACKTRACE=full" "-e" "RUSTFLAGS=--cap-lints=forbid -Znext-solver=coherence" "-e" "RUSTDOCFLAGS=--cap-lints=forbid" "-w" "/opt/rustwide/workdir" "--user" "0:0" "4f84a0afa8a341d8096cd3fa263fba6600c1f7ff3593eb0c454afe139d55255e" "/opt/rustwide/cargo-home/bin/cargo" "+3154cc1a3e6424e44f438a95007d043ed5ceaaf6" "check" "--frozen" "--all" "--all-targets" "--message-format=json", kill_on_drop: false }`
[INFO] [stderr]    Compiling crossbeam-epoch v0.9.21
[INFO] [stderr]    Compiling crossbeam-deque v0.8.8
[INFO] [stderr]     Checking aho-corasick v1.1.5
[INFO] [stderr]    Compiling crossbeam-utils v0.8.23
[INFO] [stderr]     Checking cpufeatures v0.3.1
[INFO] [stderr]    Compiling syn v3.0.5
[INFO] [stderr]    Compiling blake3 v1.8.7
[INFO] [stderr]    Compiling rustix v1.1.4
[INFO] [stderr]     Checking linux-raw-sys v0.12.1
[INFO] [stderr]     Checking xxhash-rust v0.8.18
[INFO] [stderr]     Checking getrandom v0.4.3
[INFO] [stderr]     Checking anstyle-parse v1.0.0
[INFO] [stderr]     Checking errno v0.3.14
[INFO] [stderr]    Compiling signal-hook v0.4.4
[INFO] [stderr]     Checking float-cmp v0.10.0
[INFO] [stderr]     Checking wait-timeout v0.2.1
[INFO] [stderr]     Checking signal-hook-registry v1.4.8
[INFO] [stderr]     Checking anstream v1.0.0
[INFO] [stderr]     Checking clap_builder v4.6.6
[INFO] [stderr]     Checking regex-automata v0.4.18
[INFO] [stderr]     Checking rayon-core v1.13.0
[INFO] [stderr]     Checking rayon v1.12.0
[INFO] [stderr]     Checking tempfile v3.27.0
[INFO] [stderr]     Checking bstr v1.13.1
[INFO] [stderr]     Checking regex v1.12.3
[INFO] [stderr]     Checking predicates v3.1.4
[INFO] [stderr]     Checking globset v0.4.20
[INFO] [stderr]     Checking assert_cmd v2.2.2
[INFO] [stderr]    Compiling thiserror-impl v2.0.20
[INFO] [stderr]    Compiling serde_derive v1.0.229
[INFO] [stderr]    Compiling clap_derive v4.6.4
[INFO] [stderr]     Checking thiserror v2.0.20
[INFO] [stderr]     Checking clap v4.6.6
[INFO] [stderr]     Checking serde v1.0.229
[INFO] [stderr]     Checking twins-core v1.0.0-beta.0 (/opt/rustwide/workdir/crates/twins-core)
[INFO] [stdout] error[E0433]: cannot find `macos` in `os`
[INFO] [stdout]  --> crates/twins-core/src/fsutil.rs:4:14
[INFO] [stdout]   |
[INFO] [stdout] 4 | use std::os::macos::fs::MetadataExt as MacMetadataExt;
[INFO] [stdout]   |              ^^^^^ could not find `macos` in `os`
[INFO] [stdout]   |
[INFO] [stdout] note: found an item that was configured out
[INFO] [stdout]  --> /rustc/3154cc1a3e6424e44f438a95007d043ed5ceaaf6/library/std/src/os/mod.rs:118:6
[INFO] [stdout]   |
[INFO] [stdout]   = note: the item is gated behind the `macos` feature
[INFO] [stdout] 
[INFO] [stdout] 
[INFO] [stdout] error[E0433]: cannot find `macos` in `os`
[INFO] [stdout]  --> crates/twins-core/src/fsutil.rs:4:14
[INFO] [stdout]   |
[INFO] [stdout] 4 | use std::os::macos::fs::MetadataExt as MacMetadataExt;
[INFO] [stdout]   |              ^^^^^ could not find `macos` in `os`
[INFO] [stdout]   |
[INFO] [stdout] note: found an item that was configured out
[INFO] [stdout]  --> /rustc/3154cc1a3e6424e44f438a95007d043ed5ceaaf6/library/std/src/os/mod.rs:118:6
[INFO] [stdout]   |
[INFO] [stdout]   = note: the item is gated behind the `macos` feature
[INFO] [stdout] 
[INFO] [stdout] 
[INFO] [stdout] error[E0425]: cannot find value `MNT_LOCAL` in crate `libc`
[INFO] [stdout]     --> crates/twins-core/src/fsutil.rs:186:27
[INFO] [stdout]      |
[INFO] [stdout]  186 |     Ok(fs.f_flags & libc::MNT_LOCAL as u32 != 0)
[INFO] [stdout]      |                           ^^^^^^^^^ not found in `libc`
[INFO] [stdout]      |
[INFO] [stdout] note: similarly named constant `RTN_LOCAL` defined here
[INFO] [stdout]     --> /opt/rustwide/cargo-home/registry/src/index.crates.io-1949cf8c6b5b557f/libc-0.2.189/src/unix/linux_like/linux/mod.rs:2306:1
[INFO] [stdout]      |
[INFO] [stdout] 2306 | pub const RTN_LOCAL: c_uchar = 2;
[INFO] [stdout]      | ^^^^^^^^^^^^^^^^^^^^^^^^^^^^
[INFO] [stdout] help: a constant with a similar name exists
[INFO] [stdout]      |
[INFO] [stdout]  186 -     Ok(fs.f_flags & libc::MNT_LOCAL as u32 != 0)
[INFO] [stdout]  186 +     Ok(fs.f_flags & libc::RTN_LOCAL as u32 != 0)
[INFO] [stdout]      |
[INFO] [stdout] 
[INFO] [stdout] 
[INFO] [stdout] error[E0425]: cannot find value `MNT_LOCAL` in crate `libc`
[INFO] [stdout]     --> crates/twins-core/src/fsutil.rs:186:27
[INFO] [stdout]      |
[INFO] [stdout]  186 |     Ok(fs.f_flags & libc::MNT_LOCAL as u32 != 0)
[INFO] [stdout]      |                           ^^^^^^^^^ not found in `libc`
[INFO] [stdout]      |
[INFO] [stdout] note: similarly named constant `RTN_LOCAL` defined here
[INFO] [stdout]     --> /opt/rustwide/cargo-home/registry/src/index.crates.io-1949cf8c6b5b557f/libc-0.2.189/src/unix/linux_like/linux/mod.rs:2306:1
[INFO] [stdout]      |
[INFO] [stdout] 2306 | pub const RTN_LOCAL: c_uchar = 2;
[INFO] [stdout]      | ^^^^^^^^^^^^^^^^^^^^^^^^^^^^
[INFO] [stdout] help: a constant with a similar name exists
[INFO] [stdout]      |
[INFO] [stdout]  186 -     Ok(fs.f_flags & libc::MNT_LOCAL as u32 != 0)
[INFO] [stdout]  186 +     Ok(fs.f_flags & libc::RTN_LOCAL as u32 != 0)
[INFO] [stdout]      |
[INFO] [stdout] 
[INFO] [stdout] 
[INFO] [stdout] error[E0599]: no method named `st_flags` found for struct `Metadata` in the current scope
[INFO] [stdout]    --> crates/twins-core/src/fsutil.rs:147:22
[INFO] [stdout]     |
[INFO] [stdout] 147 |         dataless: md.st_flags() & SF_DATALESS != 0,
[INFO] [stdout]     |                      ^^^^^^^^ method not found in `Metadata`
[INFO] [stdout] 
[INFO] [stdout] 
[INFO] [stdout] error[E0599]: no method named `st_flags` found for struct `Metadata` in the current scope
[INFO] [stdout]    --> crates/twins-core/src/fsutil.rs:147:22
[INFO] [stdout]     |
[INFO] [stdout] 147 |         dataless: md.st_flags() & SF_DATALESS != 0,
[INFO] [stdout]     |                      ^^^^^^^^ method not found in `Metadata`
[INFO] [stdout] 
[INFO] [stdout] 
[INFO] [stdout] error[E0609]: no field `f_flags` on type `statfs`
[INFO] [stdout]    --> crates/twins-core/src/fsutil.rs:186:11
[INFO] [stdout]     |
[INFO] [stdout] 186 |     Ok(fs.f_flags & libc::MNT_LOCAL as u32 != 0)
[INFO] [stdout]     |           ^^^^^^^ unknown field
[INFO] [stdout]     |
[INFO] [stdout]     = note: available fields are: `f_type`, `f_bsize`, `f_blocks`, `f_bfree`, `f_bavail` ... and 5 others
[INFO] [stdout] 
[INFO] [stdout] 
[INFO] [stdout] error[E0609]: no field `f_flags` on type `statfs`
[INFO] [stdout]    --> crates/twins-core/src/fsutil.rs:186:11
[INFO] [stdout]     |
[INFO] [stdout] 186 |     Ok(fs.f_flags & libc::MNT_LOCAL as u32 != 0)
[INFO] [stdout]     |           ^^^^^^^ unknown field
[INFO] [stdout]     |
[INFO] [stdout]     = note: available fields are: `f_type`, `f_bsize`, `f_blocks`, `f_bfree`, `f_bavail` ... and 5 others
[INFO] [stdout] 
[INFO] [stdout] 
[INFO] [stdout] Some errors have detailed explanations: E0425, E0433, E0599, E0609.
[INFO] [stdout] 
[INFO] [stdout] For more information about an error, try `rustc --explain E0425`.
[INFO] [stdout] 
[INFO] [stderr] error: could not compile `twins-core` (lib test) due to 4 previous errors
[INFO] [stderr] warning: build failed, waiting for other jobs to finish...
[INFO] [stdout] Some errors have detailed explanations: E0425, E0433, E0599, E0609.
[INFO] [stdout] 
[INFO] [stdout] For more information about an error, try `rustc --explain E0425`.
[INFO] [stdout] 
[INFO] [stderr] error: could not compile `twins-core` (lib) due to 4 previous errors
[INFO] running `Command { std: "docker" "inspect" "4f84a0afa8a341d8096cd3fa263fba6600c1f7ff3593eb0c454afe139d55255e", kill_on_drop: false }`
[INFO] running `Command { std: "docker" "rm" "-f" "4f84a0afa8a341d8096cd3fa263fba6600c1f7ff3593eb0c454afe139d55255e", kill_on_drop: false }`
[INFO] [stdout] 4f84a0afa8a341d8096cd3fa263fba6600c1f7ff3593eb0c454afe139d55255e
