[INFO] cloning repository https://github.com/awjc/nannou-playground
[INFO] running `Command { std: "git" "-c" "credential.helper=" "-c" "credential.helper=/workspace/cargo-home/bin/git-credential-null" "clone" "--bare" "https://github.com/awjc/nannou-playground" "/workspace/cache/git-repos/https%3A%2F%2Fgithub.com%2Fawjc%2Fnannou-playground", kill_on_drop: false }`
[INFO] [stderr] Cloning into bare repository '/workspace/cache/git-repos/https%3A%2F%2Fgithub.com%2Fawjc%2Fnannou-playground'...
[INFO] running `Command { std: "git" "rev-parse" "HEAD", kill_on_drop: false }`
[INFO] [stdout] 078206ba48edbdb5a01ca97a6ed1cf36765d9b94
[INFO] checking awjc/nannou-playground against 3154cc1a3e6424e44f438a95007d043ed5ceaaf6+rustflags=-Znext-solver=coherence for pr-133502-30
[INFO] running `Command { std: "git" "clone" "/workspace/cache/git-repos/https%3A%2F%2Fgithub.com%2Fawjc%2Fnannou-playground" "/workspace/builds/worker-2-tc1/source", kill_on_drop: false }`
[INFO] [stderr] Cloning into '/workspace/builds/worker-2-tc1/source'...
[INFO] [stderr] done.
[INFO] started tweaking git repo https://github.com/awjc/nannou-playground
[INFO] finished tweaking git repo https://github.com/awjc/nannou-playground
[INFO] tweaked toml for git repo https://github.com/awjc/nannou-playground written to /workspace/builds/worker-2-tc1/source/Cargo.toml
[INFO] validating manifest of git repo https://github.com/awjc/nannou-playground on toolchain 3154cc1a3e6424e44f438a95007d043ed5ceaaf6
[INFO] running `Command { std: CARGO_HOME="/workspace/cargo-home" RUSTUP_HOME="/workspace/rustup-home" "/workspace/cargo-home/bin/cargo" "+3154cc1a3e6424e44f438a95007d043ed5ceaaf6" "metadata" "--manifest-path" "Cargo.toml" "--no-deps", kill_on_drop: false }`
[INFO] crate git repo https://github.com/awjc/nannou-playground already has a lockfile, it will not be regenerated
[INFO] running `Command { std: CARGO_HOME="/workspace/cargo-home" RUSTUP_HOME="/workspace/rustup-home" "/workspace/cargo-home/bin/cargo" "+3154cc1a3e6424e44f438a95007d043ed5ceaaf6" "fetch" "--manifest-path" "Cargo.toml", kill_on_drop: false }`
[INFO] [stderr]     Updating crates.io index
[INFO] [stderr]  Downloading crates ...
[INFO] [stderr]   Downloaded noise v0.9.0
[INFO] [stderr]   Downloaded nannou v0.19.0
[INFO] [stderr]   Downloaded wgpu-types v0.17.0
[INFO] [stderr]   Downloaded wgpu v0.17.2
[INFO] [stderr]   Downloaded wgpu-hal v0.17.2
[INFO] [stderr]   Downloaded spirv v0.2.0+1.5.4
[INFO] [stderr]   Downloaded khronos-egl v4.1.0
[INFO] [stderr]   Downloaded hassle-rs v0.10.0
[INFO] [stderr]   Downloaded com-rs v0.2.1
[INFO] [stderr]   Downloaded naga v0.13.0
[INFO] [stderr]   Downloaded gpu-allocator v0.22.0
[INFO] [stderr]   Downloaded d3d12 v0.7.0
[INFO] [stderr]   Downloaded wgpu-core v0.17.1
[INFO] [stderr]   Downloaded ordered-float v1.1.1
[INFO] [stderr]   Downloaded rusttype v0.8.3
[INFO] [stderr]   Downloaded stb_truetype v0.3.1
[INFO] [stderr]   Downloaded crossbeam-deque v0.7.4
[INFO] [stderr]   Downloaded pennereq v0.3.1
[INFO] [stderr]   Downloaded rand_xorshift v0.2.0
[INFO] [stderr]   Downloaded metal v0.26.0
[INFO] [stderr]   Downloaded notosans v0.1.0
[INFO] [stderr]   Downloaded noise v0.7.0
[INFO] [stderr]   Downloaded windows v0.44.0
[INFO] [stderr]   Downloaded nannou_mesh v0.19.0
[INFO] [stderr]   Downloaded nannou_core v0.19.0
[INFO] [stderr]   Downloaded palette_derive v0.5.0
[INFO] [stderr]   Downloaded nannou_wgpu v0.19.0
[INFO] [stderr]   Downloaded palette v0.5.0
[INFO] [stderr]   Downloaded find_folder v0.3.0
[INFO] running `Command { std: "docker" "create" "-v" "/var/lib/crater-agent-workspace/builds/worker-2-tc1/source:/opt/rustwide/workdir:ro,Z" "-v" "/var/lib/crater-agent-workspace/builds/worker-2-tc1/target:/opt/rustwide/target:rw,Z" "-v" "/var/lib/crater-agent-workspace/cargo-home:/opt/rustwide/cargo-home:ro,Z" "-v" "/var/lib/crater-agent-workspace/rustup-home:/opt/rustwide/rustup-home:ro,Z" "-m" "1610612736" "--network" "none" "ghcr.io/rust-lang/crates-build-env/linux@sha256:77db811e55d90add9212f6832c23229e3de5f1c1f9905e8cb07319ea15df73ac" "sleep" "infinity", kill_on_drop: false }`
[INFO] [stdout] 8838a63ceac52057ab45a76ba257704c10711afdfeb2852fe65cfb3e6efcc67a
[INFO] running `Command { std: "docker" "start" "8838a63ceac52057ab45a76ba257704c10711afdfeb2852fe65cfb3e6efcc67a", kill_on_drop: false }`
[INFO] running `Command { std: "docker" "inspect" "8838a63ceac52057ab45a76ba257704c10711afdfeb2852fe65cfb3e6efcc67a", kill_on_drop: false }`
[INFO] running `Command { std: "docker" "exec" "-e" "SOURCE_DIR=/opt/rustwide/workdir" "-e" "CARGO_HOME=/opt/rustwide/cargo-home" "-e" "RUSTUP_HOME=/opt/rustwide/rustup-home" "-e" "CARGO_TARGET_DIR=/opt/rustwide/target" "-w" "/opt/rustwide/workdir" "--user" "0:0" "8838a63ceac52057ab45a76ba257704c10711afdfeb2852fe65cfb3e6efcc67a" "/opt/rustwide/cargo-home/bin/cargo" "+3154cc1a3e6424e44f438a95007d043ed5ceaaf6" "metadata" "--no-deps" "--format-version=1", kill_on_drop: false }`
[INFO] running `Command { std: "docker" "inspect" "8838a63ceac52057ab45a76ba257704c10711afdfeb2852fe65cfb3e6efcc67a", kill_on_drop: false }`
[INFO] running `Command { std: "docker" "exec" "-e" "SOURCE_DIR=/opt/rustwide/workdir" "-e" "CARGO_HOME=/opt/rustwide/cargo-home" "-e" "RUSTUP_HOME=/opt/rustwide/rustup-home" "-e" "CARGO_TARGET_DIR=/opt/rustwide/target" "-e" "CARGO_INCREMENTAL=0" "-e" "RUST_BACKTRACE=full" "-e" "RUSTFLAGS=--cap-lints=forbid -Znext-solver=coherence" "-e" "RUSTDOCFLAGS=--cap-lints=forbid" "-w" "/opt/rustwide/workdir" "--user" "0:0" "8838a63ceac52057ab45a76ba257704c10711afdfeb2852fe65cfb3e6efcc67a" "/opt/rustwide/cargo-home/bin/cargo" "+3154cc1a3e6424e44f438a95007d043ed5ceaaf6" "check" "--frozen" "--all" "--all-targets" "--message-format=json", kill_on_drop: false }`
[INFO] [stderr]    Compiling zerocopy v0.8.55
[INFO] [stderr]    Compiling memoffset v0.6.5
[INFO] [stderr]    Compiling wayland-scanner v0.29.5
[INFO] [stderr]    Compiling syn v3.0.3
[INFO] [stderr]    Compiling wayland-sys v0.29.5
[INFO] [stderr]     Checking getrandom v0.2.17
[INFO] [stderr]    Compiling indexmap v1.9.3
[INFO] [stderr]     Checking bytemuck v1.25.2
[INFO] [stderr]     Checking nix v0.24.3
[INFO] [stderr]     Checking parking_lot_core v0.9.12
[INFO] [stderr]    Compiling miniz_oxide v0.4.4
[INFO] [stderr]     Checking rand_core v0.6.4
[INFO] [stderr]     Checking either v1.17.0
[INFO] [stderr]     Checking adler32 v1.2.0
[INFO] [stderr]    Compiling khronos-egl v4.1.0
[INFO] [stderr]     Checking parking_lot v0.12.5
[INFO] [stderr]     Checking rayon v1.12.0
[INFO] [stderr]     Checking getrandom v0.1.16
[INFO] [stderr]     Checking gpu-alloc-types v0.3.1
[INFO] [stderr]     Checking gpu-descriptor-types v0.1.2
[INFO] [stderr]     Checking spirv v0.2.0+1.5.4
[INFO] [stderr]     Checking euclid v0.22.14
[INFO] [stderr]    Compiling memoffset v0.5.6
[INFO] [stderr]    Compiling num-rational v0.3.2
[INFO] [stderr]    Compiling crossbeam-utils v0.7.2
[INFO] [stderr]     Checking futures-sink v0.3.33
[INFO] [stderr]     Checking raw-window-handle v0.5.2
[INFO] [stderr]     Checking adler v1.0.2
[INFO] [stderr]     Checking wayland-commons v0.29.5
[INFO] [stderr]    Compiling wayland-client v0.29.5
[INFO] [stderr]    Compiling wayland-protocols v0.29.5
[INFO] [stderr]    Compiling maybe-uninit v2.0.0
[INFO] [stderr]     Checking lyon_geom v0.17.7
[INFO] [stderr]     Checking naga v0.13.0
[INFO] [stderr]     Checking futures-channel v0.3.33
[INFO] [stderr]     Checking gpu-alloc v0.6.2
[INFO] [stderr]     Checking rand_core v0.5.1
[INFO] [stderr]    Compiling syn v1.0.109
[INFO] [stderr]     Checking jpeg-decoder v0.1.22
[INFO] [stderr]     Checking miniz_oxide v0.3.7
[INFO] [stderr]     Checking deflate v0.8.6
[INFO] [stderr]     Checking nix v0.25.1
[INFO] [stderr]     Checking wgpu-types v0.17.0
[INFO] [stderr]    Compiling futures-macro v0.3.33
[INFO] [stderr]     Checking approx v0.3.2
[INFO] [stderr]    Compiling smithay-client-toolkit v0.16.1
[INFO] [stderr]    Compiling crossbeam-epoch v0.8.2
[INFO] [stderr]     Checking glow v0.12.3
[INFO] [stderr]    Compiling palette v0.5.0
[INFO] [stderr]     Checking cfg-if v0.1.10
[INFO] [stderr]     Checking futures-io v0.3.33
[INFO] [stderr]     Checking tiny-skia-path v0.8.4
[INFO] [stderr]     Checking futures-util v0.3.33
[INFO] [stderr]    Compiling serde_derive v1.0.229
[INFO] [stderr]     Checking calloop v0.10.6
[INFO] [stderr]     Checking ppv-lite86 v0.2.21
[INFO] [stderr]     Checking ahash v0.8.12
[INFO] [stderr]     Checking rand_chacha v0.3.1
[INFO] [stderr]    Compiling palette_derive v0.5.0
[INFO] [stderr]     Checking hashbrown v0.14.5
[INFO] [stderr]     Checking rand v0.8.7
[INFO] [stderr]     Checking wayland-cursor v0.29.5
[INFO] [stderr]     Checking gif v0.11.4
[INFO] [stderr]     Checking png v0.16.8
[INFO] [stderr]     Checking png v0.17.16
[INFO] [stderr]     Checking gpu-descriptor v0.2.4
[INFO] [stderr]     Checking tiff v0.6.1
[INFO] [stderr]     Checking wgpu-hal v0.17.2
[INFO] [stderr]     Checking lyon_path v0.17.7
[INFO] [stderr]     Checking num-iter v0.1.46
[INFO] [stderr]     Checking memmap2 v0.5.10
[INFO] [stderr]     Checking scoped_threadpool v0.1.9
[INFO] [stderr]    Compiling winit v0.28.7
[INFO] [stderr]     Checking tiny-skia v0.8.4
[INFO] [stderr]     Checking image v0.23.14
[INFO] [stderr]     Checking rand_chacha v0.2.2
[INFO] [stderr]    Compiling tokio-macros v2.7.2
[INFO] [stderr]     Checking sid v0.6.1
[INFO] [stderr]     Checking num_cpus v1.17.0
[INFO] [stderr]     Checking float_next_after v0.1.5
[INFO] [stderr]     Checking instant v0.1.13
[INFO] [stderr]     Checking lyon_tessellation v0.17.10
[INFO] [stderr]     Checking futures-executor v0.3.33
[INFO] [stderr]     Checking futures v0.3.33
[INFO] [stderr]     Checking lyon_algorithms v0.17.7
[INFO] [stderr]     Checking tokio v1.53.1
[INFO] [stderr]     Checking rand v0.7.3
[INFO] [stderr]     Checking crossbeam-deque v0.7.4
[INFO] [stderr]     Checking serde v1.0.229
[INFO] [stderr]     Checking x11-dl v2.21.0
[INFO] [stderr]     Checking rand_xorshift v0.2.0
[INFO] [stderr]     Checking stb_truetype v0.3.1
[INFO] [stderr]     Checking mio v0.8.11
[INFO] [stderr]     Checking wgpu-core v0.17.1
[INFO] [stderr]     Checking ordered-float v1.1.1
[INFO] [stderr]     Checking lyon v0.17.10
[INFO] [stderr]     Checking glam v0.17.3
[INFO] [stderr]     Checking rusttype v0.8.3
[INFO] [stderr]     Checking toml v0.5.11
[INFO] [stderr]     Checking noise v0.7.0
[INFO] [stderr]     Checking rand_xorshift v0.3.0
[INFO] [stderr]     Checking pennereq v0.3.1
[INFO] [stderr]     Checking notosans v0.1.0
[INFO] [stderr]     Checking find_folder v0.3.0
[INFO] [stderr]     Checking noise v0.9.0
[INFO] [stderr]     Checking nannou_core v0.19.0
[INFO] [stderr]     Checking nannou_mesh v0.19.0
[INFO] [stderr]     Checking wgpu v0.17.2
[INFO] [stderr]     Checking nannou_wgpu v0.19.0
[INFO] [stderr]     Checking sctk-adwaita v0.5.4
[INFO] [stderr]     Checking nannou v0.19.0
[INFO] [stderr]     Checking nannou-playground v0.1.0 (/opt/rustwide/workdir)
[INFO] [stdout] error[E0425]: cannot find type `Entity` in this scope
[INFO] [stdout]  --> src/main.rs:8:14
[INFO] [stdout]   |
[INFO] [stdout] 8 |     _window: Entity,
[INFO] [stdout]   |              ^^^^^^ not found in this scope
[INFO] [stdout] 
[INFO] [stdout] 
[INFO] [stdout] error[E0425]: cannot find value `STEEL_BLUE` in this scope
[INFO] [stdout]    --> src/main.rs:21:26
[INFO] [stdout]     |
[INFO] [stdout]  21 |     draw.ellipse().color(STEEL_BLUE);
[INFO] [stdout]     |                          ^^^^^^^^^^ not found in this scope
[INFO] [stdout]     |
[INFO] [stdout] note: similarly named constant `STEELBLUE` defined here
[INFO] [stdout]    --> /opt/rustwide/target/debug/build/palette/cccc13600412725e/out/named.rs:411:1
[INFO] [stdout]     |
[INFO] [stdout] 411 | pub const STEELBLUE: ::rgb::Srgb<u8> = ::rgb::Srgb { red: 70, green: 130, blue: 180, standard: ::core::marker::PhantomData };
[INFO] [stdout]     | ^^^^^^^^^^^^^^^^^^^^^^^^^^^^^^^^^^^^
[INFO] [stdout] help: a constant with a similar name exists
[INFO] [stdout]     |
[INFO] [stdout]  21 -     draw.ellipse().color(STEEL_BLUE);
[INFO] [stdout]  21 +     draw.ellipse().color(STEELBLUE);
[INFO] [stdout]     |
[INFO] [stdout] 
[INFO] [stdout] 
[INFO] [stdout] error[E0425]: cannot find type `Entity` in this scope
[INFO] [stdout]  --> src/main.rs:8:14
[INFO] [stdout]   |
[INFO] [stdout] 8 |     _window: Entity,
[INFO] [stdout]   |              ^^^^^^ not found in this scope
[INFO] [stdout] 
[INFO] [stdout] 
[INFO] [stdout] error[E0425]: cannot find value `STEEL_BLUE` in this scope
[INFO] [stdout]    --> src/main.rs:21:26
[INFO] [stdout]     |
[INFO] [stdout]  21 |     draw.ellipse().color(STEEL_BLUE);
[INFO] [stdout]     |                          ^^^^^^^^^^ not found in this scope
[INFO] [stdout]     |
[INFO] [stdout] note: similarly named constant `STEELBLUE` defined here
[INFO] [stdout]    --> /opt/rustwide/target/debug/build/palette/cccc13600412725e/out/named.rs:411:1
[INFO] [stdout]     |
[INFO] [stdout] 411 | pub const STEELBLUE: ::rgb::Srgb<u8> = ::rgb::Srgb { red: 70, green: 130, blue: 180, standard: ::core::marker::PhantomData };
[INFO] [stdout]     | ^^^^^^^^^^^^^^^^^^^^^^^^^^^^^^^^^^^^
[INFO] [stdout] help: a constant with a similar name exists
[INFO] [stdout]     |
[INFO] [stdout]  21 -     draw.ellipse().color(STEEL_BLUE);
[INFO] [stdout]  21 +     draw.ellipse().color(STEELBLUE);
[INFO] [stdout]     |
[INFO] [stdout] 
[INFO] [stdout] 
[INFO] [stdout] warning: function `captured_frame_path` is never used
[INFO] [stdout]   --> src/bin/ex2a.rs:66:4
[INFO] [stdout]    |
[INFO] [stdout] 66 | fn captured_frame_path(app: &App, frame: &Frame) -> std::path::PathBuf {
[INFO] [stdout]    |    ^^^^^^^^^^^^^^^^^^^
[INFO] [stdout]    |
[INFO] [stdout]    = note: `#[warn(dead_code)]` (part of `#[warn(unused)]`) on by default
[INFO] [stdout] 
[INFO] [stdout] 
[INFO] [stdout] error[E0308]: mismatched types
[INFO] [stdout]    --> src/main.rs:4:31
[INFO] [stdout]     |
[INFO] [stdout]   4 |     nannou::app(model).update(update).run();
[INFO] [stdout]     |                        ------ ^^^^^^ incorrect number of function parameters
[INFO] [stdout]     |                        |
[INFO] [stdout]     |                        arguments to this method are incorrect
[INFO] [stdout]     |
[INFO] [stdout]     = note: expected fn pointer `for<'a, 'b> fn(&'a nannou::App, &'b mut Model, nannou::event::Update)`
[INFO] [stdout]                   found fn item `for<'a, 'b> fn(&'a nannou::App, &'b mut Model) {update}`
[INFO] [stdout] note: method defined here
[INFO] [stdout]    --> /opt/rustwide/cargo-home/registry/src/index.crates.io-1949cf8c6b5b557f/nannou-0.19.0/src/app.rs:349:12
[INFO] [stdout]     |
[INFO] [stdout] 349 |     pub fn update(mut self, update: UpdateFn<M>) -> Self {
[INFO] [stdout]     |            ^^^^^^
[INFO] [stdout] 
[INFO] [stdout] 
[INFO] [stdout] error[E0308]: mismatched types
[INFO] [stdout]    --> src/main.rs:4:31
[INFO] [stdout]     |
[INFO] [stdout]   4 |     nannou::app(model).update(update).run();
[INFO] [stdout]     |                        ------ ^^^^^^ incorrect number of function parameters
[INFO] [stdout]     |                        |
[INFO] [stdout]     |                        arguments to this method are incorrect
[INFO] [stdout]     |
[INFO] [stdout]     = note: expected fn pointer `for<'a, 'b> fn(&'a nannou::App, &'b mut Model, nannou::event::Update)`
[INFO] [stdout]                   found fn item `for<'a, 'b> fn(&'a nannou::App, &'b mut Model) {update}`
[INFO] [stdout] note: method defined here
[INFO] [stdout]    --> /opt/rustwide/cargo-home/registry/src/index.crates.io-1949cf8c6b5b557f/nannou-0.19.0/src/app.rs:349:12
[INFO] [stdout]     |
[INFO] [stdout] 349 |     pub fn update(mut self, update: UpdateFn<M>) -> Self {
[INFO] [stdout]     |            ^^^^^^
[INFO] [stdout] 
[INFO] [stdout] 
[INFO] [stdout] warning: function `captured_frame_path` is never used
[INFO] [stdout]   --> src/bin/ex2a.rs:66:4
[INFO] [stdout]    |
[INFO] [stdout] 66 | fn captured_frame_path(app: &App, frame: &Frame) -> std::path::PathBuf {
[INFO] [stdout]    |    ^^^^^^^^^^^^^^^^^^^
[INFO] [stdout]    |
[INFO] [stdout]    = note: `#[warn(dead_code)]` (part of `#[warn(unused)]`) on by default
[INFO] [stdout] 
[INFO] [stdout] 
[INFO] [stdout] error[E0308]: mismatched types
[INFO] [stdout]    --> src/main.rs:12:41
[INFO] [stdout]     |
[INFO] [stdout]  12 |     let _window = app.new_window().view(view).build();
[INFO] [stdout]     |                                    ---- ^^^^ incorrect number of function parameters
[INFO] [stdout]     |                                    |
[INFO] [stdout]     |                                    arguments to this method are incorrect
[INFO] [stdout]     |
[INFO] [stdout]     = note: expected fn pointer `for<'a, 'b, 'c> fn(&'a nannou::App, &'b _, nannou::Frame<'c>)`
[INFO] [stdout]                   found fn item `for<'a, 'b> fn(&'a nannou::App, &'b Model) {view}`
[INFO] [stdout] note: method defined here
[INFO] [stdout]    --> /opt/rustwide/cargo-home/registry/src/index.crates.io-1949cf8c6b5b557f/nannou-0.19.0/src/window.rs:457:12
[INFO] [stdout]     |
[INFO] [stdout] 457 |     pub fn view<M>(mut self, view_fn: ViewFn<M>) -> Self
[INFO] [stdout]     |            ^^^^
[INFO] [stdout] 
[INFO] [stdout] 
[INFO] [stdout] error[E0308]: mismatched types
[INFO] [stdout]    --> src/main.rs:12:41
[INFO] [stdout]     |
[INFO] [stdout]  12 |     let _window = app.new_window().view(view).build();
[INFO] [stdout]     |                                    ---- ^^^^ incorrect number of function parameters
[INFO] [stdout]     |                                    |
[INFO] [stdout]     |                                    arguments to this method are incorrect
[INFO] [stdout]     |
[INFO] [stdout]     = note: expected fn pointer `for<'a, 'b, 'c> fn(&'a nannou::App, &'b _, nannou::Frame<'c>)`
[INFO] [stdout]                   found fn item `for<'a, 'b> fn(&'a nannou::App, &'b Model) {view}`
[INFO] [stdout] note: method defined here
[INFO] [stdout]    --> /opt/rustwide/cargo-home/registry/src/index.crates.io-1949cf8c6b5b557f/nannou-0.19.0/src/window.rs:457:12
[INFO] [stdout]     |
[INFO] [stdout] 457 |     pub fn view<M>(mut self, view_fn: ViewFn<M>) -> Self
[INFO] [stdout]     |            ^^^^
[INFO] [stdout] 
[INFO] [stdout] 
[INFO] [stdout] Some errors have detailed explanations: E0308, E0425.
[INFO] [stdout] 
[INFO] [stdout] For more information about an error, try `rustc --explain E0308`.
[INFO] [stdout] 
[INFO] [stdout] Some errors have detailed explanations: E0308, E0425.
[INFO] [stdout] 
[INFO] [stdout] For more information about an error, try `rustc --explain E0308`.
[INFO] [stdout] 
[INFO] [stderr] error: could not compile `nannou-playground` (bin "nannou-playground") due to 4 previous errors
[INFO] [stderr] warning: build failed, waiting for other jobs to finish...
[INFO] [stderr] error: could not compile `nannou-playground` (bin "nannou-playground" test) due to 4 previous errors
[INFO] running `Command { std: "docker" "inspect" "8838a63ceac52057ab45a76ba257704c10711afdfeb2852fe65cfb3e6efcc67a", kill_on_drop: false }`
[INFO] running `Command { std: "docker" "rm" "-f" "8838a63ceac52057ab45a76ba257704c10711afdfeb2852fe65cfb3e6efcc67a", kill_on_drop: false }`
[INFO] [stdout] 8838a63ceac52057ab45a76ba257704c10711afdfeb2852fe65cfb3e6efcc67a
