[INFO] cloning repository https://github.com/awesomness560/blender-collab
[INFO] running `Command { std: "git" "-c" "credential.helper=" "-c" "credential.helper=/workspace/cargo-home/bin/git-credential-null" "clone" "--bare" "https://github.com/awesomness560/blender-collab" "/workspace/cache/git-repos/https%3A%2F%2Fgithub.com%2Fawesomness560%2Fblender-collab", kill_on_drop: false }`
[INFO] [stderr] Cloning into bare repository '/workspace/cache/git-repos/https%3A%2F%2Fgithub.com%2Fawesomness560%2Fblender-collab'...
[INFO] running `Command { std: "git" "rev-parse" "HEAD", kill_on_drop: false }`
[INFO] [stdout] 0a536299851c378a29ae61bebbea393eac40b58a
[INFO] checking awesomness560/blender-collab against 3154cc1a3e6424e44f438a95007d043ed5ceaaf6 for pr-133502-30
[INFO] running `Command { std: "git" "clone" "/workspace/cache/git-repos/https%3A%2F%2Fgithub.com%2Fawesomness560%2Fblender-collab" "/workspace/builds/worker-3-tc2/source", kill_on_drop: false }`
[INFO] [stderr] Cloning into '/workspace/builds/worker-3-tc2/source'...
[INFO] [stderr] done.
[INFO] started tweaking git repo https://github.com/awesomness560/blender-collab
[INFO] finished tweaking git repo https://github.com/awesomness560/blender-collab
[INFO] tweaked toml for git repo https://github.com/awesomness560/blender-collab written to /workspace/builds/worker-3-tc2/source/Cargo.toml
[INFO] validating manifest of git repo https://github.com/awesomness560/blender-collab on toolchain 3154cc1a3e6424e44f438a95007d043ed5ceaaf6
[INFO] running `Command { std: CARGO_HOME="/workspace/cargo-home" RUSTUP_HOME="/workspace/rustup-home" "/workspace/cargo-home/bin/cargo" "+3154cc1a3e6424e44f438a95007d043ed5ceaaf6" "metadata" "--manifest-path" "Cargo.toml" "--no-deps", kill_on_drop: false }`
[INFO] crate git repo https://github.com/awesomness560/blender-collab already has a lockfile, it will not be regenerated
[INFO] running `Command { std: CARGO_HOME="/workspace/cargo-home" RUSTUP_HOME="/workspace/rustup-home" "/workspace/cargo-home/bin/cargo" "+3154cc1a3e6424e44f438a95007d043ed5ceaaf6" "fetch" "--manifest-path" "Cargo.toml", kill_on_drop: false }`
[INFO] running `Command { std: "docker" "create" "-v" "/var/lib/crater-agent-workspace/builds/worker-3-tc2/source:/opt/rustwide/workdir:ro,Z" "-v" "/var/lib/crater-agent-workspace/builds/worker-3-tc2/target:/opt/rustwide/target:rw,Z" "-v" "/var/lib/crater-agent-workspace/cargo-home:/opt/rustwide/cargo-home:ro,Z" "-v" "/var/lib/crater-agent-workspace/rustup-home:/opt/rustwide/rustup-home:ro,Z" "-m" "1610612736" "--network" "none" "ghcr.io/rust-lang/crates-build-env/linux@sha256:77db811e55d90add9212f6832c23229e3de5f1c1f9905e8cb07319ea15df73ac" "sleep" "infinity", kill_on_drop: false }`
[INFO] [stdout] 03f8d7f109dcc9c54064e569e8292cd0f81758e4aaa2e457fe53ff82e56055fb
[INFO] running `Command { std: "docker" "start" "03f8d7f109dcc9c54064e569e8292cd0f81758e4aaa2e457fe53ff82e56055fb", kill_on_drop: false }`
[INFO] running `Command { std: "docker" "inspect" "03f8d7f109dcc9c54064e569e8292cd0f81758e4aaa2e457fe53ff82e56055fb", kill_on_drop: false }`
[INFO] running `Command { std: "docker" "exec" "-e" "SOURCE_DIR=/opt/rustwide/workdir" "-e" "CARGO_HOME=/opt/rustwide/cargo-home" "-e" "RUSTUP_HOME=/opt/rustwide/rustup-home" "-e" "CARGO_TARGET_DIR=/opt/rustwide/target" "-w" "/opt/rustwide/workdir" "--user" "0:0" "03f8d7f109dcc9c54064e569e8292cd0f81758e4aaa2e457fe53ff82e56055fb" "/opt/rustwide/cargo-home/bin/cargo" "+3154cc1a3e6424e44f438a95007d043ed5ceaaf6" "metadata" "--no-deps" "--format-version=1", kill_on_drop: false }`
[INFO] running `Command { std: "docker" "inspect" "03f8d7f109dcc9c54064e569e8292cd0f81758e4aaa2e457fe53ff82e56055fb", kill_on_drop: false }`
[INFO] running `Command { std: "docker" "exec" "-e" "SOURCE_DIR=/opt/rustwide/workdir" "-e" "CARGO_HOME=/opt/rustwide/cargo-home" "-e" "RUSTUP_HOME=/opt/rustwide/rustup-home" "-e" "CARGO_TARGET_DIR=/opt/rustwide/target" "-e" "CARGO_INCREMENTAL=0" "-e" "RUST_BACKTRACE=full" "-e" "RUSTFLAGS=--cap-lints=forbid" "-e" "RUSTDOCFLAGS=--cap-lints=forbid" "-w" "/opt/rustwide/workdir" "--user" "0:0" "03f8d7f109dcc9c54064e569e8292cd0f81758e4aaa2e457fe53ff82e56055fb" "/opt/rustwide/cargo-home/bin/cargo" "+3154cc1a3e6424e44f438a95007d043ed5ceaaf6" "check" "--frozen" "--all" "--all-targets" "--message-format=json", kill_on_drop: false }`
[INFO] [stderr]    Compiling portable-atomic v1.15.0
[INFO] [stderr]    Compiling syn v3.0.3
[INFO] [stderr]    Compiling foldhash v0.2.0
[INFO] [stderr]    Compiling toml_writer v1.1.2+spec-1.1.0
[INFO] [stderr]    Compiling stable_deref_trait v1.2.1
[INFO] [stderr]    Compiling log v0.4.33
[INFO] [stderr]     Checking zerofrom v0.1.8
[INFO] [stderr]    Compiling wayland-sys v0.31.11
[INFO] [stderr]    Compiling find-msvc-tools v0.1.11
[INFO] [stderr]    Compiling hashbrown v0.17.1
[INFO] [stderr]    Compiling cc v1.4.3
[INFO] [stderr]     Checking yoke v0.8.3
[INFO] [stderr]    Compiling num-traits v0.2.19
[INFO] [stderr]    Compiling arrayvec v0.7.8
[INFO] [stderr]    Compiling icu_locale_fallback_data v2.3.0
[INFO] [stderr]    Compiling smallvec v1.15.2
[INFO] [stderr]     Checking writeable v0.6.4
[INFO] [stderr]    Compiling icu_decimal_data v2.3.0
[INFO] [stderr]     Checking litemap v0.8.3
[INFO] [stderr]     Checking core_maths v0.1.1
[INFO] [stderr]    Compiling pulldown-cmark v0.13.4
[INFO] [stderr]     Checking once_cell v1.21.4
[INFO] [stderr]     Checking float-cmp v0.9.0
[INFO] [stderr]    Compiling indexmap v2.14.0
[INFO] [stderr]    Compiling crossbeam-utils v0.8.22
[INFO] [stderr]    Compiling derive_more-impl v2.1.1
[INFO] [stderr]     Checking strict-num v0.1.1
[INFO] [stderr]     Checking tracing-core v0.1.36
[INFO] [stderr]     Checking ttf-parser v0.25.1
[INFO] [stderr]    Compiling crossbeam-epoch v0.9.20
[INFO] [stderr]    Compiling flate2 v1.1.9
[INFO] [stderr]     Checking tracing v0.1.44
[INFO] [stderr]    Compiling wayland-backend v0.3.17
[INFO] [stderr]     Checking async-io v2.6.0
[INFO] [stderr]    Compiling toml_edit v0.25.13+spec-1.1.0
[INFO] [stderr]     Checking async-channel v2.5.0
[INFO] [stderr]     Checking uuid v1.24.1
[INFO] [stderr]    Compiling crossbeam-deque v0.8.7
[INFO] [stderr]     Checking wayland-client v0.31.15
[INFO] [stderr]     Checking async-signal v0.2.14
[INFO] [stderr]    Compiling slotmap v1.1.1
[INFO] [stderr]    Compiling quick-error v2.0.1
[INFO] [stderr]    Compiling proc-macro-crate v3.5.0
[INFO] [stderr]    Compiling rayon-core v1.13.0
[INFO] [stderr]     Checking async-process v2.5.0
[INFO] [stderr]     Checking blocking v1.6.2
[INFO] [stderr]     Checking async-executor v1.14.0
[INFO] [stderr]    Compiling polycool v0.4.0
[INFO] [stderr]    Compiling unicode-width v0.2.2
[INFO] [stderr]    Compiling zune-core v0.5.3
[INFO] [stderr]    Compiling arrayref v0.3.9
[INFO] [stderr]    Compiling weezl v0.1.12
[INFO] [stderr]    Compiling kurbo v0.13.1
[INFO] [stderr]    Compiling zune-jpeg v0.5.15
[INFO] [stderr]    Compiling tinyvec v1.12.0
[INFO] [stderr]     Checking wayland-protocols v0.32.13
[INFO] [stderr]    Compiling equator v0.4.2
[INFO] [stderr]    Compiling png v0.18.1
[INFO] [stderr]    Compiling strum_macros v0.28.0
[INFO] [stderr]    Compiling num-integer v0.1.47
[INFO] [stderr]    Compiling yeslogic-fontconfig-sys v6.0.1
[INFO] [stderr]    Compiling color_quant v1.1.0
[INFO] [stderr]    Compiling unicode-ccc v0.4.0
[INFO] [stderr]     Checking futures-sink v0.3.34
[INFO] [stderr]    Compiling unicode-bidi-mirroring v0.4.0
[INFO] [stderr]    Compiling unicode-properties v0.1.4
[INFO] [stderr]    Compiling byteorder-lite v0.1.0
[INFO] [stderr]    Compiling unicode-script v0.5.8
[INFO] [stderr]    Compiling either v1.17.0
[INFO] [stderr]    Compiling image-webp v0.2.4
[INFO] [stderr]    Compiling fontdb v0.23.0
[INFO] [stderr]    Compiling num-bigint v0.4.8
[INFO] [stderr]     Checking futures-channel v0.3.34
[INFO] [stderr]    Compiling gif v0.14.2
[INFO] [stderr]    Compiling dlib v0.5.3
[INFO] [stderr]    Compiling svgtypes v0.16.1
[INFO] [stderr]    Compiling bytemuck_derive v1.12.0
[INFO] [stderr]    Compiling displaydoc v0.2.7
[INFO] [stderr]    Compiling zerovec-derive v0.11.5
[INFO] [stderr]    Compiling serde_derive v1.0.229
[INFO] [stderr]    Compiling thiserror-impl v2.0.20
[INFO] [stderr]     Checking zerotrie v0.2.5
[INFO] [stderr]    Compiling async-trait v0.1.92
[INFO] [stderr]    Compiling serde_repr v0.1.21
[INFO] [stderr]     Checking bytemuck v1.25.2
[INFO] [stderr]     Checking zerovec v0.11.8
[INFO] [stderr]    Compiling font-types v0.11.3
[INFO] [stderr]    Compiling tiny-skia-path v0.12.0
[INFO] [stderr]    Compiling rgb v0.8.53
[INFO] [stderr]    Compiling read-fonts v0.39.2
[INFO] [stderr]    Compiling rustybuzz v0.20.1
[INFO] [stderr]    Compiling futures-macro v0.3.34
[INFO] [stderr]    Compiling aligned-vec v0.6.4
[INFO] [stderr]     Checking tinystr v0.8.4
[INFO] [stderr]     Checking icu_locale_core v2.3.0
[INFO] [stderr]     Checking potential_utf v0.1.6
[INFO] [stderr]     Checking icu_collections v2.3.0
[INFO] [stderr]    Compiling simplecss v0.2.2
[INFO] [stderr]    Compiling roxmltree v0.21.1
[INFO] [stderr]    Compiling pico-args v0.5.0
[INFO] [stderr]    Compiling xmlwriter v0.1.0
[INFO] [stderr]    Compiling data-url v0.3.2
[INFO] [stderr]    Compiling xml-rs v0.8.29
[INFO] [stderr]     Checking icu_provider v2.3.0
[INFO] [stderr]    Compiling serde v1.0.229
[INFO] [stderr]    Compiling imagesize v0.14.0
[INFO] [stderr]     Checking icu_properties v2.3.0
[INFO] [stderr]    Compiling unicode-vo v0.1.0
[INFO] [stderr]     Checking wayland-csd-frame v0.3.0
[INFO] [stderr]     Checking icu_normalizer v2.3.0
[INFO] [stderr]    Compiling gl_generator v0.14.0
[INFO] [stderr]     Checking zvariant_utils v4.2.0
[INFO] [stderr]    Compiling zcheapstr v1.1.0
[INFO] [stderr]    Compiling enumflags2 v0.7.12
[INFO] [stderr]    Compiling usvg v0.47.0
[INFO] [stderr]    Compiling zvariant_derive v5.15.0
[INFO] [stderr]     Checking futures-util v0.3.34
[INFO] [stderr]    Compiling zvariant v5.15.0
[INFO] [stderr]     Checking wayland-cursor v0.31.14
[INFO] [stderr]    Compiling icu_locale_fallback v2.3.0
[INFO] [stderr]    Compiling zerocopy v0.8.56
[INFO] [stderr]     Checking wayland-protocols-wlr v0.3.12
[INFO] [stderr]    Compiling v_frame v0.3.9
[INFO] [stderr]    Compiling tiny-skia v0.12.0
[INFO] [stderr]    Compiling thiserror v2.0.20
[INFO] [stderr]    Compiling fixed_decimal v0.7.2
[INFO] [stderr]    Compiling zbus_names v4.3.4
[INFO] [stderr]    Compiling num-rational v0.4.2
[INFO] [stderr]    Compiling zbus_macros v5.19.0
[INFO] [stderr]    Compiling zbus_xml v5.2.1
[INFO] [stderr]    Compiling rayon v1.12.0
[INFO] [stderr]    Compiling getopts v0.2.24
[INFO] [stderr]    Compiling memmap2 v0.9.11
[INFO] [stderr]    Compiling as-slice v0.2.1
[INFO] [stderr]    Compiling zerocopy-derive v0.8.56
[INFO] [stderr]    Compiling linebender_resource_handle v0.1.1
[INFO] [stderr]    Compiling pulldown-cmark-escape v0.11.0
[INFO] [stderr]    Compiling parlance v0.1.0
[INFO] [stderr]    Compiling zbus-lockstep v0.5.2
[INFO] [stderr]    Compiling av-scenechange v0.14.1
[INFO] [stderr]    Compiling rav1e v0.8.1
[INFO] [stderr]    Compiling aligned v0.4.3
[INFO] [stderr]    Compiling icu_decimal v2.3.0
[INFO] [stderr]    Compiling skrifa v0.42.1
[INFO] [stderr]    Compiling fontique v0.10.0
[INFO] [stderr]    Compiling resvg v0.47.0
[INFO] [stderr]     Checking zbus v5.19.0
[INFO] [stderr]     Checking font-types v0.12.3
[INFO] [stderr]    Compiling derive_more v2.1.1
[INFO] [stderr]     Checking euclid v0.22.14
[INFO] [stderr]    Compiling arg_enum_proc_macro v0.3.4
[INFO] [stderr]    Compiling profiling-procmacros v1.0.18
[INFO] [stderr]    Compiling pulp v0.22.3
[INFO] [stderr]    Compiling no_std_io2 v0.9.4
[INFO] [stderr]    Compiling nom v8.0.0
[INFO] [stderr]    Compiling icu_segmenter_data v2.3.0
[INFO] [stderr]    Compiling y4m v0.8.0
[INFO] [stderr]    Compiling pastey v0.1.1
[INFO] [stderr]    Compiling htmlparser v0.2.1
[INFO] [stderr]     Checking lyon_geom v1.0.19
[INFO] [stderr]     Checking x11rb v0.13.2
[INFO] [stderr]    Compiling bitstream-io v4.10.0
[INFO] [stderr]    Compiling profiling v1.0.18
[INFO] [stderr]    Compiling i-slint-common v1.17.1
[INFO] [stderr]     Checking read-fonts v0.41.0
[INFO] [stderr]    Compiling maybe-rayon v0.1.1
[INFO] [stderr]     Checking calloop v0.13.0
[INFO] [stderr]    Compiling zbus-lockstep-macros v0.5.2
[INFO] [stderr]    Compiling num-complex v0.4.6
[INFO] [stderr]    Compiling itertools v0.14.0
[INFO] [stderr]    Compiling half v2.7.1
[INFO] [stderr]    Compiling raw-cpuid v11.6.0
[INFO] [stderr]    Compiling av1-grain v0.2.5
[INFO] [stderr]    Compiling num-derive v0.4.2
[INFO] [stderr]    Compiling simd_helpers v0.1.0
[INFO] [stderr]    Compiling pulp-wasm-simd-flag v0.1.1
[INFO] [stderr]    Compiling noop_proc_macro v0.3.0
[INFO] [stderr]    Compiling reborrow v0.5.5
[INFO] [stderr]    Compiling imgref v1.12.2
[INFO] [stderr]     Checking atspi-common v0.13.0
[INFO] [stderr]    Compiling loop9 v0.1.5
[INFO] [stderr]     Checking calloop-wayland-source v0.3.0
[INFO] [stderr]    Compiling idna_adapter v1.2.2
[INFO] [stderr]     Checking x11-dl v2.21.0
[INFO] [stderr]     Checking lyon_path v1.0.19
[INFO] [stderr]     Checking tiny-skia-path v0.11.4
[INFO] [stderr]    Compiling const-field-offset-macro v0.2.1
[INFO] [stderr]     Checking owned_ttf_parser v0.25.1
[INFO] [stderr]    Compiling snafu-derive v0.8.9
[INFO] [stderr]    Compiling zune-inflate v0.2.54
[INFO] [stderr]    Compiling avif-serialize v0.8.9
[INFO] [stderr]    Compiling rspolib v0.1.2
[INFO] [stderr]     Checking yazi v0.2.1
[INFO] [stderr]    Compiling fax v0.2.7
[INFO] [stderr]    Compiling bit_field v0.10.3
[INFO] [stderr]    Compiling lebe v0.5.3
[INFO] [stderr]    Compiling pxfm v0.1.30
[INFO] [stderr]     Checking zeno v0.3.3
[INFO] [stderr]     Checking skrifa v0.44.0
[INFO] [stderr]    Compiling snafu v0.8.9
[INFO] [stderr]     Checking moxcms v0.8.1
[INFO] [stderr]    Compiling tiff v0.11.3
[INFO] [stderr]    Compiling serde_json v1.0.151
[INFO] [stderr]    Compiling exr v1.74.2
[INFO] [stderr]    Compiling ravif v0.13.0
[INFO] [stderr]     Checking ab_glyph v0.2.32
[INFO] [stderr]     Checking const-field-offset v0.2.1
[INFO] [stderr]     Checking tiny-skia v0.11.4
[INFO] [stderr]     Checking swash v0.2.10
[INFO] [stderr]     Checking icu_segmenter v2.3.0
[INFO] [stderr]    Compiling idna v1.1.0
[INFO] [stderr]     Checking smithay-client-toolkit v0.19.2
[INFO] [stderr]    Compiling phf_macros v0.13.1
[INFO] [stderr]     Checking harfrust v0.8.4
[INFO] [stderr]     Checking parley_data v0.10.0
[INFO] [stderr]    Compiling glutin_egl_sys v0.7.1
[INFO] [stderr]    Compiling glutin_glx_sys v0.6.1
[INFO] [stderr]    Compiling qoi v0.4.1
[INFO] [stderr]    Compiling derive_utils v0.16.0
[INFO] [stderr]    Compiling num_enum_derive v0.7.6
[INFO] [stderr]     Checking accesskit v0.24.1
[INFO] [stderr]     Checking calloop v0.14.4
[INFO] [stderr]    Compiling winit v0.30.13
[INFO] [stderr]    Compiling pin-project-internal v1.1.13
[INFO] [stderr]    Compiling vtable-macro v0.4.0
[INFO] [stderr]     Checking task-local v0.1.1
[INFO] [stderr]    Compiling anstyle v1.0.14
[INFO] [stderr]    Compiling lazy_static v1.5.0
[INFO] [stderr]    Compiling rustc-hash v1.1.0
[INFO] [stderr]    Compiling linked-hash-map v0.5.6
[INFO] [stderr]    Compiling unicode-linebreak v0.1.5
[INFO] [stderr]    Compiling i-slint-compiler v1.17.1
[INFO] [stderr]    Compiling hashbrown v0.14.5
[INFO] [stderr]    Compiling natord v1.0.9
[INFO] [stderr]    Compiling countme v3.0.1
[INFO] [stderr]    Compiling text-size v1.1.1
[INFO] [stderr]     Checking chrono v0.4.45
[INFO] [stderr]     Checking parley v0.10.0
[INFO] [stderr]     Checking pin-project v1.1.13
[INFO] [stderr]    Compiling linked_hash_set v0.1.6
[INFO] [stderr]     Checking vtable v0.4.0
[INFO] [stderr]    Compiling image v0.25.10
[INFO] [stderr]    Compiling rowan v0.16.1
[INFO] [stderr]     Checking ksni v0.3.6
[INFO] [stderr]    Compiling annotate-snippets v0.12.16
[INFO] [stderr]     Checking calloop-wayland-source v0.4.1
[INFO] [stderr]    Compiling num_enum v0.7.6
[INFO] [stderr]     Checking accesskit_consumer v0.38.0
[INFO] [stderr]     Checking phf v0.13.1
[INFO] [stderr]    Compiling auto_enums v0.8.10
[INFO] [stderr]     Checking sctk-adwaita v0.10.1
[INFO] [stderr]     Checking ahash v0.8.12
[INFO] [stderr]    Compiling lyon_extra v1.1.0
[INFO] [stderr]    Compiling url v2.5.8
[INFO] [stderr]    Compiling i-slint-core-macros v1.17.1
[INFO] [stderr]     Checking atspi-proxies v0.13.0
[INFO] [stderr]     Checking lyon_algorithms v1.0.20
[INFO] [stderr]     Checking clru v0.6.3
[INFO] [stderr]     Checking xkbcommon-dl v0.4.2
[INFO] [stderr]     Checking taffy v0.10.1
[INFO] [stderr]     Checking wayland-protocols-plasma v0.3.12
[INFO] [stderr]     Checking wayland-protocols-misc v0.3.12
[INFO] [stderr]     Checking wayland-protocols-experimental v20250721.0.1
[INFO] [stderr]    Compiling strum v0.28.0
[INFO] [stderr]    Compiling glutin v0.32.3
[INFO] [stderr]    Compiling tiny-xlib v0.2.5
[INFO] [stderr]    Compiling by_address v1.2.1
[INFO] [stderr]    Compiling typed-index-collections v3.5.0
[INFO] [stderr]     Checking sys-locale v0.3.2
[INFO] [stderr]    Compiling smol_str v0.3.6
[INFO] [stderr]     Checking pin-weak v1.1.0
[INFO] [stderr]    Compiling spin_on v0.1.1
[INFO] [stderr]     Checking i-slint-core v1.17.1
[INFO] [stderr]     Checking smithay-client-toolkit v0.20.0
[INFO] [stderr]     Checking accesskit_atspi_common v0.19.1
[INFO] [stderr]    Compiling glutin-winit v0.5.0
[INFO] [stderr]     Checking ctor v0.10.1
[INFO] [stderr]     Checking glow v0.17.0
[INFO] [stderr]     Checking atspi v0.29.0
[INFO] [stderr]     Checking accesskit_unix v0.22.1
[INFO] [stderr]     Checking smithay-clipboard v0.7.3
[INFO] [stderr]     Checking x11-clipboard v0.9.3
[INFO] [stderr]     Checking futures-executor v0.3.34
[INFO] [stderr]     Checking femtovg v0.25.1
[INFO] [stderr]     Checking integer-sqrt v0.1.5
[INFO] [stderr]    Compiling i-slint-backend-winit v1.17.1
[INFO] [stderr]     Checking futures v0.3.34
[INFO] [stderr]     Checking copypasta v0.10.2
[INFO] [stderr]     Checking webbrowser v1.2.4
[INFO] [stderr]     Checking softbuffer v0.4.8
[INFO] [stderr]    Compiling i-slint-backend-selector v1.17.1
[INFO] [stderr]     Checking scoped-tls-hkt v0.1.5
[INFO] [stderr]     Checking tokio v1.53.1
[INFO] [stderr]     Checking i-slint-renderer-femtovg v1.17.1
[INFO] [stderr]     Checking i-slint-renderer-software v1.17.1
[INFO] [stderr]     Checking accesskit_winit v0.33.2
[INFO] [stderr]    Compiling slint-build v1.17.1
[INFO] [stderr]    Compiling slint-macros v1.17.1
[INFO] [stderr]    Compiling blender-collab v0.1.0 (/opt/rustwide/workdir)
[INFO] [stderr]     Checking slint v1.17.1
[INFO] [stdout] error[E0601]: `main` function not found in crate `blender_collab`
[INFO] [stdout]   --> src/main.rs:21:2
[INFO] [stdout]    |
[INFO] [stdout] 21 | }
[INFO] [stdout]    |  ^ consider adding a `main` function to `src/main.rs`
[INFO] [stdout] 
[INFO] [stdout] 
[INFO] [stdout] error[E0507]: cannot move out of `state.name` which is behind a shared reference
[INFO] [stdout]   --> src/main.rs:17:19
[INFO] [stdout]    |
[INFO] [stdout] 17 |             name: state.name.into(),
[INFO] [stdout]    |                   ^^^^^^^^^^ ------ `state.name` moved due to this method call
[INFO] [stdout]    |                   |
[INFO] [stdout]    |                   move occurs because `state.name` has type `String`, which does not implement the `Copy` trait
[INFO] [stdout]    |
[INFO] [stdout] note: `std::convert::Into::into` takes ownership of the receiver `self`, which moves `state.name`
[INFO] [stdout]   --> /rustc/3154cc1a3e6424e44f438a95007d043ed5ceaaf6/library/core/src/convert/mod.rs:455:12
[INFO] [stdout] help: consider cloning the value if the performance cost is acceptable
[INFO] [stdout]    |
[INFO] [stdout] 17 |             name: state.name.clone().into(),
[INFO] [stdout]    |                             ++++++++
[INFO] [stdout] 
[INFO] [stdout] 
[INFO] [stdout] Some errors have detailed explanations: E0507, E0601.
[INFO] [stdout] 
[INFO] [stdout] For more information about an error, try `rustc --explain E0507`.
[INFO] [stdout] 
[INFO] [stderr] error: could not compile `blender-collab` (bin "blender-collab") due to 2 previous errors
[INFO] [stderr] warning: build failed, waiting for other jobs to finish...
[INFO] [stdout] error[E0507]: cannot move out of `state.name` which is behind a shared reference
[INFO] [stdout]   --> src/main.rs:17:19
[INFO] [stdout]    |
[INFO] [stdout] 17 |             name: state.name.into(),
[INFO] [stdout]    |                   ^^^^^^^^^^ ------ `state.name` moved due to this method call
[INFO] [stdout]    |                   |
[INFO] [stdout]    |                   move occurs because `state.name` has type `String`, which does not implement the `Copy` trait
[INFO] [stdout]    |
[INFO] [stdout] note: `std::convert::Into::into` takes ownership of the receiver `self`, which moves `state.name`
[INFO] [stdout]   --> /rustc/3154cc1a3e6424e44f438a95007d043ed5ceaaf6/library/core/src/convert/mod.rs:455:12
[INFO] [stdout] help: consider cloning the value if the performance cost is acceptable
[INFO] [stdout]    |
[INFO] [stdout] 17 |             name: state.name.clone().into(),
[INFO] [stdout]    |                             ++++++++
[INFO] [stdout] 
[INFO] [stdout] 
[INFO] [stdout] For more information about this error, try `rustc --explain E0507`.
[INFO] [stdout] 
[INFO] [stderr] error: could not compile `blender-collab` (bin "blender-collab" test) due to 1 previous error
[INFO] [stderr] warning: unused dependency `tokio`
[INFO] [stderr]  --> Cargo.toml:7:15
[INFO] [stderr]   |
[INFO] [stderr] 7 | [dependencies.tokio]
[INFO] [stderr]   |               ^^^^^^
[INFO] [stderr]   |
[INFO] [stderr]   = note: `cargo::unused_dependencies` is set to `warn` by default
[INFO] [stderr] help: consider removing the dependency on `tokio`
[INFO] [stderr] warning: `blender-collab` (manifest) generated 1 warning
[INFO] running `Command { std: "docker" "inspect" "03f8d7f109dcc9c54064e569e8292cd0f81758e4aaa2e457fe53ff82e56055fb", kill_on_drop: false }`
[INFO] running `Command { std: "docker" "rm" "-f" "03f8d7f109dcc9c54064e569e8292cd0f81758e4aaa2e457fe53ff82e56055fb", kill_on_drop: false }`
[INFO] [stdout] 03f8d7f109dcc9c54064e569e8292cd0f81758e4aaa2e457fe53ff82e56055fb
