[INFO] cloning repository https://github.com/avoidencez-lgtm/josefines-jamstudio
[INFO] running `Command { std: "git" "-c" "credential.helper=" "-c" "credential.helper=/workspace/cargo-home/bin/git-credential-null" "clone" "--bare" "https://github.com/avoidencez-lgtm/josefines-jamstudio" "/workspace/cache/git-repos/https%3A%2F%2Fgithub.com%2Favoidencez-lgtm%2Fjosefines-jamstudio", kill_on_drop: false }`
[INFO] [stderr] Cloning into bare repository '/workspace/cache/git-repos/https%3A%2F%2Fgithub.com%2Favoidencez-lgtm%2Fjosefines-jamstudio'...
[INFO] running `Command { std: "git" "rev-parse" "HEAD", kill_on_drop: false }`
[INFO] [stdout] 1d40231daec079c03878cb5900e89712fb4bc7bc
[INFO] checking avoidencez-lgtm/josefines-jamstudio against 3154cc1a3e6424e44f438a95007d043ed5ceaaf6+rustflags=-Znext-solver=coherence for pr-133502-30
[INFO] running `Command { std: "git" "clone" "/workspace/cache/git-repos/https%3A%2F%2Fgithub.com%2Favoidencez-lgtm%2Fjosefines-jamstudio" "/workspace/builds/worker-3-tc1/source", kill_on_drop: false }`
[INFO] [stderr] Cloning into '/workspace/builds/worker-3-tc1/source'...
[INFO] [stderr] done.
[INFO] removed /workspace/builds/worker-3-tc1/source/rust-toolchain.toml
[INFO] started tweaking git repo https://github.com/avoidencez-lgtm/josefines-jamstudio
[INFO] finished tweaking git repo https://github.com/avoidencez-lgtm/josefines-jamstudio
[INFO] tweaked toml for git repo https://github.com/avoidencez-lgtm/josefines-jamstudio written to /workspace/builds/worker-3-tc1/source/Cargo.toml
[INFO] validating manifest of git repo https://github.com/avoidencez-lgtm/josefines-jamstudio on toolchain 3154cc1a3e6424e44f438a95007d043ed5ceaaf6
[INFO] running `Command { std: CARGO_HOME="/workspace/cargo-home" RUSTUP_HOME="/workspace/rustup-home" "/workspace/cargo-home/bin/cargo" "+3154cc1a3e6424e44f438a95007d043ed5ceaaf6" "metadata" "--manifest-path" "Cargo.toml" "--no-deps", kill_on_drop: false }`
[INFO] crate git repo https://github.com/avoidencez-lgtm/josefines-jamstudio already has a lockfile, it will not be regenerated
[INFO] running `Command { std: CARGO_HOME="/workspace/cargo-home" RUSTUP_HOME="/workspace/rustup-home" "/workspace/cargo-home/bin/cargo" "+3154cc1a3e6424e44f438a95007d043ed5ceaaf6" "fetch" "--manifest-path" "Cargo.toml", kill_on_drop: false }`
[INFO] [stderr] warning: unused field `authors` in `workspace.package`
[INFO] [stderr]   --> Cargo.toml:73:1
[INFO] [stderr]    |
[INFO] [stderr] 73 | authors = ["Vegar <avoidencez@gmail.com>"]
[INFO] [stderr]    | ^^^^^^^
[INFO] [stderr]    |
[INFO] [stderr]    = note: `cargo::unused_workspace_package_fields` is set to `warn` by default
[INFO] [stderr] help: consider removing the field `workspace.package.authors`
[INFO] [stderr] warning: workspace (manifest) generated 1 warning
[INFO] [stderr]     Updating crates.io index
[INFO] [stderr]  Downloading crates ...
[INFO] [stderr]   Downloaded tauri-plugin-log v2.9.1
[INFO] [stderr]   Downloaded keyring v3.6.3
[INFO] [stderr]   Downloaded tauri-plugin-fs v2.5.2
[INFO] [stderr]   Downloaded cxxbridge-flags v1.0.200
[INFO] [stderr]   Downloaded symphonia-codec-alac v0.6.1
[INFO] [stderr]   Downloaded windowfunctions v0.1.1
[INFO] [stderr]   Downloaded symphonia-codec-pcm v0.6.1
[INFO] [stderr]   Downloaded coremidi-sys v3.2.1
[INFO] [stderr]   Downloaded midir v0.10.4
[INFO] [stderr]   Downloaded pitch-estimate v0.1.0
[INFO] [stderr]   Downloaded symphonia-codec-vorbis v0.6.1
[INFO] [stderr]   Downloaded audioadapter-sample v5.2.0
[INFO] [stderr]   Downloaded symphonia-common v0.6.1
[INFO] [stderr]   Downloaded symphonia v0.6.1
[INFO] [stderr]   Downloaded symphonia-bundle-flac v0.6.1
[INFO] [stderr]   Downloaded coremidi v0.9.2
[INFO] [stderr]   Downloaded symphonia-format-riff v0.6.1
[INFO] [stderr]   Downloaded symphonia-format-ogg v0.6.1
[INFO] [stderr]   Downloaded audio-codec-algorithms v0.8.1
[INFO] [stderr]   Downloaded audioadapter v5.0.0
[INFO] [stderr]   Downloaded rustysynth v1.3.6
[INFO] [stderr]   Downloaded rtrb v0.3.5
[INFO] [stderr]   Downloaded audioadapter-buffers v5.2.0
[INFO] [stderr]   Downloaded tauri-plugin-dialog v2.7.3
[INFO] [stderr]   Downloaded symphonia-metadata v0.6.1
[INFO] [stderr]   Downloaded symphonia-codec-aac v0.6.1
[INFO] [stderr]   Downloaded symphonia-bundle-mp3 v0.6.1
[INFO] [stderr]   Downloaded cxxbridge-macro v1.0.200
[INFO] [stderr]   Downloaded cxxbridge-cmd v1.0.200
[INFO] [stderr]   Downloaded symphonia-format-isomp4 v0.6.1
[INFO] [stderr]   Downloaded rubato v5.0.0
[INFO] [stderr]   Downloaded cxx-build v1.0.200
[INFO] [stderr]   Downloaded symphonia-core v0.6.1
[INFO] [stderr]   Downloaded cxx v1.0.200
[INFO] running `Command { std: "docker" "create" "-v" "/var/lib/crater-agent-workspace/builds/worker-3-tc1/source:/opt/rustwide/workdir:ro,Z" "-v" "/var/lib/crater-agent-workspace/builds/worker-3-tc1/target:/opt/rustwide/target:rw,Z" "-v" "/var/lib/crater-agent-workspace/cargo-home:/opt/rustwide/cargo-home:ro,Z" "-v" "/var/lib/crater-agent-workspace/rustup-home:/opt/rustwide/rustup-home:ro,Z" "-m" "1610612736" "--network" "none" "ghcr.io/rust-lang/crates-build-env/linux@sha256:77db811e55d90add9212f6832c23229e3de5f1c1f9905e8cb07319ea15df73ac" "sleep" "infinity", kill_on_drop: false }`
[INFO] [stdout] 44eae3605906e88a207422d84f575778e460acfb72ca9f7b265f85adc8226e4a
[INFO] running `Command { std: "docker" "start" "44eae3605906e88a207422d84f575778e460acfb72ca9f7b265f85adc8226e4a", kill_on_drop: false }`
[INFO] running `Command { std: "docker" "inspect" "44eae3605906e88a207422d84f575778e460acfb72ca9f7b265f85adc8226e4a", kill_on_drop: false }`
[INFO] running `Command { std: "docker" "exec" "-e" "SOURCE_DIR=/opt/rustwide/workdir" "-e" "CARGO_HOME=/opt/rustwide/cargo-home" "-e" "RUSTUP_HOME=/opt/rustwide/rustup-home" "-e" "CARGO_TARGET_DIR=/opt/rustwide/target" "-w" "/opt/rustwide/workdir" "--user" "0:0" "44eae3605906e88a207422d84f575778e460acfb72ca9f7b265f85adc8226e4a" "/opt/rustwide/cargo-home/bin/cargo" "+3154cc1a3e6424e44f438a95007d043ed5ceaaf6" "metadata" "--no-deps" "--format-version=1", kill_on_drop: false }`
[INFO] running `Command { std: "docker" "inspect" "44eae3605906e88a207422d84f575778e460acfb72ca9f7b265f85adc8226e4a", kill_on_drop: false }`
[INFO] running `Command { std: "docker" "exec" "-e" "SOURCE_DIR=/opt/rustwide/workdir" "-e" "CARGO_HOME=/opt/rustwide/cargo-home" "-e" "RUSTUP_HOME=/opt/rustwide/rustup-home" "-e" "CARGO_TARGET_DIR=/opt/rustwide/target" "-e" "CARGO_INCREMENTAL=0" "-e" "RUST_BACKTRACE=full" "-e" "RUSTFLAGS=--cap-lints=forbid -Znext-solver=coherence" "-e" "RUSTDOCFLAGS=--cap-lints=forbid" "-w" "/opt/rustwide/workdir" "--user" "0:0" "44eae3605906e88a207422d84f575778e460acfb72ca9f7b265f85adc8226e4a" "/opt/rustwide/cargo-home/bin/cargo" "+3154cc1a3e6424e44f438a95007d043ed5ceaaf6" "check" "--frozen" "--all" "--all-targets" "--message-format=json", kill_on_drop: false }`
[INFO] [stderr] warning: unused field `authors` in `workspace.package`
[INFO] [stderr]   --> Cargo.toml:73:1
[INFO] [stderr]    |
[INFO] [stderr] 73 | authors = ["Vegar <avoidencez@gmail.com>"]
[INFO] [stderr]    | ^^^^^^^
[INFO] [stderr]    |
[INFO] [stderr]    = note: `cargo::unused_workspace_package_fields` is set to `warn` by default
[INFO] [stderr] help: consider removing the field `workspace.package.authors`
[INFO] [stderr] warning: workspace (manifest) generated 1 warning
[INFO] [stderr]    Compiling indexmap v2.14.1
[INFO] [stderr]    Compiling smallvec v1.16.0
[INFO] [stderr]    Compiling serde_core v1.0.229
[INFO] [stderr]    Compiling syn v3.0.4
[INFO] [stderr]    Compiling cc v1.4.4
[INFO] [stderr]     Checking log v0.4.34
[INFO] [stderr]    Compiling darling_core v0.23.0
[INFO] [stderr]     Checking futures-sink v0.3.34
[INFO] [stderr]     Checking futures-channel v0.3.34
[INFO] [stderr]    Compiling cfg-expr v0.15.8
[INFO] [stderr]    Compiling parking_lot_core v0.9.12
[INFO] [stderr]    Compiling uuid v1.26.0
[INFO] [stderr]    Compiling cssparser v0.36.0
[INFO] [stderr]    Compiling parking_lot v0.12.5
[INFO] [stderr]    Compiling string_cache v0.9.0
[INFO] [stderr]    Compiling toml v1.1.5+spec-1.1.0
[INFO] [stderr]    Compiling cfb v0.7.3
[INFO] [stderr]    Compiling web_atoms v0.2.6
[INFO] [stderr]    Compiling selectors v0.36.1
[INFO] [stderr]     Checking num-complex v0.4.6
[INFO] [stderr]    Compiling infer v0.19.0
[INFO] [stderr]    Compiling markup5ever v0.38.0
[INFO] [stderr]     Checking bytemuck v1.25.2
[INFO] [stderr]    Compiling html5ever v0.38.0
[INFO] [stderr]    Compiling embed-resource v3.0.11
[INFO] [stderr]    Compiling crc32fast v1.5.1
[INFO] [stderr]    Compiling tauri-winres v0.3.6
[INFO] [stderr]     Checking num-integer v0.1.47
[INFO] [stderr]     Checking time v0.3.55
[INFO] [stderr]     Checking bitflags v2.13.1
[INFO] [stderr]     Checking serde_json v1.0.151
[INFO] [stderr]     Checking symphonia-core v0.6.1
[INFO] [stderr]    Compiling link-cplusplus v1.0.12
[INFO] [stderr]    Compiling include_dir_macros v0.7.4
[INFO] [stderr]    Compiling rustix v1.1.4
[INFO] [stderr]    Compiling dom_query v0.27.0
[INFO] [stderr]    Compiling scratch v1.0.9
[INFO] [stderr]     Checking strength_reduce v0.2.4
[INFO] [stderr]     Checking transpose v0.2.3
[INFO] [stderr]     Checking include_dir v0.7.4
[INFO] [stderr]    Compiling darling_macro v0.23.0
[INFO] [stderr]     Checking primal-check v0.3.4
[INFO] [stderr]    Compiling termcolor v1.4.1
[INFO] [stderr]    Compiling darling v0.23.0
[INFO] [stderr]    Compiling serde_with_macros v3.22.0
[INFO] [stderr]    Compiling cxxbridge-flags v1.0.200
[INFO] [stderr]    Compiling codespan-reporting v0.13.1
[INFO] [stderr]     Checking symphonia-metadata v0.6.1
[INFO] [stderr]    Compiling cxx v1.0.200
[INFO] [stderr]    Compiling flate2 v1.1.10
[INFO] [stderr]     Checking erased-serde v0.4.10
[INFO] [stderr]    Compiling serde_with v3.22.0
[INFO] [stderr]     Checking symphonia-common v0.6.1
[INFO] [stderr]     Checking rustfft v6.4.1
[INFO] [stderr]     Checking toml_datetime v1.1.1+spec-1.1.0
[INFO] [stderr]     Checking serde_spanned v1.1.1
[INFO] [stderr]     Checking crossbeam-channel v0.5.16
[INFO] [stderr]    Compiling ring v0.17.14
[INFO] [stderr]     Checking quick-xml v0.41.0
[INFO] [stderr]    Compiling alsa-sys v0.3.1
[INFO] [stderr]    Compiling png v0.17.16
[INFO] [stderr]     Checking cookie v0.18.2
[INFO] [stderr]    Compiling cxx-build v1.0.200
[INFO] [stderr]     Checking serde-untagged v0.1.9
[INFO] [stderr]    Compiling serde_derive v1.0.229
[INFO] [stderr]    Compiling zerovec-derive v0.11.6
[INFO] [stderr]    Compiling displaydoc v0.2.7
[INFO] [stderr]    Compiling thiserror-impl v2.0.20
[INFO] [stderr]    Compiling zerotrie v0.2.5
[INFO] [stderr]    Compiling zerovec v0.11.8
[INFO] [stderr]    Compiling futures-macro v0.3.34
[INFO] [stderr]     Checking futures-util v0.3.34
[INFO] [stderr]    Compiling tinystr v0.8.4
[INFO] [stderr]    Compiling potential_utf v0.1.6
[INFO] [stderr]    Compiling icu_collections v2.3.0
[INFO] [stderr]    Compiling icu_locale_core v2.3.0
[INFO] [stderr]    Compiling thiserror v2.0.20
[INFO] [stderr]    Compiling tokio-macros v2.7.2
[INFO] [stderr]     Checking tokio v1.53.1
[INFO] [stderr]    Compiling serde v1.0.229
[INFO] [stderr]    Compiling icu_provider v2.3.1
[INFO] [stderr]     Checking realfft v3.5.0
[INFO] [stderr]    Compiling icu_normalizer v2.3.0
[INFO] [stderr]    Compiling icu_properties v2.3.0
[INFO] [stderr]    Compiling toml_datetime v0.6.3
[INFO] [stderr]    Compiling serde_spanned v0.6.9
[INFO] [stderr]    Compiling toml_edit v0.20.2
[INFO] [stderr]    Compiling cargo-platform v0.1.9
[INFO] [stderr]    Compiling indexmap v1.9.3
[INFO] [stderr]    Compiling jsonptr v0.6.3
[INFO] [stderr]     Checking futures-executor v0.3.34
[INFO] [stderr]    Compiling json-patch v3.0.1
[INFO] [stderr]    Compiling cargo_metadata v0.19.2
[INFO] [stderr]    Compiling plist v1.10.0
[INFO] [stderr]    Compiling idna_adapter v1.2.2
[INFO] [stderr]    Compiling toml_edit v0.19.15
[INFO] [stderr]    Compiling idna v1.1.0
[INFO] [stderr]    Compiling cargo_toml v0.22.3
[INFO] [stderr]    Compiling url v2.5.8
[INFO] [stderr]     Checking dpi v0.1.2
[INFO] [stderr]    Compiling toml v0.8.2
[INFO] [stderr]    Compiling proc-macro-crate v2.0.2
[INFO] [stderr]    Compiling schemars v0.8.22
[INFO] [stderr]    Compiling urlpattern v0.3.0
[INFO] [stderr]    Compiling system-deps v6.2.2
[INFO] [stderr]    Compiling proc-macro-crate v1.3.1
[INFO] [stderr]    Compiling glib-macros v0.18.5
[INFO] [stderr]    Compiling glib-sys v0.18.1
[INFO] [stderr]    Compiling gobject-sys v0.18.0
[INFO] [stderr]    Compiling gio-sys v0.18.1
[INFO] [stderr]    Compiling gdk-sys v0.18.2
[INFO] [stderr]    Compiling cairo-sys-rs v0.18.2
[INFO] [stderr]    Compiling pango-sys v0.18.0
[INFO] [stderr]    Compiling gdk-pixbuf-sys v0.18.0
[INFO] [stderr]    Compiling atk-sys v0.18.2
[INFO] [stderr]    Compiling tauri-utils v2.9.3
[INFO] [stderr]    Compiling gtk-sys v0.18.2
[INFO] [stderr]    Compiling javascriptcore-rs-sys v1.1.1
[INFO] [stderr]    Compiling soup3-sys v0.5.0
[INFO] [stderr]    Compiling gtk v0.18.2
[INFO] [stderr]    Compiling gtk3-macros v0.18.2
[INFO] [stderr]    Compiling webkit2gtk-sys v2.0.2
[INFO] [stderr]    Compiling gdkx11-sys v0.18.2
[INFO] [stderr]     Checking jam-core v0.1.0 (/opt/rustwide/workdir/crates/jam-core)
[INFO] [stderr]     Checking libdbus-sys v0.2.7
[INFO] [stderr]     Checking x11-dl v2.21.0
[INFO] [stderr]     Checking phf v0.13.1
[INFO] [stderr]    Compiling toml_edit v0.25.13+spec-1.1.0
[INFO] [stderr]     Checking ctor v0.8.0
[INFO] [stderr]    Compiling dlopen2_derive v0.4.3
[INFO] [stderr]    Compiling wry v0.55.1
[INFO] [stderr]    Compiling tauri-runtime v2.11.3
[INFO] [stderr]     Checking dunce v1.0.5
[INFO] [stderr]    Compiling sha2 v0.10.9
[INFO] [stderr]    Compiling proc-macro-crate v3.5.0
[INFO] [stderr]     Checking dlopen2 v0.8.2
[INFO] [stderr]     Checking keyboard-types v0.7.0
[INFO] [stderr]     Checking gdkwayland-sys v0.18.2
[INFO] [stderr]     Checking dbus v0.9.12
[INFO] [stderr]     Checking glib v0.18.5
[INFO] [stderr]    Compiling zvariant_utils v4.2.0
[INFO] [stderr]    Compiling jam-dsp v0.1.0 (/opt/rustwide/workdir/crates/jam-dsp)
[INFO] [stderr]    Compiling ico v0.5.0
[INFO] [stderr]    Compiling cxxbridge-macro v1.0.200
[INFO] [stderr]     Checking dirs v6.0.0
[INFO] [stderr]     Checking concurrent-queue v2.5.0
[INFO] [stderr]     Checking foldhash v0.2.0
[INFO] [stderr]    Compiling tauri-runtime-wry v2.11.4
[INFO] [stderr]    Compiling zvariant_derive v5.15.0
[INFO] [stderr]     Checking alsa v0.9.1
[INFO] [stderr]     Checking pitch-estimate v0.1.0
[INFO] [stderr]    Compiling serde_repr v0.1.21
[INFO] [stderr]    Compiling serialize-to-javascript-impl v0.1.2
[INFO] [stderr]    Compiling rustls v0.23.43
[INFO] [stderr]     Checking serialize-to-javascript v0.1.2
[INFO] [stderr]     Checking rand v0.8.8
[INFO] [stderr]     Checking getrandom v0.3.4
[INFO] [stderr]     Checking rand_pcg v0.3.1
[INFO] [stderr]     Checking http-range v0.1.5
[INFO] [stderr] warning: jam-dsp@0.1.0: In file included from cxx/vendor/signalsmith-linear/stft.h:4,
[INFO] [stderr] warning: jam-dsp@0.1.0:                  from cxx/vendor/signalsmith-stretch.h:4,
[INFO] [stderr] warning: jam-dsp@0.1.0:                  from cxx/stretch.h:3,
[INFO] [stderr] warning: jam-dsp@0.1.0:                  from /opt/rustwide/target/debug/build/jam-dsp/3ff6e6ed6ad48bf0/out/cxxbridge/sources/jam-dsp/src/stretch.rs.cc:1:
[INFO] [stderr] warning: jam-dsp@0.1.0: cxx/vendor/signalsmith-linear/./fft.h: In member function 'void signalsmith::linear::RealFFT<Sample, splitComputation, halfBinShift>::fft(size_t, const Sample*, Complex*)':
[INFO] [stderr] warning: jam-dsp@0.1.0: cxx/vendor/signalsmith-linear/./fft.h:1074:46: error: 'memcpy' is not a member of 'std'; did you mean 'wmemcpy'? [-Wtemplate-body]
[INFO] [stderr] warning: jam-dsp@0.1.0:  1074 |                                         std::memcpy(tmpTime.data(), time, sizeof(Complex)*hSize);
[INFO] [stderr] warning: jam-dsp@0.1.0:       |                                              ^~~~~~
[INFO] [stderr] warning: jam-dsp@0.1.0:       |                                              wmemcpy
[INFO] [stderr] warning: jam-dsp@0.1.0: cxx/vendor/signalsmith-linear/./fft.h: In member function 'void signalsmith::linear::RealFFT<Sample, splitComputation, halfBinShift>::ifft(size_t, const Complex*, Sample*)':
[INFO] [stderr] warning: jam-dsp@0.1.0: cxx/vendor/signalsmith-linear/./fft.h:1284:46: error: 'memcpy' is not a member of 'std'; did you mean 'wmemcpy'? [-Wtemplate-body]
[INFO] [stderr] warning: jam-dsp@0.1.0:  1284 |                                         std::memcpy(time, tmpTime.data(), sizeof(Complex)*hSize);
[INFO] [stderr] warning: jam-dsp@0.1.0:       |                                              ^~~~~~
[INFO] [stderr] warning: jam-dsp@0.1.0:       |                                              wmemcpy
[INFO] [stderr] error: failed to run custom build command for `jam-dsp v0.1.0 (/opt/rustwide/workdir/crates/jam-dsp)`
[INFO] [stderr] note: To improve backtraces for build dependencies, set the CARGO_PROFILE_DEV_BUILD_OVERRIDE_DEBUG=true environment variable to enable debug information generation.
[INFO] [stderr] 
[INFO] [stderr] Caused by:
[INFO] [stderr]   process didn't exit successfully: `/opt/rustwide/target/debug/build/jam-dsp/2156c39cb5eb6389/out/build_script_build` (exit status: 1)
[INFO] [stderr]   --- stdout
[INFO] [stderr]   cargo:rerun-if-changed=src/stretch.rs
[INFO] [stderr]   cargo:CXXBRIDGE_PREFIX=jam-dsp
[INFO] [stderr]   cargo:CXXBRIDGE_DIR0=/opt/rustwide/target/debug/build/jam-dsp/3ff6e6ed6ad48bf0/out/cxxbridge/include
[INFO] [stderr]   cargo:CXXBRIDGE_DIR1=/opt/rustwide/target/debug/build/jam-dsp/3ff6e6ed6ad48bf0/out/cxxbridge/crate
[INFO] [stderr]   cargo:rerun-if-env-changed=CC_FORCE_DISABLE
[INFO] [stderr]   CC_FORCE_DISABLE = None
[INFO] [stderr]   cargo:rerun-if-env-changed=CXX_x86_64-unknown-linux-gnu
[INFO] [stderr]   CXX_x86_64-unknown-linux-gnu = None
[INFO] [stderr]   cargo:rerun-if-env-changed=CXX_x86_64_unknown_linux_gnu
[INFO] [stderr]   CXX_x86_64_unknown_linux_gnu = None
[INFO] [stderr]   cargo:rerun-if-env-changed=HOST_CXX
[INFO] [stderr]   HOST_CXX = None
[INFO] [stderr]   cargo:rerun-if-env-changed=CXX
[INFO] [stderr]   CXX = None
[INFO] [stderr]   cargo:rerun-if-env-changed=CC_ENABLE_DEBUG_OUTPUT
[INFO] [stderr]   cargo:rerun-if-env-changed=CRATE_CC_NO_DEFAULTS
[INFO] [stderr]   CRATE_CC_NO_DEFAULTS = None
[INFO] [stderr]   cargo:rerun-if-env-changed=CRATE_CC_NO_DEFAULTS
[INFO] [stderr]   CRATE_CC_NO_DEFAULTS = None
[INFO] [stderr]   cargo:rerun-if-env-changed=CXXFLAGS
[INFO] [stderr]   CXXFLAGS = None
[INFO] [stderr]   cargo:rerun-if-env-changed=HOST_CXXFLAGS
[INFO] [stderr]   HOST_CXXFLAGS = None
[INFO] [stderr]   cargo:rerun-if-env-changed=CXXFLAGS_x86_64_unknown_linux_gnu
[INFO] [stderr]   CXXFLAGS_x86_64_unknown_linux_gnu = None
[INFO] [stderr]   cargo:rerun-if-env-changed=CXXFLAGS_x86_64-unknown-linux-gnu
[INFO] [stderr]   CXXFLAGS_x86_64-unknown-linux-gnu = None
[INFO] [stderr]   cargo:rerun-if-env-changed=CXXFLAGS
[INFO] [stderr]   CXXFLAGS = None
[INFO] [stderr]   cargo:rerun-if-env-changed=HOST_CXXFLAGS
[INFO] [stderr]   HOST_CXXFLAGS = None
[INFO] [stderr]   cargo:rerun-if-env-changed=CXXFLAGS_x86_64_unknown_linux_gnu
[INFO] [stderr]   CXXFLAGS_x86_64_unknown_linux_gnu = None
[INFO] [stderr]   cargo:rerun-if-env-changed=CXXFLAGS_x86_64-unknown-linux-gnu
[INFO] [stderr]   CXXFLAGS_x86_64-unknown-linux-gnu = None
[INFO] [stderr]   cargo:rerun-if-env-changed=CRATE_CC_NO_DEFAULTS
[INFO] [stderr]   CRATE_CC_NO_DEFAULTS = None
[INFO] [stderr]   cargo:rerun-if-env-changed=CXXFLAGS
[INFO] [stderr]   CXXFLAGS = None
[INFO] [stderr]   cargo:rerun-if-env-changed=HOST_CXXFLAGS
[INFO] [stderr]   HOST_CXXFLAGS = None
[INFO] [stderr]   cargo:rerun-if-env-changed=CXXFLAGS_x86_64_unknown_linux_gnu
[INFO] [stderr]   CXXFLAGS_x86_64_unknown_linux_gnu = None
[INFO] [stderr]   cargo:rerun-if-env-changed=CXXFLAGS_x86_64-unknown-linux-gnu
[INFO] [stderr]   CXXFLAGS_x86_64-unknown-linux-gnu = None
[INFO] [stderr]   cargo:warning=In file included from cxx/vendor/signalsmith-linear/stft.h:4,
[INFO] [stderr]   cargo:warning=                 from cxx/vendor/signalsmith-stretch.h:4,
[INFO] [stderr]   cargo:warning=                 from cxx/stretch.h:3,
[INFO] [stderr]   cargo:warning=                 from /opt/rustwide/target/debug/build/jam-dsp/3ff6e6ed6ad48bf0/out/cxxbridge/sources/jam-dsp/src/stretch.rs.cc:1:
[INFO] [stderr]   cargo:warning=cxx/vendor/signalsmith-linear/./fft.h: In member function 'void signalsmith::linear::RealFFT<Sample, splitComputation, halfBinShift>::fft(size_t, const Sample*, Complex*)':
[INFO] [stderr]   cargo:warning=cxx/vendor/signalsmith-linear/./fft.h:1074:46: error: 'memcpy' is not a member of 'std'; did you mean 'wmemcpy'? [-Wtemplate-body]
[INFO] [stderr]   cargo:warning= 1074 |                                         std::memcpy(tmpTime.data(), time, sizeof(Complex)*hSize);
[INFO] [stderr]   cargo:warning=      |                                              ^~~~~~
[INFO] [stderr]   cargo:warning=      |                                              wmemcpy
[INFO] [stderr]   cargo:warning=cxx/vendor/signalsmith-linear/./fft.h: In member function 'void signalsmith::linear::RealFFT<Sample, splitComputation, halfBinShift>::ifft(size_t, const Complex*, Sample*)':
[INFO] [stderr]   cargo:warning=cxx/vendor/signalsmith-linear/./fft.h:1284:46: error: 'memcpy' is not a member of 'std'; did you mean 'wmemcpy'? [-Wtemplate-body]
[INFO] [stderr]   cargo:warning= 1284 |                                         std::memcpy(time, tmpTime.data(), sizeof(Complex)*hSize);
[INFO] [stderr]   cargo:warning=      |                                              ^~~~~~
[INFO] [stderr]   cargo:warning=      |                                              wmemcpy
[INFO] [stderr] 
[INFO] [stderr]   --- stderr
[INFO] [stderr] 
[INFO] [stderr]   CXX include path:
[INFO] [stderr]     /opt/rustwide/target/debug/build/jam-dsp/3ff6e6ed6ad48bf0/out/cxxbridge/include
[INFO] [stderr]     /opt/rustwide/target/debug/build/jam-dsp/3ff6e6ed6ad48bf0/out/cxxbridge/crate
[INFO] [stderr] 
[INFO] [stderr] 
[INFO] [stderr]   error occurred in cc-rs: command did not execute successfully (status code exit status: 1): LC_ALL="C" "c++" "-O3" "-ffunction-sections" "-fdata-sections" "-fPIC" "-g" "-gdwarf-4" "-fno-omit-frame-pointer" "-mno-omit-leaf-frame-pointer" "-m64" "-std=c++17" "-I" "/opt/rustwide/target/debug/build/jam-dsp/3ff6e6ed6ad48bf0/out/cxxbridge/include" "-I" "/opt/rustwide/target/debug/build/jam-dsp/3ff6e6ed6ad48bf0/out/cxxbridge/crate" "-I" "cxx" "-Wall" "-Wextra" "-o" "/opt/rustwide/target/debug/build/jam-dsp/3ff6e6ed6ad48bf0/out/cc6de90eeee51f06-stretch.rs.o" "-c" "/opt/rustwide/target/debug/build/jam-dsp/3ff6e6ed6ad48bf0/out/cxxbridge/sources/jam-dsp/src/stretch.rs.cc"
[INFO] [stderr] 
[INFO] [stderr] 
[INFO] [stderr] warning: build failed, waiting for other jobs to finish...
[INFO] running `Command { std: "docker" "inspect" "44eae3605906e88a207422d84f575778e460acfb72ca9f7b265f85adc8226e4a", kill_on_drop: false }`
[INFO] running `Command { std: "docker" "rm" "-f" "44eae3605906e88a207422d84f575778e460acfb72ca9f7b265f85adc8226e4a", kill_on_drop: false }`
[INFO] [stdout] 44eae3605906e88a207422d84f575778e460acfb72ca9f7b265f85adc8226e4a
