[INFO] cloning repository https://github.com/average-gary/cold-snap
[INFO] running `Command { std: "git" "-c" "credential.helper=" "-c" "credential.helper=/workspace/cargo-home/bin/git-credential-null" "clone" "--bare" "https://github.com/average-gary/cold-snap" "/workspace/cache/git-repos/https%3A%2F%2Fgithub.com%2Faverage-gary%2Fcold-snap", kill_on_drop: false }`
[INFO] [stderr] Cloning into bare repository '/workspace/cache/git-repos/https%3A%2F%2Fgithub.com%2Faverage-gary%2Fcold-snap'...
[INFO] running `Command { std: "git" "rev-parse" "HEAD", kill_on_drop: false }`
[INFO] [stdout] ecc8ebcc25872167d6cd360134bf224efafedbc8
[INFO] checking average-gary/cold-snap against 3154cc1a3e6424e44f438a95007d043ed5ceaaf6+rustflags=-Znext-solver=coherence for pr-133502-30
[INFO] running `Command { std: "git" "clone" "/workspace/cache/git-repos/https%3A%2F%2Fgithub.com%2Faverage-gary%2Fcold-snap" "/workspace/builds/worker-2-tc1/source", kill_on_drop: false }`
[INFO] [stderr] Cloning into '/workspace/builds/worker-2-tc1/source'...
[INFO] [stderr] done.
[INFO] removed /workspace/builds/worker-2-tc1/source/.cargo/config.toml
[INFO] removed /workspace/builds/worker-2-tc1/source/rust-toolchain.toml
[INFO] started tweaking git repo https://github.com/average-gary/cold-snap
[INFO] finished tweaking git repo https://github.com/average-gary/cold-snap
[INFO] tweaked toml for git repo https://github.com/average-gary/cold-snap written to /workspace/builds/worker-2-tc1/source/Cargo.toml
[INFO] validating manifest of git repo https://github.com/average-gary/cold-snap on toolchain 3154cc1a3e6424e44f438a95007d043ed5ceaaf6
[INFO] running `Command { std: CARGO_HOME="/workspace/cargo-home" RUSTUP_HOME="/workspace/rustup-home" "/workspace/cargo-home/bin/cargo" "+3154cc1a3e6424e44f438a95007d043ed5ceaaf6" "metadata" "--manifest-path" "Cargo.toml" "--no-deps", kill_on_drop: false }`
[INFO] crate git repo https://github.com/average-gary/cold-snap already has a lockfile, it will not be regenerated
[INFO] running `Command { std: CARGO_HOME="/workspace/cargo-home" RUSTUP_HOME="/workspace/rustup-home" "/workspace/cargo-home/bin/cargo" "+3154cc1a3e6424e44f438a95007d043ed5ceaaf6" "fetch" "--manifest-path" "Cargo.toml", kill_on_drop: false }`
[INFO] [stderr] warning: unused workspace dependency `coldsnap_hal`
[INFO] [stderr]   --> Cargo.toml:33:25
[INFO] [stderr]    |
[INFO] [stderr] 33 | [workspace.dependencies.coldsnap_hal]
[INFO] [stderr]    |                         ^^^^^^^^^^^^
[INFO] [stderr]    |
[INFO] [stderr]    = note: `cargo::unused_workspace_dependencies` is set to `warn` by default
[INFO] [stderr] help: consider removing the workspace dependency `coldsnap_hal`
[INFO] [stderr] warning: workspace (manifest) generated 1 warning
[INFO] [stderr]     Updating crates.io index
[INFO] [stderr]  Downloading crates ...
[INFO] [stderr]   Downloaded secp256kfun_arithmetic_macros v0.2.0
[INFO] [stderr]   Downloaded schnorr_fun v0.13.0
[INFO] [stderr]   Downloaded vrf_fun v0.12.1
[INFO] [stderr]   Downloaded bitcoin-internals v0.3.0
[INFO] [stderr]   Downloaded sigma_fun v0.9.0
[INFO] [stderr]   Downloaded secp256kfun v0.12.1
[INFO] [stderr]   Downloaded secp256k1 v0.27.0
[INFO] [stderr]   Downloaded proptest-state-machine v0.3.1
[INFO] [stderr]   Downloaded bitcoin-units v0.1.2
[INFO] [stderr]   Downloaded base58ck v0.1.0
[INFO] [stderr]   Downloaded bitcoin v0.32.8
[INFO] [stderr]   Downloaded miniscript v12.3.5
[INFO] [stderr]   Downloaded secp256k1-sys v0.8.2
[INFO] running `Command { std: "docker" "create" "-v" "/var/lib/crater-agent-workspace/builds/worker-2-tc1/source:/opt/rustwide/workdir:ro,Z" "-v" "/var/lib/crater-agent-workspace/builds/worker-2-tc1/target:/opt/rustwide/target:rw,Z" "-v" "/var/lib/crater-agent-workspace/cargo-home:/opt/rustwide/cargo-home:ro,Z" "-v" "/var/lib/crater-agent-workspace/rustup-home:/opt/rustwide/rustup-home:ro,Z" "-m" "1610612736" "--network" "none" "ghcr.io/rust-lang/crates-build-env/linux@sha256:77db811e55d90add9212f6832c23229e3de5f1c1f9905e8cb07319ea15df73ac" "sleep" "infinity", kill_on_drop: false }`
[INFO] [stdout] 7ba9d13e632566c57966fd539df8fb832699848f91d4116ff7500a7a049eabb8
[INFO] running `Command { std: "docker" "start" "7ba9d13e632566c57966fd539df8fb832699848f91d4116ff7500a7a049eabb8", kill_on_drop: false }`
[INFO] running `Command { std: "docker" "inspect" "7ba9d13e632566c57966fd539df8fb832699848f91d4116ff7500a7a049eabb8", kill_on_drop: false }`
[INFO] running `Command { std: "docker" "exec" "-e" "SOURCE_DIR=/opt/rustwide/workdir" "-e" "CARGO_HOME=/opt/rustwide/cargo-home" "-e" "RUSTUP_HOME=/opt/rustwide/rustup-home" "-e" "CARGO_TARGET_DIR=/opt/rustwide/target" "-w" "/opt/rustwide/workdir" "--user" "0:0" "7ba9d13e632566c57966fd539df8fb832699848f91d4116ff7500a7a049eabb8" "/opt/rustwide/cargo-home/bin/cargo" "+3154cc1a3e6424e44f438a95007d043ed5ceaaf6" "metadata" "--no-deps" "--format-version=1", kill_on_drop: false }`
[INFO] running `Command { std: "docker" "inspect" "7ba9d13e632566c57966fd539df8fb832699848f91d4116ff7500a7a049eabb8", kill_on_drop: false }`
[INFO] running `Command { std: "docker" "exec" "-e" "SOURCE_DIR=/opt/rustwide/workdir" "-e" "CARGO_HOME=/opt/rustwide/cargo-home" "-e" "RUSTUP_HOME=/opt/rustwide/rustup-home" "-e" "CARGO_TARGET_DIR=/opt/rustwide/target" "-e" "CARGO_INCREMENTAL=0" "-e" "RUST_BACKTRACE=full" "-e" "RUSTFLAGS=--cap-lints=forbid -Znext-solver=coherence" "-e" "RUSTDOCFLAGS=--cap-lints=forbid" "-w" "/opt/rustwide/workdir" "--user" "0:0" "7ba9d13e632566c57966fd539df8fb832699848f91d4116ff7500a7a049eabb8" "/opt/rustwide/cargo-home/bin/cargo" "+3154cc1a3e6424e44f438a95007d043ed5ceaaf6" "check" "--frozen" "--all" "--all-targets" "--message-format=json", kill_on_drop: false }`
[INFO] [stderr] warning: unused workspace dependency `coldsnap_hal`
[INFO] [stderr]   --> Cargo.toml:33:25
[INFO] [stderr]    |
[INFO] [stderr] 33 | [workspace.dependencies.coldsnap_hal]
[INFO] [stderr]    |                         ^^^^^^^^^^^^
[INFO] [stderr]    |
[INFO] [stderr]    = note: `cargo::unused_workspace_dependencies` is set to `warn` by default
[INFO] [stderr] help: consider removing the workspace dependency `coldsnap_hal`
[INFO] [stderr] warning: workspace (manifest) generated 1 warning
[INFO] [stderr]     Checking cfg-if v1.0.4
[INFO] [stderr]    Compiling serde_core v1.0.228
[INFO] [stderr]    Compiling serde v1.0.228
[INFO] [stderr]    Compiling libc v0.2.185
[INFO] [stderr]    Compiling generic-array v0.14.7
[INFO] [stderr]     Checking typenum v1.20.0
[INFO] [stderr]    Compiling syn v2.0.117
[INFO] [stderr]    Compiling zerocopy v0.8.48
[INFO] [stderr]     Checking once_cell v1.21.4
[INFO] [stderr]    Compiling libm v0.2.16
[INFO] [stderr]     Checking const-oid v0.9.6
[INFO] [stderr]    Compiling num-traits v0.2.19
[INFO] [stderr]     Checking bitflags v2.11.1
[INFO] [stderr]    Compiling getrandom v0.4.2
[INFO] [stderr]    Compiling rustix v1.1.4
[INFO] [stderr]     Checking linux-raw-sys v0.12.1
[INFO] [stderr]     Checking spin v0.9.8
[INFO] [stderr]     Checking lazy_static v1.5.0
[INFO] [stderr]     Checking fastrand v2.4.1
[INFO] [stderr]     Checking fnv v1.0.7
[INFO] [stderr]     Checking bit-vec v0.8.0
[INFO] [stderr]     Checking quick-error v1.2.3
[INFO] [stderr]     Checking unarray v0.1.4
[INFO] [stderr]     Checking regex-syntax v0.8.10
[INFO] [stderr]     Checking bit-set v0.8.0
[INFO] [stderr]    Compiling virtue v0.0.18
[INFO] [stderr]     Checking getrandom v0.2.17
[INFO] [stderr]     Checking rand_core v0.6.4
[INFO] [stderr]     Checking wait-timeout v0.2.1
[INFO] [stderr]     Checking rand_xorshift v0.3.0
[INFO] [stderr]     Checking unty v0.0.4
[INFO] [stderr]    Compiling bincode_derive v2.0.1
[INFO] [stderr]    Compiling secp256kfun_arithmetic_macros v0.2.0
[INFO] [stderr]     Checking subtle-ng v2.5.0
[INFO] [stderr]     Checking cpufeatures v0.2.17
[INFO] [stderr]     Checking bech32 v0.11.1
[INFO] [stderr]    Compiling cc v1.2.60
[INFO] [stderr]     Checking tempfile v3.27.0
[INFO] [stderr]     Checking rusty-fork v0.3.1
[INFO] [stderr]     Checking zeroize v1.8.2
[INFO] [stderr]    Compiling bitcoin-io v0.1.4
[INFO] [stderr]     Checking base64ct v1.8.3
[INFO] [stderr]     Checking arrayvec v0.7.6
[INFO] [stderr]    Compiling bitcoin-internals v0.3.0
[INFO] [stderr]    Compiling ahash v0.8.12
[INFO] [stderr]     Checking subtle v2.6.1
[INFO] [stderr]     Checking hex-conservative v0.2.2
[INFO] [stderr]     Checking pem-rfc7468 v0.7.0
[INFO] [stderr]     Checking smallvec v1.15.1
[INFO] [stderr]    Compiling hex_lit v0.1.1
[INFO] [stderr]     Checking der v0.7.10
[INFO] [stderr]    Compiling syn v1.0.109
[INFO] [stderr]     Checking num-integer v0.1.46
[INFO] [stderr]     Checking opaque-debug v0.3.1
[INFO] [stderr]    Compiling bitcoin v0.32.8
[INFO] [stderr]    Compiling serde_derive v1.0.228
[INFO] [stderr]    Compiling num-bigint-dig v0.8.6
[INFO] [stderr]     Checking num-iter v0.1.45
[INFO] [stderr]     Checking tracing-core v0.1.36
[INFO] [stderr]     Checking fallible-iterator v0.3.0
[INFO] [stderr]     Checking fallible-streaming-iterator v0.1.9
[INFO] [stderr]     Checking pin-project-lite v0.2.17
[INFO] [stderr]     Checking embedded-storage v0.3.1
[INFO] [stderr]     Checking linked_list_allocator v0.10.6
[INFO] [stderr]     Checking tracing v0.1.44
[INFO] [stderr]    Compiling coldsnap_firmware v0.1.0 (/opt/rustwide/workdir/firmware)
[INFO] [stderr]     Checking unicode-ident v1.0.24
[INFO] [stderr]    Compiling proc-macro2 v1.0.106
[INFO] [stderr]    Compiling quote v1.0.45
[INFO] [stderr]    Compiling secp256k1-sys v0.10.1
[INFO] [stderr]    Compiling libsqlite3-sys v0.28.0
[INFO] [stderr]     Checking spki v0.7.3
[INFO] [stderr]     Checking pkcs8 v0.10.2
[INFO] [stderr]     Checking pkcs1 v0.7.5
[INFO] [stderr]     Checking ppv-lite86 v0.2.21
[INFO] [stderr]     Checking hashbrown v0.14.5
[INFO] [stderr]     Checking rand_chacha v0.3.1
[INFO] [stderr]     Checking rand v0.8.6
[INFO] [stderr]     Checking hashlink v0.9.1
[INFO] [stderr]     Checking proptest v1.6.0
[INFO] [stderr]     Checking frostsnap_macros v0.0.1 (/opt/rustwide/workdir/vendor/frostsnap/macros)
[INFO] [stderr]     Checking bincode v2.0.1
[INFO] [stderr]     Checking bitcoin_hashes v0.14.1
[INFO] [stderr]     Checking bitcoin-units v0.1.2
[INFO] [stderr]     Checking crypto-common v0.1.7
[INFO] [stderr]     Checking block-buffer v0.10.4
[INFO] [stderr]     Checking inout v0.1.4
[INFO] [stderr]     Checking digest v0.10.7
[INFO] [stderr]     Checking universal-hash v0.5.1
[INFO] [stderr]     Checking aead v0.5.2
[INFO] [stderr]     Checking cipher v0.4.4
[INFO] [stderr]     Checking poly1305 v0.8.0
[INFO] [stderr]     Checking sha2 v0.10.9
[INFO] [stderr]     Checking signature v2.2.0
[INFO] [stderr]     Checking secp256k1 v0.29.1
[INFO] [stderr]     Checking chacha20 v0.9.1
[INFO] [stderr]     Checking base58ck v0.1.0
[INFO] [stderr]     Checking rsa v0.9.10
[INFO] [stderr]     Checking secp256kfun v0.12.1
[INFO] [stderr]     Checking proptest-state-machine v0.3.1
[INFO] [stderr]     Checking chacha20poly1305 v0.10.1
[INFO] [stderr]     Checking sigma_fun v0.9.0
[INFO] [stderr]     Checking vrf_fun v0.12.1
[INFO] [stderr]     Checking schnorr_fun v0.13.0
[INFO] [stderr]     Checking frost_backup v0.1.0 (/opt/rustwide/workdir/vendor/frostsnap/frost_backup)
[INFO] [stdout] error[E0433]: cannot find module or crate `bitcoin` in this scope
[INFO] [stdout]  --> vendor/frostsnap/frost_backup/tests/descriptor_match.rs:1:5
[INFO] [stdout]   |
[INFO] [stdout] 1 | use bitcoin::bip32::DerivationPath;
[INFO] [stdout]   |     ^^^^^^^ use of unresolved module or unlinked crate `bitcoin`
[INFO] [stdout]   |
[INFO] [stdout]   = help: if you wanted to use a crate named `bitcoin`, use `cargo add bitcoin` to add it to your `Cargo.toml`
[INFO] [stdout] 
[INFO] [stdout] 
[INFO] [stdout] error[E0432]: unresolved imports `frost_backup::generate_descriptor`, `frost_backup::generate_xpriv`
[INFO] [stdout]   --> vendor/frostsnap/frost_backup/tests/descriptor_match.rs:4:20
[INFO] [stdout]    |
[INFO] [stdout]  4 | use frost_backup::{generate_descriptor, generate_xpriv};
[INFO] [stdout]    |                    ^^^^^^^^^^^^^^^^^^^  ^^^^^^^^^^^^^^ no `generate_xpriv` in the root
[INFO] [stdout]    |                    |
[INFO] [stdout]    |                    no `generate_descriptor` in the root
[INFO] [stdout]    |
[INFO] [stdout] note: found an item that was configured out
[INFO] [stdout]   --> vendor/frostsnap/frost_backup/src/lib.rs:51:8
[INFO] [stdout]    |
[INFO] [stdout] 50 | #[cfg(feature = "std")]
[INFO] [stdout]    |       --------------- the item is gated behind the `std` feature
[INFO] [stdout] 51 | pub fn generate_descriptor(
[INFO] [stdout]    |        ^^^^^^^^^^^^^^^^^^^
[INFO] [stdout] note: found an item that was configured out
[INFO] [stdout]   --> vendor/frostsnap/frost_backup/src/lib.rs:28:8
[INFO] [stdout]    |
[INFO] [stdout] 27 | #[cfg(feature = "std")]
[INFO] [stdout]    |       --------------- the item is gated behind the `std` feature
[INFO] [stdout] 28 | pub fn generate_xpriv(
[INFO] [stdout]    |        ^^^^^^^^^^^^^^
[INFO] [stdout] 
[INFO] [stdout] 
[INFO] [stdout] error[E0432]: unresolved import `bitcoin`
[INFO] [stdout]  --> vendor/frostsnap/frost_backup/tests/descriptor_match.rs:2:5
[INFO] [stdout]   |
[INFO] [stdout] 2 | use bitcoin::secp256k1;
[INFO] [stdout]   |     ^^^^^^^ use of unresolved module or unlinked crate `bitcoin`
[INFO] [stdout]   |
[INFO] [stdout]   = help: if you wanted to use a crate named `bitcoin`, use `cargo add bitcoin` to add it to your `Cargo.toml`
[INFO] [stdout] 
[INFO] [stdout] 
[INFO] [stdout] error[E0433]: cannot find module or crate `frostsnap_coordinator` in this scope
[INFO] [stdout]  --> vendor/frostsnap/frost_backup/tests/descriptor_match.rs:5:5
[INFO] [stdout]   |
[INFO] [stdout] 5 | use frostsnap_coordinator::bitcoin::{descriptor_for_account_keychain, wallet::KeychainId};
[INFO] [stdout]   |     ^^^^^^^^^^^^^^^^^^^^^ use of unresolved module or unlinked crate `frostsnap_coordinator`
[INFO] [stdout]   |
[INFO] [stdout]   = help: if you wanted to use a crate named `frostsnap_coordinator`, use `cargo add frostsnap_coordinator` to add it to your `Cargo.toml`
[INFO] [stdout] 
[INFO] [stdout] 
[INFO] [stdout] error[E0433]: cannot find module or crate `frostsnap_core` in this scope
[INFO] [stdout]  --> vendor/frostsnap/frost_backup/tests/descriptor_match.rs:6:5
[INFO] [stdout]   |
[INFO] [stdout] 6 | use frostsnap_core::{
[INFO] [stdout]   |     ^^^^^^^^^^^^^^ use of unresolved module or unlinked crate `frostsnap_core`
[INFO] [stdout]   |
[INFO] [stdout]   = help: if you wanted to use a crate named `frostsnap_core`, use `cargo add frostsnap_core` to add it to your `Cargo.toml`
[INFO] [stdout] 
[INFO] [stdout] 
[INFO] [stdout] error[E0432]: unresolved import `bitcoin`
[INFO] [stdout]  --> vendor/frostsnap/frost_backup/tests/descriptor_match.rs:3:5
[INFO] [stdout]   |
[INFO] [stdout] 3 | use bitcoin::{Address, Network};
[INFO] [stdout]   |     ^^^^^^^ use of unresolved module or unlinked crate `bitcoin`
[INFO] [stdout]   |
[INFO] [stdout]   = help: if you wanted to use a crate named `bitcoin`, use `cargo add bitcoin` to add it to your `Cargo.toml`
[INFO] [stdout] 
[INFO] [stdout] 
[INFO] [stdout] error[E0432]: unresolved import `frostsnap_core`
[INFO] [stdout]  --> vendor/frostsnap/frost_backup/tests/descriptor_match.rs:6:5
[INFO] [stdout]   |
[INFO] [stdout] 6 | use frostsnap_core::{
[INFO] [stdout]   |     ^^^^^^^^^^^^^^ use of unresolved module or unlinked crate `frostsnap_core`
[INFO] [stdout]   |
[INFO] [stdout]   = help: if you wanted to use a crate named `frostsnap_core`, use `cargo add frostsnap_core` to add it to your `Cargo.toml`
[INFO] [stdout] 
[INFO] [stdout] 
[INFO] [stdout] error[E0433]: cannot find module or crate `bitcoin` in this scope
[INFO] [stdout]   --> vendor/frostsnap/frost_backup/tests/descriptor_match.rs:17:19
[INFO] [stdout]    |
[INFO] [stdout] 17 |     let network = bitcoin::NetworkKind::Test;
[INFO] [stdout]    |                   ^^^^^^^ use of unresolved module or unlinked crate `bitcoin`
[INFO] [stdout]    |
[INFO] [stdout]    = help: if you wanted to use a crate named `bitcoin`, use `cargo add bitcoin` to add it to your `Cargo.toml`
[INFO] [stdout] 
[INFO] [stdout] 
[INFO] [stdout] error[E0433]: cannot find module or crate `bitcoin` in this scope
[INFO] [stdout]   --> vendor/frostsnap/frost_backup/tests/descriptor_match.rs:88:19
[INFO] [stdout]    |
[INFO] [stdout] 88 |     let network = bitcoin::NetworkKind::Test;
[INFO] [stdout]    |                   ^^^^^^^ use of unresolved module or unlinked crate `bitcoin`
[INFO] [stdout]    |
[INFO] [stdout]    = help: if you wanted to use a crate named `bitcoin`, use `cargo add bitcoin` to add it to your `Cargo.toml`
[INFO] [stdout] 
[INFO] [stdout] 
[INFO] [stdout] error[E0433]: cannot find module or crate `miniscript` in this scope
[INFO] [stdout]   --> vendor/frostsnap/frost_backup/tests/descriptor_match.rs:97:9
[INFO] [stdout]    |
[INFO] [stdout] 97 |         miniscript::descriptor::checksum::desc_checksum(descriptor_without_checksum)
[INFO] [stdout]    |         ^^^^^^^^^^ use of unresolved module or unlinked crate `miniscript`
[INFO] [stdout]    |
[INFO] [stdout]    = help: if you wanted to use a crate named `miniscript`, use `cargo add miniscript` to add it to your `Cargo.toml`
[INFO] [stdout] 
[INFO] [stdout] 
[INFO] [stdout] warning: unused import: `std::str::FromStr`
[INFO] [stdout]   --> vendor/frostsnap/frost_backup/tests/descriptor_match.rs:11:5
[INFO] [stdout]    |
[INFO] [stdout] 11 | use std::str::FromStr;
[INFO] [stdout]    |     ^^^^^^^^^^^^^^^^^
[INFO] [stdout]    |
[INFO] [stdout]    = note: `#[warn(unused_imports)]` (part of `#[warn(unused)]`) on by default
[INFO] [stdout] 
[INFO] [stdout] 
[INFO] [stdout] Some errors have detailed explanations: E0432, E0433.
[INFO] [stdout] 
[INFO] [stdout] For more information about an error, try `rustc --explain E0432`.
[INFO] [stdout] 
[INFO] [stderr] error: could not compile `frost_backup` (test "descriptor_match") due to 10 previous errors; 1 warning emitted
[INFO] [stderr] warning: build failed, waiting for other jobs to finish...
[INFO] running `Command { std: "docker" "inspect" "7ba9d13e632566c57966fd539df8fb832699848f91d4116ff7500a7a049eabb8", kill_on_drop: false }`
[INFO] running `Command { std: "docker" "rm" "-f" "7ba9d13e632566c57966fd539df8fb832699848f91d4116ff7500a7a049eabb8", kill_on_drop: false }`
[INFO] [stdout] 7ba9d13e632566c57966fd539df8fb832699848f91d4116ff7500a7a049eabb8
