[INFO] cloning repository https://github.com/avacarrel/Discussion-2-
[INFO] running `Command { std: "git" "-c" "credential.helper=" "-c" "credential.helper=/workspace/cargo-home/bin/git-credential-null" "clone" "--bare" "https://github.com/avacarrel/Discussion-2-" "/workspace/cache/git-repos/https%3A%2F%2Fgithub.com%2Favacarrel%2FDiscussion-2-", kill_on_drop: false }`
[INFO] [stderr] Cloning into bare repository '/workspace/cache/git-repos/https%3A%2F%2Fgithub.com%2Favacarrel%2FDiscussion-2-'...
[INFO] running `Command { std: "git" "rev-parse" "HEAD", kill_on_drop: false }`
[INFO] [stdout] e0ce17ee547382223cb4fedfbdf1bfdb6c600f0f
[INFO] checking avacarrel/Discussion-2- against 3154cc1a3e6424e44f438a95007d043ed5ceaaf6+rustflags=-Znext-solver=coherence for pr-133502-30
[INFO] running `Command { std: "git" "clone" "/workspace/cache/git-repos/https%3A%2F%2Fgithub.com%2Favacarrel%2FDiscussion-2-" "/workspace/builds/worker-7-tc1/source", kill_on_drop: false }`
[INFO] [stderr] Cloning into '/workspace/builds/worker-7-tc1/source'...
[INFO] [stderr] done.
[INFO] started tweaking git repo https://github.com/avacarrel/Discussion-2-
[INFO] finished tweaking git repo https://github.com/avacarrel/Discussion-2-
[INFO] tweaked toml for git repo https://github.com/avacarrel/Discussion-2- written to /workspace/builds/worker-7-tc1/source/Cargo.toml
[INFO] validating manifest of git repo https://github.com/avacarrel/Discussion-2- on toolchain 3154cc1a3e6424e44f438a95007d043ed5ceaaf6
[INFO] running `Command { std: CARGO_HOME="/workspace/cargo-home" RUSTUP_HOME="/workspace/rustup-home" "/workspace/cargo-home/bin/cargo" "+3154cc1a3e6424e44f438a95007d043ed5ceaaf6" "metadata" "--manifest-path" "Cargo.toml" "--no-deps", kill_on_drop: false }`
[INFO] crate git repo https://github.com/avacarrel/Discussion-2- already has a lockfile, it will not be regenerated
[INFO] running `Command { std: CARGO_HOME="/workspace/cargo-home" RUSTUP_HOME="/workspace/rustup-home" "/workspace/cargo-home/bin/cargo" "+3154cc1a3e6424e44f438a95007d043ed5ceaaf6" "fetch" "--manifest-path" "Cargo.toml", kill_on_drop: false }`
[INFO] [stderr]     Blocking waiting for file lock on package cache
[INFO] [stderr]     Blocking waiting for file lock on package cache
[INFO] running `Command { std: "docker" "create" "-v" "/var/lib/crater-agent-workspace/builds/worker-7-tc1/source:/opt/rustwide/workdir:ro,Z" "-v" "/var/lib/crater-agent-workspace/builds/worker-7-tc1/target:/opt/rustwide/target:rw,Z" "-v" "/var/lib/crater-agent-workspace/cargo-home:/opt/rustwide/cargo-home:ro,Z" "-v" "/var/lib/crater-agent-workspace/rustup-home:/opt/rustwide/rustup-home:ro,Z" "-m" "1610612736" "--network" "none" "ghcr.io/rust-lang/crates-build-env/linux@sha256:77db811e55d90add9212f6832c23229e3de5f1c1f9905e8cb07319ea15df73ac" "sleep" "infinity", kill_on_drop: false }`
[INFO] [stdout] dc9728dbb622483078108088ab1893f6d60c13698f52f26e4f338ce68d1c2b3f
[INFO] running `Command { std: "docker" "start" "dc9728dbb622483078108088ab1893f6d60c13698f52f26e4f338ce68d1c2b3f", kill_on_drop: false }`
[INFO] running `Command { std: "docker" "inspect" "dc9728dbb622483078108088ab1893f6d60c13698f52f26e4f338ce68d1c2b3f", kill_on_drop: false }`
[INFO] running `Command { std: "docker" "exec" "-e" "SOURCE_DIR=/opt/rustwide/workdir" "-e" "CARGO_HOME=/opt/rustwide/cargo-home" "-e" "RUSTUP_HOME=/opt/rustwide/rustup-home" "-e" "CARGO_TARGET_DIR=/opt/rustwide/target" "-w" "/opt/rustwide/workdir" "--user" "0:0" "dc9728dbb622483078108088ab1893f6d60c13698f52f26e4f338ce68d1c2b3f" "/opt/rustwide/cargo-home/bin/cargo" "+3154cc1a3e6424e44f438a95007d043ed5ceaaf6" "metadata" "--no-deps" "--format-version=1", kill_on_drop: false }`
[INFO] running `Command { std: "docker" "inspect" "dc9728dbb622483078108088ab1893f6d60c13698f52f26e4f338ce68d1c2b3f", kill_on_drop: false }`
[INFO] running `Command { std: "docker" "exec" "-e" "SOURCE_DIR=/opt/rustwide/workdir" "-e" "CARGO_HOME=/opt/rustwide/cargo-home" "-e" "RUSTUP_HOME=/opt/rustwide/rustup-home" "-e" "CARGO_TARGET_DIR=/opt/rustwide/target" "-e" "CARGO_INCREMENTAL=0" "-e" "RUST_BACKTRACE=full" "-e" "RUSTFLAGS=--cap-lints=forbid -Znext-solver=coherence" "-e" "RUSTDOCFLAGS=--cap-lints=forbid" "-w" "/opt/rustwide/workdir" "--user" "0:0" "dc9728dbb622483078108088ab1893f6d60c13698f52f26e4f338ce68d1c2b3f" "/opt/rustwide/cargo-home/bin/cargo" "+3154cc1a3e6424e44f438a95007d043ed5ceaaf6" "check" "--frozen" "--all" "--all-targets" "--message-format=json", kill_on_drop: false }`
[INFO] [stderr]     Checking crew_manifest v0.1.0 (/opt/rustwide/workdir)
[INFO] [stdout] error[E0428]: the name `CREW_NAME` is defined multiple times
[INFO] [stdout]   --> src/main.rs:20:1
[INFO] [stdout]    |
[INFO] [stdout]  2 | const CREW_NAME: &str = "the unnamed crew";
[INFO] [stdout]    | ------------------------------------------- previous definition of the value `CREW_NAME` here
[INFO] [stdout] ...
[INFO] [stdout] 20 | const CREW_NAME: &str = "the unnamed crew";
[INFO] [stdout]    | ^^^^^^^^^^^^^^^^^^^^^^^^^^^^^^^^^^^^^^^^^^^ `CREW_NAME` redefined here
[INFO] [stdout]    |
[INFO] [stdout]    = note: `CREW_NAME` must be defined only once in the value namespace of this module
[INFO] [stdout] 
[INFO] [stdout] 
[INFO] [stdout] error[E0428]: the name `MOTTO` is defined multiple times
[INFO] [stdout]   --> src/main.rs:23:1
[INFO] [stdout]    |
[INFO] [stdout]  5 | const MOTTO: &str = "the world is my oyster";
[INFO] [stdout]    | --------------------------------------------- previous definition of the value `MOTTO` here
[INFO] [stdout] ...
[INFO] [stdout] 23 | const MOTTO: &str = "we have not agreed on a motto";
[INFO] [stdout]    | ^^^^^^^^^^^^^^^^^^^^^^^^^^^^^^^^^^^^^^^^^^^^^^^^^^^^ `MOTTO` redefined here
[INFO] [stdout]    |
[INFO] [stdout]    = note: `MOTTO` must be defined only once in the value namespace of this module
[INFO] [stdout] 
[INFO] [stdout] 
[INFO] [stdout] error[E0428]: the name `main` is defined multiple times
[INFO] [stdout]   --> src/main.rs:25:1
[INFO] [stdout]    |
[INFO] [stdout]  7 | fn main() {
[INFO] [stdout]    | --------- previous definition of the value `main` here
[INFO] [stdout] ...
[INFO] [stdout] 25 | fn main() {
[INFO] [stdout]    | ^^^^^^^^^ `main` redefined here
[INFO] [stdout]    |
[INFO] [stdout]    = note: `main` must be defined only once in the value namespace of this module
[INFO] [stdout] 
[INFO] [stdout] 
[INFO] [stdout] error[E0428]: the name `CREW_NAME` is defined multiple times
[INFO] [stdout]   --> src/main.rs:20:1
[INFO] [stdout]    |
[INFO] [stdout]  2 | const CREW_NAME: &str = "the unnamed crew";
[INFO] [stdout]    | ------------------------------------------- previous definition of the value `CREW_NAME` here
[INFO] [stdout] ...
[INFO] [stdout] 20 | const CREW_NAME: &str = "the unnamed crew";
[INFO] [stdout]    | ^^^^^^^^^^^^^^^^^^^^^^^^^^^^^^^^^^^^^^^^^^^ `CREW_NAME` redefined here
[INFO] [stdout]    |
[INFO] [stdout]    = note: `CREW_NAME` must be defined only once in the value namespace of this module
[INFO] [stdout] 
[INFO] [stdout] 
[INFO] [stdout] error[E0428]: the name `MOTTO` is defined multiple times
[INFO] [stdout]   --> src/main.rs:23:1
[INFO] [stdout]    |
[INFO] [stdout]  5 | const MOTTO: &str = "the world is my oyster";
[INFO] [stdout]    | --------------------------------------------- previous definition of the value `MOTTO` here
[INFO] [stdout] ...
[INFO] [stdout] 23 | const MOTTO: &str = "we have not agreed on a motto";
[INFO] [stdout]    | ^^^^^^^^^^^^^^^^^^^^^^^^^^^^^^^^^^^^^^^^^^^^^^^^^^^^ `MOTTO` redefined here
[INFO] [stdout]    |
[INFO] [stdout]    = note: `MOTTO` must be defined only once in the value namespace of this module
[INFO] [stdout] 
[INFO] [stdout] 
[INFO] [stdout] error[E0428]: the name `main` is defined multiple times
[INFO] [stdout]   --> src/main.rs:25:1
[INFO] [stdout]    |
[INFO] [stdout]  7 | fn main() {
[INFO] [stdout]    | --------- previous definition of the value `main` here
[INFO] [stdout] ...
[INFO] [stdout] 25 | fn main() {
[INFO] [stdout]    | ^^^^^^^^^ `main` redefined here
[INFO] [stdout]    |
[INFO] [stdout]    = note: `main` must be defined only once in the value namespace of this module
[INFO] [stdout] 
[INFO] [stdout] 
[INFO] [stderr] error: could not compile `crew_manifest` (bin "crew_manifest" test) due to 3 previous errors
[INFO] [stdout] For more information about this error, try `rustc --explain E0428`.
[INFO] [stdout] 
[INFO] [stderr] warning: build failed, waiting for other jobs to finish...
[INFO] [stdout] For more information about this error, try `rustc --explain E0428`.
[INFO] [stdout] 
[INFO] [stderr] error: could not compile `crew_manifest` (bin "crew_manifest") due to 3 previous errors
[INFO] running `Command { std: "docker" "inspect" "dc9728dbb622483078108088ab1893f6d60c13698f52f26e4f338ce68d1c2b3f", kill_on_drop: false }`
[INFO] running `Command { std: "docker" "rm" "-f" "dc9728dbb622483078108088ab1893f6d60c13698f52f26e4f338ce68d1c2b3f", kill_on_drop: false }`
[INFO] [stdout] dc9728dbb622483078108088ab1893f6d60c13698f52f26e4f338ce68d1c2b3f
