[INFO] cloning repository https://github.com/automic-vault/automic-vault
[INFO] running `Command { std: "git" "-c" "credential.helper=" "-c" "credential.helper=/workspace/cargo-home/bin/git-credential-null" "clone" "--bare" "https://github.com/automic-vault/automic-vault" "/workspace/cache/git-repos/https%3A%2F%2Fgithub.com%2Fautomic-vault%2Fautomic-vault", kill_on_drop: false }`
[INFO] [stderr] Cloning into bare repository '/workspace/cache/git-repos/https%3A%2F%2Fgithub.com%2Fautomic-vault%2Fautomic-vault'...
[INFO] running `Command { std: "git" "rev-parse" "HEAD", kill_on_drop: false }`
[INFO] [stdout] 4b504aeafd8f9e5fbd158f02458380ac63e4f2ff
[INFO] checking automic-vault/automic-vault against 3154cc1a3e6424e44f438a95007d043ed5ceaaf6+rustflags=-Znext-solver=coherence for pr-133502-30
[INFO] running `Command { std: "git" "clone" "/workspace/cache/git-repos/https%3A%2F%2Fgithub.com%2Fautomic-vault%2Fautomic-vault" "/workspace/builds/worker-2-tc1/source", kill_on_drop: false }`
[INFO] [stderr] Cloning into '/workspace/builds/worker-2-tc1/source'...
[INFO] [stderr] done.
[INFO] removed /workspace/builds/worker-2-tc1/source/.cargo/config.toml
[INFO] started tweaking git repo https://github.com/automic-vault/automic-vault
[INFO] finished tweaking git repo https://github.com/automic-vault/automic-vault
[INFO] tweaked toml for git repo https://github.com/automic-vault/automic-vault written to /workspace/builds/worker-2-tc1/source/Cargo.toml
[INFO] validating manifest of git repo https://github.com/automic-vault/automic-vault on toolchain 3154cc1a3e6424e44f438a95007d043ed5ceaaf6
[INFO] running `Command { std: CARGO_HOME="/workspace/cargo-home" RUSTUP_HOME="/workspace/rustup-home" "/workspace/cargo-home/bin/cargo" "+3154cc1a3e6424e44f438a95007d043ed5ceaaf6" "metadata" "--manifest-path" "Cargo.toml" "--no-deps", kill_on_drop: false }`
[INFO] crate git repo https://github.com/automic-vault/automic-vault already has a lockfile, it will not be regenerated
[INFO] running `Command { std: CARGO_HOME="/workspace/cargo-home" RUSTUP_HOME="/workspace/rustup-home" "/workspace/cargo-home/bin/cargo" "+3154cc1a3e6424e44f438a95007d043ed5ceaaf6" "fetch" "--manifest-path" "Cargo.toml", kill_on_drop: false }`
[INFO] [stderr]     Updating crates.io index
[INFO] [stderr]  Downloading crates ...
[INFO] [stderr]   Downloaded utf8-zero v0.8.1
[INFO] [stderr]   Downloaded ureq-proto v0.6.1
[INFO] [stderr]   Downloaded ssh-encoding v0.2.0
[INFO] [stderr]   Downloaded ssh-cipher v0.2.0
[INFO] [stderr]   Downloaded zerovec-derive v0.11.5
[INFO] [stderr]   Downloaded serdect v0.2.0
[INFO] [stderr]   Downloaded bcrypt-pbkdf v0.10.0
[INFO] [stderr]   Downloaded pbkdf2 v0.12.2
[INFO] [stderr]   Downloaded blowfish v0.9.1
[INFO] [stderr]   Downloaded twofish v0.7.1
[INFO] [stderr]   Downloaded ocb3 v0.1.0
[INFO] [stderr]   Downloaded spin v0.9.9
[INFO] [stderr]   Downloaded ripemd v0.1.3
[INFO] [stderr]   Downloaded idea v0.5.1
[INFO] [stderr]   Downloaded replace_with v0.1.8
[INFO] [stderr]   Downloaded snafu-derive v0.9.2
[INFO] [stderr]   Downloaded eax v0.5.0
[INFO] [stderr]   Downloaded rand v0.8.7
[INFO] [stderr]   Downloaded dsa v0.6.3
[INFO] [stderr]   Downloaded serdect v0.3.0
[INFO] [stderr]   Downloaded crc24 v0.1.6
[INFO] [stderr]   Downloaded cfb-mode v0.8.2
[INFO] [stderr]   Downloaded tokio-tungstenite v0.30.0
[INFO] [stderr]   Downloaded ssh-key v0.6.7
[INFO] [stderr]   Downloaded dbl v0.3.2
[INFO] [stderr]   Downloaded des v0.8.1
[INFO] [stderr]   Downloaded aes-kw v0.2.1
[INFO] [stderr]   Downloaded ureq v3.4.0
[INFO] [stderr]   Downloaded p521 v0.13.3
[INFO] [stderr]   Downloaded snafu v0.9.2
[INFO] [stderr]   Downloaded buffer-redux v1.1.0
[INFO] [stderr]   Downloaded bitfields-impl v1.0.3
[INFO] [stderr]   Downloaded cmac v0.7.2
[INFO] [stderr]   Downloaded cx448 v0.1.1
[INFO] [stderr]   Downloaded cast5 v0.11.1
[INFO] [stderr]   Downloaded camellia v0.1.0
[INFO] [stderr]   Downloaded bitfields v1.0.3
[INFO] [stderr]   Downloaded hudsucker v0.25.0
[INFO] [stderr]   Downloaded tungstenite v0.30.0
[INFO] [stderr]   Downloaded tokio-graceful v0.2.2
[INFO] [stderr]   Downloaded loom v0.7.2
[INFO] [stderr]   Downloaded aws-lc-rs v1.18.0
[INFO] [stderr]   Downloaded h2 v0.4.17
[INFO] [stderr]   Downloaded generator v0.8.9
[INFO] [stderr]   Downloaded bitvec v1.1.1
[INFO] [stderr]   Downloaded sha1-checked v0.10.0
[INFO] [stderr]   Downloaded compression-core v0.4.32
[INFO] [stderr]   Downloaded compression-codecs v0.4.38
[INFO] [stderr]   Downloaded async-compression v0.4.43
[INFO] [stderr]   Downloaded hyper-tungstenite v0.30.0
[INFO] [stderr]   Downloaded http-mitm-proxy v0.18.0
[INFO] [stderr]   Downloaded pgp v0.20.0
[INFO] [stderr]   Downloaded aws-lc-sys v0.44.0
[INFO] running `Command { std: "docker" "create" "-v" "/var/lib/crater-agent-workspace/builds/worker-2-tc1/source:/opt/rustwide/workdir:ro,Z" "-v" "/var/lib/crater-agent-workspace/builds/worker-2-tc1/target:/opt/rustwide/target:rw,Z" "-v" "/var/lib/crater-agent-workspace/cargo-home:/opt/rustwide/cargo-home:ro,Z" "-v" "/var/lib/crater-agent-workspace/rustup-home:/opt/rustwide/rustup-home:ro,Z" "-m" "1610612736" "--network" "none" "ghcr.io/rust-lang/crates-build-env/linux@sha256:77db811e55d90add9212f6832c23229e3de5f1c1f9905e8cb07319ea15df73ac" "sleep" "infinity", kill_on_drop: false }`
[INFO] [stdout] d13c5bb35e480ea83bfb1c74efddb10a2f30df9d28568d6a927072a481b4d350
[INFO] running `Command { std: "docker" "start" "d13c5bb35e480ea83bfb1c74efddb10a2f30df9d28568d6a927072a481b4d350", kill_on_drop: false }`
[INFO] running `Command { std: "docker" "inspect" "d13c5bb35e480ea83bfb1c74efddb10a2f30df9d28568d6a927072a481b4d350", kill_on_drop: false }`
[INFO] running `Command { std: "docker" "exec" "-e" "SOURCE_DIR=/opt/rustwide/workdir" "-e" "CARGO_HOME=/opt/rustwide/cargo-home" "-e" "RUSTUP_HOME=/opt/rustwide/rustup-home" "-e" "CARGO_TARGET_DIR=/opt/rustwide/target" "-w" "/opt/rustwide/workdir" "--user" "0:0" "d13c5bb35e480ea83bfb1c74efddb10a2f30df9d28568d6a927072a481b4d350" "/opt/rustwide/cargo-home/bin/cargo" "+3154cc1a3e6424e44f438a95007d043ed5ceaaf6" "metadata" "--no-deps" "--format-version=1", kill_on_drop: false }`
[INFO] running `Command { std: "docker" "inspect" "d13c5bb35e480ea83bfb1c74efddb10a2f30df9d28568d6a927072a481b4d350", kill_on_drop: false }`
[INFO] running `Command { std: "docker" "exec" "-e" "SOURCE_DIR=/opt/rustwide/workdir" "-e" "CARGO_HOME=/opt/rustwide/cargo-home" "-e" "RUSTUP_HOME=/opt/rustwide/rustup-home" "-e" "CARGO_TARGET_DIR=/opt/rustwide/target" "-e" "CARGO_INCREMENTAL=0" "-e" "RUST_BACKTRACE=full" "-e" "RUSTFLAGS=--cap-lints=forbid -Znext-solver=coherence" "-e" "RUSTDOCFLAGS=--cap-lints=forbid" "-w" "/opt/rustwide/workdir" "--user" "0:0" "d13c5bb35e480ea83bfb1c74efddb10a2f30df9d28568d6a927072a481b4d350" "/opt/rustwide/cargo-home/bin/cargo" "+3154cc1a3e6424e44f438a95007d043ed5ceaaf6" "check" "--frozen" "--all" "--all-targets" "--message-format=json", kill_on_drop: false }`
[INFO] [stderr]     Checking typenum v1.20.1
[INFO] [stderr]     Checking subtle v2.6.1
[INFO] [stderr]     Checking const-oid v0.9.6
[INFO] [stderr]     Checking smallvec v1.15.2
[INFO] [stderr]    Compiling generic-array v0.14.7
[INFO] [stderr]    Compiling serde_core v1.0.229
[INFO] [stderr]     Checking cpufeatures v0.2.17
[INFO] [stderr]     Checking log v0.4.33
[INFO] [stderr]     Checking base64ct v1.8.3
[INFO] [stderr]    Compiling libc v0.2.189
[INFO] [stderr]    Compiling syn v3.0.3
[INFO] [stderr]    Compiling thiserror v2.0.20
[INFO] [stderr]    Compiling zeroize_derive v1.5.0
[INFO] [stderr]     Checking futures-sink v0.3.34
[INFO] [stderr]     Checking slab v0.4.12
[INFO] [stderr]    Compiling fs_extra v1.3.0
[INFO] [stderr]     Checking parking_lot_core v0.9.12
[INFO] [stderr]    Compiling dunce v1.0.5
[INFO] [stderr]    Compiling libm v0.2.16
[INFO] [stderr]    Compiling num-traits v0.2.19
[INFO] [stderr]     Checking futures-channel v0.3.34
[INFO] [stderr]    Compiling radium v0.7.0
[INFO] [stderr]     Checking parking_lot v0.12.5
[INFO] [stderr]     Checking tracing-core v0.1.36
[INFO] [stderr]    Compiling aws-lc-rs v1.18.0
[INFO] [stderr]    Compiling serde_json v1.0.151
[INFO] [stderr]     Checking tap v1.0.1
[INFO] [stderr]     Checking pem-rfc7468 v0.7.0
[INFO] [stderr]    Compiling zerocopy v0.8.56
[INFO] [stderr]     Checking wyz v0.5.1
[INFO] [stderr]     Checking funty v2.0.0
[INFO] [stderr]     Checking base16ct v0.2.0
[INFO] [stderr]    Compiling rustls v0.23.43
[INFO] [stderr]     Checking zeroize v1.9.0
[INFO] [stderr]     Checking rand_core v0.10.1
[INFO] [stderr]    Compiling getrandom v0.4.3
[INFO] [stderr]     Checking data-encoding v2.11.1
[INFO] [stderr]    Compiling time-macros v0.2.32
[INFO] [stderr]     Checking indexmap v2.14.0
[INFO] [stderr]     Checking spin v0.9.9
[INFO] [stderr]     Checking httpdate v1.0.3
[INFO] [stderr]     Checking tracing v0.1.44
[INFO] [stderr]    Compiling semver v1.0.28
[INFO] [stderr]     Checking der v0.7.10
[INFO] [stderr]     Checking rustls-pki-types v1.15.1
[INFO] [stderr]     Checking bitvec v1.1.1
[INFO] [stderr]     Checking lazy_static v1.5.0
[INFO] [stderr]     Checking rusticata-macros v4.1.0
[INFO] [stderr]    Compiling asn1-rs-derive v0.6.0
[INFO] [stderr]    Compiling asn1-rs-impl v0.2.0
[INFO] [stderr]    Compiling fnv v1.0.7
[INFO] [stderr]    Compiling crc32fast v1.5.0
[INFO] [stderr]    Compiling rustc_version v0.4.1
[INFO] [stderr]     Checking opaque-debug v0.3.1
[INFO] [stderr]    Compiling strsim v0.11.1
[INFO] [stderr]     Checking cpufeatures v0.3.0
[INFO] [stderr]    Compiling ident_case v1.0.1
[INFO] [stderr]     Checking adler2 v2.0.1
[INFO] [stderr]     Checking const-oid v0.10.2
[INFO] [stderr]    Compiling darling_core v0.20.11
[INFO] [stderr]     Checking alloc-no-stdlib v2.0.4
[INFO] [stderr]     Checking hybrid-array v0.4.14
[INFO] [stderr]     Checking simd-adler32 v0.3.10
[INFO] [stderr]     Checking webpki-roots v1.0.9
[INFO] [stderr]    Compiling curve25519-dalek v4.1.3
[INFO] [stderr]    Compiling zstd-safe v7.2.4
[INFO] [stderr]    Compiling oid-registry v0.8.1
[INFO] [stderr]     Checking parking v2.2.1
[INFO] [stderr]     Checking event-listener v5.4.2
[INFO] [stderr]     Checking miniz_oxide v0.8.9
[INFO] [stderr]     Checking alloc-stdlib v0.2.4
[INFO] [stderr]    Compiling jobserver v0.1.35
[INFO] [stderr]     Checking chacha20 v0.10.1
[INFO] [stderr]    Compiling curve25519-dalek-derive v0.1.1
[INFO] [stderr]     Checking byteorder v1.5.0
[INFO] [stderr]    Compiling portable-atomic v1.15.0
[INFO] [stderr]     Checking block-buffer v0.12.1
[INFO] [stderr]     Checking spki v0.7.3
[INFO] [stderr]    Compiling cc v1.4.3
[INFO] [stderr]     Checking crypto-common v0.2.2
[INFO] [stderr]    Compiling num-bigint-dig v0.8.6
[INFO] [stderr]     Checking pkcs8 v0.10.2
[INFO] [stderr]    Compiling crossbeam-epoch v0.9.20
[INFO] [stderr]     Checking time v0.3.55
[INFO] [stderr]     Checking zlib-rs v0.6.7
[INFO] [stderr]     Checking crypto-common v0.1.7
[INFO] [stderr]     Checking block-buffer v0.10.4
[INFO] [stderr]     Checking block-padding v0.3.3
[INFO] [stderr]     Checking crypto-bigint v0.5.5
[INFO] [stderr]     Checking universal-hash v0.5.1
[INFO] [stderr]     Checking aead v0.5.2
[INFO] [stderr]     Checking digest v0.10.7
[INFO] [stderr]     Checking polyval v0.6.2
[INFO] [stderr]     Checking inout v0.1.4
[INFO] [stderr]     Checking rand v0.10.2
[INFO] [stderr]     Checking hmac v0.12.1
[INFO] [stderr]     Checking signature v2.2.0
[INFO] [stderr]     Checking cipher v0.4.4
[INFO] [stderr]     Checking sha2 v0.10.9
[INFO] [stderr]     Checking hkdf v0.12.4
[INFO] [stderr]     Checking rfc6979 v0.4.0
[INFO] [stderr]     Checking sha1 v0.10.7
[INFO] [stderr]     Checking ghash v0.5.1
[INFO] [stderr]     Checking ctr v0.9.2
[INFO] [stderr]     Checking aes v0.8.4
[INFO] [stderr]     Checking brotli-decompressor v5.0.3
[INFO] [stderr]     Checking event-listener-strategy v0.5.4
[INFO] [stderr]    Compiling rustversion v1.0.23
[INFO] [stderr]     Checking digest v0.11.3
[INFO] [stderr]     Checking num-integer v0.1.47
[INFO] [stderr]    Compiling unicode-segmentation v1.13.3
[INFO] [stderr]     Checking sha1 v0.11.0
[INFO] [stderr]     Checking num-bigint v0.4.8
[INFO] [stderr]     Checking num-iter v0.1.46
[INFO] [stderr]     Checking async-lock v3.4.2
[INFO] [stderr]     Checking blowfish v0.9.1
[INFO] [stderr]     Checking flate2 v1.1.9
[INFO] [stderr]     Checking ed25519 v2.2.3
[INFO] [stderr]    Compiling cmake v0.1.58
[INFO] [stderr]     Checking ff v0.13.1
[INFO] [stderr]     Checking aes-gcm v0.10.3
[INFO] [stderr]     Checking group v0.13.0
[INFO] [stderr]     Checking dbl v0.3.2
[INFO] [stderr]     Checking crossbeam-channel v0.5.16
[INFO] [stderr]     Checking webpki-roots v0.26.11
[INFO] [stderr]     Checking uuid v1.24.1
[INFO] [stderr]    Compiling convert_case v0.10.0
[INFO] [stderr]     Checking pem v3.0.6
[INFO] [stderr]    Compiling crc24 v0.1.6
[INFO] [stderr]    Compiling unicode-xid v0.2.6
[INFO] [stderr]     Checking tagptr v0.2.0
[INFO] [stderr]     Checking keccak v0.1.6
[INFO] [stderr]     Checking compression-core v0.4.32
[INFO] [stderr]    Compiling ring v0.17.14
[INFO] [stderr]    Compiling aws-lc-sys v0.44.0
[INFO] [stderr]    Compiling zstd-sys v2.0.16+zstd.1.5.7
[INFO] [stderr]    Compiling derive_more-impl v2.1.1
[INFO] [stderr]     Checking sha3 v0.10.9
[INFO] [stderr]    Compiling snafu-derive v0.9.2
[INFO] [stderr]     Checking cmac v0.7.2
[INFO] [stderr]     Checking ssh-encoding v0.2.0
[INFO] [stderr]     Checking ed25519-dalek v2.2.0
[INFO] [stderr]     Checking cbc v0.1.2
[INFO] [stderr]    Compiling darling_macro v0.20.11
[INFO] [stderr]     Checking chacha20 v0.9.1
[INFO] [stderr]     Checking brotli v8.0.4
[INFO] [stderr]     Checking ppv-lite86 v0.2.21
[INFO] [stderr]     Checking pbkdf2 v0.12.2
[INFO] [stderr]     Checking blake2 v0.10.6
[INFO] [stderr]     Checking poly1305 v0.8.0
[INFO] [stderr]     Checking pkcs1 v0.7.5
[INFO] [stderr]     Checking password-hash v0.5.0
[INFO] [stderr]    Compiling num_enum_derive v0.7.6
[INFO] [stderr]    Compiling darling v0.20.11
[INFO] [stderr]    Compiling derive_builder_core v0.20.2
[INFO] [stderr]     Checking base64 v0.23.1
[INFO] [stderr]     Checking bitflags v2.13.1
[INFO] [stderr]     Checking regex-automata v0.4.18
[INFO] [stderr]     Checking rand_chacha v0.3.1
[INFO] [stderr]     Checking rand_chacha v0.9.0
[INFO] [stderr]     Checking winnow v1.0.4
[INFO] [stderr]     Checking yasna v0.6.0
[INFO] [stderr]     Checking ureq-proto v0.6.1
[INFO] [stderr]     Checking argon2 v0.5.3
[INFO] [stderr]     Checking rand v0.8.7
[INFO] [stderr]     Checking rand v0.9.5
[INFO] [stderr]     Checking toml_parser v1.1.3+spec-1.1.0
[INFO] [stderr]     Checking axum-core v0.5.6
[INFO] [stderr]     Checking ssh-cipher v0.2.0
[INFO] [stderr]     Checking bcrypt-pbkdf v0.10.0
[INFO] [stderr]     Checking x25519-dalek v2.0.1
[INFO] [stderr]     Checking eax v0.5.0
[INFO] [stderr]     Checking aes-kw v0.2.1
[INFO] [stderr]     Checking num_enum v0.7.6
[INFO] [stderr]     Checking serde_spanned v1.1.1
[INFO] [stderr]     Checking serde_path_to_error v0.1.20
[INFO] [stderr]     Checking toml_datetime v0.7.5+spec-1.1.0
[INFO] [stderr]     Checking ocb3 v0.1.0
[INFO] [stderr]     Checking cfb-mode v0.8.2
[INFO] [stderr]     Checking twofish v0.7.1
[INFO] [stderr]     Checking cast5 v0.11.1
[INFO] [stderr]     Checking derive_more v2.1.1
[INFO] [stderr]     Checking camellia v0.1.0
[INFO] [stderr]     Checking des v0.8.1
[INFO] [stderr]     Checking idea v0.5.1
[INFO] [stderr]     Checking sha1-checked v0.10.0
[INFO] [stderr]     Checking md-5 v0.10.6
[INFO] [stderr]     Checking ripemd v0.1.3
[INFO] [stderr]     Checking bstr v1.13.1
[INFO] [stderr]     Checking nom v8.0.0
[INFO] [stderr]    Compiling derive_builder_macro v0.20.2
[INFO] [stderr]     Checking buffer-redux v1.1.0
[INFO] [stderr]     Checking toml_writer v1.1.2+spec-1.1.0
[INFO] [stderr]     Checking replace_with v0.1.8
[INFO] [stderr]    Compiling serde_derive v1.0.229
[INFO] [stderr]    Compiling displaydoc v0.2.7
[INFO] [stderr]    Compiling tokio-macros v2.7.2
[INFO] [stderr]    Compiling thiserror-impl v2.0.20
[INFO] [stderr]    Compiling futures-macro v0.3.34
[INFO] [stderr]    Compiling zerovec-derive v0.11.5
[INFO] [stderr]     Checking derive_builder v0.20.2
[INFO] [stderr]     Checking winnow v0.7.15
[INFO] [stderr]     Checking snafu v0.9.2
[INFO] [stderr]     Checking hex v0.4.3
[INFO] [stderr]    Compiling av v4.18.0 (/opt/rustwide/workdir)
[INFO] [stderr]     Checking utf8-zero v0.8.1
[INFO] [stderr]     Checking matchit v0.8.4
[INFO] [stderr]     Checking tokio v1.53.1
[INFO] [stderr]     Checking zerotrie v0.2.5
[INFO] [stderr]     Checking futures-util v0.3.34
[INFO] [stderr]     Checking zerovec v0.11.8
[INFO] [stderr]    Compiling bitfields-impl v1.0.3
[INFO] [stderr]     Checking asn1-rs v0.7.2
[INFO] [stderr]     Checking tungstenite v0.29.0
[INFO] [stderr]     Checking tinystr v0.8.4
[INFO] [stderr]     Checking potential_utf v0.1.6
[INFO] [stderr]     Checking icu_locale_core v2.3.0
[INFO] [stderr]     Checking icu_collections v2.3.0
[INFO] [stderr]     Checking der-parser v10.0.0
[INFO] [stderr]     Checking toml v0.9.12+spec-1.1.0
[INFO] [stderr]     Checking bitfields v1.0.3
[INFO] [stderr]     Checking icu_provider v2.3.0
[INFO] [stderr]     Checking icu_normalizer v2.3.0
[INFO] [stderr]     Checking icu_properties v2.3.0
[INFO] [stderr]     Checking serde v1.0.229
[INFO] [stderr]     Checking idna_adapter v1.2.2
[INFO] [stderr]     Checking idna v1.1.0
[INFO] [stderr]     Checking x509-parser v0.18.1
[INFO] [stderr]     Checking url v2.5.8
[INFO] [stderr]     Checking futures-executor v0.3.34
[INFO] [stderr]     Checking moka v0.12.16
[INFO] [stderr]     Checking serdect v0.2.0
[INFO] [stderr]     Checking serdect v0.3.0
[INFO] [stderr]     Checking serde_urlencoded v0.7.1
[INFO] [stderr]     Checking sec1 v0.7.3
[INFO] [stderr]     Checking futures v0.3.34
[INFO] [stderr]     Checking elliptic-curve v0.13.8
[INFO] [stderr]     Checking rcgen v0.14.9
[INFO] [stderr]     Checking ecdsa v0.16.9
[INFO] [stderr]     Checking primeorder v0.13.6
[INFO] [stderr]     Checking cx448 v0.1.1
[INFO] [stderr]     Checking rsa v0.9.10
[INFO] [stderr]     Checking dsa v0.6.3
[INFO] [stderr]     Checking p521 v0.13.3
[INFO] [stderr]     Checking p256 v0.13.2
[INFO] [stderr]     Checking p384 v0.13.1
[INFO] [stderr]     Checking k256 v0.13.4
[INFO] [stderr]     Checking ssh-key v0.6.7
[INFO] [stderr]     Checking pgp v0.20.0
[INFO] [stderr]     Checking tokio-util v0.7.19
[INFO] [stderr]     Checking tower v0.5.3
[INFO] [stderr]     Checking tokio-tungstenite v0.29.0
[INFO] [stderr]     Checking tokio-graceful v0.2.2
[INFO] [stderr]     Checking tower-http v0.6.11
[INFO] [stderr]     Checking h2 v0.4.17
[INFO] [stderr]     Checking zstd v0.13.3
[INFO] [stderr]     Checking compression-codecs v0.4.38
[INFO] [stderr]     Checking async-compression v0.4.43
[INFO] [stderr]     Checking hyper v1.11.0
[INFO] [stderr]     Checking hyper-util v0.1.20
[INFO] [stderr]     Checking axum v0.8.9
[INFO] [stderr]     Checking rustls-webpki v0.103.14
[INFO] [stderr]     Checking tokio-rustls v0.26.4
[INFO] [stderr]     Checking tungstenite v0.30.0
[INFO] [stderr]     Checking ureq v3.4.0
[INFO] [stderr]     Checking hyper-rustls v0.27.9
[INFO] [stderr]     Checking http-mitm-proxy v0.18.0
[INFO] [stderr]     Checking reqwest v0.12.28
[INFO] [stderr]     Checking tokio-tungstenite v0.30.0
[INFO] [stderr]     Checking hyper-tungstenite v0.30.0
[INFO] [stderr]     Checking hudsucker v0.25.0
[INFO] [stdout] error[E0425]: cannot find function `run_scanner_terminal` in crate `av`
[INFO] [stdout]  --> src/scanner/main.rs:4:23
[INFO] [stdout]   |
[INFO] [stdout] 4 |     process::exit(av::run_scanner_terminal(std::env::args_os()));
[INFO] [stdout]   |                       ^^^^^^^^^^^^^^^^^^^^ not found in `av`
[INFO] [stdout] 
[INFO] [stdout] 
[INFO] [stdout] For more information about this error, try `rustc --explain E0425`.
[INFO] [stdout] 
[INFO] [stderr] error: could not compile `av` (bin "scanner") due to 1 previous error
[INFO] [stderr] warning: build failed, waiting for other jobs to finish...
[INFO] [stdout] error[E0425]: cannot find function `run_scanner_terminal` in crate `av`
[INFO] [stdout]  --> src/scanner/main.rs:4:23
[INFO] [stdout]   |
[INFO] [stdout] 4 |     process::exit(av::run_scanner_terminal(std::env::args_os()));
[INFO] [stdout]   |                       ^^^^^^^^^^^^^^^^^^^^ not found in `av`
[INFO] [stdout] 
[INFO] [stdout] 
[INFO] [stdout] For more information about this error, try `rustc --explain E0425`.
[INFO] [stdout] 
[INFO] [stderr] error: could not compile `av` (bin "scanner" test) due to 1 previous error
[INFO] [stdout] error[E0425]: cannot find function `run_terminal` in crate `av`
[INFO] [stdout]  --> src/cli/main.rs:4:23
[INFO] [stdout]   |
[INFO] [stdout] 4 |     process::exit(av::run_terminal(std::env::args_os()));
[INFO] [stdout]   |                       ^^^^^^^^^^^^ not found in `av`
[INFO] [stdout] 
[INFO] [stdout] 
[INFO] [stdout] For more information about this error, try `rustc --explain E0425`.
[INFO] [stdout] 
[INFO] [stderr] error: could not compile `av` (bin "av" test) due to 1 previous error
[INFO] [stdout] error[E0425]: cannot find function `run_git_program` in crate `av`
[INFO] [stdout]  --> src/av_gpg/main.rs:2:28
[INFO] [stdout]   |
[INFO] [stdout] 2 |     std::process::exit(av::run_git_program());
[INFO] [stdout]   |                            ^^^^^^^^^^^^^^^ not found in `av`
[INFO] [stdout] 
[INFO] [stdout] 
[INFO] [stdout] error[E0433]: cannot find `brew_cask_policy` in `av`
[INFO] [stdout]    --> src/brew_stub/main.rs:237:17
[INFO] [stdout]     |
[INFO] [stdout] 237 |             av::brew_cask_policy::validate_info_cask(name, &info)?;
[INFO] [stdout]     |                 ^^^^^^^^^^^^^^^^ could not find `brew_cask_policy` in `av`
[INFO] [stdout] 
[INFO] [stdout] 
[INFO] [stdout] For more information about this error, try `rustc --explain E0425`.
[INFO] [stdout] 
[INFO] [stderr] error: could not compile `av` (bin "av-gpg" test) due to 1 previous error
[INFO] [stdout] error[E0433]: cannot find `brew_cask_policy` in `av`
[INFO] [stdout]    --> src/brew_stub/main.rs:237:17
[INFO] [stdout]     |
[INFO] [stdout] 237 |             av::brew_cask_policy::validate_info_cask(name, &info)?;
[INFO] [stdout]     |                 ^^^^^^^^^^^^^^^^ could not find `brew_cask_policy` in `av`
[INFO] [stdout] 
[INFO] [stdout] 
[INFO] [stdout] error[E0433]: cannot find `brew_cask_policy` in `av`
[INFO] [stdout]    --> src/brew_stub/main.rs:241:17
[INFO] [stdout]     |
[INFO] [stdout] 241 |             av::brew_cask_policy::validate_install_receipt(name, &receipt)?;
[INFO] [stdout]     |                 ^^^^^^^^^^^^^^^^ could not find `brew_cask_policy` in `av`
[INFO] [stdout] 
[INFO] [stdout] 
[INFO] [stdout] error[E0433]: cannot find `brew_cask_policy` in `av`
[INFO] [stdout]    --> src/brew_stub/main.rs:241:17
[INFO] [stdout]     |
[INFO] [stdout] 241 |             av::brew_cask_policy::validate_install_receipt(name, &receipt)?;
[INFO] [stdout]     |                 ^^^^^^^^^^^^^^^^ could not find `brew_cask_policy` in `av`
[INFO] [stdout] 
[INFO] [stdout] 
[INFO] [stdout] warning: unused import: `CString`
[INFO] [stdout]  --> src/brew_stub/main.rs:1:16
[INFO] [stdout]   |
[INFO] [stdout] 1 | use std::ffi::{CString, OsString};
[INFO] [stdout]   |                ^^^^^^^
[INFO] [stdout]   |
[INFO] [stdout]   = note: `#[warn(unused_imports)]` (part of `#[warn(unused)]`) on by default
[INFO] [stdout] 
[INFO] [stdout] 
[INFO] [stdout] error[E0433]: cannot find `brew_cask_policy` in `av`
[INFO] [stdout]    --> src/brew_stub/main.rs:814:21
[INFO] [stdout]     |
[INFO] [stdout] 814 |                 av::brew_cask_policy::validate_info_cask(
[INFO] [stdout]     |                     ^^^^^^^^^^^^^^^^ could not find `brew_cask_policy` in `av`
[INFO] [stdout] 
[INFO] [stdout] 
[INFO] [stdout] warning: unused import: `CString`
[INFO] [stdout]  --> src/brew_stub/main.rs:1:16
[INFO] [stdout]   |
[INFO] [stdout] 1 | use std::ffi::{CString, OsString};
[INFO] [stdout]   |                ^^^^^^^
[INFO] [stdout]   |
[INFO] [stdout]   = note: `#[warn(unused_imports)]` (part of `#[warn(unused)]`) on by default
[INFO] [stdout] 
[INFO] [stdout] 
[INFO] [stdout] For more information about this error, try `rustc --explain E0433`.
[INFO] [stdout] 
[INFO] [stderr] error: could not compile `av` (bin "av-brew-stub") due to 2 previous errors; 1 warning emitted
[INFO] [stdout] For more information about this error, try `rustc --explain E0433`.
[INFO] [stdout] 
[INFO] [stderr] error: could not compile `av` (bin "av-brew-stub" test) due to 3 previous errors; 1 warning emitted
[INFO] running `Command { std: "docker" "inspect" "d13c5bb35e480ea83bfb1c74efddb10a2f30df9d28568d6a927072a481b4d350", kill_on_drop: false }`
[INFO] running `Command { std: "docker" "rm" "-f" "d13c5bb35e480ea83bfb1c74efddb10a2f30df9d28568d6a927072a481b4d350", kill_on_drop: false }`
[INFO] [stdout] d13c5bb35e480ea83bfb1c74efddb10a2f30df9d28568d6a927072a481b4d350
