[INFO] cloning repository https://github.com/auraecosystem/Hagrid
[INFO] running `Command { std: "git" "-c" "credential.helper=" "-c" "credential.helper=/workspace/cargo-home/bin/git-credential-null" "clone" "--bare" "https://github.com/auraecosystem/Hagrid" "/workspace/cache/git-repos/https%3A%2F%2Fgithub.com%2Fauraecosystem%2FHagrid", kill_on_drop: false }`
[INFO] [stderr] Cloning into bare repository '/workspace/cache/git-repos/https%3A%2F%2Fgithub.com%2Fauraecosystem%2FHagrid'...
[INFO] running `Command { std: "git" "rev-parse" "HEAD", kill_on_drop: false }`
[INFO] [stdout] ed624da4a4379d0b7e55adb2f3a527d200792d78
[INFO] checking auraecosystem/Hagrid against 3154cc1a3e6424e44f438a95007d043ed5ceaaf6+rustflags=-Znext-solver=coherence for pr-133502-30
[INFO] running `Command { std: "git" "clone" "/workspace/cache/git-repos/https%3A%2F%2Fgithub.com%2Fauraecosystem%2FHagrid" "/workspace/builds/worker-7-tc1/source", kill_on_drop: false }`
[INFO] [stderr] Cloning into '/workspace/builds/worker-7-tc1/source'...
[INFO] [stderr] done.
[INFO] removed /workspace/builds/worker-7-tc1/source/rust-toolchain
[INFO] started tweaking git repo https://github.com/auraecosystem/Hagrid
[INFO] finished tweaking git repo https://github.com/auraecosystem/Hagrid
[INFO] tweaked toml for git repo https://github.com/auraecosystem/Hagrid written to /workspace/builds/worker-7-tc1/source/Cargo.toml
[INFO] validating manifest of git repo https://github.com/auraecosystem/Hagrid on toolchain 3154cc1a3e6424e44f438a95007d043ed5ceaaf6
[INFO] running `Command { std: CARGO_HOME="/workspace/cargo-home" RUSTUP_HOME="/workspace/rustup-home" "/workspace/cargo-home/bin/cargo" "+3154cc1a3e6424e44f438a95007d043ed5ceaaf6" "metadata" "--manifest-path" "Cargo.toml" "--no-deps", kill_on_drop: false }`
[INFO] crate git repo https://github.com/auraecosystem/Hagrid already has a lockfile, it will not be regenerated
[INFO] running `Command { std: CARGO_HOME="/workspace/cargo-home" RUSTUP_HOME="/workspace/rustup-home" "/workspace/cargo-home/bin/cargo" "+3154cc1a3e6424e44f438a95007d043ed5ceaaf6" "fetch" "--manifest-path" "Cargo.toml", kill_on_drop: false }`
[INFO] [stderr] warning: database/Cargo.toml: `package.edition` is unspecified, defaulting to `2015` while the latest is `2024`
[INFO] [stderr] warning: `hagrid-database` (manifest) generated 1 warning
[INFO] [stderr] warning: hagridctl/Cargo.toml: `package.edition` is unspecified, defaulting to `2015` while the latest is `2024`
[INFO] [stderr] warning: `hagridctl` (manifest) generated 1 warning
[INFO] [stderr]     Updating crates.io index
[INFO] [stderr]     Updating git repository `https://github.com/Plume-org/rocket_i18n`
[INFO] [stderr]  Downloading crates ...
[INFO] [stderr]   Downloaded vergen v3.2.0
[INFO] [stderr]   Downloaded wasm-bindgen-macro v0.2.86
[INFO] [stderr]   Downloaded wasm-bindgen v0.2.86
[INFO] [stderr]   Downloaded rand_xorshift v0.1.1
[INFO] [stderr]   Downloaded semver v1.0.17
[INFO] [stderr]   Downloaded windows-targets v0.48.0
[INFO] [stderr]   Downloaded autocfg v0.1.8
[INFO] [stderr]   Downloaded wasm-bindgen-shared v0.2.86
[INFO] [stderr]   Downloaded rand_chacha v0.1.1
[INFO] [stderr]   Downloaded hermit-abi v0.3.1
[INFO] [stderr]   Downloaded quote v1.0.28
[INFO] [stderr]   Downloaded shlex v1.1.0
[INFO] [stderr]   Downloaded wasm-bindgen-macro-support v0.2.86
[INFO] [stderr]   Downloaded time v0.1.45
[INFO] [stderr]   Downloaded unicode-xid v0.1.0
[INFO] [stderr]   Downloaded itoa v1.0.6
[INFO] [stderr]   Downloaded thiserror-impl v1.0.40
[INFO] [stderr]   Downloaded rand_pcg v0.1.2
[INFO] [stderr]   Downloaded errno v0.3.1
[INFO] [stderr]   Downloaded wasm-bindgen-backend v0.2.86
[INFO] [stderr]   Downloaded wasi v0.10.0+wasi-snapshot-preview1
[INFO] [stderr]   Downloaded rand_os v0.1.3
[INFO] [stderr]   Downloaded rand_hc v0.1.0
[INFO] [stderr]   Downloaded structopt-derive v0.2.18
[INFO] [stderr]   Downloaded structopt v0.2.18
[INFO] [stderr]   Downloaded memsec v0.6.3
[INFO] [stderr]   Downloaded rand_isaac v0.1.1
[INFO] [stderr]   Downloaded tempfile v3.6.0
[INFO] [stderr]   Downloaded proc-macro2 v0.4.30
[INFO] [stderr]   Downloaded ryu v1.0.13
[INFO] [stderr]   Downloaded xxhash-rust v0.8.6
[INFO] [stderr]   Downloaded thiserror v1.0.40
[INFO] [stderr]   Downloaded nettle-sys v2.2.0
[INFO] [stderr]   Downloaded rustversion v1.0.12
[INFO] [stderr]   Downloaded proc-macro2 v1.0.60
[INFO] [stderr]   Downloaded num-traits v0.2.15
[INFO] [stderr]   Downloaded uuid v0.7.4
[INFO] [stderr]   Downloaded rand_jitter v0.1.4
[INFO] [stderr]   Downloaded quote v0.6.13
[INFO] [stderr]   Downloaded serde_derive v1.0.164
[INFO] [stderr]   Downloaded cc v1.0.79
[INFO] [stderr]   Downloaded unicode-ident v1.0.9
[INFO] [stderr]   Downloaded log v0.4.18
[INFO] [stderr]   Downloaded js-sys v0.3.63
[INFO] [stderr]   Downloaded rand v0.6.5
[INFO] [stderr]   Downloaded serde v1.0.164
[INFO] [stderr]   Downloaded chrono v0.4.26
[INFO] [stderr]   Downloaded aho-corasick v1.0.2
[INFO] [stderr]   Downloaded syn v0.15.44
[INFO] [stderr]   Downloaded serde_json v1.0.96
[INFO] [stderr]   Downloaded bindgen v0.63.0
[INFO] [stderr]   Downloaded syn v2.0.18
[INFO] [stderr]   Downloaded regex v1.8.4
[INFO] [stderr]   Downloaded rustix v0.37.19
[INFO] [stderr]   Downloaded regex-syntax v0.7.2
[INFO] [stderr]   Downloaded nettle v7.3.0
[INFO] [stderr]   Downloaded libc v0.2.146
[INFO] [stderr]   Downloaded sha1collisiondetection v0.2.7
[INFO] [stderr]   Downloaded either v1.8.1
[INFO] [stderr]   Downloaded ena v0.14.2
[INFO] [stderr]   Downloaded is-terminal v0.4.7
[INFO] [stderr]   Downloaded sequoia-openpgp v1.16.0
[INFO] [stderr]   Downloaded base64 v0.21.2
[INFO] [stderr]   Downloaded idna v0.3.0
[INFO] [stderr]   Downloaded buffered-reader v1.2.0
[INFO] [stderr]   Downloaded anyhow v1.0.71
[INFO] [stderr]   Downloaded rocket_prometheus v0.10.0-rc.3
[INFO] [stderr]   Downloaded rocket v0.5.0-rc.3
[INFO] [stderr]   Downloaded ubyte v0.10.3
[INFO] [stderr]   Downloaded pin-project-lite v0.2.9
[INFO] [stderr]   Downloaded tokio-util v0.7.8
[INFO] [stderr]   Downloaded tracing-attributes v0.1.24
[INFO] [stderr]   Downloaded tokio v1.28.2
[INFO] [stderr]   Downloaded num_cpus v1.15.0
[INFO] [stderr]   Downloaded hermit-abi v0.2.6
[INFO] [stderr]   Downloaded bytes v1.1.0
[INFO] [stderr]   Downloaded time-core v0.1.1
[INFO] [stderr]   Downloaded state v0.5.3
[INFO] [stderr]   Downloaded time-macros v0.2.9
[INFO] [stderr]   Downloaded time v0.3.22
[INFO] [stderr]   Downloaded uncased v0.9.9
[INFO] [stderr]   Downloaded rocket_http v0.5.0-rc.3
[INFO] [stderr]   Downloaded generator v0.7.4
[INFO] [stderr]   Downloaded ref-cast v1.0.16
[INFO] [stderr]   Downloaded stable-pattern v0.1.0
[INFO] [stderr]   Downloaded pear v0.2.4
[INFO] [stderr]   Downloaded proc-macro2-diagnostics v0.10.0
[INFO] [stderr]   Downloaded pear_codegen v0.2.4
[INFO] [stderr]   Downloaded ref-cast-impl v1.0.16
[INFO] [stderr]   Downloaded hyper v0.14.26
[INFO] [stderr]   Downloaded slab v0.4.8
[INFO] [stderr]   Downloaded h2 v0.3.19
[INFO] [stderr]   Downloaded bitflags v2.3.1
[INFO] [stderr]   Downloaded devise_core v0.4.1
[INFO] [stderr]   Downloaded devise_codegen v0.4.1
[INFO] [stderr]   Downloaded futures v0.3.28
[INFO] [stderr]   Downloaded cookie v0.17.0
[INFO] [stderr]   Downloaded devise v0.4.1
[INFO] [stderr]   Downloaded rocket_codegen v0.5.0-rc.3
[INFO] [stderr]   Downloaded winnow v0.4.6
[INFO] [stderr]   Downloaded binascii v0.1.4
[INFO] [stderr]   Downloaded async-trait v0.1.68
[INFO] [stderr]   Downloaded toml v0.7.4
[INFO] [stderr]   Downloaded toml_datetime v0.6.2
[INFO] [stderr]   Downloaded serde_spanned v0.6.2
[INFO] [stderr]   Downloaded gettext v0.4.0
[INFO] [stderr]   Downloaded figment v0.10.10
[INFO] [stderr]   Downloaded toml_edit v0.19.10
[INFO] [stderr]   Downloaded prometheus v0.13.3
[INFO] [stderr]   Downloaded walkdir v2.3.3
[INFO] [stderr]   Downloaded kqueue-sys v1.0.3
[INFO] [stderr]   Downloaded filetime v0.2.21
[INFO] [stderr]   Downloaded crossbeam-utils v0.8.15
[INFO] [stderr]   Downloaded sha2 v0.10.6
[INFO] [stderr]   Downloaded pest_derive v2.6.0
[INFO] [stderr]   Downloaded normpath v1.1.1
[INFO] [stderr]   Downloaded pest_generator v2.6.0
[INFO] [stderr]   Downloaded handlebars v4.3.7
[INFO] [stderr]   Downloaded pest_meta v2.6.0
[INFO] [stderr]   Downloaded rocket_dyn_templates v0.1.0-rc.3
[INFO] [stderr]   Downloaded notify v5.2.0
[INFO] [stderr]   Downloaded kqueue v1.0.7
[INFO] [stderr]   Downloaded cpufeatures v0.2.7
[INFO] [stderr]   Downloaded pest v2.6.0
[INFO] [stderr]   Downloaded safemem v0.3.3
[INFO] [stderr]   Downloaded unicase v1.4.2
[INFO] [stderr]   Downloaded hyper v0.10.16
[INFO] [stderr]   Downloaded phf_shared v0.7.24
[INFO] [stderr]   Downloaded tiny_http v0.6.4
[INFO] [stderr]   Downloaded groupable v0.2.0
[INFO] [stderr]   Downloaded log v0.3.9
[INFO] [stderr]   Downloaded typeable v0.1.2
[INFO] [stderr]   Downloaded mime v0.2.6
[INFO] [stderr]   Downloaded plugin v0.2.6
[INFO] [stderr]   Downloaded buf_redux v0.8.4
[INFO] [stderr]   Downloaded untrusted v0.6.2
[INFO] [stderr]   Downloaded twoway v0.1.8
[INFO] [stderr]   Downloaded chunked_transfer v0.3.1
[INFO] [stderr]   Downloaded ascii v0.8.7
[INFO] [stderr]   Downloaded nickel v0.11.0
[INFO] [stderr]   Downloaded mustache v0.9.0
[INFO] [stderr]   Downloaded modifier v0.1.0
[INFO] [stderr]   Downloaded language-tags v0.2.2
[INFO] [stderr]   Downloaded mime_guess v1.8.8
[INFO] [stderr]   Downloaded phf_codegen v0.7.24
[INFO] [stderr]   Downloaded phf_generator v0.7.24
[INFO] [stderr]   Downloaded uuid v0.8.2
[INFO] [stderr]   Downloaded zbase32 v0.1.2
[INFO] [stderr]   Downloaded ucd-trie v0.1.5
[INFO] [stderr]   Downloaded multipart v0.18.0
[INFO] [stderr]   Downloaded siphasher v0.2.3
[INFO] [stderr]   Downloaded phf v0.7.24
[INFO] [stderr]   Downloaded number_prefix v0.2.8
[INFO] [stderr]   Downloaded iron v0.6.1
[INFO] [stderr]   Downloaded lettre v0.10.0-rc.5
[INFO] [stderr]   Downloaded email-encoding v0.1.3
[INFO] [stderr]   Downloaded hyperx v1.4.0
[INFO] [stderr]   Downloaded indicatif v0.11.0
[INFO] [stderr]   Downloaded base64 v0.9.3
[INFO] [stderr]   Downloaded pathdiff v0.1.0
[INFO] [stderr]   Downloaded quoted_printable v0.4.8
[INFO] [stderr]   Downloaded hex v0.3.2
[INFO] [stderr]   Downloaded gettext-utils v0.1.0
[INFO] [stderr]   Downloaded gettext-macros v0.6.1
[INFO] [stderr]   Downloaded base64 v0.10.1
[INFO] [stderr]   Downloaded ring v0.13.5
[INFO] running `Command { std: "docker" "create" "-v" "/var/lib/crater-agent-workspace/builds/worker-7-tc1/source:/opt/rustwide/workdir:ro,Z" "-v" "/var/lib/crater-agent-workspace/builds/worker-7-tc1/target:/opt/rustwide/target:rw,Z" "-v" "/var/lib/crater-agent-workspace/cargo-home:/opt/rustwide/cargo-home:ro,Z" "-v" "/var/lib/crater-agent-workspace/rustup-home:/opt/rustwide/rustup-home:ro,Z" "-m" "1610612736" "--network" "none" "ghcr.io/rust-lang/crates-build-env/linux@sha256:77db811e55d90add9212f6832c23229e3de5f1c1f9905e8cb07319ea15df73ac" "sleep" "infinity", kill_on_drop: false }`
[INFO] [stdout] f466784345df6a432eac12562adde51aa73cfbb82740f07de90dda8b11409dff
[INFO] running `Command { std: "docker" "start" "f466784345df6a432eac12562adde51aa73cfbb82740f07de90dda8b11409dff", kill_on_drop: false }`
[INFO] running `Command { std: "docker" "inspect" "f466784345df6a432eac12562adde51aa73cfbb82740f07de90dda8b11409dff", kill_on_drop: false }`
[INFO] running `Command { std: "docker" "exec" "-e" "SOURCE_DIR=/opt/rustwide/workdir" "-e" "CARGO_HOME=/opt/rustwide/cargo-home" "-e" "RUSTUP_HOME=/opt/rustwide/rustup-home" "-e" "CARGO_TARGET_DIR=/opt/rustwide/target" "-w" "/opt/rustwide/workdir" "--user" "0:0" "f466784345df6a432eac12562adde51aa73cfbb82740f07de90dda8b11409dff" "/opt/rustwide/cargo-home/bin/cargo" "+3154cc1a3e6424e44f438a95007d043ed5ceaaf6" "metadata" "--no-deps" "--format-version=1", kill_on_drop: false }`
[INFO] running `Command { std: "docker" "inspect" "f466784345df6a432eac12562adde51aa73cfbb82740f07de90dda8b11409dff", kill_on_drop: false }`
[INFO] running `Command { std: "docker" "exec" "-e" "SOURCE_DIR=/opt/rustwide/workdir" "-e" "CARGO_HOME=/opt/rustwide/cargo-home" "-e" "RUSTUP_HOME=/opt/rustwide/rustup-home" "-e" "CARGO_TARGET_DIR=/opt/rustwide/target" "-e" "CARGO_INCREMENTAL=0" "-e" "RUST_BACKTRACE=full" "-e" "RUSTFLAGS=--cap-lints=forbid -Znext-solver=coherence" "-e" "RUSTDOCFLAGS=--cap-lints=forbid" "-w" "/opt/rustwide/workdir" "--user" "0:0" "f466784345df6a432eac12562adde51aa73cfbb82740f07de90dda8b11409dff" "/opt/rustwide/cargo-home/bin/cargo" "+3154cc1a3e6424e44f438a95007d043ed5ceaaf6" "check" "--frozen" "--all" "--all-targets" "--message-format=json", kill_on_drop: false }`
[INFO] [stderr] warning: database/Cargo.toml: `package.edition` is unspecified, defaulting to `2015` while the latest is `2024`
[INFO] [stderr] warning: `hagrid-database` (manifest) generated 1 warning
[INFO] [stderr] warning: hagridctl/Cargo.toml: `package.edition` is unspecified, defaulting to `2015` while the latest is `2024`
[INFO] [stderr] warning: `hagridctl` (manifest) generated 1 warning
[INFO] [stderr]    Compiling libc v0.2.146
[INFO] [stderr]    Compiling proc-macro2 v1.0.60
[INFO] [stderr]    Compiling quote v1.0.28
[INFO] [stderr]    Compiling unicode-ident v1.0.9
[INFO] [stderr]    Compiling memchr v2.5.0
[INFO] [stderr]    Compiling log v0.4.18
[INFO] [stderr]    Compiling serde v1.0.164
[INFO] [stderr]    Compiling io-lifetimes v1.0.11
[INFO] [stderr]    Compiling futures-core v0.3.28
[INFO] [stderr]    Compiling once_cell v1.18.0
[INFO] [stderr]    Compiling rustix v0.37.19
[INFO] [stderr]     Checking itoa v1.0.6
[INFO] [stderr]    Compiling indexmap v1.9.3
[INFO] [stderr]    Compiling autocfg v0.1.8
[INFO] [stderr]    Compiling unicase v1.4.2
[INFO] [stderr]    Compiling lock_api v0.4.10
[INFO] [stderr]    Compiling parking_lot_core v0.9.8
[INFO] [stderr]    Compiling rand_core v0.4.2
[INFO] [stderr]    Compiling slab v0.4.8
[INFO] [stderr]    Compiling futures-task v0.3.28
[INFO] [stderr]    Compiling glob v0.3.1
[INFO] [stderr]    Compiling futures-channel v0.3.28
[INFO] [stderr]    Compiling tokio v1.28.2
[INFO] [stderr]    Compiling num-traits v0.2.15
[INFO] [stderr]    Compiling thiserror v1.0.40
[INFO] [stderr]    Compiling rand_pcg v0.1.2
[INFO] [stderr]    Compiling rand_chacha v0.1.1
[INFO] [stderr]    Compiling tempfile v3.6.0
[INFO] [stderr]    Compiling futures-util v0.3.28
[INFO] [stderr]    Compiling smallvec v1.10.0
[INFO] [stderr]    Compiling rand_core v0.3.1
[INFO] [stderr]    Compiling proc-macro2-diagnostics v0.10.0
[INFO] [stderr]     Checking pin-project-lite v0.2.9
[INFO] [stderr]    Compiling rand v0.6.5
[INFO] [stderr]    Compiling either v1.8.1
[INFO] [stderr]    Compiling linux-raw-sys v0.3.8
[INFO] [stderr]     Checking unicode-bidi v0.3.13
[INFO] [stderr]    Compiling yansi v0.5.1
[INFO] [stderr]    Compiling regex-syntax v0.7.2
[INFO] [stderr]     Checking bytes v1.1.0
[INFO] [stderr]    Compiling clang-sys v1.6.1
[INFO] [stderr]    Compiling siphasher v0.2.3
[INFO] [stderr]    Compiling unicode-xid v0.2.4
[INFO] [stderr]    Compiling cc v1.0.79
[INFO] [stderr]    Compiling serde_json v1.0.96
[INFO] [stderr]    Compiling aho-corasick v1.0.2
[INFO] [stderr]    Compiling syn v1.0.109
[INFO] [stderr]    Compiling phf_shared v0.7.24
[INFO] [stderr]    Compiling rand_isaac v0.1.1
[INFO] [stderr]    Compiling rand_xorshift v0.1.1
[INFO] [stderr]    Compiling rand_hc v0.1.0
[INFO] [stderr]    Compiling rand_jitter v0.1.4
[INFO] [stderr]    Compiling unicase v2.6.0
[INFO] [stderr]     Checking ryu v1.0.13
[INFO] [stderr]     Checking byteorder v1.4.3
[INFO] [stderr]    Compiling time-core v0.1.1
[INFO] [stderr]    Compiling futures-sink v0.3.28
[INFO] [stderr]    Compiling nom v7.1.3
[INFO] [stderr]    Compiling time-macros v0.2.9
[INFO] [stderr]     Checking log v0.3.9
[INFO] [stderr]    Compiling uncased v0.9.9
[INFO] [stderr]    Compiling libloading v0.7.4
[INFO] [stderr]    Compiling bindgen v0.63.0
[INFO] [stderr]    Compiling scopeguard v1.1.0
[INFO] [stderr]    Compiling syn v2.0.18
[INFO] [stderr]    Compiling typenum v1.16.0
[INFO] [stderr]    Compiling crunchy v0.2.2
[INFO] [stderr]     Checking traitobject v0.1.0
[INFO] [stdout] error[E0119]: conflicting implementations of trait `Trait` for type `(dyn Send + Sync + 'static)`
[INFO] [stdout]   --> /opt/rustwide/cargo-home/registry/src/index.crates.io-1949cf8c6b5b557f/traitobject-0.1.0/src/impls.rs:72:1
[INFO] [stdout]    |
[INFO] [stdout] 71 | unsafe impl Trait for ::std::marker::Send + Sync { }
[INFO] [stdout]    | ------------------------------------------------ first implementation here
[INFO] [stdout] 72 | unsafe impl Trait for ::std::marker::Send + Send + Sync { }
[INFO] [stdout]    | ^^^^^^^^^^^^^^^^^^^^^^^^^^^^^^^^^^^^^^^^^^^^^^^^^^^^^^^ conflicting implementation for `(dyn Send + Sync + 'static)`
[INFO] [stdout] 
[INFO] [stdout] 
[INFO] [stdout] error[E0119]: conflicting implementations of trait `Trait` for type `(dyn Send + Sync + 'static)`
[INFO] [stdout]   --> /opt/rustwide/cargo-home/registry/src/index.crates.io-1949cf8c6b5b557f/traitobject-0.1.0/src/impls.rs:73:1
[INFO] [stdout]    |
[INFO] [stdout] 71 | unsafe impl Trait for ::std::marker::Send + Sync { }
[INFO] [stdout]    | ------------------------------------------------ first implementation here
[INFO] [stdout] 72 | unsafe impl Trait for ::std::marker::Send + Send + Sync { }
[INFO] [stdout] 73 | unsafe impl Trait for ::std::marker::Sync + Send { }
[INFO] [stdout]    | ^^^^^^^^^^^^^^^^^^^^^^^^^^^^^^^^^^^^^^^^^^^^^^^^ conflicting implementation for `(dyn Send + Sync + 'static)`
[INFO] [stdout] 
[INFO] [stdout] 
[INFO] [stdout] error[E0119]: conflicting implementations of trait `Trait` for type `(dyn Send + Sync + 'static)`
[INFO] [stdout]   --> /opt/rustwide/cargo-home/registry/src/index.crates.io-1949cf8c6b5b557f/traitobject-0.1.0/src/impls.rs:75:1
[INFO] [stdout]    |
[INFO] [stdout] 71 | unsafe impl Trait for ::std::marker::Send + Sync { }
[INFO] [stdout]    | ------------------------------------------------ first implementation here
[INFO] [stdout] ...
[INFO] [stdout] 75 | unsafe impl Trait for ::std::marker::Sync + Send + Sync { }
[INFO] [stdout]    | ^^^^^^^^^^^^^^^^^^^^^^^^^^^^^^^^^^^^^^^^^^^^^^^^^^^^^^^ conflicting implementation for `(dyn Send + Sync + 'static)`
[INFO] [stdout] 
[INFO] [stdout] 
[INFO] [stdout] For more information about this error, try `rustc --explain E0119`.
[INFO] [stdout] 
[INFO] [stderr] error: could not compile `traitobject` (lib) due to 3 previous errors
[INFO] [stderr] warning: build failed, waiting for other jobs to finish...
[INFO] running `Command { std: "docker" "inspect" "f466784345df6a432eac12562adde51aa73cfbb82740f07de90dda8b11409dff", kill_on_drop: false }`
[INFO] running `Command { std: "docker" "rm" "-f" "f466784345df6a432eac12562adde51aa73cfbb82740f07de90dda8b11409dff", kill_on_drop: false }`
[INFO] [stdout] f466784345df6a432eac12562adde51aa73cfbb82740f07de90dda8b11409dff
