[INFO] cloning repository https://github.com/atipicial/atipicial
[INFO] running `Command { std: "git" "-c" "credential.helper=" "-c" "credential.helper=/workspace/cargo-home/bin/git-credential-null" "clone" "--bare" "https://github.com/atipicial/atipicial" "/workspace/cache/git-repos/https%3A%2F%2Fgithub.com%2Fatipicial%2Fatipicial", kill_on_drop: false }`
[INFO] [stderr] Cloning into bare repository '/workspace/cache/git-repos/https%3A%2F%2Fgithub.com%2Fatipicial%2Fatipicial'...
[INFO] running `Command { std: "git" "rev-parse" "HEAD", kill_on_drop: false }`
[INFO] [stdout] c3c7cf311cb6e3d24e6263afd2be1ca47a968191
[INFO] checking atipicial/atipicial against 3154cc1a3e6424e44f438a95007d043ed5ceaaf6+rustflags=-Znext-solver=coherence for pr-133502-30
[INFO] running `Command { std: "git" "clone" "/workspace/cache/git-repos/https%3A%2F%2Fgithub.com%2Fatipicial%2Fatipicial" "/workspace/builds/worker-5-tc1/source", kill_on_drop: false }`
[INFO] [stderr] Cloning into '/workspace/builds/worker-5-tc1/source'...
[INFO] [stderr] done.
[INFO] removed /workspace/builds/worker-5-tc1/source/.cargo/config.toml
[INFO] started tweaking git repo https://github.com/atipicial/atipicial
[INFO] finished tweaking git repo https://github.com/atipicial/atipicial
[INFO] tweaked toml for git repo https://github.com/atipicial/atipicial written to /workspace/builds/worker-5-tc1/source/Cargo.toml
[INFO] validating manifest of git repo https://github.com/atipicial/atipicial on toolchain 3154cc1a3e6424e44f438a95007d043ed5ceaaf6
[INFO] running `Command { std: CARGO_HOME="/workspace/cargo-home" RUSTUP_HOME="/workspace/rustup-home" "/workspace/cargo-home/bin/cargo" "+3154cc1a3e6424e44f438a95007d043ed5ceaaf6" "metadata" "--manifest-path" "Cargo.toml" "--no-deps", kill_on_drop: false }`
[INFO] crate git repo https://github.com/atipicial/atipicial already has a lockfile, it will not be regenerated
[INFO] running `Command { std: CARGO_HOME="/workspace/cargo-home" RUSTUP_HOME="/workspace/rustup-home" "/workspace/cargo-home/bin/cargo" "+3154cc1a3e6424e44f438a95007d043ed5ceaaf6" "fetch" "--manifest-path" "Cargo.toml", kill_on_drop: false }`
[INFO] [stderr] warning: unused workspace dependency `aes-gcm`
[INFO] [stderr]   --> Cargo.toml:48:1
[INFO] [stderr]    |
[INFO] [stderr] 48 | aes-gcm = "0.10"
[INFO] [stderr]    | ^^^^^^^
[INFO] [stderr]    |
[INFO] [stderr]    = note: `cargo::unused_workspace_dependencies` is set to `warn` by default
[INFO] [stderr] help: consider removing the workspace dependency `aes-gcm`
[INFO] [stderr] warning: unused workspace dependency `atipicial-checkpoint`
[INFO] [stderr]    --> Cargo.toml:104:25
[INFO] [stderr]     |
[INFO] [stderr] 104 | [workspace.dependencies.atipicial-checkpoint]
[INFO] [stderr]     |                         ^^^^^^^^^^^^^^^^^^^^
[INFO] [stderr]     |
[INFO] [stderr] help: consider removing the workspace dependency `atipicial-checkpoint`
[INFO] [stderr] warning: unused workspace dependency `atipicial-node`
[INFO] [stderr]    --> Cargo.toml:156:25
[INFO] [stderr]     |
[INFO] [stderr] 156 | [workspace.dependencies.atipicial-node]
[INFO] [stderr]     |                         ^^^^^^^^^^^^^^
[INFO] [stderr]     |
[INFO] [stderr] help: consider removing the workspace dependency `atipicial-node`
[INFO] [stderr] warning: unused workspace dependency `byteorder`
[INFO] [stderr]   --> Cargo.toml:56:1
[INFO] [stderr]    |
[INFO] [stderr] 56 | byteorder = "1.5"
[INFO] [stderr]    | ^^^^^^^^^
[INFO] [stderr]    |
[INFO] [stderr] help: consider removing the workspace dependency `byteorder`
[INFO] [stderr] warning: unused workspace dependency `cbc`
[INFO] [stderr]    --> Cargo.toml:233:25
[INFO] [stderr]     |
[INFO] [stderr] 233 | [workspace.dependencies.cbc]
[INFO] [stderr]     |                         ^^^
[INFO] [stderr]     |
[INFO] [stderr] help: consider removing the workspace dependency `cbc`
[INFO] [stderr] warning: unused workspace dependency `cipher`
[INFO] [stderr]   --> Cargo.toml:58:1
[INFO] [stderr]    |
[INFO] [stderr] 58 | cipher = "0.4"
[INFO] [stderr]    | ^^^^^^
[INFO] [stderr]    |
[INFO] [stderr] help: consider removing the workspace dependency `cipher`
[INFO] [stderr] warning: unused workspace dependency `fastbloom`
[INFO] [stderr]    --> Cargo.toml:253:25
[INFO] [stderr]     |
[INFO] [stderr] 253 | [workspace.dependencies.fastbloom]
[INFO] [stderr]     |                         ^^^^^^^^^
[INFO] [stderr]     |
[INFO] [stderr] help: consider removing the workspace dependency `fastbloom`
[INFO] [stderr] warning: unused workspace dependency `hashbrown`
[INFO] [stderr]    --> Cargo.toml:262:25
[INFO] [stderr]     |
[INFO] [stderr] 262 | [workspace.dependencies.hashbrown]
[INFO] [stderr]     |                         ^^^^^^^^^
[INFO] [stderr]     |
[INFO] [stderr] help: consider removing the workspace dependency `hashbrown`
[INFO] [stderr] warning: unused workspace dependency `hkdf`
[INFO] [stderr]   --> Cargo.toml:62:1
[INFO] [stderr]    |
[INFO] [stderr] 62 | hkdf = "0.12"
[INFO] [stderr]    | ^^^^
[INFO] [stderr]    |
[INFO] [stderr] help: consider removing the workspace dependency `hkdf`
[INFO] [stderr] warning: unused workspace dependency `libloading`
[INFO] [stderr]   --> Cargo.toml:64:1
[INFO] [stderr]    |
[INFO] [stderr] 64 | libloading = "0.8"
[INFO] [stderr]    | ^^^^^^^^^^
[INFO] [stderr]    |
[INFO] [stderr] help: consider removing the workspace dependency `libloading`
[INFO] [stderr] warning: unused workspace dependency `memchr`
[INFO] [stderr]   --> Cargo.toml:68:1
[INFO] [stderr]    |
[INFO] [stderr] 68 | memchr = "2.8"
[INFO] [stderr]    | ^^^^^^
[INFO] [stderr]    |
[INFO] [stderr] help: consider removing the workspace dependency `memchr`
[INFO] [stderr] warning: unused workspace dependency `mockall`
[INFO] [stderr]   --> Cargo.toml:69:1
[INFO] [stderr]    |
[INFO] [stderr] 69 | mockall = "0.12"
[INFO] [stderr]    | ^^^^^^^
[INFO] [stderr]    |
[INFO] [stderr] help: consider removing the workspace dependency `mockall`
[INFO] [stderr] warning: unused workspace dependency `num_cpus`
[INFO] [stderr]   --> Cargo.toml:74:1
[INFO] [stderr]    |
[INFO] [stderr] 74 | num_cpus = "1.16"
[INFO] [stderr]    | ^^^^^^^^
[INFO] [stderr]    |
[INFO] [stderr] help: consider removing the workspace dependency `num_cpus`
[INFO] [stderr] warning: unused workspace dependency `pprof`
[INFO] [stderr]    --> Cargo.toml:291:25
[INFO] [stderr]     |
[INFO] [stderr] 291 | [workspace.dependencies.pprof]
[INFO] [stderr]     |                         ^^^^^
[INFO] [stderr]     |
[INFO] [stderr] help: consider removing the workspace dependency `pprof`
[INFO] [stderr] warning: unused workspace dependency `smallvec`
[INFO] [stderr]    --> Cargo.toml:311:25
[INFO] [stderr]     |
[INFO] [stderr] 311 | [workspace.dependencies.smallvec]
[INFO] [stderr]     |                         ^^^^^^^^
[INFO] [stderr]     |
[INFO] [stderr] help: consider removing the workspace dependency `smallvec`
[INFO] [stderr] warning: unused workspace dependency `socket2`
[INFO] [stderr]   --> Cargo.toml:88:1
[INFO] [stderr]    |
[INFO] [stderr] 88 | socket2 = "0.5"
[INFO] [stderr]    | ^^^^^^^
[INFO] [stderr]    |
[INFO] [stderr] help: consider removing the workspace dependency `socket2`
[INFO] [stderr] warning: workspace (manifest) generated 16 warnings
[INFO] [stderr]     Updating crates.io index
[INFO] [stderr]  Downloading crates ...
[INFO] [stderr]   Downloaded wasm-bindgen-shared v0.2.122
[INFO] [stderr]   Downloaded wasm-bindgen-macro v0.2.122
[INFO] [stderr]   Downloaded scrypt v0.11.0
[INFO] [stderr]   Downloaded clap_lex v0.7.7
[INFO] [stderr]   Downloaded sealed v0.6.0
[INFO] [stderr]   Downloaded salsa20 v0.10.2
[INFO] [stderr]   Downloaded zerocopy-derive v0.8.50
[INFO] [stderr]   Downloaded wasm-bindgen-futures v0.4.72
[INFO] [stderr]   Downloaded blake2b_simd v1.0.4
[INFO] [stderr]   Downloaded parity-db v0.5.5
[INFO] [stderr]   Downloaded bitcoin_hashes v0.14.0
[INFO] [stderr]   Downloaded libmdbx v0.5.6
[INFO] [stderr]   Downloaded indexmap v2.8.0
[INFO] [stderr]   Downloaded wasm-bindgen v0.2.122
[INFO] [stderr]   Downloaded wasm-bindgen-macro-support v0.2.122
[INFO] [stderr]   Downloaded ed25519-dalek v2.1.1
[INFO] [stderr]   Downloaded js-sys v0.3.99
[INFO] [stderr]   Downloaded bip39 v2.2.2
[INFO] [stderr]   Downloaded secp256k1 v0.28.2
[INFO] [stderr]   Downloaded zerocopy v0.8.50
[INFO] [stderr]   Downloaded proptest v1.7.0
[INFO] [stderr]   Downloaded openssl-sys v0.9.116
[INFO] [stderr]   Downloaded web-sys v0.3.99
[INFO] [stderr]   Downloaded openssl v0.10.80
[INFO] [stderr]   Downloaded mdbx-sys v12.13.2
[INFO] [stderr]   Downloaded mockito v1.7.2
[INFO] [stderr]   Downloaded jsonrpsee v0.24.11
[INFO] [stderr]   Downloaded jsonrpsee-types v0.24.11
[INFO] [stderr]   Downloaded jsonrpsee-server v0.24.11
[INFO] [stderr]   Downloaded soketto v0.8.1
[INFO] [stderr]   Downloaded secp256k1-sys v0.9.2
[INFO] [stderr]   Downloaded route-recognizer v0.3.1
[INFO] [stderr]   Downloaded axum-core v0.3.4
[INFO] [stderr]   Downloaded jsonrpsee-core v0.24.11
[INFO] [stderr]   Downloaded governor v0.10.4
[INFO] [stderr]   Downloaded tonic-build v0.11.0
[INFO] [stderr]   Downloaded prost-build v0.12.6
[INFO] [stderr]   Downloaded prost-types v0.12.6
[INFO] [stderr]   Downloaded prost v0.12.6
[INFO] [stderr]   Downloaded prost-derive v0.12.6
[INFO] [stderr]   Downloaded tonic v0.11.0
[INFO] [stderr]   Downloaded tokio-rustls v0.25.0
[INFO] [stderr]   Downloaded tokio-io-timeout v1.2.1
[INFO] [stderr]   Downloaded rustls-webpki v0.102.8
[INFO] [stderr]   Downloaded hyper-timeout v0.4.1
[INFO] [stderr]   Downloaded rustls-native-certs v0.7.3
[INFO] [stderr]   Downloaded axum v0.6.20
[INFO] [stderr]   Downloaded protoc-bin-vendored v3.2.0
[INFO] [stderr]   Downloaded rustls v0.22.4
[INFO] [stderr]   Downloaded cryptoki v0.12.0
[INFO] [stderr]   Downloaded sysinfo v0.29.11
[INFO] [stderr]   Downloaded cryptoki-sys v0.5.0
[INFO] [stderr]   Downloaded protoc-bin-vendored-macos-aarch_64 v3.2.0
[INFO] [stderr]   Downloaded protoc-bin-vendored-macos-x86_64 v3.2.0
[INFO] [stderr]   Downloaded protoc-bin-vendored-win32 v3.2.0
[INFO] [stderr]   Downloaded protoc-bin-vendored-linux-aarch_64 v3.2.0
[INFO] [stderr]   Downloaded protoc-bin-vendored-linux-x86_64 v3.2.0
[INFO] [stderr]   Downloaded protoc-bin-vendored-linux-x86_32 v3.2.0
[INFO] [stderr]   Downloaded protoc-bin-vendored-linux-ppcle_64 v3.2.0
[INFO] [stderr]   Downloaded protoc-bin-vendored-linux-s390_64 v3.2.0
[INFO] running `Command { std: "docker" "create" "-v" "/var/lib/crater-agent-workspace/builds/worker-5-tc1/source:/opt/rustwide/workdir:ro,Z" "-v" "/var/lib/crater-agent-workspace/builds/worker-5-tc1/target:/opt/rustwide/target:rw,Z" "-v" "/var/lib/crater-agent-workspace/cargo-home:/opt/rustwide/cargo-home:ro,Z" "-v" "/var/lib/crater-agent-workspace/rustup-home:/opt/rustwide/rustup-home:ro,Z" "-m" "1610612736" "--network" "none" "ghcr.io/rust-lang/crates-build-env/linux@sha256:77db811e55d90add9212f6832c23229e3de5f1c1f9905e8cb07319ea15df73ac" "sleep" "infinity", kill_on_drop: false }`
[INFO] [stdout] 77c36db272f046c808b956061c6e341087f8ec0208a8af99980417fcb335be4f
[INFO] running `Command { std: "docker" "start" "77c36db272f046c808b956061c6e341087f8ec0208a8af99980417fcb335be4f", kill_on_drop: false }`
[INFO] running `Command { std: "docker" "inspect" "77c36db272f046c808b956061c6e341087f8ec0208a8af99980417fcb335be4f", kill_on_drop: false }`
[INFO] running `Command { std: "docker" "exec" "-e" "SOURCE_DIR=/opt/rustwide/workdir" "-e" "CARGO_HOME=/opt/rustwide/cargo-home" "-e" "RUSTUP_HOME=/opt/rustwide/rustup-home" "-e" "CARGO_TARGET_DIR=/opt/rustwide/target" "-w" "/opt/rustwide/workdir" "--user" "0:0" "77c36db272f046c808b956061c6e341087f8ec0208a8af99980417fcb335be4f" "/opt/rustwide/cargo-home/bin/cargo" "+3154cc1a3e6424e44f438a95007d043ed5ceaaf6" "metadata" "--no-deps" "--format-version=1", kill_on_drop: false }`
[INFO] running `Command { std: "docker" "inspect" "77c36db272f046c808b956061c6e341087f8ec0208a8af99980417fcb335be4f", kill_on_drop: false }`
[INFO] running `Command { std: "docker" "exec" "-e" "SOURCE_DIR=/opt/rustwide/workdir" "-e" "CARGO_HOME=/opt/rustwide/cargo-home" "-e" "RUSTUP_HOME=/opt/rustwide/rustup-home" "-e" "CARGO_TARGET_DIR=/opt/rustwide/target" "-e" "CARGO_INCREMENTAL=0" "-e" "RUST_BACKTRACE=full" "-e" "RUSTFLAGS=--cap-lints=forbid -Znext-solver=coherence" "-e" "RUSTDOCFLAGS=--cap-lints=forbid" "-w" "/opt/rustwide/workdir" "--user" "0:0" "77c36db272f046c808b956061c6e341087f8ec0208a8af99980417fcb335be4f" "/opt/rustwide/cargo-home/bin/cargo" "+3154cc1a3e6424e44f438a95007d043ed5ceaaf6" "check" "--frozen" "--all" "--all-targets" "--message-format=json", kill_on_drop: false }`
[INFO] [stderr] warning: unused workspace dependency `aes-gcm`
[INFO] [stderr]   --> Cargo.toml:48:1
[INFO] [stderr]    |
[INFO] [stderr] 48 | aes-gcm = "0.10"
[INFO] [stderr]    | ^^^^^^^
[INFO] [stderr]    |
[INFO] [stderr]    = note: `cargo::unused_workspace_dependencies` is set to `warn` by default
[INFO] [stderr] help: consider removing the workspace dependency `aes-gcm`
[INFO] [stderr] warning: unused workspace dependency `atipicial-checkpoint`
[INFO] [stderr]    --> Cargo.toml:104:25
[INFO] [stderr]     |
[INFO] [stderr] 104 | [workspace.dependencies.atipicial-checkpoint]
[INFO] [stderr]     |                         ^^^^^^^^^^^^^^^^^^^^
[INFO] [stderr]     |
[INFO] [stderr] help: consider removing the workspace dependency `atipicial-checkpoint`
[INFO] [stderr] warning: unused workspace dependency `atipicial-node`
[INFO] [stderr]    --> Cargo.toml:156:25
[INFO] [stderr]     |
[INFO] [stderr] 156 | [workspace.dependencies.atipicial-node]
[INFO] [stderr]     |                         ^^^^^^^^^^^^^^
[INFO] [stderr]     |
[INFO] [stderr] help: consider removing the workspace dependency `atipicial-node`
[INFO] [stderr] warning: unused workspace dependency `byteorder`
[INFO] [stderr]   --> Cargo.toml:56:1
[INFO] [stderr]    |
[INFO] [stderr] 56 | byteorder = "1.5"
[INFO] [stderr]    | ^^^^^^^^^
[INFO] [stderr]    |
[INFO] [stderr] help: consider removing the workspace dependency `byteorder`
[INFO] [stderr] warning: unused workspace dependency `cbc`
[INFO] [stderr]    --> Cargo.toml:233:25
[INFO] [stderr]     |
[INFO] [stderr] 233 | [workspace.dependencies.cbc]
[INFO] [stderr]     |                         ^^^
[INFO] [stderr]     |
[INFO] [stderr] help: consider removing the workspace dependency `cbc`
[INFO] [stderr] warning: unused workspace dependency `cipher`
[INFO] [stderr]   --> Cargo.toml:58:1
[INFO] [stderr]    |
[INFO] [stderr] 58 | cipher = "0.4"
[INFO] [stderr]    | ^^^^^^
[INFO] [stderr]    |
[INFO] [stderr] help: consider removing the workspace dependency `cipher`
[INFO] [stderr] warning: unused workspace dependency `fastbloom`
[INFO] [stderr]    --> Cargo.toml:253:25
[INFO] [stderr]     |
[INFO] [stderr] 253 | [workspace.dependencies.fastbloom]
[INFO] [stderr]     |                         ^^^^^^^^^
[INFO] [stderr]     |
[INFO] [stderr] help: consider removing the workspace dependency `fastbloom`
[INFO] [stderr] warning: unused workspace dependency `hashbrown`
[INFO] [stderr]    --> Cargo.toml:262:25
[INFO] [stderr]     |
[INFO] [stderr] 262 | [workspace.dependencies.hashbrown]
[INFO] [stderr]     |                         ^^^^^^^^^
[INFO] [stderr]     |
[INFO] [stderr] help: consider removing the workspace dependency `hashbrown`
[INFO] [stderr] warning: unused workspace dependency `hkdf`
[INFO] [stderr]   --> Cargo.toml:62:1
[INFO] [stderr]    |
[INFO] [stderr] 62 | hkdf = "0.12"
[INFO] [stderr]    | ^^^^
[INFO] [stderr]    |
[INFO] [stderr] help: consider removing the workspace dependency `hkdf`
[INFO] [stderr] warning: unused workspace dependency `libloading`
[INFO] [stderr]   --> Cargo.toml:64:1
[INFO] [stderr]    |
[INFO] [stderr] 64 | libloading = "0.8"
[INFO] [stderr]    | ^^^^^^^^^^
[INFO] [stderr]    |
[INFO] [stderr] help: consider removing the workspace dependency `libloading`
[INFO] [stderr] warning: unused workspace dependency `memchr`
[INFO] [stderr]   --> Cargo.toml:68:1
[INFO] [stderr]    |
[INFO] [stderr] 68 | memchr = "2.8"
[INFO] [stderr]    | ^^^^^^
[INFO] [stderr]    |
[INFO] [stderr] help: consider removing the workspace dependency `memchr`
[INFO] [stderr] warning: unused workspace dependency `mockall`
[INFO] [stderr]   --> Cargo.toml:69:1
[INFO] [stderr]    |
[INFO] [stderr] 69 | mockall = "0.12"
[INFO] [stderr]    | ^^^^^^^
[INFO] [stderr]    |
[INFO] [stderr] help: consider removing the workspace dependency `mockall`
[INFO] [stderr] warning: unused workspace dependency `num_cpus`
[INFO] [stderr]   --> Cargo.toml:74:1
[INFO] [stderr]    |
[INFO] [stderr] 74 | num_cpus = "1.16"
[INFO] [stderr]    | ^^^^^^^^
[INFO] [stderr]    |
[INFO] [stderr] help: consider removing the workspace dependency `num_cpus`
[INFO] [stderr] warning: unused workspace dependency `pprof`
[INFO] [stderr]    --> Cargo.toml:291:25
[INFO] [stderr]     |
[INFO] [stderr] 291 | [workspace.dependencies.pprof]
[INFO] [stderr]     |                         ^^^^^
[INFO] [stderr]     |
[INFO] [stderr] help: consider removing the workspace dependency `pprof`
[INFO] [stderr] warning: unused workspace dependency `smallvec`
[INFO] [stderr]    --> Cargo.toml:311:25
[INFO] [stderr]     |
[INFO] [stderr] 311 | [workspace.dependencies.smallvec]
[INFO] [stderr]     |                         ^^^^^^^^
[INFO] [stderr]     |
[INFO] [stderr] help: consider removing the workspace dependency `smallvec`
[INFO] [stderr] warning: unused workspace dependency `socket2`
[INFO] [stderr]   --> Cargo.toml:88:1
[INFO] [stderr]    |
[INFO] [stderr] 88 | socket2 = "0.5"
[INFO] [stderr]    | ^^^^^^^
[INFO] [stderr]    |
[INFO] [stderr] help: consider removing the workspace dependency `socket2`
[INFO] [stderr] warning: workspace (manifest) generated 16 warnings
[INFO] [stderr]    Compiling quote v1.0.45
[INFO] [stderr]    Compiling serde_core v1.0.228
[INFO] [stderr]     Checking memchr v2.8.1
[INFO] [stderr]     Checking subtle v2.6.1
[INFO] [stderr]     Checking const-oid v0.9.6
[INFO] [stderr]    Compiling libc v0.2.186
[INFO] [stderr]    Compiling generic-array v0.14.7
[INFO] [stderr]     Checking hashbrown v0.15.5
[INFO] [stderr]     Checking bytes v1.11.1
[INFO] [stderr]     Checking log v0.4.32
[INFO] [stderr]     Checking tracing-core v0.1.36
[INFO] [stderr]    Compiling serde_json v1.0.150
[INFO] [stderr]     Checking bitflags v2.13.0
[INFO] [stderr]    Compiling zerocopy v0.8.50
[INFO] [stderr]     Checking base64ct v1.8.3
[INFO] [stderr]     Checking num-integer v0.1.46
[INFO] [stderr]     Checking twox-hash v2.1.2
[INFO] [stderr]     Checking base16ct v0.2.0
[INFO] [stderr]    Compiling rustc_version v0.4.1
[INFO] [stderr]     Checking arrayvec v0.7.6
[INFO] [stderr]     Checking lz4_flex v0.13.1
[INFO] [stderr]    Compiling radium v0.7.0
[INFO] [stderr]     Checking tap v1.0.1
[INFO] [stderr]     Checking wyz v0.5.1
[INFO] [stderr]     Checking pem-rfc7468 v0.7.0
[INFO] [stderr]     Checking keccak v0.1.6
[INFO] [stderr]     Checking constant_time_eq v0.4.2
[INFO] [stderr]    Compiling syn v2.0.117
[INFO] [stderr]     Checking funty v2.0.0
[INFO] [stderr]    Compiling curve25519-dalek v4.1.3
[INFO] [stderr]     Checking murmur3 v0.5.2
[INFO] [stderr]     Checking rustc-hash v2.1.2
[INFO] [stderr]    Compiling either v1.16.0
[INFO] [stderr]    Compiling zstd-safe v7.2.4
[INFO] [stderr]     Checking blake2b_simd v1.0.4
[INFO] [stderr]    Compiling regex-syntax v0.8.10
[INFO] [stderr]    Compiling clang-sys v1.8.1
[INFO] [stderr]    Compiling bindgen v0.72.1
[INFO] [stderr]    Compiling unicode-segmentation v1.13.3
[INFO] [stderr]    Compiling itertools v0.12.1
[INFO] [stderr]    Compiling unicode-xid v0.2.6
[INFO] [stderr]     Checking xxhash-rust v0.8.15
[INFO] [stderr]     Checking futures-core v0.3.32
[INFO] [stderr]    Compiling atipicial-storage v0.14.0 (/opt/rustwide/workdir/atipicial-storage)
[INFO] [stderr]     Checking futures-io v0.3.32
[INFO] [stderr]     Checking futures-task v0.3.32
[INFO] [stderr]     Checking futures-channel v0.3.32
[INFO] [stderr]    Compiling rustix v1.1.4
[INFO] [stderr]     Checking bitvec v1.0.1
[INFO] [stderr]    Compiling anyhow v1.0.103
[INFO] [stderr]     Checking lru v0.16.4
[INFO] [stderr]     Checking tinyvec v1.11.0
[INFO] [stderr]     Checking aho-corasick v1.1.4
[INFO] [stderr]     Checking hex-conservative v0.2.2
[INFO] [stderr]    Compiling atipicial-static-files v0.14.0 (/opt/rustwide/workdir/atipicial-static-files)
[INFO] [stderr]     Checking parking_lot_core v0.9.12
[INFO] [stderr]     Checking getrandom v0.2.17
[INFO] [stderr]     Checking rand_core v0.6.4
[INFO] [stderr]     Checking num_cpus v1.17.0
[INFO] [stderr]     Checking parking_lot v0.12.5
[INFO] [stderr]     Checking threadpool v1.8.1
[INFO] [stderr]     Checking errno v0.3.14
[INFO] [stderr]     Checking signal-hook-registry v1.4.8
[INFO] [stderr]     Checking mio v1.2.1
[INFO] [stderr]     Checking socket2 v0.6.4
[INFO] [stderr]     Checking getrandom v0.3.4
[INFO] [stderr]     Checking ff v0.13.1
[INFO] [stderr]    Compiling nom v7.1.3
[INFO] [stderr]    Compiling convert_case v0.10.0
[INFO] [stderr]     Checking group v0.13.0
[INFO] [stderr]     Checking password-hash v0.5.0
[INFO] [stderr]     Checking unicode-normalization v0.1.25
[INFO] [stderr]     Checking bitcoin_hashes v0.14.0
[INFO] [stderr]     Checking crossbeam-epoch v0.9.20
[INFO] [stderr]     Checking http v1.4.2
[INFO] [stderr]     Checking utf8parse v0.2.2
[INFO] [stderr]     Checking is_terminal_polyfill v1.70.2
[INFO] [stderr]     Checking anstyle-parse v0.2.7
[INFO] [stderr]     Checking anstyle v1.0.14
[INFO] [stderr]     Checking crossbeam-deque v0.8.6
[INFO] [stderr]     Checking anstyle-query v1.1.5
[INFO] [stderr]     Checking colorchoice v1.0.5
[INFO] [stderr]     Checking clap_lex v0.7.7
[INFO] [stderr]     Checking strsim v0.11.1
[INFO] [stderr]    Compiling jobserver v0.1.34
[INFO] [stderr]     Checking rayon-core v1.13.0
[INFO] [stderr]     Checking anstream v0.6.21
[INFO] [stderr]    Compiling vcpkg v0.2.15
[INFO] [stderr]    Compiling regex-automata v0.4.14
[INFO] [stderr]    Compiling cc v1.2.63
[INFO] [stderr]     Checking clap_builder v4.5.53
[INFO] [stderr]     Checking http-body v1.0.1
[INFO] [stderr]     Checking rayon v1.10.0
[INFO] [stderr]    Compiling linux-raw-sys v0.12.1
[INFO] [stderr]     Checking http-body-util v0.1.3
[INFO] [stderr]    Compiling fixedbitset v0.4.2
[INFO] [stderr]    Compiling fastrand v2.4.1
[INFO] [stderr]    Compiling openssl v0.10.80
[INFO] [stderr]     Checking simd-adler32 v0.3.9
[INFO] [stderr]    Compiling multimap v0.10.1
[INFO] [stderr]     Checking foreign-types-shared v0.1.1
[INFO] [stderr]    Compiling protoc-bin-vendored-macos-aarch_64 v3.2.0
[INFO] [stderr]     Checking foreign-types v0.3.2
[INFO] [stderr]    Compiling protoc-bin-vendored-linux-ppcle_64 v3.2.0
[INFO] [stderr]    Compiling protoc-bin-vendored-linux-x86_64 v3.2.0
[INFO] [stderr]    Compiling indexmap v2.8.0
[INFO] [stderr]     Checking miniz_oxide v0.8.9
[INFO] [stderr]    Compiling protoc-bin-vendored-linux-aarch_64 v3.2.0
[INFO] [stderr]    Compiling native-tls v0.2.18
[INFO] [stderr]    Compiling protoc-bin-vendored-win32 v3.2.0
[INFO] [stderr]    Compiling protoc-bin-vendored-linux-x86_32 v3.2.0
[INFO] [stderr]    Compiling protoc-bin-vendored-macos-x86_64 v3.2.0
[INFO] [stderr]    Compiling protoc-bin-vendored-linux-s390_64 v3.2.0
[INFO] [stderr]     Checking compression-core v0.4.32
[INFO] [stderr]     Checking sync_wrapper v1.0.2
[INFO] [stderr]    Compiling portable-atomic v1.13.1
[INFO] [stderr]    Compiling protoc-bin-vendored v3.2.0
[INFO] [stderr]    Compiling protobuf v3.7.2
[INFO] [stderr]     Checking route-recognizer v0.3.1
[INFO] [stderr]    Compiling prometheus v0.14.0
[INFO] [stderr]     Checking hashbrown v0.14.5
[INFO] [stderr]     Checking spinning_top v0.3.0
[INFO] [stderr]     Checking futures-timer v3.0.4
[INFO] [stderr]     Checking nonzero_ext v0.3.0
[INFO] [stderr]     Checking web-time v1.1.0
[INFO] [stderr]     Checking flate2 v1.1.9
[INFO] [stderr]    Compiling cexpr v0.6.0
[INFO] [stderr]     Checking rand_core v0.9.5
[INFO] [stderr]     Checking compression-codecs v0.4.38
[INFO] [stderr]     Checking ciborium-io v0.2.2
[INFO] [stderr]     Checking plotters-backend v0.3.7
[INFO] [stderr]     Checking itertools v0.10.5
[INFO] [stderr]     Checking cast v0.3.0
[INFO] [stderr]     Checking dashmap v6.2.1
[INFO] [stderr]     Checking plotters-svg v0.3.7
[INFO] [stderr]     Checking toml_write v0.1.2
[INFO] [stderr]     Checking plotters v0.3.7
[INFO] [stderr]     Checking is-terminal v0.4.17
[INFO] [stderr]     Checking oorandom v11.1.5
[INFO] [stderr]    Compiling petgraph v0.6.5
[INFO] [stderr]     Checking anes v0.1.6
[INFO] [stderr]     Checking http v0.2.12
[INFO] [stderr]    Compiling secp256k1-sys v0.9.2
[INFO] [stderr]    Compiling blst v0.3.16
[INFO] [stderr]    Compiling zstd-sys v2.0.16+zstd.1.5.7
[INFO] [stderr]    Compiling regex v1.12.3
[INFO] [stderr]    Compiling openssl-sys v0.9.116
[INFO] [stderr]    Compiling libmimalloc-sys v0.1.49
[INFO] [stderr]    Compiling lz4-sys v1.11.1+lz4-1.10.0
[INFO] [stderr]     Checking tracing-log v0.2.0
[INFO] [stderr]     Checking thread_local v1.1.9
[INFO] [stderr]    Compiling tempfile v3.23.0
[INFO] [stderr]     Checking time v0.3.47
[INFO] [stderr]     Checking http-body v0.4.6
[INFO] [stderr]     Checking socket2 v0.5.10
[INFO] [stderr]     Checking criterion-plot v0.5.0
[INFO] [stderr]    Compiling synstructure v0.13.2
[INFO] [stderr]    Compiling prettyplease v0.2.37
[INFO] [stderr]     Checking symlink v0.1.0
[INFO] [stderr]    Compiling snap v1.1.2
[INFO] [stderr]     Checking sysinfo v0.29.11
[INFO] [stderr]     Checking memmap2 v0.9.11
[INFO] [stderr]     Checking fs2 v0.4.3
[INFO] [stderr]    Compiling atipicial-benches v0.14.0 (/opt/rustwide/workdir/benches-package)
[INFO] [stderr]     Checking wait-timeout v0.2.1
[INFO] [stderr]     Checking similar v2.7.0
[INFO] [stderr]     Checking bit-vec v0.8.0
[INFO] [stderr]     Checking quick-error v1.2.3
[INFO] [stderr]     Checking rand_xorshift v0.4.0
[INFO] [stderr]     Checking unarray v0.1.4
[INFO] [stderr]     Checking bit-set v0.8.0
[INFO] [stderr]     Checking matchers v0.2.0
[INFO] [stderr]    Compiling serde_derive v1.0.228
[INFO] [stderr]    Compiling zeroize_derive v1.4.3
[INFO] [stderr]    Compiling tracing-attributes v0.1.31
[INFO] [stderr]    Compiling zerocopy-derive v0.8.50
[INFO] [stderr]    Compiling thiserror-impl v2.0.18
[INFO] [stderr]    Compiling curve25519-dalek-derive v0.1.1
[INFO] [stderr]    Compiling tokio-macros v2.7.0
[INFO] [stderr]    Compiling derive_more-impl v2.1.1
[INFO] [stderr]    Compiling sealed v0.6.0
[INFO] [stderr]    Compiling futures-macro v0.3.32
[INFO] [stderr]     Checking secp256k1 v0.28.2
[INFO] [stderr]    Compiling zerofrom-derive v0.1.7
[INFO] [stderr]     Checking tokio v1.52.3
[INFO] [stderr]     Checking futures-util v0.3.32
[INFO] [stderr]    Compiling yoke-derive v0.8.2
[INFO] [stderr]     Checking tracing v0.1.44
[INFO] [stderr]    Compiling zerovec-derive v0.11.3
[INFO] [stderr]     Checking thiserror v2.0.18
[INFO] [stderr]    Compiling displaydoc v0.2.6
[INFO] [stderr]    Compiling clap_derive v4.5.49
[INFO] [stderr]    Compiling thiserror-impl v1.0.69
[INFO] [stderr]    Compiling prost-derive v0.12.6
[INFO] [stderr]    Compiling openssl-macros v0.1.1
[INFO] [stderr]     Checking zerofrom v0.1.8
[INFO] [stderr]     Checking yoke v0.8.3
[INFO] [stderr]    Compiling pin-project-internal v1.1.13
[INFO] [stderr]     Checking zerotrie v0.2.4
[INFO] [stderr]    Compiling async-trait v0.1.89
[INFO] [stderr]     Checking zerovec v0.11.6
[INFO] [stderr]     Checking thiserror v1.0.69
[INFO] [stderr]     Checking derive_more v2.1.1
[INFO] [stderr]     Checking protobuf-support v3.7.2
[INFO] [stderr]     Checking tinystr v0.8.3
[INFO] [stderr]     Checking potential_utf v0.1.5
[INFO] [stderr]     Checking icu_collections v2.2.0
[INFO] [stderr]     Checking icu_locale_core v2.2.0
[INFO] [stderr]     Checking pin-project v1.1.13
[INFO] [stderr]     Checking mimalloc v0.1.52
[INFO] [stderr]     Checking rusty-fork v0.3.1
[INFO] [stderr]     Checking serde v1.0.228
[INFO] [stderr]    Compiling prost v0.12.6
[INFO] [stderr]     Checking clap v4.5.53
[INFO] [stderr]     Checking zeroize v1.8.2
[INFO] [stderr]     Checking chrono v0.4.45
[INFO] [stderr]     Checking num-bigint v0.4.6
[INFO] [stderr]     Checking der v0.7.10
[INFO] [stderr]     Checking futures-executor v0.3.32
[INFO] [stderr]     Checking bip39 v2.2.2
[INFO] [stderr]     Checking futures v0.3.32
[INFO] [stderr]    Compiling mdbx-sys v12.13.2
[INFO] [stderr]     Checking icu_provider v2.2.0
[INFO] [stderr]    Compiling prost-types v0.12.6
[INFO] [stderr]     Checking zstd v0.13.3
[INFO] [stderr]     Checking icu_properties v2.2.0
[INFO] [stderr]     Checking crypto-common v0.1.7
[INFO] [stderr]     Checking block-buffer v0.10.4
[INFO] [stderr]     Checking crypto-bigint v0.5.5
[INFO] [stderr]     Checking inout v0.1.4
[INFO] [stderr]     Checking icu_normalizer v2.2.0
[INFO] [stderr]     Checking digest v0.10.7
[INFO] [stderr]     Checking cipher v0.4.4
[INFO] [stderr]     Checking serde_urlencoded v0.7.1
[INFO] [stderr]     Checking sha2 v0.10.9
[INFO] [stderr]     Checking ripemd v0.1.3
[INFO] [stderr]     Checking hmac v0.12.1
[INFO] [stderr]     Checking signature v2.2.0
[INFO] [stderr]     Checking rfc6979 v0.4.0
[INFO] [stderr]     Checking blake2 v0.10.6
[INFO] [stderr]     Checking spki v0.7.3
[INFO] [stderr]     Checking ed25519 v2.2.3
[INFO] [stderr]     Checking sha3 v0.10.9
[INFO] [stderr]     Checking tokio-util v0.7.18
[INFO] [stderr]     Checking pkcs8 v0.10.2
[INFO] [stderr]     Checking bs58 v0.5.1
[INFO] [stderr]     Checking pbkdf2 v0.12.2
[INFO] [stderr]     Checking salsa20 v0.10.2
[INFO] [stderr]     Checking aes v0.8.4
[INFO] [stderr]     Checking jsonrpsee-types v0.24.11
[INFO] [stderr]     Checking sec1 v0.7.3
[INFO] [stderr]     Checking sha1 v0.10.6
[INFO] [stderr]     Checking scrypt v0.11.0
[INFO] [stderr]     Checking async-compression v0.4.42
[INFO] [stderr]     Checking tokio-native-tls v0.3.1
[INFO] [stderr]     Checking tower v0.5.3
[INFO] [stderr]     Checking h2 v0.4.14
[INFO] [stderr]     Checking tokio-stream v0.1.18
[INFO] [stderr]    Compiling prost-build v0.12.6
[INFO] [stderr]     Checking tower v0.4.13
[INFO] [stderr]     Checking rustls-pki-types v1.14.1
[INFO] [stderr]     Checking idna_adapter v1.2.2
[INFO] [stderr]     Checking idna v1.1.0
[INFO] [stderr]     Checking uuid v1.18.1
[INFO] [stderr]     Checking elliptic-curve v0.13.8
[INFO] [stderr]     Checking governor v0.10.4
[INFO] [stderr]     Checking url v2.5.4
[INFO] [stderr]     Checking ppv-lite86 v0.2.21
[INFO] [stderr]     Checking bincode v1.3.3
[INFO] [stderr]     Checking ed25519-dalek v2.1.1
[INFO] [stderr]     Checking ecdsa v0.16.9
[INFO] [stderr]     Checking primeorder v0.13.6
[INFO] [stderr]     Checking half v2.7.1
[INFO] [stderr]     Checking atipicial-state-packs v0.14.0 (/opt/rustwide/workdir/atipicial-state-packs)
[INFO] [stderr]     Checking atipicial-primitives v0.14.0 (/opt/rustwide/workdir/atipicial-primitives)
[INFO] [stderr]     Checking serde_spanned v0.6.9
[INFO] [stderr]     Checking toml_datetime v0.6.11
[INFO] [stderr]     Checking tinytemplate v1.2.1
[INFO] [stderr]     Checking tracing-serde v0.2.0
[INFO] [stderr]     Checking toml_edit v0.22.27
[INFO] [stderr]     Checking ciborium-ll v0.2.2
[INFO] [stderr]    Compiling tonic-build v0.11.0
[INFO] [stderr]     Checking p256 v0.13.2
[INFO] [stderr]     Checking k256 v0.13.4
[INFO] [stdout] warning: unused import: `std::os::unix::fs::FileExt`
[INFO] [stdout]   --> atipicial-state-packs/src/engine/platform_io.rs:41:9
[INFO] [stdout]    |
[INFO] [stdout] 41 |     use std::os::unix::fs::FileExt;
[INFO] [stdout]    |         ^^^^^^^^^^^^^^^^^^^^^^^^^^
[INFO] [stdout]    |
[INFO] [stdout]    = note: `#[warn(unused_imports)]` (part of `#[warn(unused)]`) on by default
[INFO] [stdout] 
[INFO] [stdout] 
[INFO] [stderr]     Checking rand_chacha v0.3.1
[INFO] [stderr]     Checking rand_chacha v0.9.0
[INFO] [stderr]     Checking ciborium v0.2.2
[INFO] [stderr]     Checking tower-http v0.6.11
[INFO] [stderr]     Checking tracing-subscriber v0.3.23
[INFO] [stderr]     Checking hyper v0.14.32
[INFO] [stderr]     Checking rand v0.8.6
[INFO] [stderr]     Checking rand v0.9.4
[INFO] [stdout] error[E0308]: mismatched types
[INFO] [stdout]   --> atipicial-state-packs/src/engine/store/lifecycle/lease.rs:39:23
[INFO] [stdout]    |
[INFO] [stdout] 39 |         .custom_flags(O_CLOEXEC as u32)
[INFO] [stdout]    |          ------------ ^^^^^^^^^^^^^^^^ expected `i32`, found `u32`
[INFO] [stdout]    |          |
[INFO] [stdout]    |          arguments to this method are incorrect
[INFO] [stdout]    |
[INFO] [stdout] note: method defined here
[INFO] [stdout]   --> /rustc/3154cc1a3e6424e44f438a95007d043ed5ceaaf6/library/std/src/os/unix/fs.rs:543:7
[INFO] [stdout] help: you can convert a `u32` to an `i32` and panic if the converted value doesn't fit
[INFO] [stdout]    |
[INFO] [stdout] 39 |         .custom_flags((O_CLOEXEC as u32).try_into().unwrap())
[INFO] [stdout]    |                       +                +++++++++++++++++++++
[INFO] [stdout] 
[INFO] [stdout] 
[INFO] [stdout] error[E0308]: mismatched types
[INFO] [stdout]   --> atipicial-state-packs/src/engine/store/lifecycle/lease.rs:47:31
[INFO] [stdout]    |
[INFO] [stdout] 47 |                 .custom_flags(O_CLOEXEC as u32)
[INFO] [stdout]    |                  ------------ ^^^^^^^^^^^^^^^^ expected `i32`, found `u32`
[INFO] [stdout]    |                  |
[INFO] [stdout]    |                  arguments to this method are incorrect
[INFO] [stdout]    |
[INFO] [stdout] note: method defined here
[INFO] [stdout]   --> /rustc/3154cc1a3e6424e44f438a95007d043ed5ceaaf6/library/std/src/os/unix/fs.rs:543:7
[INFO] [stdout] help: you can convert a `u32` to an `i32` and panic if the converted value doesn't fit
[INFO] [stdout]    |
[INFO] [stdout] 47 |                 .custom_flags((O_CLOEXEC as u32).try_into().unwrap())
[INFO] [stdout]    |                               +                +++++++++++++++++++++
[INFO] [stdout] 
[INFO] [stdout] 
[INFO] [stderr]     Checking ahash v0.8.12
[INFO] [stderr]     Checking atipicial-io v0.14.0 (/opt/rustwide/workdir/atipicial-io)
[INFO] [stderr]     Checking criterion v0.5.1
[INFO] [stderr]     Checking assert-json-diff v2.0.2
[INFO] [stderr]     Checking atipicial-error v0.14.0 (/opt/rustwide/workdir/atipicial-error)
[INFO] [stdout] error[E0308]: mismatched types
[INFO] [stdout]   --> atipicial-state-packs/src/engine/store/format/segment.rs:64:23
[INFO] [stdout]    |
[INFO] [stdout] 64 |         .custom_flags(O_CLOEXEC as u32)
[INFO] [stdout]    |          ------------ ^^^^^^^^^^^^^^^^ expected `i32`, found `u32`
[INFO] [stdout]    |          |
[INFO] [stdout]    |          arguments to this method are incorrect
[INFO] [stdout]    |
[INFO] [stdout] note: method defined here
[INFO] [stdout]   --> /rustc/3154cc1a3e6424e44f438a95007d043ed5ceaaf6/library/std/src/os/unix/fs.rs:543:7
[INFO] [stdout] help: you can convert a `u32` to an `i32` and panic if the converted value doesn't fit
[INFO] [stdout]    |
[INFO] [stdout] 64 |         .custom_flags((O_CLOEXEC as u32).try_into().unwrap())
[INFO] [stdout]    |                       +                +++++++++++++++++++++
[INFO] [stdout] 
[INFO] [stdout] 
[INFO] [stderr]     Checking atipicial-checkpoint v0.14.0 (/opt/rustwide/workdir/atipicial-checkpoint)
[INFO] [stdout] error[E0308]: mismatched types
[INFO] [stdout]   --> atipicial-state-packs/src/engine/store/format/segment.rs:96:23
[INFO] [stdout]    |
[INFO] [stdout] 96 |         .custom_flags(O_CLOEXEC as u32)
[INFO] [stdout]    |          ------------ ^^^^^^^^^^^^^^^^ expected `i32`, found `u32`
[INFO] [stdout]    |          |
[INFO] [stdout]    |          arguments to this method are incorrect
[INFO] [stdout]    |
[INFO] [stdout] note: method defined here
[INFO] [stdout]   --> /rustc/3154cc1a3e6424e44f438a95007d043ed5ceaaf6/library/std/src/os/unix/fs.rs:543:7
[INFO] [stdout] help: you can convert a `u32` to an `i32` and panic if the converted value doesn't fit
[INFO] [stdout]    |
[INFO] [stdout] 96 |         .custom_flags((O_CLOEXEC as u32).try_into().unwrap())
[INFO] [stdout]    |                       +                +++++++++++++++++++++
[INFO] [stdout] 
[INFO] [stdout] 
[INFO] [stdout] error[E0308]: mismatched types
[INFO] [stdout]    --> atipicial-state-packs/src/engine/store/format/segment.rs:108:23
[INFO] [stdout]     |
[INFO] [stdout] 108 |         .custom_flags(O_CLOEXEC as u32)
[INFO] [stdout]     |          ------------ ^^^^^^^^^^^^^^^^ expected `i32`, found `u32`
[INFO] [stdout]     |          |
[INFO] [stdout]     |          arguments to this method are incorrect
[INFO] [stdout]     |
[INFO] [stdout] note: method defined here
[INFO] [stdout]    --> /rustc/3154cc1a3e6424e44f438a95007d043ed5ceaaf6/library/std/src/os/unix/fs.rs:543:7
[INFO] [stdout] help: you can convert a `u32` to an `i32` and panic if the converted value doesn't fit
[INFO] [stdout]     |
[INFO] [stdout] 108 |         .custom_flags((O_CLOEXEC as u32).try_into().unwrap())
[INFO] [stdout]     |                       +                +++++++++++++++++++++
[INFO] [stdout] 
[INFO] [stdout] 
[INFO] [stderr]     Checking atipicial-crypto v0.14.0 (/opt/rustwide/workdir/atipicial-crypto)
[INFO] [stderr]     Checking jsonrpsee-core v0.24.11
[INFO] [stderr]     Checking soketto v0.8.1
[INFO] [stderr]     Checking proptest v1.7.0
[INFO] [stdout] warning: function cannot return without recursing
[INFO] [stdout]   --> atipicial-state-packs/src/engine/platform_io.rs:40:1
[INFO] [stdout]    |
[INFO] [stdout] 40 | pub(crate) fn read_at(file: &File, buf: &mut [u8], offset: u64) -> Result<usize> {
[INFO] [stdout]    | ^^^^^^^^^^^^^^^^^^^^^^^^^^^^^^^^^^^^^^^^^^^^^^^^^^^^^^^^^^^^^^^^^^^^^^^^^^^^^^^^ cannot return without recursing
[INFO] [stdout] 41 |     use std::os::unix::fs::FileExt;
[INFO] [stdout] 42 |     read_at(file, buf, offset)
[INFO] [stdout]    |     -------------------------- recursive call site
[INFO] [stdout]    |
[INFO] [stdout]    = help: a `loop` may express intention better if this is on purpose
[INFO] [stdout]    = note: `#[warn(unconditional_recursion)]` on by default
[INFO] [stdout] 
[INFO] [stdout] 
[INFO] [stderr]     Checking atipicial-vm v0.14.0 (/opt/rustwide/workdir/atipicial-vm)
[INFO] [stderr]     Checking atipicial-config v0.14.0 (/opt/rustwide/workdir/atipicial-config)
[INFO] [stderr]     Checking atipicial-trie v0.14.0 (/opt/rustwide/workdir/atipicial-trie)
[INFO] [stderr]    Compiling atipicial-oracle-service v0.14.0 (/opt/rustwide/workdir/atipicial-oracle-service)
[INFO] [stdout] warning: unused import: `std::os::unix::fs::FileExt`
[INFO] [stdout]   --> atipicial-state-packs/src/engine/platform_io.rs:41:9
[INFO] [stdout]    |
[INFO] [stdout] 41 |     use std::os::unix::fs::FileExt;
[INFO] [stdout]    |         ^^^^^^^^^^^^^^^^^^^^^^^^^^
[INFO] [stdout]    |
[INFO] [stdout]    = note: `#[warn(unused_imports)]` (part of `#[warn(unused)]`) on by default
[INFO] [stdout] 
[INFO] [stdout] 
[INFO] [stderr]     Checking tracing-appender v0.2.5
[INFO] [stdout] For more information about this error, try `rustc --explain E0308`.
[INFO] [stdout] 
[INFO] [stderr] error: could not compile `atipicial-state-packs` (lib) due to 5 previous errors; 2 warnings emitted
[INFO] [stderr] warning: build failed, waiting for other jobs to finish...
[INFO] [stdout] error[E0308]: mismatched types
[INFO] [stdout]   --> atipicial-state-packs/src/engine/store/lifecycle/lease.rs:39:23
[INFO] [stdout]    |
[INFO] [stdout] 39 |         .custom_flags(O_CLOEXEC as u32)
[INFO] [stdout]    |          ------------ ^^^^^^^^^^^^^^^^ expected `i32`, found `u32`
[INFO] [stdout]    |          |
[INFO] [stdout]    |          arguments to this method are incorrect
[INFO] [stdout]    |
[INFO] [stdout] note: method defined here
[INFO] [stdout]   --> /rustc/3154cc1a3e6424e44f438a95007d043ed5ceaaf6/library/std/src/os/unix/fs.rs:543:7
[INFO] [stdout] help: you can convert a `u32` to an `i32` and panic if the converted value doesn't fit
[INFO] [stdout]    |
[INFO] [stdout] 39 |         .custom_flags((O_CLOEXEC as u32).try_into().unwrap())
[INFO] [stdout]    |                       +                +++++++++++++++++++++
[INFO] [stdout] 
[INFO] [stdout] 
[INFO] [stdout] error[E0308]: mismatched types
[INFO] [stdout]   --> atipicial-state-packs/src/engine/store/lifecycle/lease.rs:47:31
[INFO] [stdout]    |
[INFO] [stdout] 47 |                 .custom_flags(O_CLOEXEC as u32)
[INFO] [stdout]    |                  ------------ ^^^^^^^^^^^^^^^^ expected `i32`, found `u32`
[INFO] [stdout]    |                  |
[INFO] [stdout]    |                  arguments to this method are incorrect
[INFO] [stdout]    |
[INFO] [stdout] note: method defined here
[INFO] [stdout]   --> /rustc/3154cc1a3e6424e44f438a95007d043ed5ceaaf6/library/std/src/os/unix/fs.rs:543:7
[INFO] [stdout] help: you can convert a `u32` to an `i32` and panic if the converted value doesn't fit
[INFO] [stdout]    |
[INFO] [stdout] 47 |                 .custom_flags((O_CLOEXEC as u32).try_into().unwrap())
[INFO] [stdout]    |                               +                +++++++++++++++++++++
[INFO] [stdout] 
[INFO] [stdout] 
[INFO] [stdout] error[E0308]: mismatched types
[INFO] [stdout]   --> atipicial-state-packs/src/engine/store/format/segment.rs:64:23
[INFO] [stdout]    |
[INFO] [stdout] 64 |         .custom_flags(O_CLOEXEC as u32)
[INFO] [stdout]    |          ------------ ^^^^^^^^^^^^^^^^ expected `i32`, found `u32`
[INFO] [stdout]    |          |
[INFO] [stdout]    |          arguments to this method are incorrect
[INFO] [stdout]    |
[INFO] [stdout] note: method defined here
[INFO] [stdout]   --> /rustc/3154cc1a3e6424e44f438a95007d043ed5ceaaf6/library/std/src/os/unix/fs.rs:543:7
[INFO] [stdout] help: you can convert a `u32` to an `i32` and panic if the converted value doesn't fit
[INFO] [stdout]    |
[INFO] [stdout] 64 |         .custom_flags((O_CLOEXEC as u32).try_into().unwrap())
[INFO] [stdout]    |                       +                +++++++++++++++++++++
[INFO] [stdout] 
[INFO] [stdout] 
[INFO] [stdout] error[E0308]: mismatched types
[INFO] [stdout]   --> atipicial-state-packs/src/engine/store/format/segment.rs:96:23
[INFO] [stdout]    |
[INFO] [stdout] 96 |         .custom_flags(O_CLOEXEC as u32)
[INFO] [stdout]    |          ------------ ^^^^^^^^^^^^^^^^ expected `i32`, found `u32`
[INFO] [stdout]    |          |
[INFO] [stdout]    |          arguments to this method are incorrect
[INFO] [stdout]    |
[INFO] [stdout] note: method defined here
[INFO] [stdout]   --> /rustc/3154cc1a3e6424e44f438a95007d043ed5ceaaf6/library/std/src/os/unix/fs.rs:543:7
[INFO] [stdout] help: you can convert a `u32` to an `i32` and panic if the converted value doesn't fit
[INFO] [stdout]    |
[INFO] [stdout] 96 |         .custom_flags((O_CLOEXEC as u32).try_into().unwrap())
[INFO] [stdout]    |                       +                +++++++++++++++++++++
[INFO] [stdout] 
[INFO] [stdout] 
[INFO] [stdout] error[E0308]: mismatched types
[INFO] [stdout]    --> atipicial-state-packs/src/engine/store/format/segment.rs:108:23
[INFO] [stdout]     |
[INFO] [stdout] 108 |         .custom_flags(O_CLOEXEC as u32)
[INFO] [stdout]     |          ------------ ^^^^^^^^^^^^^^^^ expected `i32`, found `u32`
[INFO] [stdout]     |          |
[INFO] [stdout]     |          arguments to this method are incorrect
[INFO] [stdout]     |
[INFO] [stdout] note: method defined here
[INFO] [stdout]    --> /rustc/3154cc1a3e6424e44f438a95007d043ed5ceaaf6/library/std/src/os/unix/fs.rs:543:7
[INFO] [stdout] help: you can convert a `u32` to an `i32` and panic if the converted value doesn't fit
[INFO] [stdout]     |
[INFO] [stdout] 108 |         .custom_flags((O_CLOEXEC as u32).try_into().unwrap())
[INFO] [stdout]     |                       +                +++++++++++++++++++++
[INFO] [stdout] 
[INFO] [stdout] 
[INFO] [stdout] warning: function cannot return without recursing
[INFO] [stdout]   --> atipicial-state-packs/src/engine/platform_io.rs:40:1
[INFO] [stdout]    |
[INFO] [stdout] 40 | pub(crate) fn read_at(file: &File, buf: &mut [u8], offset: u64) -> Result<usize> {
[INFO] [stdout]    | ^^^^^^^^^^^^^^^^^^^^^^^^^^^^^^^^^^^^^^^^^^^^^^^^^^^^^^^^^^^^^^^^^^^^^^^^^^^^^^^^ cannot return without recursing
[INFO] [stdout] 41 |     use std::os::unix::fs::FileExt;
[INFO] [stdout] 42 |     read_at(file, buf, offset)
[INFO] [stdout]    |     -------------------------- recursive call site
[INFO] [stdout]    |
[INFO] [stdout]    = help: a `loop` may express intention better if this is on purpose
[INFO] [stdout]    = note: `#[warn(unconditional_recursion)]` on by default
[INFO] [stdout] 
[INFO] [stdout] 
[INFO] [stdout] For more information about this error, try `rustc --explain E0308`.
[INFO] [stdout] 
[INFO] [stderr] error: could not compile `atipicial-state-packs` (lib test) due to 5 previous errors; 2 warnings emitted
[INFO] running `Command { std: "docker" "inspect" "77c36db272f046c808b956061c6e341087f8ec0208a8af99980417fcb335be4f", kill_on_drop: false }`
[INFO] running `Command { std: "docker" "rm" "-f" "77c36db272f046c808b956061c6e341087f8ec0208a8af99980417fcb335be4f", kill_on_drop: false }`
[INFO] [stdout] 77c36db272f046c808b956061c6e341087f8ec0208a8af99980417fcb335be4f
