[INFO] cloning repository https://github.com/athxrvx/Basalt
[INFO] running `Command { std: "git" "-c" "credential.helper=" "-c" "credential.helper=/workspace/cargo-home/bin/git-credential-null" "clone" "--bare" "https://github.com/athxrvx/Basalt" "/workspace/cache/git-repos/https%3A%2F%2Fgithub.com%2Fathxrvx%2FBasalt", kill_on_drop: false }`
[INFO] [stderr] Cloning into bare repository '/workspace/cache/git-repos/https%3A%2F%2Fgithub.com%2Fathxrvx%2FBasalt'...
[INFO] running `Command { std: "git" "rev-parse" "HEAD", kill_on_drop: false }`
[INFO] [stdout] a8b8eb530d035eb1c8a597af51e868931092536f
[INFO] checking athxrvx/Basalt against 3154cc1a3e6424e44f438a95007d043ed5ceaaf6 for pr-133502-30
[INFO] running `Command { std: "git" "clone" "/workspace/cache/git-repos/https%3A%2F%2Fgithub.com%2Fathxrvx%2FBasalt" "/workspace/builds/worker-2-tc2/source", kill_on_drop: false }`
[INFO] [stderr] Cloning into '/workspace/builds/worker-2-tc2/source'...
[INFO] [stderr] done.
[INFO] started tweaking git repo https://github.com/athxrvx/Basalt
[INFO] finished tweaking git repo https://github.com/athxrvx/Basalt
[INFO] tweaked toml for git repo https://github.com/athxrvx/Basalt written to /workspace/builds/worker-2-tc2/source/Cargo.toml
[INFO] validating manifest of git repo https://github.com/athxrvx/Basalt on toolchain 3154cc1a3e6424e44f438a95007d043ed5ceaaf6
[INFO] running `Command { std: CARGO_HOME="/workspace/cargo-home" RUSTUP_HOME="/workspace/rustup-home" "/workspace/cargo-home/bin/cargo" "+3154cc1a3e6424e44f438a95007d043ed5ceaaf6" "metadata" "--manifest-path" "Cargo.toml" "--no-deps", kill_on_drop: false }`
[INFO] crate git repo https://github.com/athxrvx/Basalt already has a lockfile, it will not be regenerated
[INFO] running `Command { std: CARGO_HOME="/workspace/cargo-home" RUSTUP_HOME="/workspace/rustup-home" "/workspace/cargo-home/bin/cargo" "+3154cc1a3e6424e44f438a95007d043ed5ceaaf6" "fetch" "--manifest-path" "Cargo.toml", kill_on_drop: false }`
[INFO] [stderr]     Blocking waiting for file lock on package cache
[INFO] [stderr]     Blocking waiting for file lock on package cache
[INFO] running `Command { std: "docker" "create" "-v" "/var/lib/crater-agent-workspace/builds/worker-2-tc2/source:/opt/rustwide/workdir:ro,Z" "-v" "/var/lib/crater-agent-workspace/builds/worker-2-tc2/target:/opt/rustwide/target:rw,Z" "-v" "/var/lib/crater-agent-workspace/cargo-home:/opt/rustwide/cargo-home:ro,Z" "-v" "/var/lib/crater-agent-workspace/rustup-home:/opt/rustwide/rustup-home:ro,Z" "-m" "1610612736" "--network" "none" "ghcr.io/rust-lang/crates-build-env/linux@sha256:77db811e55d90add9212f6832c23229e3de5f1c1f9905e8cb07319ea15df73ac" "sleep" "infinity", kill_on_drop: false }`
[INFO] [stdout] 29c9e92765620fc35116ff89e11964f04e1caaa910fa1da0f03a4c41bbd8e992
[INFO] running `Command { std: "docker" "start" "29c9e92765620fc35116ff89e11964f04e1caaa910fa1da0f03a4c41bbd8e992", kill_on_drop: false }`
[INFO] running `Command { std: "docker" "inspect" "29c9e92765620fc35116ff89e11964f04e1caaa910fa1da0f03a4c41bbd8e992", kill_on_drop: false }`
[INFO] running `Command { std: "docker" "exec" "-e" "SOURCE_DIR=/opt/rustwide/workdir" "-e" "CARGO_HOME=/opt/rustwide/cargo-home" "-e" "RUSTUP_HOME=/opt/rustwide/rustup-home" "-e" "CARGO_TARGET_DIR=/opt/rustwide/target" "-w" "/opt/rustwide/workdir" "--user" "0:0" "29c9e92765620fc35116ff89e11964f04e1caaa910fa1da0f03a4c41bbd8e992" "/opt/rustwide/cargo-home/bin/cargo" "+3154cc1a3e6424e44f438a95007d043ed5ceaaf6" "metadata" "--no-deps" "--format-version=1", kill_on_drop: false }`
[INFO] running `Command { std: "docker" "inspect" "29c9e92765620fc35116ff89e11964f04e1caaa910fa1da0f03a4c41bbd8e992", kill_on_drop: false }`
[INFO] running `Command { std: "docker" "exec" "-e" "SOURCE_DIR=/opt/rustwide/workdir" "-e" "CARGO_HOME=/opt/rustwide/cargo-home" "-e" "RUSTUP_HOME=/opt/rustwide/rustup-home" "-e" "CARGO_TARGET_DIR=/opt/rustwide/target" "-e" "CARGO_INCREMENTAL=0" "-e" "RUST_BACKTRACE=full" "-e" "RUSTFLAGS=--cap-lints=forbid" "-e" "RUSTDOCFLAGS=--cap-lints=forbid" "-w" "/opt/rustwide/workdir" "--user" "0:0" "29c9e92765620fc35116ff89e11964f04e1caaa910fa1da0f03a4c41bbd8e992" "/opt/rustwide/cargo-home/bin/cargo" "+3154cc1a3e6424e44f438a95007d043ed5ceaaf6" "check" "--frozen" "--all" "--all-targets" "--message-format=json", kill_on_drop: false }`
[INFO] [stderr]     Checking smallvec v1.15.2
[INFO] [stderr]    Compiling libc v0.2.186
[INFO] [stderr]    Compiling futures-core v0.3.32
[INFO] [stderr]    Compiling pin-project-lite v0.2.17
[INFO] [stderr]    Compiling num-traits v0.2.19
[INFO] [stderr]    Compiling syn v2.0.118
[INFO] [stderr]    Compiling generic-array v0.14.7
[INFO] [stderr]    Compiling cc v1.2.65
[INFO] [stderr]    Compiling futures-sink v0.3.32
[INFO] [stderr]    Compiling memchr v2.8.2
[INFO] [stderr]    Compiling form_urlencoded v1.2.2
[INFO] [stderr]    Compiling futures-task v0.3.32
[INFO] [stderr]    Compiling foldhash v0.1.5
[INFO] [stderr]    Compiling bytes v1.12.0
[INFO] [stderr]    Compiling futures-io v0.3.32
[INFO] [stderr]    Compiling slab v0.4.12
[INFO] [stderr]    Compiling tracing-core v0.1.36
[INFO] [stderr]    Compiling concurrent-queue v2.5.0
[INFO] [stderr]     Checking parking_lot_core v0.9.12
[INFO] [stderr]    Compiling hashbrown v0.15.5
[INFO] [stderr]    Compiling parking v2.2.1
[INFO] [stderr]    Compiling crc-catalog v2.5.0
[INFO] [stderr]     Checking crypto-common v0.1.7
[INFO] [stderr]    Compiling spin v0.9.8
[INFO] [stderr]     Checking mio v1.2.1
[INFO] [stderr]    Compiling crc v3.4.0
[INFO] [stderr]     Checking socket2 v0.6.4
[INFO] [stderr]    Compiling event-listener v5.4.1
[INFO] [stderr]    Compiling futures-util v0.3.32
[INFO] [stderr]     Checking parking_lot v0.12.5
[INFO] [stderr]    Compiling serde_json v1.0.150
[INFO] [stderr]    Compiling base64 v0.22.1
[INFO] [stderr]    Compiling block-buffer v0.10.4
[INFO] [stderr]    Compiling flume v0.11.1
[INFO] [stderr]     Checking digest v0.10.7
[INFO] [stderr]    Compiling futures-channel v0.3.32
[INFO] [stderr]    Compiling atoi v2.0.0
[INFO] [stderr]     Checking sha2 v0.10.9
[INFO] [stderr]     Checking futures-intrusive v0.5.0
[INFO] [stderr]    Compiling hashlink v0.10.0
[INFO] [stderr]    Compiling portable-atomic v1.13.1
[INFO] [stderr]     Checking console v0.15.11
[INFO] [stderr]    Compiling tokio v1.52.3
[INFO] [stderr]     Checking dirs-sys v0.4.1
[INFO] [stderr]     Checking bitflags v2.13.0
[INFO] [stderr]     Checking dirs v5.0.1
[INFO] [stderr]     Checking getrandom v0.4.3
[INFO] [stderr]     Checking basalt-registry v0.1.0 (/opt/rustwide/workdir/basalt-registry)
[INFO] [stderr]     Checking rustix v1.1.4
[INFO] [stderr]    Compiling libsqlite3-sys v0.30.1
[INFO] [stderr]     Checking fastrand v2.4.1
[INFO] [stderr]     Checking winnow v0.7.15
[INFO] [stderr]     Checking fuzzy-matcher v0.3.7
[INFO] [stderr]     Checking basalt-shell v0.1.0 (/opt/rustwide/workdir/basalt-shell)
[INFO] [stderr]     Checking clap_builder v4.6.0
[INFO] [stderr]     Checking indicatif v0.17.11
[INFO] [stderr]     Checking basalt-runtime v0.1.0 (/opt/rustwide/workdir/basalt-runtime)
[INFO] [stdout] error[E0423]: cannot find function `anyhow` in this scope
[INFO] [stdout]    --> basalt-runtime/src/lib.rs:340:28
[INFO] [stdout]     |
[INFO] [stdout] 340 |             .ok_or_else(|| anyhow("Unknown or unsupported distro: {}", distro))?;
[INFO] [stdout]     |                            ^^^^^^ not found in this scope
[INFO] [stdout]     |
[INFO] [stdout]     = note: a crate named `anyhow` exists in another namespace
[INFO] [stdout] 
[INFO] [stdout] 
[INFO] [stdout] error[E0423]: cannot find function `anyhow` in this scope
[INFO] [stdout]    --> basalt-runtime/src/lib.rs:417:24
[INFO] [stdout]     |
[INFO] [stdout] 417 |             return Err(anyhow(
[INFO] [stdout]     |                        ^^^^^^ not found in this scope
[INFO] [stdout]     |
[INFO] [stdout]     = note: a crate named `anyhow` exists in another namespace
[INFO] [stdout] 
[INFO] [stdout] 
[INFO] [stdout] error[E0423]: cannot find function `anyhow` in this scope
[INFO] [stdout]    --> basalt-runtime/src/lib.rs:340:28
[INFO] [stdout]     |
[INFO] [stdout] 340 |             .ok_or_else(|| anyhow("Unknown or unsupported distro: {}", distro))?;
[INFO] [stdout]     |                            ^^^^^^ not found in this scope
[INFO] [stdout]     |
[INFO] [stdout]     = note: a crate named `anyhow` exists in another namespace
[INFO] [stdout] 
[INFO] [stdout] 
[INFO] [stdout] error[E0423]: cannot find function `anyhow` in this scope
[INFO] [stdout]    --> basalt-runtime/src/lib.rs:417:24
[INFO] [stdout]     |
[INFO] [stdout] 417 |             return Err(anyhow(
[INFO] [stdout]     |                        ^^^^^^ not found in this scope
[INFO] [stdout]     |
[INFO] [stdout]     = note: a crate named `anyhow` exists in another namespace
[INFO] [stdout] 
[INFO] [stdout] 
[INFO] [stdout] For more information about this error, try `rustc --explain E0423`.
[INFO] [stdout] 
[INFO] [stdout] For more information about this error, try `rustc --explain E0423`.
[INFO] [stdout] 
[INFO] [stderr] error: could not compile `basalt-runtime` (lib) due to 2 previous errors
[INFO] [stderr] warning: build failed, waiting for other jobs to finish...
[INFO] [stderr] error: could not compile `basalt-runtime` (lib test) due to 2 previous errors
[INFO] [stderr] warning: unused dependency `anyhow`
[INFO] [stderr]  --> basalt-registry/Cargo.toml:7:1
[INFO] [stderr]   |
[INFO] [stderr] 7 | anyhow = "1.0"
[INFO] [stderr]   | ^^^^^^^^^^^^^^
[INFO] [stderr]   |
[INFO] [stderr]   = note: `cargo::unused_dependencies` is set to `warn` by default
[INFO] [stderr] help: consider removing the dependency on `anyhow`
[INFO] [stderr] warning: `basalt-registry` (manifest) generated 1 warning
[INFO] running `Command { std: "docker" "inspect" "29c9e92765620fc35116ff89e11964f04e1caaa910fa1da0f03a4c41bbd8e992", kill_on_drop: false }`
[INFO] running `Command { std: "docker" "rm" "-f" "29c9e92765620fc35116ff89e11964f04e1caaa910fa1da0f03a4c41bbd8e992", kill_on_drop: false }`
[INFO] [stdout] 29c9e92765620fc35116ff89e11964f04e1caaa910fa1da0f03a4c41bbd8e992
