[INFO] cloning repository https://github.com/astewartau/QSM.rs
[INFO] running `Command { std: "git" "-c" "credential.helper=" "-c" "credential.helper=/workspace/cargo-home/bin/git-credential-null" "clone" "--bare" "https://github.com/astewartau/QSM.rs" "/workspace/cache/git-repos/https%3A%2F%2Fgithub.com%2Fastewartau%2FQSM.rs", kill_on_drop: false }`
[INFO] [stderr] Cloning into bare repository '/workspace/cache/git-repos/https%3A%2F%2Fgithub.com%2Fastewartau%2FQSM.rs'...
[INFO] running `Command { std: "git" "rev-parse" "HEAD", kill_on_drop: false }`
[INFO] [stdout] e17a257751cdd1ddc3f745109ba880edd57e87ce
[INFO] checking astewartau/QSM.rs against 3154cc1a3e6424e44f438a95007d043ed5ceaaf6+rustflags=-Znext-solver=coherence for pr-133502-30
[INFO] running `Command { std: "git" "clone" "/workspace/cache/git-repos/https%3A%2F%2Fgithub.com%2Fastewartau%2FQSM.rs" "/workspace/builds/worker-2-tc1/source", kill_on_drop: false }`
[INFO] [stderr] Cloning into '/workspace/builds/worker-2-tc1/source'...
[INFO] [stderr] done.
[INFO] started tweaking git repo https://github.com/astewartau/QSM.rs
[INFO] removed 0 missing examples
[INFO] finished tweaking git repo https://github.com/astewartau/QSM.rs
[INFO] tweaked toml for git repo https://github.com/astewartau/QSM.rs written to /workspace/builds/worker-2-tc1/source/Cargo.toml
[INFO] validating manifest of git repo https://github.com/astewartau/QSM.rs on toolchain 3154cc1a3e6424e44f438a95007d043ed5ceaaf6
[INFO] running `Command { std: CARGO_HOME="/workspace/cargo-home" RUSTUP_HOME="/workspace/rustup-home" "/workspace/cargo-home/bin/cargo" "+3154cc1a3e6424e44f438a95007d043ed5ceaaf6" "metadata" "--manifest-path" "Cargo.toml" "--no-deps", kill_on_drop: false }`
[INFO] crate git repo https://github.com/astewartau/QSM.rs already has a lockfile, it will not be regenerated
[INFO] running `Command { std: CARGO_HOME="/workspace/cargo-home" RUSTUP_HOME="/workspace/rustup-home" "/workspace/cargo-home/bin/cargo" "+3154cc1a3e6424e44f438a95007d043ed5ceaaf6" "fetch" "--manifest-path" "Cargo.toml", kill_on_drop: false }`
[INFO] [stderr]     Updating crates.io index
[INFO] [stderr]  Downloading crates ...
[INFO] [stderr]   Downloaded unicode-ident v1.0.23
[INFO] [stderr]   Downloaded tract-extra v0.23.7
[INFO] [stderr]   Downloaded memo-map v0.3.4
[INFO] [stderr]   Downloaded dyn-hash v1.0.0
[INFO] [stderr]   Downloaded robust v0.2.3
[INFO] [stderr]   Downloaded dyn-eq v0.1.3
[INFO] [stderr]   Downloaded string-interner v0.20.0
[INFO] [stderr]   Downloaded bit-set v0.11.1
[INFO] [stderr]   Downloaded byteordered v0.6.0
[INFO] [stderr]   Downloaded bit-vec v0.10.1
[INFO] [stderr]   Downloaded tract-pulse-opl v0.23.7
[INFO] [stderr]   Downloaded zmij v1.0.20
[INFO] [stderr]   Downloaded rgb v0.8.52
[INFO] [stderr]   Downloaded tract-onnx-opl v0.23.7
[INFO] [stderr]   Downloaded tract-data v0.23.7
[INFO] [stderr]   Downloaded tract-hir v0.23.7
[INFO] [stderr]   Downloaded tract-transformers v0.23.7
[INFO] [stderr]   Downloaded tract-nnef v0.23.7
[INFO] [stderr]   Downloaded nifti v0.17.0
[INFO] [stderr]   Downloaded tract-pulse v0.23.7
[INFO] [stderr]   Downloaded delaunator v1.0.2
[INFO] [stderr]   Downloaded tract-onnx v0.23.7
[INFO] [stderr]   Downloaded minijinja v2.24.0
[INFO] [stderr]   Downloaded tract-core v0.23.7
[INFO] [stderr]   Downloaded tract-linalg v0.23.7
[INFO] running `Command { std: "docker" "create" "-v" "/var/lib/crater-agent-workspace/builds/worker-2-tc1/source:/opt/rustwide/workdir:ro,Z" "-v" "/var/lib/crater-agent-workspace/builds/worker-2-tc1/target:/opt/rustwide/target:rw,Z" "-v" "/var/lib/crater-agent-workspace/cargo-home:/opt/rustwide/cargo-home:ro,Z" "-v" "/var/lib/crater-agent-workspace/rustup-home:/opt/rustwide/rustup-home:ro,Z" "-m" "1610612736" "--network" "none" "ghcr.io/rust-lang/crates-build-env/linux@sha256:77db811e55d90add9212f6832c23229e3de5f1c1f9905e8cb07319ea15df73ac" "sleep" "infinity", kill_on_drop: false }`
[INFO] [stdout] 74255b9fe638befb4d785430101d3a5eda7355f2fe35e235e2bc401b3ea52e48
[INFO] running `Command { std: "docker" "start" "74255b9fe638befb4d785430101d3a5eda7355f2fe35e235e2bc401b3ea52e48", kill_on_drop: false }`
[INFO] running `Command { std: "docker" "inspect" "74255b9fe638befb4d785430101d3a5eda7355f2fe35e235e2bc401b3ea52e48", kill_on_drop: false }`
[INFO] running `Command { std: "docker" "exec" "-e" "SOURCE_DIR=/opt/rustwide/workdir" "-e" "CARGO_HOME=/opt/rustwide/cargo-home" "-e" "RUSTUP_HOME=/opt/rustwide/rustup-home" "-e" "CARGO_TARGET_DIR=/opt/rustwide/target" "-w" "/opt/rustwide/workdir" "--user" "0:0" "74255b9fe638befb4d785430101d3a5eda7355f2fe35e235e2bc401b3ea52e48" "/opt/rustwide/cargo-home/bin/cargo" "+3154cc1a3e6424e44f438a95007d043ed5ceaaf6" "metadata" "--no-deps" "--format-version=1", kill_on_drop: false }`
[INFO] running `Command { std: "docker" "inspect" "74255b9fe638befb4d785430101d3a5eda7355f2fe35e235e2bc401b3ea52e48", kill_on_drop: false }`
[INFO] running `Command { std: "docker" "exec" "-e" "SOURCE_DIR=/opt/rustwide/workdir" "-e" "CARGO_HOME=/opt/rustwide/cargo-home" "-e" "RUSTUP_HOME=/opt/rustwide/rustup-home" "-e" "CARGO_TARGET_DIR=/opt/rustwide/target" "-e" "CARGO_INCREMENTAL=0" "-e" "RUST_BACKTRACE=full" "-e" "RUSTFLAGS=--cap-lints=forbid -Znext-solver=coherence" "-e" "RUSTDOCFLAGS=--cap-lints=forbid" "-w" "/opt/rustwide/workdir" "--user" "0:0" "74255b9fe638befb4d785430101d3a5eda7355f2fe35e235e2bc401b3ea52e48" "/opt/rustwide/cargo-home/bin/cargo" "+3154cc1a3e6424e44f438a95007d043ed5ceaaf6" "check" "--frozen" "--all" "--all-targets" "--message-format=json", kill_on_drop: false }`
[INFO] [stderr]    Compiling num-traits v0.2.19
[INFO] [stderr]    Compiling quote v1.0.44
[INFO] [stderr]    Compiling unicode-ident v1.0.23
[INFO] [stderr]     Checking bytemuck v1.25.0
[INFO] [stderr]    Compiling matrixmultiply v0.3.10
[INFO] [stderr]     Checking rawpointer v0.2.1
[INFO] [stderr]     Checking strength_reduce v0.2.4
[INFO] [stderr]     Checking simd-adler32 v0.3.8
[INFO] [stderr]     Checking byteorder v1.5.0
[INFO] [stderr]    Compiling zmij v1.0.20
[INFO] [stderr]    Compiling serde_json v1.0.149
[INFO] [stderr]     Checking either v1.15.0
[INFO] [stderr]     Checking robust v0.2.3
[INFO] [stderr]     Checking itoa v1.0.17
[INFO] [stderr]     Checking delaunator v1.0.2
[INFO] [stderr]    Compiling proc-macro2 v1.0.106
[INFO] [stderr]     Checking miniz_oxide v0.8.9
[INFO] [stderr]     Checking rgb v0.8.52
[INFO] [stderr]     Checking byteordered v0.6.0
[INFO] [stderr]     Checking flate2 v1.1.9
[INFO] [stderr]     Checking num-integer v0.1.46
[INFO] [stderr]     Checking num-complex v0.4.6
[INFO] [stderr]     Checking approx v0.5.1
[INFO] [stderr]    Compiling syn v2.0.114
[INFO] [stderr]     Checking primal-check v0.3.4
[INFO] [stderr]     Checking transpose v0.2.3
[INFO] [stderr]     Checking ndarray v0.16.1
[INFO] [stderr]     Checking rustfft v6.4.1
[INFO] [stderr]    Compiling num-derive v0.4.2
[INFO] [stderr]    Compiling serde_derive v1.0.228
[INFO] [stderr]     Checking nifti v0.17.0
[INFO] [stderr]     Checking rustdct v0.7.1
[INFO] [stderr]     Checking serde v1.0.228
[INFO] [stderr]     Checking qsm-core v0.0.0 (/opt/rustwide/workdir)
[INFO] [stdout] error[E0433]: cannot find module or crate `tract_onnx` in this scope
[INFO] [stdout]   --> examples/tile_memory_footprint.rs:20:5
[INFO] [stdout]    |
[INFO] [stdout] 20 | use tract_onnx::prelude::*;
[INFO] [stdout]    |     ^^^^^^^^^^ use of unresolved module or unlinked crate `tract_onnx`
[INFO] [stdout]    |
[INFO] [stdout]    = help: if you wanted to use a crate named `tract_onnx`, use `cargo add tract_onnx` to add it to your `Cargo.toml`
[INFO] [stdout] 
[INFO] [stdout] 
[INFO] [stdout] error[E0433]: cannot find module or crate `tract_onnx` in this scope
[INFO] [stdout]   --> examples/tile_memory_footprint.rs:30:21
[INFO] [stdout]    |
[INFO] [stdout] 30 |     let mut model = tract_onnx::onnx()
[INFO] [stdout]    |                     ^^^^^^^^^^ use of unresolved module or unlinked crate `tract_onnx`
[INFO] [stdout]    |
[INFO] [stdout]    = help: if you wanted to use a crate named `tract_onnx`, use `cargo add tract_onnx` to add it to your `Cargo.toml`
[INFO] [stdout] 
[INFO] [stdout] 
[INFO] [stdout] error[E0599]: no associated function or constant named `fact` found for type `f32` in the current scope
[INFO] [stdout]   --> examples/tile_memory_footprint.rs:34:33
[INFO] [stdout]    |
[INFO] [stdout] 34 |         .set_input_fact(0, f32::fact([1, 1, p, p, p]).into())
[INFO] [stdout]    |                                 ^^^^ associated function or constant not found in `f32`
[INFO] [stdout]    |
[INFO] [stdout] help: there is a method `fract` with a similar name, but with different arguments
[INFO] [stdout]   --> /rustc/3154cc1a3e6424e44f438a95007d043ed5ceaaf6/library/std/src/num/f32.rs:185:4
[INFO] [stdout] 
[INFO] [stdout] 
[INFO] [stdout] Some errors have detailed explanations: E0433, E0599.
[INFO] [stdout] 
[INFO] [stdout] For more information about an error, try `rustc --explain E0433`.
[INFO] [stdout] 
[INFO] [stderr] error: could not compile `qsm-core` (example "tile_memory_footprint") due to 3 previous errors
[INFO] [stderr] warning: build failed, waiting for other jobs to finish...
[INFO] running `Command { std: "docker" "inspect" "74255b9fe638befb4d785430101d3a5eda7355f2fe35e235e2bc401b3ea52e48", kill_on_drop: false }`
[INFO] running `Command { std: "docker" "rm" "-f" "74255b9fe638befb4d785430101d3a5eda7355f2fe35e235e2bc401b3ea52e48", kill_on_drop: false }`
[INFO] [stdout] 74255b9fe638befb4d785430101d3a5eda7355f2fe35e235e2bc401b3ea52e48
