[INFO] cloning repository https://github.com/asnar00/probe
[INFO] running `Command { std: "git" "-c" "credential.helper=" "-c" "credential.helper=/workspace/cargo-home/bin/git-credential-null" "clone" "--bare" "https://github.com/asnar00/probe" "/workspace/cache/git-repos/https%3A%2F%2Fgithub.com%2Fasnar00%2Fprobe", kill_on_drop: false }`
[INFO] [stderr] Cloning into bare repository '/workspace/cache/git-repos/https%3A%2F%2Fgithub.com%2Fasnar00%2Fprobe'...
[INFO] running `Command { std: "git" "rev-parse" "HEAD", kill_on_drop: false }`
[INFO] [stdout] a0a7d92b724a641c4f8f612b1dac45cb40790584
[INFO] checking asnar00/probe against 3154cc1a3e6424e44f438a95007d043ed5ceaaf6 for pr-133502-30
[INFO] running `Command { std: "git" "clone" "/workspace/cache/git-repos/https%3A%2F%2Fgithub.com%2Fasnar00%2Fprobe" "/workspace/builds/worker-0-tc2/source", kill_on_drop: false }`
[INFO] [stderr] Cloning into '/workspace/builds/worker-0-tc2/source'...
[INFO] [stderr] done.
[INFO] started tweaking git repo https://github.com/asnar00/probe
[INFO] finished tweaking git repo https://github.com/asnar00/probe
[INFO] tweaked toml for git repo https://github.com/asnar00/probe written to /workspace/builds/worker-0-tc2/source/Cargo.toml
[INFO] validating manifest of git repo https://github.com/asnar00/probe on toolchain 3154cc1a3e6424e44f438a95007d043ed5ceaaf6
[INFO] running `Command { std: CARGO_HOME="/workspace/cargo-home" RUSTUP_HOME="/workspace/rustup-home" "/workspace/cargo-home/bin/cargo" "+3154cc1a3e6424e44f438a95007d043ed5ceaaf6" "metadata" "--manifest-path" "Cargo.toml" "--no-deps", kill_on_drop: false }`
[INFO] crate git repo https://github.com/asnar00/probe already has a lockfile, it will not be regenerated
[INFO] running `Command { std: CARGO_HOME="/workspace/cargo-home" RUSTUP_HOME="/workspace/rustup-home" "/workspace/cargo-home/bin/cargo" "+3154cc1a3e6424e44f438a95007d043ed5ceaaf6" "fetch" "--manifest-path" "Cargo.toml", kill_on_drop: false }`
[INFO] running `Command { std: "docker" "create" "-v" "/var/lib/crater-agent-workspace/builds/worker-0-tc2/source:/opt/rustwide/workdir:ro,Z" "-v" "/var/lib/crater-agent-workspace/builds/worker-0-tc2/target:/opt/rustwide/target:rw,Z" "-v" "/var/lib/crater-agent-workspace/cargo-home:/opt/rustwide/cargo-home:ro,Z" "-v" "/var/lib/crater-agent-workspace/rustup-home:/opt/rustwide/rustup-home:ro,Z" "-m" "1610612736" "--network" "none" "ghcr.io/rust-lang/crates-build-env/linux@sha256:77db811e55d90add9212f6832c23229e3de5f1c1f9905e8cb07319ea15df73ac" "sleep" "infinity", kill_on_drop: false }`
[INFO] [stdout] 2283a17631b5f5802a2a19dfe2f97ecf781ad0bf4c89a130619e317568694785
[INFO] running `Command { std: "docker" "start" "2283a17631b5f5802a2a19dfe2f97ecf781ad0bf4c89a130619e317568694785", kill_on_drop: false }`
[INFO] running `Command { std: "docker" "inspect" "2283a17631b5f5802a2a19dfe2f97ecf781ad0bf4c89a130619e317568694785", kill_on_drop: false }`
[INFO] running `Command { std: "docker" "exec" "-e" "SOURCE_DIR=/opt/rustwide/workdir" "-e" "CARGO_HOME=/opt/rustwide/cargo-home" "-e" "RUSTUP_HOME=/opt/rustwide/rustup-home" "-e" "CARGO_TARGET_DIR=/opt/rustwide/target" "-w" "/opt/rustwide/workdir" "--user" "0:0" "2283a17631b5f5802a2a19dfe2f97ecf781ad0bf4c89a130619e317568694785" "/opt/rustwide/cargo-home/bin/cargo" "+3154cc1a3e6424e44f438a95007d043ed5ceaaf6" "metadata" "--no-deps" "--format-version=1", kill_on_drop: false }`
[INFO] running `Command { std: "docker" "inspect" "2283a17631b5f5802a2a19dfe2f97ecf781ad0bf4c89a130619e317568694785", kill_on_drop: false }`
[INFO] running `Command { std: "docker" "exec" "-e" "SOURCE_DIR=/opt/rustwide/workdir" "-e" "CARGO_HOME=/opt/rustwide/cargo-home" "-e" "RUSTUP_HOME=/opt/rustwide/rustup-home" "-e" "CARGO_TARGET_DIR=/opt/rustwide/target" "-e" "CARGO_INCREMENTAL=0" "-e" "RUST_BACKTRACE=full" "-e" "RUSTFLAGS=--cap-lints=forbid" "-e" "RUSTDOCFLAGS=--cap-lints=forbid" "-w" "/opt/rustwide/workdir" "--user" "0:0" "2283a17631b5f5802a2a19dfe2f97ecf781ad0bf4c89a130619e317568694785" "/opt/rustwide/cargo-home/bin/cargo" "+3154cc1a3e6424e44f438a95007d043ed5ceaaf6" "check" "--frozen" "--all" "--all-targets" "--message-format=json", kill_on_drop: false }`
[INFO] [stderr]     Checking probe v0.1.0 (/opt/rustwide/workdir)
[INFO] [stdout] error[E0432]: unresolved import `crate::emit::jit`
[INFO] [stdout]     --> src/wide.rs:671:29
[INFO] [stdout]      |
[INFO] [stdout]  671 |     use crate::emit::{self, jit::JitCode};
[INFO] [stdout]      |                             ^^^ could not find `jit` in `emit`
[INFO] [stdout]      |
[INFO] [stdout] note: found an item that was configured out
[INFO] [stdout]     --> src/emit.rs:2109:9
[INFO] [stdout]      |
[INFO] [stdout] 2108 | #[cfg(target_os = "macos")]
[INFO] [stdout]      |       ------------------- the item is gated behind the `macos` feature
[INFO] [stdout] 2109 | pub mod jit {
[INFO] [stdout]      |         ^^^
[INFO] [stdout] 
[INFO] [stdout] 
[INFO] [stdout] error[E0433]: cannot find module or crate `jit` in this scope
[INFO] [stdout]     --> src/emit.rs:2274:9
[INFO] [stdout]      |
[INFO] [stdout] 2274 |         jit::JitCode::new(&compiled).expect("jit map")
[INFO] [stdout]      |         ^^^ function `jit` is not a crate or module
[INFO] [stdout] 
[INFO] [stdout] 
[INFO] [stdout] error[E0433]: cannot find module or crate `jit` in this scope
[INFO] [stdout]     --> src/emit.rs:3367:17
[INFO] [stdout]      |
[INFO] [stdout] 3367 |         let j = jit::JitCode::new(&compiled).expect("jit");
[INFO] [stdout]      |                 ^^^ function `jit` is not a crate or module
[INFO] [stdout] 
[INFO] [stdout] 
[INFO] [stdout] error[E0433]: cannot find `jit` in `emit`
[INFO] [stdout]     --> src/fuzz.rs:427:25
[INFO] [stdout]      |
[INFO] [stdout]  427 |         let jit = emit::jit::JitCode::new(&compiled)?;
[INFO] [stdout]      |                         ^^^ could not find `jit` in `emit`
[INFO] [stdout]      |
[INFO] [stdout] note: found an item that was configured out
[INFO] [stdout]     --> src/emit.rs:2109:9
[INFO] [stdout]      |
[INFO] [stdout] 2108 | #[cfg(target_os = "macos")]
[INFO] [stdout]      |       ------------------- the item is gated behind the `macos` feature
[INFO] [stdout] 2109 | pub mod jit {
[INFO] [stdout]      |         ^^^
[INFO] [stdout] 
[INFO] [stdout] 
[INFO] [stdout] error[E0433]: cannot find `jit` in `emit`
[INFO] [stdout]     --> src/testfloat.rs:118:26
[INFO] [stdout]      |
[INFO] [stdout]  118 |         let soft = emit::jit::JitCode::new(&emit::compile_with(&module, &enc, &platform::Platform::none())?)?;
[INFO] [stdout]      |                          ^^^ could not find `jit` in `emit`
[INFO] [stdout]      |
[INFO] [stdout] note: found an item that was configured out
[INFO] [stdout]     --> src/emit.rs:2109:9
[INFO] [stdout]      |
[INFO] [stdout] 2108 | #[cfg(target_os = "macos")]
[INFO] [stdout]      |       ------------------- the item is gated behind the `macos` feature
[INFO] [stdout] 2109 | pub mod jit {
[INFO] [stdout]      |         ^^^
[INFO] [stdout] 
[INFO] [stdout] 
[INFO] [stdout] error[E0433]: cannot find `jit` in `emit`
[INFO] [stdout]     --> src/testfloat.rs:119:26
[INFO] [stdout]      |
[INFO] [stdout]  119 |         let hard = emit::jit::JitCode::new(&emit::compile_with(&module, &enc, &platform::Platform::arm64())?)?;
[INFO] [stdout]      |                          ^^^ could not find `jit` in `emit`
[INFO] [stdout]      |
[INFO] [stdout] note: found an item that was configured out
[INFO] [stdout]     --> src/emit.rs:2109:9
[INFO] [stdout]      |
[INFO] [stdout] 2108 | #[cfg(target_os = "macos")]
[INFO] [stdout]      |       ------------------- the item is gated behind the `macos` feature
[INFO] [stdout] 2109 | pub mod jit {
[INFO] [stdout]      |         ^^^
[INFO] [stdout] 
[INFO] [stdout] 
[INFO] [stdout] error[E0433]: cannot find `jit` in `emit`
[INFO] [stdout]     --> src/suite.rs:423:67
[INFO] [stdout]      |
[INFO] [stdout]  423 |     let jit = match emit::compile(module, enc).and_then(|c| emit::jit::JitCode::new(&c)) {
[INFO] [stdout]      |                                                                   ^^^ could not find `jit` in `emit`
[INFO] [stdout]      |
[INFO] [stdout] note: found an item that was configured out
[INFO] [stdout]     --> src/emit.rs:2109:9
[INFO] [stdout]      |
[INFO] [stdout] 2108 | #[cfg(target_os = "macos")]
[INFO] [stdout]      |       ------------------- the item is gated behind the `macos` feature
[INFO] [stdout] 2109 | pub mod jit {
[INFO] [stdout]      |         ^^^
[INFO] [stdout] 
[INFO] [stdout] 
[INFO] [stdout] error[E0433]: cannot find `jit` in `emit`
[INFO] [stdout]     --> src/main.rs:592:25
[INFO] [stdout]      |
[INFO] [stdout]  592 |         let jit = emit::jit::JitCode::new(&compiled)?;
[INFO] [stdout]      |                         ^^^ could not find `jit` in `emit`
[INFO] [stdout]      |
[INFO] [stdout] note: found an item that was configured out
[INFO] [stdout]     --> src/emit.rs:2109:9
[INFO] [stdout]      |
[INFO] [stdout] 2108 | #[cfg(target_os = "macos")]
[INFO] [stdout]      |       ------------------- the item is gated behind the `macos` feature
[INFO] [stdout] 2109 | pub mod jit {
[INFO] [stdout]      |         ^^^
[INFO] [stdout] 
[INFO] [stdout] 
[INFO] [stdout] error[E0433]: cannot find `jit` in `emit`
[INFO] [stdout]     --> src/fuzz.rs:427:25
[INFO] [stdout]      |
[INFO] [stdout]  427 |         let jit = emit::jit::JitCode::new(&compiled)?;
[INFO] [stdout]      |                         ^^^ could not find `jit` in `emit`
[INFO] [stdout]      |
[INFO] [stdout] note: found an item that was configured out
[INFO] [stdout]     --> src/emit.rs:2109:9
[INFO] [stdout]      |
[INFO] [stdout] 2108 | #[cfg(target_os = "macos")]
[INFO] [stdout]      |       ------------------- the item is gated behind the `macos` feature
[INFO] [stdout] 2109 | pub mod jit {
[INFO] [stdout]      |         ^^^
[INFO] [stdout] 
[INFO] [stdout] 
[INFO] [stdout] error[E0433]: cannot find `jit` in `emit`
[INFO] [stdout]     --> src/testfloat.rs:118:26
[INFO] [stdout]      |
[INFO] [stdout]  118 |         let soft = emit::jit::JitCode::new(&emit::compile_with(&module, &enc, &platform::Platform::none())?)?;
[INFO] [stdout]      |                          ^^^ could not find `jit` in `emit`
[INFO] [stdout]      |
[INFO] [stdout] note: found an item that was configured out
[INFO] [stdout]     --> src/emit.rs:2109:9
[INFO] [stdout]      |
[INFO] [stdout] 2108 | #[cfg(target_os = "macos")]
[INFO] [stdout]      |       ------------------- the item is gated behind the `macos` feature
[INFO] [stdout] 2109 | pub mod jit {
[INFO] [stdout]      |         ^^^
[INFO] [stdout] 
[INFO] [stdout] 
[INFO] [stdout] error[E0433]: cannot find `jit` in `emit`
[INFO] [stdout]     --> src/testfloat.rs:119:26
[INFO] [stdout]      |
[INFO] [stdout]  119 |         let hard = emit::jit::JitCode::new(&emit::compile_with(&module, &enc, &platform::Platform::arm64())?)?;
[INFO] [stdout]      |                          ^^^ could not find `jit` in `emit`
[INFO] [stdout]      |
[INFO] [stdout] note: found an item that was configured out
[INFO] [stdout]     --> src/emit.rs:2109:9
[INFO] [stdout]      |
[INFO] [stdout] 2108 | #[cfg(target_os = "macos")]
[INFO] [stdout]      |       ------------------- the item is gated behind the `macos` feature
[INFO] [stdout] 2109 | pub mod jit {
[INFO] [stdout]      |         ^^^
[INFO] [stdout] 
[INFO] [stdout] 
[INFO] [stdout] error[E0433]: cannot find `jit` in `emit`
[INFO] [stdout]     --> src/suite.rs:423:67
[INFO] [stdout]      |
[INFO] [stdout]  423 |     let jit = match emit::compile(module, enc).and_then(|c| emit::jit::JitCode::new(&c)) {
[INFO] [stdout]      |                                                                   ^^^ could not find `jit` in `emit`
[INFO] [stdout]      |
[INFO] [stdout] note: found an item that was configured out
[INFO] [stdout]     --> src/emit.rs:2109:9
[INFO] [stdout]      |
[INFO] [stdout] 2108 | #[cfg(target_os = "macos")]
[INFO] [stdout]      |       ------------------- the item is gated behind the `macos` feature
[INFO] [stdout] 2109 | pub mod jit {
[INFO] [stdout]      |         ^^^
[INFO] [stdout] 
[INFO] [stdout] 
[INFO] [stdout] error[E0433]: cannot find `jit` in `emit`
[INFO] [stdout]     --> src/main.rs:592:25
[INFO] [stdout]      |
[INFO] [stdout]  592 |         let jit = emit::jit::JitCode::new(&compiled)?;
[INFO] [stdout]      |                         ^^^ could not find `jit` in `emit`
[INFO] [stdout]      |
[INFO] [stdout] note: found an item that was configured out
[INFO] [stdout]     --> src/emit.rs:2109:9
[INFO] [stdout]      |
[INFO] [stdout] 2108 | #[cfg(target_os = "macos")]
[INFO] [stdout]      |       ------------------- the item is gated behind the `macos` feature
[INFO] [stdout] 2109 | pub mod jit {
[INFO] [stdout]      |         ^^^
[INFO] [stdout] 
[INFO] [stdout] 
[INFO] [stdout] warning: method call on a diverging inference variable
[INFO] [stdout]    --> src/suite.rs:447:50
[INFO] [stdout]     |
[INFO] [stdout] 447 | ...                   sc.spawn(move || jit.call("__run_groups", &[n, g, t as i64, m, b.as_mut_ptr() as i64, s.as_mut_ptr() as i64]))
[INFO] [stdout]     |                                            ^^^^
[INFO] [stdout]     |
[INFO] [stdout]     = help: consider providing a type annotation
[INFO] [stdout]     = warning: this was previously accepted by the compiler but is being phased out; it will become a hard error in a future release!
[INFO] [stdout]     = note: for more information, see issue #156047 <https://github.com/rust-lang/rust/issues/156047>
[INFO] [stdout]     = note: `#[warn(method_call_on_diverging_infer_var)]` (part of `#[warn(future_incompatible)]`) on by default
[INFO] [stdout] 
[INFO] [stdout] 
[INFO] [stdout] error[E0599]: the method `call` exists for reference `&!`, but its trait bounds were not satisfied
[INFO] [stdout]    --> src/suite.rs:447:50
[INFO] [stdout]     |
[INFO] [stdout] 447 | ...                   sc.spawn(move || jit.call("__run_groups", &[n, g, t as i64, m, b.as_mut_ptr() as i64, s.as_mut_ptr() as i64]))
[INFO] [stdout]     |                                            ^^^^ method cannot be called on `&!` due to unsatisfied trait bounds
[INFO] [stdout]     |
[INFO] [stdout]     = note: the following trait bounds were not satisfied:
[INFO] [stdout]             `!: Fn<_>`
[INFO] [stdout]             which is required by `&!: Fn<_>`
[INFO] [stdout] 
[INFO] [stdout] 
[INFO] [stdout] error[E0599]: no method named `call` found for type `!` in the current scope
[INFO] [stdout]    --> src/suite.rs:455:61
[INFO] [stdout]     |
[INFO] [stdout] 455 |                 (0..case.expected.len() as i64).map(|i| jit.call("__area_word", &[i])).collect()
[INFO] [stdout]     |                                                             ^^^^ method not found in `!`
[INFO] [stdout] 
[INFO] [stdout] 
[INFO] [stdout] warning: unreachable expression
[INFO] [stdout]    --> src/suite.rs:455:66
[INFO] [stdout]     |
[INFO] [stdout] 455 |                 (0..case.expected.len() as i64).map(|i| jit.call("__area_word", &[i])).collect()
[INFO] [stdout]     |                                                         ---      ^^^^^^^^^^^^^ unreachable expression
[INFO] [stdout]     |                                                         |
[INFO] [stdout]     |                                                         any code following this expression is unreachable
[INFO] [stdout]     |
[INFO] [stdout]     = note: `#[warn(unreachable_code)]` (part of `#[warn(unused)]`) on by default
[INFO] [stdout] 
[INFO] [stdout] 
[INFO] [stdout] error[E0599]: no method named `call` found for type `!` in the current scope
[INFO] [stdout]    --> src/suite.rs:495:26
[INFO] [stdout]     |
[INFO] [stdout] 495 |                 0 => jit.call(&case.func, &argv).map(|_| Vec::new()),
[INFO] [stdout]     |                          ^^^^ method not found in `!`
[INFO] [stdout] 
[INFO] [stdout] 
[INFO] [stdout] warning: unreachable expression
[INFO] [stdout]    --> src/suite.rs:495:31
[INFO] [stdout]     |
[INFO] [stdout] 495 |                 0 => jit.call(&case.func, &argv).map(|_| Vec::new()),
[INFO] [stdout]     |                      ---      ^^^^^^^^^^ unreachable expression
[INFO] [stdout]     |                      |
[INFO] [stdout]     |                      any code following this expression is unreachable
[INFO] [stdout] 
[INFO] [stdout] 
[INFO] [stdout] error[E0599]: no method named `call` found for type `!` in the current scope
[INFO] [stdout]    --> src/suite.rs:496:26
[INFO] [stdout]     |
[INFO] [stdout] 496 |                 1 => jit.call(&case.func, &argv).map(|v| vec![fix(0, v)]),
[INFO] [stdout]     |                          ^^^^ method not found in `!`
[INFO] [stdout] 
[INFO] [stdout] 
[INFO] [stdout] warning: unreachable expression
[INFO] [stdout]    --> src/suite.rs:496:31
[INFO] [stdout]     |
[INFO] [stdout] 496 |                 1 => jit.call(&case.func, &argv).map(|v| vec![fix(0, v)]),
[INFO] [stdout]     |                      ---      ^^^^^^^^^^ unreachable expression
[INFO] [stdout]     |                      |
[INFO] [stdout]     |                      any code following this expression is unreachable
[INFO] [stdout] 
[INFO] [stdout] 
[INFO] [stdout] error[E0599]: no method named `call2` found for type `!` in the current scope
[INFO] [stdout]    --> src/suite.rs:497:26
[INFO] [stdout]     |
[INFO] [stdout] 497 |                 2 => jit.call2(&case.func, &argv).map(|(a, b)| vec![fix(0, a), fix(1, b)]),
[INFO] [stdout]     |                          ^^^^^ method not found in `!`
[INFO] [stdout] 
[INFO] [stdout] 
[INFO] [stdout] warning: unreachable expression
[INFO] [stdout]    --> src/suite.rs:497:32
[INFO] [stdout]     |
[INFO] [stdout] 497 |                 2 => jit.call2(&case.func, &argv).map(|(a, b)| vec![fix(0, a), fix(1, b)]),
[INFO] [stdout]     |                      ---       ^^^^^^^^^^ unreachable expression
[INFO] [stdout]     |                      |
[INFO] [stdout]     |                      any code following this expression is unreachable
[INFO] [stdout] 
[INFO] [stdout] 
[INFO] [stdout] warning: method call on a diverging inference variable
[INFO] [stdout]    --> src/suite.rs:447:50
[INFO] [stdout]     |
[INFO] [stdout] 447 | ...                   sc.spawn(move || jit.call("__run_groups", &[n, g, t as i64, m, b.as_mut_ptr() as i64, s.as_mut_ptr() as i64]))
[INFO] [stdout]     |                                            ^^^^
[INFO] [stdout]     |
[INFO] [stdout]     = help: consider providing a type annotation
[INFO] [stdout]     = warning: this was previously accepted by the compiler but is being phased out; it will become a hard error in a future release!
[INFO] [stdout]     = note: for more information, see issue #156047 <https://github.com/rust-lang/rust/issues/156047>
[INFO] [stdout]     = note: `#[warn(method_call_on_diverging_infer_var)]` (part of `#[warn(future_incompatible)]`) on by default
[INFO] [stdout] 
[INFO] [stdout] 
[INFO] [stdout] error[E0599]: the method `call` exists for reference `&!`, but its trait bounds were not satisfied
[INFO] [stdout]    --> src/suite.rs:447:50
[INFO] [stdout]     |
[INFO] [stdout] 447 | ...                   sc.spawn(move || jit.call("__run_groups", &[n, g, t as i64, m, b.as_mut_ptr() as i64, s.as_mut_ptr() as i64]))
[INFO] [stdout]     |                                            ^^^^ method cannot be called on `&!` due to unsatisfied trait bounds
[INFO] [stdout]     |
[INFO] [stdout]     = note: the following trait bounds were not satisfied:
[INFO] [stdout]             `!: Fn<_>`
[INFO] [stdout]             which is required by `&!: Fn<_>`
[INFO] [stdout] 
[INFO] [stdout] 
[INFO] [stdout] error[E0599]: no method named `call` found for type `!` in the current scope
[INFO] [stdout]    --> src/suite.rs:455:61
[INFO] [stdout]     |
[INFO] [stdout] 455 |                 (0..case.expected.len() as i64).map(|i| jit.call("__area_word", &[i])).collect()
[INFO] [stdout]     |                                                             ^^^^ method not found in `!`
[INFO] [stdout] 
[INFO] [stdout] 
[INFO] [stdout] warning: unreachable expression
[INFO] [stdout]    --> src/suite.rs:455:66
[INFO] [stdout]     |
[INFO] [stdout] 455 |                 (0..case.expected.len() as i64).map(|i| jit.call("__area_word", &[i])).collect()
[INFO] [stdout]     |                                                         ---      ^^^^^^^^^^^^^ unreachable expression
[INFO] [stdout]     |                                                         |
[INFO] [stdout]     |                                                         any code following this expression is unreachable
[INFO] [stdout]     |
[INFO] [stdout]     = note: `#[warn(unreachable_code)]` (part of `#[warn(unused)]`) on by default
[INFO] [stdout] 
[INFO] [stdout] 
[INFO] [stdout] error[E0599]: no method named `call` found for type `!` in the current scope
[INFO] [stdout]    --> src/suite.rs:495:26
[INFO] [stdout]     |
[INFO] [stdout] 495 |                 0 => jit.call(&case.func, &argv).map(|_| Vec::new()),
[INFO] [stdout]     |                          ^^^^ method not found in `!`
[INFO] [stdout] 
[INFO] [stdout] 
[INFO] [stdout] warning: unreachable expression
[INFO] [stdout]    --> src/suite.rs:495:31
[INFO] [stdout]     |
[INFO] [stdout] 495 |                 0 => jit.call(&case.func, &argv).map(|_| Vec::new()),
[INFO] [stdout]     |                      ---      ^^^^^^^^^^ unreachable expression
[INFO] [stdout]     |                      |
[INFO] [stdout]     |                      any code following this expression is unreachable
[INFO] [stdout] 
[INFO] [stdout] 
[INFO] [stdout] error[E0599]: no method named `call` found for type `!` in the current scope
[INFO] [stdout]    --> src/suite.rs:496:26
[INFO] [stdout]     |
[INFO] [stdout] 496 |                 1 => jit.call(&case.func, &argv).map(|v| vec![fix(0, v)]),
[INFO] [stdout]     |                          ^^^^ method not found in `!`
[INFO] [stdout] 
[INFO] [stdout] 
[INFO] [stdout] warning: unreachable expression
[INFO] [stdout]    --> src/suite.rs:496:31
[INFO] [stdout]     |
[INFO] [stdout] 496 |                 1 => jit.call(&case.func, &argv).map(|v| vec![fix(0, v)]),
[INFO] [stdout]     |                      ---      ^^^^^^^^^^ unreachable expression
[INFO] [stdout]     |                      |
[INFO] [stdout]     |                      any code following this expression is unreachable
[INFO] [stdout] 
[INFO] [stdout] 
[INFO] [stdout] error[E0599]: no method named `call2` found for type `!` in the current scope
[INFO] [stdout]    --> src/suite.rs:497:26
[INFO] [stdout]     |
[INFO] [stdout] 497 |                 2 => jit.call2(&case.func, &argv).map(|(a, b)| vec![fix(0, a), fix(1, b)]),
[INFO] [stdout]     |                          ^^^^^ method not found in `!`
[INFO] [stdout] 
[INFO] [stdout] 
[INFO] [stdout] warning: unreachable expression
[INFO] [stdout]    --> src/suite.rs:497:32
[INFO] [stdout]     |
[INFO] [stdout] 497 |                 2 => jit.call2(&case.func, &argv).map(|(a, b)| vec![fix(0, a), fix(1, b)]),
[INFO] [stdout]     |                      ---       ^^^^^^^^^^ unreachable expression
[INFO] [stdout]     |                      |
[INFO] [stdout]     |                      any code following this expression is unreachable
[INFO] [stdout] 
[INFO] [stdout] 
[INFO] [stdout] Some errors have detailed explanations: E0433, E0599.
[INFO] [stdout] 
[INFO] [stdout] For more information about an error, try `rustc --explain E0433`.
[INFO] [stdout] 
[INFO] [stderr] error: could not compile `probe` (bin "probe") due to 10 previous errors; 6 warnings emitted
[INFO] [stderr] warning: build failed, waiting for other jobs to finish...
[INFO] [stdout] error[E0433]: cannot find module or crate `jit` in this scope
[INFO] [stdout]     --> src/emit.rs:2265:26
[INFO] [stdout]      |
[INFO] [stdout] 2265 |     fn jit(src: &str) -> jit::JitCode {
[INFO] [stdout]      |                          ^^^ function `jit` is not a crate or module
[INFO] [stdout] 
[INFO] [stdout] 
[INFO] [stdout] error[E0433]: cannot find module or crate `jit` in this scope
[INFO] [stdout]     --> src/emit.rs:2269:50
[INFO] [stdout]      |
[INFO] [stdout] 2269 |     fn jit_on(src: &str, platform: &Platform) -> jit::JitCode {
[INFO] [stdout]      |                                                  ^^^ function `jit` is not a crate or module
[INFO] [stdout] 
[INFO] [stdout] 
[INFO] [stdout] error[E0433]: cannot find module or crate `jit` in this scope
[INFO] [stdout]     --> src/emit.rs:2957:28
[INFO] [stdout]      |
[INFO] [stdout] 2957 |     fn softfloat_check(j: &jit::JitCode) {
[INFO] [stdout]      |                            ^^^ function `jit` is not a crate or module
[INFO] [stdout] 
[INFO] [stdout] 
[INFO] [stdout] Some errors have detailed explanations: E0432, E0433, E0599.
[INFO] [stdout] 
[INFO] [stdout] For more information about an error, try `rustc --explain E0432`.
[INFO] [stdout] 
[INFO] [stderr] error: could not compile `probe` (bin "probe" test) due to 16 previous errors; 6 warnings emitted
[INFO] running `Command { std: "docker" "inspect" "2283a17631b5f5802a2a19dfe2f97ecf781ad0bf4c89a130619e317568694785", kill_on_drop: false }`
[INFO] running `Command { std: "docker" "rm" "-f" "2283a17631b5f5802a2a19dfe2f97ecf781ad0bf4c89a130619e317568694785", kill_on_drop: false }`
[INFO] [stdout] 2283a17631b5f5802a2a19dfe2f97ecf781ad0bf4c89a130619e317568694785
