[INFO] cloning repository https://github.com/arvind1420/smart_os
[INFO] running `Command { std: "git" "-c" "credential.helper=" "-c" "credential.helper=/workspace/cargo-home/bin/git-credential-null" "clone" "--bare" "https://github.com/arvind1420/smart_os" "/workspace/cache/git-repos/https%3A%2F%2Fgithub.com%2Farvind1420%2Fsmart_os", kill_on_drop: false }`
[INFO] [stderr] Cloning into bare repository '/workspace/cache/git-repos/https%3A%2F%2Fgithub.com%2Farvind1420%2Fsmart_os'...
[INFO] running `Command { std: "git" "rev-parse" "HEAD", kill_on_drop: false }`
[INFO] [stdout] bf8f4b102fa6183468de0e2b79c9a0eaf6852393
[INFO] checking arvind1420/smart_os against 3154cc1a3e6424e44f438a95007d043ed5ceaaf6+rustflags=-Znext-solver=coherence for pr-133502-30
[INFO] running `Command { std: "git" "clone" "/workspace/cache/git-repos/https%3A%2F%2Fgithub.com%2Farvind1420%2Fsmart_os" "/workspace/builds/worker-2-tc1/source", kill_on_drop: false }`
[INFO] [stderr] Cloning into '/workspace/builds/worker-2-tc1/source'...
[INFO] [stderr] done.
[INFO] removed /workspace/builds/worker-2-tc1/source/.cargo/config.toml
[INFO] removed /workspace/builds/worker-2-tc1/source/rust-toolchain.toml
[INFO] started tweaking git repo https://github.com/arvind1420/smart_os
[INFO] finished tweaking git repo https://github.com/arvind1420/smart_os
[INFO] tweaked toml for git repo https://github.com/arvind1420/smart_os written to /workspace/builds/worker-2-tc1/source/Cargo.toml
[INFO] validating manifest of git repo https://github.com/arvind1420/smart_os on toolchain 3154cc1a3e6424e44f438a95007d043ed5ceaaf6
[INFO] running `Command { std: CARGO_HOME="/workspace/cargo-home" RUSTUP_HOME="/workspace/rustup-home" "/workspace/cargo-home/bin/cargo" "+3154cc1a3e6424e44f438a95007d043ed5ceaaf6" "metadata" "--manifest-path" "Cargo.toml" "--no-deps", kill_on_drop: false }`
[INFO] crate git repo https://github.com/arvind1420/smart_os already has a lockfile, it will not be regenerated
[INFO] running `Command { std: CARGO_HOME="/workspace/cargo-home" RUSTUP_HOME="/workspace/rustup-home" "/workspace/cargo-home/bin/cargo" "+3154cc1a3e6424e44f438a95007d043ed5ceaaf6" "fetch" "--manifest-path" "Cargo.toml", kill_on_drop: false }`
[INFO] [stderr] warning: profiles for the non root package will be ignored, specify profiles at the workspace root:
[INFO] [stderr] package:   /workspace/builds/worker-2-tc1/source/apps/browser/Cargo.toml
[INFO] [stderr] workspace: /workspace/builds/worker-2-tc1/source/Cargo.toml
[INFO] [stderr] warning: profiles for the non root package will be ignored, specify profiles at the workspace root:
[INFO] [stderr] package:   /workspace/builds/worker-2-tc1/source/apps/pkg_installer/Cargo.toml
[INFO] [stderr] workspace: /workspace/builds/worker-2-tc1/source/Cargo.toml
[INFO] [stderr] warning: profiles for the non root package will be ignored, specify profiles at the workspace root:
[INFO] [stderr] package:   /workspace/builds/worker-2-tc1/source/apps/games/Cargo.toml
[INFO] [stderr] workspace: /workspace/builds/worker-2-tc1/source/Cargo.toml
[INFO] [stderr] warning: profiles for the non root package will be ignored, specify profiles at the workspace root:
[INFO] [stderr] package:   /workspace/builds/worker-2-tc1/source/apps/office/Cargo.toml
[INFO] [stderr] workspace: /workspace/builds/worker-2-tc1/source/Cargo.toml
[INFO] [stderr] warning: profiles for the non root package will be ignored, specify profiles at the workspace root:
[INFO] [stderr] package:   /workspace/builds/worker-2-tc1/source/apps/spreadsheet/Cargo.toml
[INFO] [stderr] workspace: /workspace/builds/worker-2-tc1/source/Cargo.toml
[INFO] [stderr] warning: profiles for the non root package will be ignored, specify profiles at the workspace root:
[INFO] [stderr] package:   /workspace/builds/worker-2-tc1/source/apps/presentation/Cargo.toml
[INFO] [stderr] workspace: /workspace/builds/worker-2-tc1/source/Cargo.toml
[INFO] [stderr] warning: profiles for the non root package will be ignored, specify profiles at the workspace root:
[INFO] [stderr] package:   /workspace/builds/worker-2-tc1/source/apps/crm/Cargo.toml
[INFO] [stderr] workspace: /workspace/builds/worker-2-tc1/source/Cargo.toml
[INFO] [stderr] warning: drivers/test_driver/Cargo.toml: file `/workspace/builds/worker-2-tc1/source/drivers/test_driver/src/lib.rs` found to be present in multiple build targets:
[INFO] [stderr]   * `lib` target `test_driver`
[INFO] [stderr]   * `bin` target `test_driver`
[INFO] [stderr] warning: `test_driver` (manifest) generated 1 warning
[INFO] [stderr]     Updating crates.io index
[INFO] [stderr]  Downloading crates ...
[INFO] [stderr]   Downloaded fatfs v0.3.6
[INFO] [stderr]   Downloaded gpt v3.1.0
[INFO] [stderr]   Downloaded llvm-tools v0.1.1
[INFO] [stderr]   Downloaded bootloader v0.11.15
[INFO] [stderr]   Downloaded const_fn v0.4.11
[INFO] [stderr]   Downloaded uart_16550 v0.3.2
[INFO] [stderr]   Downloaded mbrman v0.5.4
[INFO] [stderr]   Downloaded bootloader-boot-config v0.11.15
[INFO] [stderr]   Downloaded linked_list_allocator v0.10.5
[INFO] [stderr]   Downloaded x86_64 v0.15.4
[INFO] [stderr]   Downloaded x86 v0.52.0
[INFO] running `Command { std: "docker" "create" "-v" "/var/lib/crater-agent-workspace/builds/worker-2-tc1/source:/opt/rustwide/workdir:ro,Z" "-v" "/var/lib/crater-agent-workspace/builds/worker-2-tc1/target:/opt/rustwide/target:rw,Z" "-v" "/var/lib/crater-agent-workspace/cargo-home:/opt/rustwide/cargo-home:ro,Z" "-v" "/var/lib/crater-agent-workspace/rustup-home:/opt/rustwide/rustup-home:ro,Z" "-m" "1610612736" "--network" "none" "ghcr.io/rust-lang/crates-build-env/linux@sha256:77db811e55d90add9212f6832c23229e3de5f1c1f9905e8cb07319ea15df73ac" "sleep" "infinity", kill_on_drop: false }`
[INFO] [stdout] da3eb3aa7bcb2389889a5da3bd3fd08766a0754372fe0a6c4fb60c2afdee831a
[INFO] running `Command { std: "docker" "start" "da3eb3aa7bcb2389889a5da3bd3fd08766a0754372fe0a6c4fb60c2afdee831a", kill_on_drop: false }`
[INFO] running `Command { std: "docker" "inspect" "da3eb3aa7bcb2389889a5da3bd3fd08766a0754372fe0a6c4fb60c2afdee831a", kill_on_drop: false }`
[INFO] running `Command { std: "docker" "exec" "-e" "SOURCE_DIR=/opt/rustwide/workdir" "-e" "CARGO_HOME=/opt/rustwide/cargo-home" "-e" "RUSTUP_HOME=/opt/rustwide/rustup-home" "-e" "CARGO_TARGET_DIR=/opt/rustwide/target" "-w" "/opt/rustwide/workdir" "--user" "0:0" "da3eb3aa7bcb2389889a5da3bd3fd08766a0754372fe0a6c4fb60c2afdee831a" "/opt/rustwide/cargo-home/bin/cargo" "+3154cc1a3e6424e44f438a95007d043ed5ceaaf6" "metadata" "--no-deps" "--format-version=1", kill_on_drop: false }`
[INFO] running `Command { std: "docker" "inspect" "da3eb3aa7bcb2389889a5da3bd3fd08766a0754372fe0a6c4fb60c2afdee831a", kill_on_drop: false }`
[INFO] running `Command { std: "docker" "exec" "-e" "SOURCE_DIR=/opt/rustwide/workdir" "-e" "CARGO_HOME=/opt/rustwide/cargo-home" "-e" "RUSTUP_HOME=/opt/rustwide/rustup-home" "-e" "CARGO_TARGET_DIR=/opt/rustwide/target" "-e" "CARGO_INCREMENTAL=0" "-e" "RUST_BACKTRACE=full" "-e" "RUSTFLAGS=--cap-lints=forbid -Znext-solver=coherence" "-e" "RUSTDOCFLAGS=--cap-lints=forbid" "-w" "/opt/rustwide/workdir" "--user" "0:0" "da3eb3aa7bcb2389889a5da3bd3fd08766a0754372fe0a6c4fb60c2afdee831a" "/opt/rustwide/cargo-home/bin/cargo" "+3154cc1a3e6424e44f438a95007d043ed5ceaaf6" "check" "--frozen" "--all" "--all-targets" "--message-format=json", kill_on_drop: false }`
[INFO] [stderr] warning: profiles for the non root package will be ignored, specify profiles at the workspace root:
[INFO] [stderr] package:   /opt/rustwide/workdir/apps/browser/Cargo.toml
[INFO] [stderr] workspace: /opt/rustwide/workdir/Cargo.toml
[INFO] [stderr] warning: profiles for the non root package will be ignored, specify profiles at the workspace root:
[INFO] [stderr] package:   /opt/rustwide/workdir/apps/pkg_installer/Cargo.toml
[INFO] [stderr] workspace: /opt/rustwide/workdir/Cargo.toml
[INFO] [stderr] warning: profiles for the non root package will be ignored, specify profiles at the workspace root:
[INFO] [stderr] package:   /opt/rustwide/workdir/apps/games/Cargo.toml
[INFO] [stderr] workspace: /opt/rustwide/workdir/Cargo.toml
[INFO] [stderr] warning: profiles for the non root package will be ignored, specify profiles at the workspace root:
[INFO] [stderr] package:   /opt/rustwide/workdir/apps/office/Cargo.toml
[INFO] [stderr] workspace: /opt/rustwide/workdir/Cargo.toml
[INFO] [stderr] warning: profiles for the non root package will be ignored, specify profiles at the workspace root:
[INFO] [stderr] package:   /opt/rustwide/workdir/apps/spreadsheet/Cargo.toml
[INFO] [stderr] workspace: /opt/rustwide/workdir/Cargo.toml
[INFO] [stderr] warning: profiles for the non root package will be ignored, specify profiles at the workspace root:
[INFO] [stderr] package:   /opt/rustwide/workdir/apps/presentation/Cargo.toml
[INFO] [stderr] workspace: /opt/rustwide/workdir/Cargo.toml
[INFO] [stderr] warning: profiles for the non root package will be ignored, specify profiles at the workspace root:
[INFO] [stderr] package:   /opt/rustwide/workdir/apps/crm/Cargo.toml
[INFO] [stderr] workspace: /opt/rustwide/workdir/Cargo.toml
[INFO] [stderr] warning: drivers/test_driver/Cargo.toml: file `/opt/rustwide/workdir/drivers/test_driver/src/lib.rs` found to be present in multiple build targets:
[INFO] [stderr]   * `lib` target `test_driver`
[INFO] [stderr]   * `bin` target `test_driver`
[INFO] [stderr] warning: `test_driver` (manifest) generated 1 warning
[INFO] [stderr]    Compiling quote v1.0.44
[INFO] [stderr]     Checking smartpack v0.1.0 (/opt/rustwide/workdir/smartpack)
[INFO] [stderr]    Compiling libc v0.2.182
[INFO] [stderr]    Compiling getrandom v0.4.1
[INFO] [stderr]    Compiling rustix v1.1.3
[INFO] [stderr]     Checking serde_core v1.0.228
[INFO] [stderr]     Checking typenum v1.20.0
[INFO] [stderr]     Checking bitflags v2.11.0
[INFO] [stderr]     Checking smartsdk v0.1.0 (/opt/rustwide/workdir/smartsdk)
[INFO] [stdout] warning: unused import: `alloc::vec::Vec`
[INFO] [stdout]  --> smartsdk/src/rpc.rs:7:5
[INFO] [stdout]   |
[INFO] [stdout] 7 | use alloc::vec::Vec;
[INFO] [stdout]   |     ^^^^^^^^^^^^^^^
[INFO] [stdout]   |
[INFO] [stdout]   = note: `#[warn(unused_imports)]` (part of `#[warn(unused)]`) on by default
[INFO] [stdout] 
[INFO] [stdout] 
[INFO] [stdout] warning: unused import: `decode`
[INFO] [stdout]  --> smartsdk/src/rpc.rs:8:32
[INFO] [stdout]   |
[INFO] [stdout] 8 | use smartpack::{Value, encode, decode};
[INFO] [stdout]   |                                ^^^^^^
[INFO] [stdout] 
[INFO] [stdout] 
[INFO] [stdout] warning: unused import: `syscall3`
[INFO] [stdout]   --> smartsdk/src/db.rs:10:22
[INFO] [stdout]    |
[INFO] [stdout] 10 | use crate::syscall::{syscall3, SYS_OPEN, SYS_READ, SYS_WRITE, SYS_CLOSE, SYS_STAT};
[INFO] [stdout]    |                      ^^^^^^^^
[INFO] [stdout] 
[INFO] [stdout] 
[INFO] [stdout] warning: unused import: `alloc::vec::Vec`
[INFO] [stdout]  --> smartsdk/src/rpc.rs:7:5
[INFO] [stdout]   |
[INFO] [stdout] 7 | use alloc::vec::Vec;
[INFO] [stdout]   |     ^^^^^^^^^^^^^^^
[INFO] [stdout]   |
[INFO] [stdout]   = note: `#[warn(unused_imports)]` (part of `#[warn(unused)]`) on by default
[INFO] [stdout] 
[INFO] [stdout] 
[INFO] [stdout] warning: unused import: `decode`
[INFO] [stdout]  --> smartsdk/src/rpc.rs:8:32
[INFO] [stdout]   |
[INFO] [stdout] 8 | use smartpack::{Value, encode, decode};
[INFO] [stdout]   |                                ^^^^^^
[INFO] [stdout] 
[INFO] [stdout] 
[INFO] [stdout] warning: unused import: `syscall3`
[INFO] [stdout]   --> smartsdk/src/db.rs:10:22
[INFO] [stdout]    |
[INFO] [stdout] 10 | use crate::syscall::{syscall3, SYS_OPEN, SYS_READ, SYS_WRITE, SYS_CLOSE, SYS_STAT};
[INFO] [stdout]    |                      ^^^^^^^^
[INFO] [stdout] 
[INFO] [stdout] 
[INFO] [stderr]     Checking cfg-if v1.0.4
[INFO] [stdout] warning: unused variable: `stat_val`
[INFO] [stdout]   --> smartsdk/src/db.rs:50:13
[INFO] [stdout]    |
[INFO] [stdout] 50 |         let stat_val = crate::syscall::syscall3(SYS_STAT, 0, 0, self.fd as u64); // Need a proper stat wrapper
[INFO] [stdout]    |             ^^^^^^^^ help: if this is intentional, prefix it with an underscore: `_stat_val`
[INFO] [stdout]    |
[INFO] [stdout]    = note: `#[warn(unused_variables)]` (part of `#[warn(unused)]`) on by default
[INFO] [stdout] 
[INFO] [stdout] 
[INFO] [stdout] warning: unused variable: `offset`
[INFO] [stdout]    --> smartsdk/src/db.rs:125:13
[INFO] [stdout]     |
[INFO] [stdout] 125 |         let offset = match self.index.get(id) {
[INFO] [stdout]     |             ^^^^^^ help: if this is intentional, prefix it with an underscore: `_offset`
[INFO] [stdout] 
[INFO] [stdout] 
[INFO] [stdout] warning: unused variable: `title`
[INFO] [stdout]    --> smartsdk/src/ui.rs:208:16
[INFO] [stdout]     |
[INFO] [stdout] 208 |     pub fn new(title: &str, width: u32, height: u32, root: Box<dyn Widget>) -> Option<Self> {
[INFO] [stdout]     |                ^^^^^ help: if this is intentional, prefix it with an underscore: `_title`
[INFO] [stdout] 
[INFO] [stdout] 
[INFO] [stderr]     Checking bitflags v1.3.2
[INFO] [stderr]    Compiling anyhow v1.0.101
[INFO] [stdout] warning: unused variable: `stat_val`
[INFO] [stdout]   --> smartsdk/src/db.rs:50:13
[INFO] [stdout]    |
[INFO] [stdout] 50 |         let stat_val = crate::syscall::syscall3(SYS_STAT, 0, 0, self.fd as u64); // Need a proper stat wrapper
[INFO] [stdout]    |             ^^^^^^^^ help: if this is intentional, prefix it with an underscore: `_stat_val`
[INFO] [stdout]    |
[INFO] [stdout]    = note: `#[warn(unused_variables)]` (part of `#[warn(unused)]`) on by default
[INFO] [stdout] 
[INFO] [stdout] 
[INFO] [stdout] warning: unused variable: `offset`
[INFO] [stdout]    --> smartsdk/src/db.rs:125:13
[INFO] [stdout]     |
[INFO] [stdout] 125 |         let offset = match self.index.get(id) {
[INFO] [stdout]     |             ^^^^^^ help: if this is intentional, prefix it with an underscore: `_offset`
[INFO] [stdout] 
[INFO] [stdout] 
[INFO] [stderr]    Compiling x86 v0.52.0
[INFO] [stdout] warning: unused variable: `title`
[INFO] [stdout]    --> smartsdk/src/ui.rs:208:16
[INFO] [stdout]     |
[INFO] [stdout] 208 |     pub fn new(title: &str, width: u32, height: u32, root: Box<dyn Widget>) -> Option<Self> {
[INFO] [stdout]     |                ^^^^^ help: if this is intentional, prefix it with an underscore: `_title`
[INFO] [stdout] 
[INFO] [stdout] 
[INFO] [stderr]    Compiling syn v2.0.116
[INFO] [stderr]    Compiling const_fn v0.4.11
[INFO] [stderr]    Compiling llvm-tools v0.1.1
[INFO] [stderr]     Checking scopeguard v1.2.0
[INFO] [stderr]     Checking lock_api v0.4.14
[INFO] [stderr]    Compiling bootloader v0.11.15
[INFO] [stderr]     Checking tap v1.0.1
[INFO] [stderr]     Checking generic-array v0.14.7
[INFO] [stderr]    Compiling bootloader_api v0.11.15
[INFO] [stderr]     Checking subtle v2.6.1
[INFO] [stderr]     Checking wyz v0.5.1
[INFO] [stderr]     Checking block-buffer v0.10.4
[INFO] [stderr]     Checking crypto-common v0.1.7
[INFO] [stderr]     Checking num-traits v0.2.19
[INFO] [stderr]     Checking digest v0.10.7
[INFO] [stderr]     Checking radium v0.7.0
[INFO] [stderr]     Checking log v0.4.29
[INFO] [stderr]     Checking linux-raw-sys v0.11.0
[INFO] [stderr]     Checking funty v2.0.0
[INFO] [stderr]     Checking crc-catalog v2.4.0
[INFO] [stderr]     Checking iana-time-zone v0.1.65
[INFO] [stderr]     Checking bit_field v0.10.3
[INFO] [stderr]     Checking crc v3.4.0
[INFO] [stderr]     Checking chrono v0.4.44
[INFO] [stderr]     Checking bitvec v1.0.1
[INFO] [stderr]     Checking uuid v1.21.0
[INFO] [stderr]    Compiling serde_derive v1.0.228
[INFO] [stderr]    Compiling thiserror-impl v1.0.69
[INFO] [stderr]     Checking raw-cpuid v10.7.0
[INFO] [stderr]     Checking zmij v1.0.21
[INFO] [stderr]     Checking memchr v2.8.0
[INFO] [stderr] error: failed to run custom build command for `bootloader v0.11.15`
[INFO] [stderr] note: To improve backtraces for build dependencies, set the CARGO_PROFILE_DEV_BUILD_OVERRIDE_DEBUG=true environment variable to enable debug information generation.
[INFO] [stderr] 
[INFO] [stderr] Caused by:
[INFO] [stderr]   process didn't exit successfully: `/opt/rustwide/target/debug/build/bootloader/127218d2d6094a8a/out/build_script_build` (exit status: 101)
[INFO] [stderr]   --- stderr
[INFO] [stderr]       Updating crates.io index
[INFO] [stderr]   warning: spurious network error (3 tries remaining): [6] Could not resolve hostname (Could not resolve host: index.crates.io)
[INFO] [stderr]       Updating crates.io index
[INFO] [stderr]   warning: spurious network error (3 tries remaining): [6] Could not resolve hostname (Could not resolve host: index.crates.io)
[INFO] [stderr]       Updating crates.io index
[INFO] [stderr]   warning: spurious network error (3 tries remaining): [6] Could not resolve hostname (Could not resolve host: index.crates.io)
[INFO] [stderr]       Updating crates.io index
[INFO] [stderr]   warning: spurious network error (3 tries remaining): [6] Could not resolve hostname (Could not resolve host: index.crates.io)
[INFO] [stderr]       Updating crates.io index
[INFO] [stderr]   warning: spurious network error (3 tries remaining): [6] Could not resolve hostname (Could not resolve host: index.crates.io)
[INFO] [stderr]   warning: spurious network error (2 tries remaining): [6] Could not resolve hostname (Could not resolve host: index.crates.io)
[INFO] [stderr]   warning: spurious network error (2 tries remaining): [6] Could not resolve hostname (Could not resolve host: index.crates.io)
[INFO] [stderr]   warning: spurious network error (2 tries remaining): [6] Could not resolve hostname (Could not resolve host: index.crates.io)
[INFO] [stderr]   warning: spurious network error (2 tries remaining): [6] Could not resolve hostname (Could not resolve host: index.crates.io)
[INFO] [stderr]   warning: spurious network error (2 tries remaining): [6] Could not resolve hostname (Could not resolve host: index.crates.io)
[INFO] [stderr]   warning: spurious network error (1 try remaining): [6] Could not resolve hostname (Could not resolve host: index.crates.io)
[INFO] [stderr]   warning: spurious network error (1 try remaining): [6] Could not resolve hostname (Could not resolve host: index.crates.io)
[INFO] [stderr]   warning: spurious network error (1 try remaining): [6] Could not resolve hostname (Could not resolve host: index.crates.io)
[INFO] [stderr]   warning: spurious network error (1 try remaining): [6] Could not resolve hostname (Could not resolve host: index.crates.io)
[INFO] [stderr]   warning: spurious network error (1 try remaining): [6] Could not resolve hostname (Could not resolve host: index.crates.io)
[INFO] [stderr]   warning: spurious network error (3 tries remaining): [6] Could not resolve hostname (Could not resolve host: index.crates.io)
[INFO] [stderr]   warning: spurious network error (3 tries remaining): [6] Could not resolve hostname (Could not resolve host: index.crates.io)
[INFO] [stderr]   warning: spurious network error (3 tries remaining): [6] Could not resolve hostname (Could not resolve host: index.crates.io)
[INFO] [stderr]   warning: spurious network error (3 tries remaining): [6] Could not resolve hostname (Could not resolve host: index.crates.io)
[INFO] [stderr]   warning: spurious network error (3 tries remaining): [6] Could not resolve hostname (Could not resolve host: index.crates.io)
[INFO] [stderr]   warning: spurious network error (2 tries remaining): [6] Could not resolve hostname (Could not resolve host: index.crates.io)
[INFO] [stderr]   warning: spurious network error (2 tries remaining): [6] Could not resolve hostname (Could not resolve host: index.crates.io)
[INFO] [stderr]   warning: spurious network error (2 tries remaining): [6] Could not resolve hostname (Could not resolve host: index.crates.io)
[INFO] [stderr]   warning: spurious network error (2 tries remaining): [6] Could not resolve hostname (Could not resolve host: index.crates.io)
[INFO] [stderr]   warning: spurious network error (2 tries remaining): [6] Could not resolve hostname (Could not resolve host: index.crates.io)
[INFO] [stderr]   warning: spurious network error (1 try remaining): [6] Could not resolve hostname (Could not resolve host: index.crates.io)
[INFO] [stderr]   warning: spurious network error (1 try remaining): [6] Could not resolve hostname (Could not resolve host: index.crates.io)
[INFO] [stderr]   warning: spurious network error (1 try remaining): [6] Could not resolve hostname (Could not resolve host: index.crates.io)
[INFO] [stderr]   warning: spurious network error (1 try remaining): [6] Could not resolve hostname (Could not resolve host: index.crates.io)
[INFO] [stderr]   warning: spurious network error (1 try remaining): [6] Could not resolve hostname (Could not resolve host: index.crates.io)
[INFO] [stderr]   error: download of config.json failed
[INFO] [stderr] 
[INFO] [stderr]   Caused by:
[INFO] [stderr]     [6] Could not resolve hostname (Could not resolve host: index.crates.io)
[INFO] [stderr] 
[INFO] [stderr]   thread '<unnamed>' (353) panicked at /opt/rustwide/cargo-home/registry/src/index.crates.io-1949cf8c6b5b557f/bootloader-0.11.15/build.rs:300:9:
[INFO] [stderr]   failed to build bios stage-3
[INFO] [stderr]   stack backtrace:
[INFO] [stderr]      0:     0x64f15b1896c1 - std[3164a59e47d3bde]::backtrace_rs::backtrace::libunwind::trace
[INFO] [stderr]                                  at /rustc/3154cc1a3e6424e44f438a95007d043ed5ceaaf6/library/std/src/../../backtrace/src/backtrace/libunwind.rs:117:9
[INFO] [stderr]      1:     0x64f15b1896c1 - std[3164a59e47d3bde]::backtrace_rs::backtrace::trace_unsynchronized::<std[3164a59e47d3bde]::sys::backtrace::_print_fmt::{closure#1}>
[INFO] [stderr]                                  at /rustc/3154cc1a3e6424e44f438a95007d043ed5ceaaf6/library/std/src/../../backtrace/src/backtrace/mod.rs:66:14
[INFO] [stderr]      2:     0x64f15b1896c1 - std[3164a59e47d3bde]::sys::backtrace::_print_fmt
[INFO] [stderr]                                  at /rustc/3154cc1a3e6424e44f438a95007d043ed5ceaaf6/library/std/src/sys/backtrace.rs:74:9
[INFO] [stderr]      3:     0x64f15b1896c1 - <<std[3164a59e47d3bde]::sys::backtrace::BacktraceLock>::print::DisplayBacktrace as core[934024a1e6126fb4]::fmt::Display>::fmt
[INFO] [stderr]                                  at /rustc/3154cc1a3e6424e44f438a95007d043ed5ceaaf6/library/std/src/sys/backtrace.rs:44:26
[INFO] [stderr]      4:     0x64f15b19cbfa - <core[934024a1e6126fb4]::fmt::rt::Argument>::fmt
[INFO] [stderr]                                  at /rustc/3154cc1a3e6424e44f438a95007d043ed5ceaaf6/library/core/src/fmt/rt.rs:152:76
[INFO] [stderr]      5:     0x64f15b19cbfa - core[934024a1e6126fb4]::fmt::write
[INFO] [stderr]      6:     0x64f15b18eefc - core[934024a1e6126fb4]::io::write::default_write_fmt::<std[3164a59e47d3bde]::sys::stdio::unix::Stderr>
[INFO] [stderr]                                  at /rustc/3154cc1a3e6424e44f438a95007d043ed5ceaaf6/library/core/src/io/write.rs:402:11
[INFO] [stderr]      7:     0x64f15b18eefc - <std[3164a59e47d3bde]::sys::stdio::unix::Stderr as core[934024a1e6126fb4]::io::write::Write>::write_fmt
[INFO] [stderr]                                  at /rustc/3154cc1a3e6424e44f438a95007d043ed5ceaaf6/library/core/src/io/write.rs:335:13
[INFO] [stderr]      8:     0x64f15b169336 - <std[3164a59e47d3bde]::sys::backtrace::BacktraceLock>::print
[INFO] [stderr]                                  at /rustc/3154cc1a3e6424e44f438a95007d043ed5ceaaf6/library/std/src/sys/backtrace.rs:47:9
[INFO] [stderr]      9:     0x64f15b169336 - std[3164a59e47d3bde]::panicking::default_hook::{closure#0}
[INFO] [stderr]                                  at /rustc/3154cc1a3e6424e44f438a95007d043ed5ceaaf6/library/std/src/panicking.rs:289:27
[INFO] [stderr]     10:     0x64f15b184a81 - std[3164a59e47d3bde]::panicking::default_hook
[INFO] [stderr]                                  at /rustc/3154cc1a3e6424e44f438a95007d043ed5ceaaf6/library/std/src/panicking.rs:316:9
[INFO] [stderr]     11:     0x64f15b184c3b - std[3164a59e47d3bde]::panicking::panic_with_hook
[INFO] [stderr]                                  at /rustc/3154cc1a3e6424e44f438a95007d043ed5ceaaf6/library/std/src/panicking.rs:811:13
[INFO] [stderr]     12:     0x64f15b169414 - std[3164a59e47d3bde]::panicking::panic_handler::{closure#0}
[INFO] [stderr]                                  at /rustc/3154cc1a3e6424e44f438a95007d043ed5ceaaf6/library/std/src/panicking.rs:678:13
[INFO] [stderr]     13:     0x64f15b1621a9 - std[3164a59e47d3bde]::sys::backtrace::__rust_end_short_backtrace::<std[3164a59e47d3bde]::panicking::panic_handler::{closure#0}, !>
[INFO] [stderr]                                  at /rustc/3154cc1a3e6424e44f438a95007d043ed5ceaaf6/library/std/src/sys/backtrace.rs:182:18
[INFO] [stderr]     14:     0x64f15b169bfd - __rustc[2e7b49d4226056d3]::rust_begin_unwind
[INFO] [stderr]                                  at /rustc/3154cc1a3e6424e44f438a95007d043ed5ceaaf6/library/std/src/panicking.rs:676:5
[INFO] [stderr]     15:     0x64f15b19d36c - core[934024a1e6126fb4]::panicking::panic_fmt
[INFO] [stderr]                                  at /rustc/3154cc1a3e6424e44f438a95007d043ed5ceaaf6/library/core/src/panicking.rs:80:14
[INFO] [stderr]     16:     0x64f15b1495a3 - build_script_build[4c113b98dbcaebfa]::build_bios_stage_3
[INFO] [stderr]     17:     0x64f15b14e981 - <build_script_build[4c113b98dbcaebfa]::build_bios_stage_3 as core[934024a1e6126fb4]::ops::function::FnOnce<()>>::call_once
[INFO] [stderr]     18:     0x64f15b142a81 - std[3164a59e47d3bde]::sys::backtrace::__rust_begin_short_backtrace::<build_script_build[4c113b98dbcaebfa]::build_bios_stage_3, std[3164a59e47d3bde]::path::PathBuf>
[INFO] [stderr]     19:     0x64f15b14792d - std[3164a59e47d3bde]::thread::lifecycle::spawn_unchecked::<build_script_build[4c113b98dbcaebfa]::build_bios_stage_3, std[3164a59e47d3bde]::path::PathBuf>::{closure#1}::{closure#0}
[INFO] [stderr]     20:     0x64f15b14e5c9 - <core[934024a1e6126fb4]::panic::unwind_safe::AssertUnwindSafe<std[3164a59e47d3bde]::thread::lifecycle::spawn_unchecked<build_script_build[4c113b98dbcaebfa]::build_bios_stage_3, std[3164a59e47d3bde]::path::PathBuf>::{closure#1}::{closure#0}> as core[934024a1e6126fb4]::ops::function::FnOnce<()>>::call_once
[INFO] [stderr]     21:     0x64f15b145d7a - std[3164a59e47d3bde]::panicking::catch_unwind::do_call::<core[934024a1e6126fb4]::panic::unwind_safe::AssertUnwindSafe<std[3164a59e47d3bde]::thread::lifecycle::spawn_unchecked<build_script_build[4c113b98dbcaebfa]::build_bios_stage_3, std[3164a59e47d3bde]::path::PathBuf>::{closure#1}::{closure#0}>, std[3164a59e47d3bde]::path::PathBuf>
[INFO] [stderr]     22:     0x64f15b14e9fb - __rust_try
[INFO] [stderr]     23:     0x64f15b14677e - std[3164a59e47d3bde]::thread::lifecycle::spawn_unchecked::<build_script_build[4c113b98dbcaebfa]::build_bios_stage_3, std[3164a59e47d3bde]::path::PathBuf>::{closure#1}
[INFO] [stderr]     24:     0x64f15b1483ee - <std[3164a59e47d3bde]::thread::lifecycle::spawn_unchecked<build_script_build[4c113b98dbcaebfa]::build_bios_stage_3, std[3164a59e47d3bde]::path::PathBuf>::{closure#1} as core[934024a1e6126fb4]::ops::function::FnOnce<()>>::call_once::{shim:vtable#0}
[INFO] [stderr]     25:     0x64f15b188e9f - <alloc[b96ed41a801e996d]::boxed::Box<dyn core[934024a1e6126fb4]::ops::function::FnOnce<(), Output = ()> + core[934024a1e6126fb4]::marker::Send> as core[934024a1e6126fb4]::ops::function::FnOnce<()>>::call_once
[INFO] [stderr]                                  at /rustc/3154cc1a3e6424e44f438a95007d043ed5ceaaf6/library/alloc/src/boxed.rs:2314:9
[INFO] [stderr]     26:     0x64f15b188e9f - <std[3164a59e47d3bde]::sys::thread::unix::Thread>::new::thread_start
[INFO] [stderr]                                  at /rustc/3154cc1a3e6424e44f438a95007d043ed5ceaaf6/library/std/src/sys/thread/unix.rs:127:17
[INFO] [stderr]     27:     0x7c8f72b51dfa - <unknown>
[INFO] [stderr]     28:     0x7c8f72be53d4 - clone
[INFO] [stderr]     29:                0x0 - <unknown>
[INFO] [stderr]   error: download of config.json failed
[INFO] [stderr] 
[INFO] [stderr]   Caused by:
[INFO] [stderr]     [6] Could not resolve hostname (Could not resolve host: index.crates.io)
[INFO] [stderr] 
[INFO] [stderr]   thread '<unnamed>' (351) panicked at /opt/rustwide/cargo-home/registry/src/index.crates.io-1949cf8c6b5b557f/bootloader-0.11.15/build.rs:166:9:
[INFO] [stderr]   failed to build bios boot sector
[INFO] [stderr]   stack backtrace:
[INFO] [stderr]      0:     0x64f15b1896c1 - std[3164a59e47d3bde]::backtrace_rs::backtrace::libunwind::trace
[INFO] [stderr]                                  at /rustc/3154cc1a3e6424e44f438a95007d043ed5ceaaf6/library/std/src/../../backtrace/src/backtrace/libunwind.rs:117:9
[INFO] [stderr]      1:     0x64f15b1896c1 - std[3164a59e47d3bde]::backtrace_rs::backtrace::trace_unsynchronized::<std[3164a59e47d3bde]::sys::backtrace::_print_fmt::{closure#1}>
[INFO] [stderr]                                  at /rustc/3154cc1a3e6424e44f438a95007d043ed5ceaaf6/library/std/src/../../backtrace/src/backtrace/mod.rs:66:14
[INFO] [stderr]      2:     0x64f15b1896c1 - std[3164a59e47d3bde]::sys::backtrace::_print_fmt
[INFO] [stderr]                                  at /rustc/3154cc1a3e6424e44f438a95007d043ed5ceaaf6/library/std/src/sys/backtrace.rs:74:9
[INFO] [stderr]      3:     0x64f15b1896c1 - <<std[3164a59e47d3bde]::sys::backtrace::BacktraceLock>::print::DisplayBacktrace as core[934024a1e6126fb4]::fmt::Display>::fmt
[INFO] [stderr]                                  at /rustc/3154cc1a3e6424e44f438a95007d043ed5ceaaf6/library/std/src/sys/backtrace.rs:44:26
[INFO] [stderr]      4:     0x64f15b19cbfa - <core[934024a1e6126fb4]::fmt::rt::Argument>::fmt
[INFO] [stderr]                                  at /rustc/3154cc1a3e6424e44f438a95007d043ed5ceaaf6/library/core/src/fmt/rt.rs:152:76
[INFO] [stderr]      5:     0x64f15b19cbfa - core[934024a1e6126fb4]::fmt::write
[INFO] [stderr]      6:     0x64f15b18eefc - core[934024a1e6126fb4]::io::write::default_write_fmt::<std[3164a59e47d3bde]::sys::stdio::unix::Stderr>
[INFO] [stderr]                                  at /rustc/3154cc1a3e6424e44f438a95007d043ed5ceaaf6/library/core/src/io/write.rs:402:11
[INFO] [stderr]      7:     0x64f15b18eefc - <std[3164a59e47d3bde]::sys::stdio::unix::Stderr as core[934024a1e6126fb4]::io::write::Write>::write_fmt
[INFO] [stderr]                                  at /rustc/3154cc1a3e6424e44f438a95007d043ed5ceaaf6/library/core/src/io/write.rs:335:13
[INFO] [stderr]      8:     0x64f15b169336 - <std[3164a59e47d3bde]::sys::backtrace::BacktraceLock>::print
[INFO] [stderr]                                  at /rustc/3154cc1a3e6424e44f438a95007d043ed5ceaaf6/library/std/src/sys/backtrace.rs:47:9
[INFO] [stderr]      9:     0x64f15b169336 - std[3164a59e47d3bde]::panicking::default_hook::{closure#0}
[INFO] [stderr]                                  at /rustc/3154cc1a3e6424e44f438a95007d043ed5ceaaf6/library/std/src/panicking.rs:289:27
[INFO] [stderr]     10:     0x64f15b184a81 - std[3164a59e47d3bde]::panicking::default_hook
[INFO] [stderr]                                  at /rustc/3154cc1a3e6424e44f438a95007d043ed5ceaaf6/library/std/src/panicking.rs:316:9
[INFO] [stderr]     11:     0x64f15b184c3b - std[3164a59e47d3bde]::panicking::panic_with_hook
[INFO] [stderr]                                  at /rustc/3154cc1a3e6424e44f438a95007d043ed5ceaaf6/library/std/src/panicking.rs:811:13
[INFO] [stderr]     12:     0x64f15b169414 - std[3164a59e47d3bde]::panicking::panic_handler::{closure#0}
[INFO] [stderr]                                  at /rustc/3154cc1a3e6424e44f438a95007d043ed5ceaaf6/library/std/src/panicking.rs:678:13
[INFO] [stderr]     13:     0x64f15b1621a9 - std[3164a59e47d3bde]::sys::backtrace::__rust_end_short_backtrace::<std[3164a59e47d3bde]::panicking::panic_handler::{closure#0}, !>
[INFO] [stderr]                                  at /rustc/3154cc1a3e6424e44f438a95007d043ed5ceaaf6/library/std/src/sys/backtrace.rs:182:18
[INFO] [stderr]     14:     0x64f15b169bfd - __rustc[2e7b49d4226056d3]::rust_begin_unwind
[INFO] [stderr]                                  at /rustc/3154cc1a3e6424e44f438a95007d043ed5ceaaf6/library/std/src/panicking.rs:676:5
[INFO] [stderr]     15:     0x64f15b19d36c - core[934024a1e6126fb4]::panicking::panic_fmt
[INFO] [stderr]                                  at /rustc/3154cc1a3e6424e44f438a95007d043ed5ceaaf6/library/core/src/panicking.rs:80:14
[INFO] [stderr]     16:     0x64f15b14b4b3 - build_script_build[4c113b98dbcaebfa]::build_bios_boot_sector
[INFO] [stderr]     17:     0x64f15b14e9c1 - <build_script_build[4c113b98dbcaebfa]::build_bios_boot_sector as core[934024a1e6126fb4]::ops::function::FnOnce<()>>::call_once
[INFO] [stderr]     18:     0x64f15b142ac1 - std[3164a59e47d3bde]::sys::backtrace::__rust_begin_short_backtrace::<build_script_build[4c113b98dbcaebfa]::build_bios_boot_sector, std[3164a59e47d3bde]::path::PathBuf>
[INFO] [stderr]     19:     0x64f15b147c2d - std[3164a59e47d3bde]::thread::lifecycle::spawn_unchecked::<build_script_build[4c113b98dbcaebfa]::build_bios_boot_sector, std[3164a59e47d3bde]::path::PathBuf>::{closure#1}::{closure#0}
[INFO] [stderr]     20:     0x64f15b14e669 - <core[934024a1e6126fb4]::panic::unwind_safe::AssertUnwindSafe<std[3164a59e47d3bde]::thread::lifecycle::spawn_unchecked<build_script_build[4c113b98dbcaebfa]::build_bios_boot_sector, std[3164a59e47d3bde]::path::PathBuf>::{closure#1}::{closure#0}> as core[934024a1e6126fb4]::ops::function::FnOnce<()>>::call_once
[INFO] [stderr]     21:     0x64f15b145e7a - std[3164a59e47d3bde]::panicking::catch_unwind::do_call::<core[934024a1e6126fb4]::panic::unwind_safe::AssertUnwindSafe<std[3164a59e47d3bde]::thread::lifecycle::spawn_unchecked<build_script_build[4c113b98dbcaebfa]::build_bios_boot_sector, std[3164a59e47d3bde]::path::PathBuf>::{closure#1}::{closure#0}>, std[3164a59e47d3bde]::path::PathBuf>
[INFO] [stderr]     22:     0x64f15b14e9fb - __rust_try
[INFO] [stderr]     23:     0x64f15b146e7e - std[3164a59e47d3bde]::thread::lifecycle::spawn_unchecked::<build_script_build[4c113b98dbcaebfa]::build_bios_boot_sector, std[3164a59e47d3bde]::path::PathBuf>::{closure#1}
[INFO] [stderr]     24:     0x64f15b1483fe - <std[3164a59e47d3bde]::thread::lifecycle::spawn_unchecked<build_script_build[4c113b98dbcaebfa]::build_bios_boot_sector, std[3164a59e47d3bde]::path::PathBuf>::{closure#1} as core[934024a1e6126fb4]::ops::function::FnOnce<()>>::call_once::{shim:vtable#0}
[INFO] [stderr]     25:     0x64f15b188e9f - <alloc[b96ed41a801e996d]::boxed::Box<dyn core[934024a1e6126fb4]::ops::function::FnOnce<(), Output = ()> + core[934024a1e6126fb4]::marker::Send> as core[934024a1e6126fb4]::ops::function::FnOnce<()>>::call_once
[INFO] [stderr]                                  at /rustc/3154cc1a3e6424e44f438a95007d043ed5ceaaf6/library/alloc/src/boxed.rs:2314:9
[INFO] [stderr]     26:     0x64f15b188e9f - <std[3164a59e47d3bde]::sys::thread::unix::Thread>::new::thread_start
[INFO] [stderr]                                  at /rustc/3154cc1a3e6424e44f438a95007d043ed5ceaaf6/library/std/src/sys/thread/unix.rs:127:17
[INFO] [stderr]     27:     0x7c8f72b51dfa - <unknown>
[INFO] [stderr]     28:     0x7c8f72be53d4 - clone
[INFO] [stderr]     29:                0x0 - <unknown>
[INFO] [stderr] 
[INFO] [stderr]   thread '<unnamed>' (349) panicked at /opt/rustwide/cargo-home/registry/src/index.crates.io-1949cf8c6b5b557f/bootloader-0.11.15/build.rs:33:69:
[INFO] [stderr]   called `Result::unwrap()` on an `Err` value: Any { .. }
[INFO] [stderr]   stack backtrace:
[INFO] [stderr]      0:     0x64f15b1896c1 - std[3164a59e47d3bde]::backtrace_rs::backtrace::libunwind::trace
[INFO] [stderr]                                  at /rustc/3154cc1a3e6424e44f438a95007d043ed5ceaaf6/library/std/src/../../backtrace/src/backtrace/libunwind.rs:117:9
[INFO] [stderr]      1:     0x64f15b1896c1 - std[3164a59e47d3bde]::backtrace_rs::backtrace::trace_unsynchronized::<std[3164a59e47d3bde]::sys::backtrace::_print_fmt::{closure#1}>
[INFO] [stderr]                                  at /rustc/3154cc1a3e6424e44f438a95007d043ed5ceaaf6/library/std/src/../../backtrace/src/backtrace/mod.rs:66:14
[INFO] [stderr]      2:     0x64f15b1896c1 - std[3164a59e47d3bde]::sys::backtrace::_print_fmt
[INFO] [stderr]                                  at /rustc/3154cc1a3e6424e44f438a95007d043ed5ceaaf6/library/std/src/sys/backtrace.rs:74:9
[INFO] [stderr]      3:     0x64f15b1896c1 - <<std[3164a59e47d3bde]::sys::backtrace::BacktraceLock>::print::DisplayBacktrace as core[934024a1e6126fb4]::fmt::Display>::fmt
[INFO] [stderr]                                  at /rustc/3154cc1a3e6424e44f438a95007d043ed5ceaaf6/library/std/src/sys/backtrace.rs:44:26
[INFO] [stderr]      4:     0x64f15b19cbfa - <core[934024a1e6126fb4]::fmt::rt::Argument>::fmt
[INFO] [stderr]                                  at /rustc/3154cc1a3e6424e44f438a95007d043ed5ceaaf6/library/core/src/fmt/rt.rs:152:76
[INFO] [stderr]      5:     0x64f15b19cbfa - core[934024a1e6126fb4]::fmt::write
[INFO] [stderr]      6:     0x64f15b18eefc - core[934024a1e6126fb4]::io::write::default_write_fmt::<std[3164a59e47d3bde]::sys::stdio::unix::Stderr>
[INFO] [stderr]                                  at /rustc/3154cc1a3e6424e44f438a95007d043ed5ceaaf6/library/core/src/io/write.rs:402:11
[INFO] [stderr]      7:     0x64f15b18eefc - <std[3164a59e47d3bde]::sys::stdio::unix::Stderr as core[934024a1e6126fb4]::io::write::Write>::write_fmt
[INFO] [stderr]                                  at /rustc/3154cc1a3e6424e44f438a95007d043ed5ceaaf6/library/core/src/io/write.rs:335:13
[INFO] [stderr]      8:     0x64f15b169336 - <std[3164a59e47d3bde]::sys::backtrace::BacktraceLock>::print
[INFO] [stderr]                                  at /rustc/3154cc1a3e6424e44f438a95007d043ed5ceaaf6/library/std/src/sys/backtrace.rs:47:9
[INFO] [stderr]      9:     0x64f15b169336 - std[3164a59e47d3bde]::panicking::default_hook::{closure#0}
[INFO] [stderr]                                  at /rustc/3154cc1a3e6424e44f438a95007d043ed5ceaaf6/library/std/src/panicking.rs:289:27
[INFO] [stderr]     10:     0x64f15b184a81 - std[3164a59e47d3bde]::panicking::default_hook
[INFO] [stderr]                                  at /rustc/3154cc1a3e6424e44f438a95007d043ed5ceaaf6/library/std/src/panicking.rs:316:9
[INFO] [stderr]     11:     0x64f15b184c3b - std[3164a59e47d3bde]::panicking::panic_with_hook
[INFO] [stderr]                                  at /rustc/3154cc1a3e6424e44f438a95007d043ed5ceaaf6/library/std/src/panicking.rs:811:13
[INFO] [stderr]     12:     0x64f15b1693e2 - std[3164a59e47d3bde]::panicking::panic_handler::{closure#0}
[INFO] [stderr]                                  at /rustc/3154cc1a3e6424e44f438a95007d043ed5ceaaf6/library/std/src/panicking.rs:685:13
[INFO] [stderr]     13:     0x64f15b1621a9 - std[3164a59e47d3bde]::sys::backtrace::__rust_end_short_backtrace::<std[3164a59e47d3bde]::panicking::panic_handler::{closure#0}, !>
[INFO] [stderr]                                  at /rustc/3154cc1a3e6424e44f438a95007d043ed5ceaaf6/library/std/src/sys/backtrace.rs:182:18
[INFO] [stderr]     14:     0x64f15b169bfd - __rustc[2e7b49d4226056d3]::rust_begin_unwind
[INFO] [stderr]                                  at /rustc/3154cc1a3e6424e44f438a95007d043ed5ceaaf6/library/std/src/panicking.rs:676:5
[INFO] [stderr]     15:     0x64f15b19d36c - core[934024a1e6126fb4]::panicking::panic_fmt
[INFO] [stderr]                                  at /rustc/3154cc1a3e6424e44f438a95007d043ed5ceaaf6/library/core/src/panicking.rs:80:14
[INFO] [stderr]     16:     0x64f15b19d142 - core[934024a1e6126fb4]::result::unwrap_failed
[INFO] [stderr]                                  at /rustc/3154cc1a3e6424e44f438a95007d043ed5ceaaf6/library/core/src/result.rs:1866:5
[INFO] [stderr]     17:     0x64f15b14bbc6 - build_script_build[4c113b98dbcaebfa]::bios_main
[INFO] [stderr]     18:     0x64f15b14e9d6 - <build_script_build[4c113b98dbcaebfa]::bios_main as core[934024a1e6126fb4]::ops::function::FnOnce<()>>::call_once
[INFO] [stderr]     19:     0x64f15b142ad6 - std[3164a59e47d3bde]::sys::backtrace::__rust_begin_short_backtrace::<build_script_build[4c113b98dbcaebfa]::bios_main, ()>
[INFO] [stderr]     20:     0x64f15b147d9d - std[3164a59e47d3bde]::thread::lifecycle::spawn_unchecked::<build_script_build[4c113b98dbcaebfa]::bios_main, ()>::{closure#1}::{closure#0}
[INFO] [stderr]     21:     0x64f15b14e6b1 - <core[934024a1e6126fb4]::panic::unwind_safe::AssertUnwindSafe<std[3164a59e47d3bde]::thread::lifecycle::spawn_unchecked<build_script_build[4c113b98dbcaebfa]::bios_main, ()>::{closure#1}::{closure#0}> as core[934024a1e6126fb4]::ops::function::FnOnce<()>>::call_once
[INFO] [stderr]     22:     0x64f15b145ef1 - std[3164a59e47d3bde]::panicking::catch_unwind::do_call::<core[934024a1e6126fb4]::panic::unwind_safe::AssertUnwindSafe<std[3164a59e47d3bde]::thread::lifecycle::spawn_unchecked<build_script_build[4c113b98dbcaebfa]::bios_main, ()>::{closure#1}::{closure#0}>, ()>
[INFO] [stderr]     23:     0x64f15b14e9fb - __rust_try
[INFO] [stderr]     24:     0x64f15b1471fe - std[3164a59e47d3bde]::thread::lifecycle::spawn_unchecked::<build_script_build[4c113b98dbcaebfa]::bios_main, ()>::{closure#1}
[INFO] [stderr]     25:     0x64f15b148406 - <std[3164a59e47d3bde]::thread::lifecycle::spawn_unchecked<build_script_build[4c113b98dbcaebfa]::bios_main, ()>::{closure#1} as core[934024a1e6126fb4]::ops::function::FnOnce<()>>::call_once::{shim:vtable#0}
[INFO] [stderr]     26:     0x64f15b188e9f - <alloc[b96ed41a801e996d]::boxed::Box<dyn core[934024a1e6126fb4]::ops::function::FnOnce<(), Output = ()> + core[934024a1e6126fb4]::marker::Send> as core[934024a1e6126fb4]::ops::function::FnOnce<()>>::call_once
[INFO] [stderr]                                  at /rustc/3154cc1a3e6424e44f438a95007d043ed5ceaaf6/library/alloc/src/boxed.rs:2314:9
[INFO] [stderr]     27:     0x64f15b188e9f - <std[3164a59e47d3bde]::sys::thread::unix::Thread>::new::thread_start
[INFO] [stderr]                                  at /rustc/3154cc1a3e6424e44f438a95007d043ed5ceaaf6/library/std/src/sys/thread/unix.rs:127:17
[INFO] [stderr]     28:     0x7c8f72b51dfa - <unknown>
[INFO] [stderr]     29:     0x7c8f72be53d4 - clone
[INFO] [stderr]     30:                0x0 - <unknown>
[INFO] [stderr]   error: download of config.json failed
[INFO] [stderr] 
[INFO] [stderr]   Caused by:
[INFO] [stderr]     [6] Could not resolve hostname (Could not resolve host: index.crates.io)
[INFO] [stderr] 
[INFO] [stderr]   thread '<unnamed>' (354) panicked at /opt/rustwide/cargo-home/registry/src/index.crates.io-1949cf8c6b5b557f/bootloader-0.11.15/build.rs:365:9:
[INFO] [stderr]   failed to build bios stage-4
[INFO] [stderr]   stack backtrace:
[INFO] [stderr]      0:     0x64f15b1896c1 - std[3164a59e47d3bde]::backtrace_rs::backtrace::libunwind::trace
[INFO] [stderr]                                  at /rustc/3154cc1a3e6424e44f438a95007d043ed5ceaaf6/library/std/src/../../backtrace/src/backtrace/libunwind.rs:117:9
[INFO] [stderr]      1:     0x64f15b1896c1 - std[3164a59e47d3bde]::backtrace_rs::backtrace::trace_unsynchronized::<std[3164a59e47d3bde]::sys::backtrace::_print_fmt::{closure#1}>
[INFO] [stderr]                                  at /rustc/3154cc1a3e6424e44f438a95007d043ed5ceaaf6/library/std/src/../../backtrace/src/backtrace/mod.rs:66:14
[INFO] [stderr]      2:     0x64f15b1896c1 - std[3164a59e47d3bde]::sys::backtrace::_print_fmt
[INFO] [stderr]                                  at /rustc/3154cc1a3e6424e44f438a95007d043ed5ceaaf6/library/std/src/sys/backtrace.rs:74:9
[INFO] [stderr]      3:     0x64f15b1896c1 - <<std[3164a59e47d3bde]::sys::backtrace::BacktraceLock>::print::DisplayBacktrace as core[934024a1e6126fb4]::fmt::Display>::fmt
[INFO] [stderr]                                  at /rustc/3154cc1a3e6424e44f438a95007d043ed5ceaaf6/library/std/src/sys/backtrace.rs:44:26
[INFO] [stderr]      4:     0x64f15b19cbfa - <core[934024a1e6126fb4]::fmt::rt::Argument>::fmt
[INFO] [stderr]                                  at /rustc/3154cc1a3e6424e44f438a95007d043ed5ceaaf6/library/core/src/fmt/rt.rs:152:76
[INFO] [stderr]      5:     0x64f15b19cbfa - core[934024a1e6126fb4]::fmt::write
[INFO] [stderr]      6:     0x64f15b18eefc - core[934024a1e6126fb4]::io::write::default_write_fmt::<std[3164a59e47d3bde]::sys::stdio::unix::Stderr>
[INFO] [stderr]                                  at /rustc/3154cc1a3e6424e44f438a95007d043ed5ceaaf6/library/core/src/io/write.rs:402:11
[INFO] [stderr]      7:     0x64f15b18eefc - <std[3164a59e47d3bde]::sys::stdio::unix::Stderr as core[934024a1e6126fb4]::io::write::Write>::write_fmt
[INFO] [stderr]                                  at /rustc/3154cc1a3e6424e44f438a95007d043ed5ceaaf6/library/core/src/io/write.rs:335:13
[INFO] [stderr]      8:     0x64f15b169336 - <std[3164a59e47d3bde]::sys::backtrace::BacktraceLock>::print
[INFO] [stderr]                                  at /rustc/3154cc1a3e6424e44f438a95007d043ed5ceaaf6/library/std/src/sys/backtrace.rs:47:9
[INFO] [stderr]      9:     0x64f15b169336 - std[3164a59e47d3bde]::panicking::default_hook::{closure#0}
[INFO] [stderr]                                  at /rustc/3154cc1a3e6424e44f438a95007d043ed5ceaaf6/library/std/src/panicking.rs:289:27
[INFO] [stderr]     10:     0x64f15b184a81 - std[3164a59e47d3bde]::panicking::default_hook
[INFO] [stderr]                                  at /rustc/3154cc1a3e6424e44f438a95007d043ed5ceaaf6/library/std/src/panicking.rs:316:9
[INFO] [stderr]     11:     0x64f15b184c3b - std[3164a59e47d3bde]::panicking::panic_with_hook
[INFO] [stderr]                                  at /rustc/3154cc1a3e6424e44f438a95007d043ed5ceaaf6/library/std/src/panicking.rs:811:13
[INFO] [stderr]     12:     0x64f15b169414 - std[3164a59e47d3bde]::panicking::panic_handler::{closure#0}
[INFO] [stderr]                                  at /rustc/3154cc1a3e6424e44f438a95007d043ed5ceaaf6/library/std/src/panicking.rs:678:13
[INFO] [stderr]     13:     0x64f15b1621a9 - std[3164a59e47d3bde]::sys::backtrace::__rust_end_short_backtrace::<std[3164a59e47d3bde]::panicking::panic_handler::{closure#0}, !>
[INFO] [stderr]                                  at /rustc/3154cc1a3e6424e44f438a95007d043ed5ceaaf6/library/std/src/sys/backtrace.rs:182:18
[INFO] [stderr]     14:     0x64f15b169bfd - __rustc[2e7b49d4226056d3]::rust_begin_unwind
[INFO] [stderr]                                  at /rustc/3154cc1a3e6424e44f438a95007d043ed5ceaaf6/library/std/src/panicking.rs:676:5
[INFO] [stderr]     15:     0x64f15b19d36c - core[934024a1e6126fb4]::panicking::panic_fmt
[INFO] [stderr]                                  at /rustc/3154cc1a3e6424e44f438a95007d043ed5ceaaf6/library/core/src/panicking.rs:80:14
[INFO] [stderr]     16:     0x64f15b149ed3 - build_script_build[4c113b98dbcaebfa]::build_bios_stage_4
[INFO] [stderr]     17:     0x64f15b14e9a1 - <build_script_build[4c113b98dbcaebfa]::build_bios_stage_4 as core[934024a1e6126fb4]::ops::function::FnOnce<()>>::call_once
[INFO] [stderr]     18:     0x64f15b142aa1 - std[3164a59e47d3bde]::sys::backtrace::__rust_begin_short_backtrace::<build_script_build[4c113b98dbcaebfa]::build_bios_stage_4, std[3164a59e47d3bde]::path::PathBuf>
[INFO] [stderr]     19:     0x64f15b147aad - std[3164a59e47d3bde]::thread::lifecycle::spawn_unchecked::<build_script_build[4c113b98dbcaebfa]::build_bios_stage_4, std[3164a59e47d3bde]::path::PathBuf>::{closure#1}::{closure#0}
[INFO] [stderr]     20:     0x64f15b14e619 - <core[934024a1e6126fb4]::panic::unwind_safe::AssertUnwindSafe<std[3164a59e47d3bde]::thread::lifecycle::spawn_unchecked<build_script_build[4c113b98dbcaebfa]::build_bios_stage_4, std[3164a59e47d3bde]::path::PathBuf>::{closure#1}::{closure#0}> as core[934024a1e6126fb4]::ops::function::FnOnce<()>>::call_once
[INFO] [stderr]     21:     0x64f15b145dfa - std[3164a59e47d3bde]::panicking::catch_unwind::do_call::<core[934024a1e6126fb4]::panic::unwind_safe::AssertUnwindSafe<std[3164a59e47d3bde]::thread::lifecycle::spawn_unchecked<build_script_build[4c113b98dbcaebfa]::build_bios_stage_4, std[3164a59e47d3bde]::path::PathBuf>::{closure#1}::{closure#0}>, std[3164a59e47d3bde]::path::PathBuf>
[INFO] [stderr]     22:     0x64f15b14e9fb - __rust_try
[INFO] [stderr]     23:     0x64f15b146afe - std[3164a59e47d3bde]::thread::lifecycle::spawn_unchecked::<build_script_build[4c113b98dbcaebfa]::build_bios_stage_4, std[3164a59e47d3bde]::path::PathBuf>::{closure#1}
[INFO] [stderr]     24:     0x64f15b1483f6 - <std[3164a59e47d3bde]::thread::lifecycle::spawn_unchecked<build_script_build[4c113b98dbcaebfa]::build_bios_stage_4, std[3164a59e47d3bde]::path::PathBuf>::{closure#1} as core[934024a1e6126fb4]::ops::function::FnOnce<()>>::call_once::{shim:vtable#0}
[INFO] [stderr]     25:     0x64f15b188e9f - <alloc[b96ed41a801e996d]::boxed::Box<dyn core[934024a1e6126fb4]::ops::function::FnOnce<(), Output = ()> + core[934024a1e6126fb4]::marker::Send> as core[934024a1e6126fb4]::ops::function::FnOnce<()>>::call_once
[INFO] [stderr]                                  at /rustc/3154cc1a3e6424e44f438a95007d043ed5ceaaf6/library/alloc/src/boxed.rs:2314:9
[INFO] [stderr]     26:     0x64f15b188e9f - <std[3164a59e47d3bde]::sys::thread::unix::Thread>::new::thread_start
[INFO] [stderr]                                  at /rustc/3154cc1a3e6424e44f438a95007d043ed5ceaaf6/library/std/src/sys/thread/unix.rs:127:17
[INFO] [stderr]     27:     0x7c8f72b51dfa - <unknown>
[INFO] [stderr]     28:     0x7c8f72be53d4 - clone
[INFO] [stderr]     29:                0x0 - <unknown>
[INFO] [stderr]   error: download of config.json failed
[INFO] [stderr] 
[INFO] [stderr]   Caused by:
[INFO] [stderr]     [6] Could not resolve hostname (Could not resolve host: index.crates.io)
[INFO] [stderr] 
[INFO] [stderr]   thread '<unnamed>' (348) panicked at /opt/rustwide/cargo-home/registry/src/index.crates.io-1949cf8c6b5b557f/bootloader-0.11.15/build.rs:100:9:
[INFO] [stderr]   failed to build uefi bootloader
[INFO] [stderr]   stack backtrace:
[INFO] [stderr]      0:     0x64f15b1896c1 - std[3164a59e47d3bde]::backtrace_rs::backtrace::libunwind::trace
[INFO] [stderr]                                  at /rustc/3154cc1a3e6424e44f438a95007d043ed5ceaaf6/library/std/src/../../backtrace/src/backtrace/libunwind.rs:117:9
[INFO] [stderr]      1:     0x64f15b1896c1 - std[3164a59e47d3bde]::backtrace_rs::backtrace::trace_unsynchronized::<std[3164a59e47d3bde]::sys::backtrace::_print_fmt::{closure#1}>
[INFO] [stderr]                   error : download of config.json failed
[INFO] [stderr]                 at 
[INFO] [stderr]   Caused by:
[INFO] [stderr]   /rustc/3154cc1a3e6424e44f438a95007d043ed5ceaaf6/library/std/src/../../backtrace/src/backtrace/mod.rs:66:  [6] Could not resolve hostname (Could not resolve host: index.crates.io)
[INFO] [stderr]   14
[INFO] [stderr]      2:     0x64f15b1896c1 - std[3164a59e47d3bde]::sys::backtrace::_print_fmt
[INFO] [stderr]                                  at /rustc/3154cc1a3e6424e44f438a95007d043ed5ceaaf6/library/std/src/sys/backtrace.rs:74:9
[INFO] [stderr]      3:     0x64f15b1896c1 - <<std[3164a59e47d3bde]::sys::backtrace::BacktraceLock>::print::DisplayBacktrace as core[934024a1e6126fb4]::fmt::Display>::fmt
[INFO] [stderr]                                  at /rustc/3154cc1a3e6424e44f438a95007d043ed5ceaaf6/library/std/src/sys/backtrace.rs:44:26
[INFO] [stderr]      4:     0x64f15b19cbfa - <core[934024a1e6126fb4]::fmt::rt::Argument>::fmt
[INFO] [stderr]                                  at /rustc/3154cc1a3e6424e44f438a95007d043ed5ceaaf6/library/core/src/fmt/rt.rs:152:76
[INFO] [stderr]      5:     0x64f15b19cbfa - core[934024a1e6126fb4]::fmt::write
[INFO] [stderr]      6:     0x64f15b18eefc - core[934024a1e6126fb4]::io::write::default_write_fmt::<std[3164a59e47d3bde]::sys::stdio::unix::Stderr>
[INFO] [stderr]                                  at /rustc/3154cc1a3e6424e44f438a95007d043ed5ceaaf6/library/core/src/io/write.rs:402:11
[INFO] [stderr]      7:     0x64f15b18eefc - <std[3164a59e47d3bde]::sys::stdio::unix::Stderr as core[934024a1e6126fb4]::io::write::Write>::write_fmt
[INFO] [stderr]                                  at /rustc/3154cc1a3e6424e44f438a95007d043ed5ceaaf6/library/core/src/io/write.rs:335:13
[INFO] [stderr]      8:     0x64f15b169336 - <std[3164a59e47d3bde]::sys::backtrace::BacktraceLock>::print
[INFO] [stderr]                                  at /rustc/3154cc1a3e6424e44f438a95007d043ed5ceaaf6/library/std/src/sys/backtrace.rs:47:9
[INFO] [stderr]      9:     0x64f15b169336 - std[3164a59e47d3bde]::panicking::default_hook::{closure#0}
[INFO] [stderr]                                  at /rustc/3154cc1a3e6424e44f438a95007d043ed5ceaaf6/library/std/src/panicking.rs:289:27
[INFO] [stderr]     10:     0x64f15b184a81 - std[3164a59e47d3bde]::panicking::default_hook
[INFO] [stderr]                                  at /rustc/3154cc1a3e6424e44f438a95007d043ed5ceaaf6/library/std/src/panicking.rs:316:9
[INFO] [stderr]     11:     0x64f15b184c3b - std[3164a59e47d3bde]::panicking::panic_with_hook
[INFO] [stderr]                                  at /rustc/3154cc1a3e6424e44f438a95007d043ed5ceaaf6/library/std/src/panicking.rs:811:13
[INFO] [stderr]     12:     0x64f15b169414 - std[3164a59e47d3bde]::panicking::panic_handler::{closure#0}
[INFO] [stderr]                                  at /rustc/3154cc1a3e6424e44f438a95007d043ed5ceaaf6/library/std/src/panicking.rs:678:13
[INFO] [stderr]     13:     0x64f15b1621a9 - std[3164a59e47d3bde]::sys::backtrace::__rust_end_short_backtrace::<std[3164a59e47d3bde]::panicking::panic_handler::{closure#0}, !>
[INFO] [stderr]                                  at /rustc/3154cc1a3e6424e44f438a95007d043ed5ceaaf6/library/std/src/sys/backtrace.rs:182:18
[INFO] [stderr]     14:     0x64f15b169bfd - __rustc[2e7b49d4226056d3]::rust_begin_unwind
[INFO] [stderr]                                  at /rustc/3154cc1a3e6424e44f438a95007d043ed5ceaaf6/library/std/src/panicking.rs:676:5
[INFO] [stderr]     15:     0x64f15b19d36c - core[934024a1e6126fb4]::panicking::panic_fmt
[INFO] [stderr]                                  at /rustc/3154cc1a3e6424e44f438a95007d043ed5ceaaf6/library/core/src/panicking.rs:80:14
[INFO] [stderr]     16:     0x64f15b14abd7 - build_script_build[4c113b98dbcaebfa]::build_uefi_bootloader
[INFO] [stderr]     17:     0x64f15b14c496 - build_script_build[4c113b98dbcaebfa]::uefi_main
[INFO] [stderr]     18:     0x64f15b14e9de - <build_script_build[4c113b98dbcaebfa]::uefi_main as core[934024a1e6126fb4]::ops::function::FnOnce<()>>::call_once
[INFO] [stderr]     19:     0x64f15b142ade - std[3164a59e47d3bde]::sys::backtrace::__rust_begin_short_backtrace::<build_script_build[4c113b98dbcaebfa]::uefi_main, ()>
[INFO] [stderr]     20:     0x64f15b147f0d - std[3164a59e47d3bde]::thread::lifecycle::spawn_unchecked::<build_script_build[4c113b98dbcaebfa]::uefi_main, ()>::{closure#1}::{closure#0}
[INFO] [stderr]     21:     0x64f15b14e6f1 - <core[934024a1e6126fb4]::panic::unwind_safe::AssertUnwindSafe<std[3164a59e47d3bde]::thread::lifecycle::spawn_unchecked<build_script_build[4c113b98dbcaebfa]::uefi_main, ()>::{closure#1}::{closure#0}> as core[934024a1e6126fb4]::ops::function::FnOnce<()>>::call_once
[INFO] [stderr]     22:     0x64f15b145f31 - std[3164a59e47d3bde]::panicking::catch_unwind::do_call::<core[934024a1e6126fb4]::panic::unwind_safe::AssertUnwindSafe<std[3164a59e47d3bde]::thread::lifecycle::spawn_unchecked<build_script_build[4c113b98dbcaebfa]::uefi_main, ()>::{closure#1}::{closure#0}>, ()>
[INFO] [stderr]     23:     0x64f15b14e9fb - __rust_try
[INFO] [stderr]     24:     0x64f15b14751e - std[3164a59e47d3bde]::thread::lifecycle::spawn_unchecked::<build_script_build[4c113b98dbcaebfa]::uefi_main, ()>::{closure#1}
[INFO] [stderr]     25:     0x64f15b14840e - <std[3164a59e47d3bde]::thread::lifecycle::spawn_unchecked<build_script_build[4c113b98dbcaebfa]::uefi_main, ()>::{closure#1} as core[934024a1e6126fb4]::ops::function::FnOnce<()>>::call_once::{shim:vtable#0}
[INFO] [stderr]     26:     0x64f15b188e9f - <alloc[b96ed41a801e996d]::boxed::Box<dyn core[934024a1e6126fb4]::ops::function::FnOnce<(), Output = ()> + core[934024a1e6126fb4]::marker::Send> as core[934024a1e6126fb4]::ops::function::FnOnce<()>>::call_once
[INFO] [stderr]                                  at /rustc/3154cc1a3e6424e44f438a95007d043ed5ceaaf6/library/alloc/src/boxed.rs:2314:9
[INFO] [stderr]     27:     0x64f15b188e9f - <std[3164a59e47d3bde]::sys::thread::unix::Thread>::new::thread_start
[INFO] [stderr]                                  at /rustc/3154cc1a3e6424e44f438a95007d043ed5ceaaf6/library/std/src/sys/thread/unix.rs:127:17
[INFO] [stderr]     28:     0x7c8f72b51dfa - <unknown>
[INFO] [stderr]     29:     0x7c8f72be53d4 - clone
[INFO] [stderr]     30:                0x0 - <unknown>
[INFO] [stderr] 
[INFO] [stderr]   thread 'main' (347) panicked at /opt/rustwide/cargo-home/registry/src/index.crates.io-1949cf8c6b5b557f/bootloader-0.11.15/build.rs:16:29:
[INFO] [stderr]   called `Result::unwrap()` on an `Err` value: Any { .. }
[INFO] [stderr]   stack backtrace:
[INFO] [stderr]      0:     0x64f15b1896c1 - std[3164a59e47d3bde]::backtrace_rs::backtrace::libunwind::trace
[INFO] [stderr]                                  at /rustc/3154cc1a3e6424e44f438a95007d043ed5ceaaf6/library/std/src/../../backtrace/src/backtrace/libunwind.rs:117:9
[INFO] [stderr]      1:     0x64f15b1896c1 - std[3164a59e47d3bde]::backtrace_rs::backtrace::trace_unsynchronized::<std[3164a59e47d3bde]::sys::backtrace::_print_fmt::{closure#1}>
[INFO] [stderr]                                  at /rustc/3154cc1a3e6424e44f438a95007d043ed5ceaaf6/library/std/src/../../backtrace/src/backtrace/mod.rs:66:14
[INFO] [stderr]      2:     0x64f15b1896c1 - std[3164a59e47d3bde]::sys::backtrace::_print_fmt
[INFO] [stderr]                                  at /rustc/3154cc1a3e6424e44f438a95007d043ed5ceaaf6/library/std/src/sys/backtrace.rs:74:9
[INFO] [stderr]      3:     0x64f15b1896c1 - <<std[3164a59e47d3bde]::sys::backtrace::BacktraceLock>::print::DisplayBacktrace as core[934024a1e6126fb4]::fmt::Display>::fmt
[INFO] [stderr]                                  at /rustc/3154cc1a3e6424e44f438a95007d043ed5ceaaf6/library/std/src/sys/backtrace.rs:44:26
[INFO] [stderr]      4:     0x64f15b19cbfa - <core[934024a1e6126fb4]::fmt::rt::Argument>::fmt
[INFO] [stderr]                                  at /rustc/3154cc1a3e6424e44f438a95007d043ed5ceaaf6/library/core/src/fmt/rt.rs:152:76
[INFO] [stderr]      5:     0x64f15b19cbfa - core[934024a1e6126fb4]::fmt::write
[INFO] [stderr]      6:     0x64f15b18eefc - core[934024a1e6126fb4]::io::write::default_write_fmt::<std[3164a59e47d3bde]::sys::stdio::unix::Stderr>
[INFO] [stderr]                                  at /rustc/3154cc1a3e6424e44f438a95007d043ed5ceaaf6/library/core/src/io/write.rs:402:11
[INFO] [stderr]      7:     0x64f15b18eefc - <std[3164a59e47d3bde]::sys::stdio::unix::Stderr as core[934024a1e6126fb4]::io::write::Write>::write_fmt
[INFO] [stderr]                                  at /rustc/3154cc1a3e6424e44f438a95007d043ed5ceaaf6/library/core/src/io/write.rs:335:13
[INFO] [stderr]      8:     0x64f15b169336 - <std[3164a59e47d3bde]::sys::backtrace::BacktraceLock>::print
[INFO] [stderr]                                  at /rustc/3154cc1a3e6424e44f438a95007d043ed5ceaaf6/library/std/src/sys/backtrace.rs:47:9
[INFO] [stderr]      9:     0x64f15b169336 - std[3164a59e47d3bde]::panicking::default_hook::{closure#0}
[INFO] [stderr]                                  at /rustc/3154cc1a3e6424e44f438a95007d043ed5ceaaf6/library/std/src/panicking.rs:289:27
[INFO] [stderr]     10:     0x64f15b184a81 - std[3164a59e47d3bde]::panicking::default_hook
[INFO] [stderr]                                  at /rustc/3154cc1a3e6424e44f438a95007d043ed5ceaaf6/library/std/src/panicking.rs:316:9
[INFO] [stderr]     11:     0x64f15b184c3b - std[3164a59e47d3bde]::panicking::panic_with_hook
[INFO] [stderr]                                  at /rustc/3154cc1a3e6424e44f438a95007d043ed5ceaaf6/library/std/src/panicking.rs:811:13
[INFO] [stderr]     12:     0x64f15b1693e2 - std[3164a59e47d3bde]::panicking::panic_handler::{closure#0}
[INFO] [stderr]                                  at /rustc/3154cc1a3e6424e44f438a95007d043ed5ceaaf6/library/std/src/panicking.rs:685:13
[INFO] [stderr]     13:     0x64f15b1621a9 - std[3164a59e47d3bde]::sys::backtrace::__rust_end_short_backtrace::<std[3164a59e47d3bde]::panicking::panic_handler::{closure#0}, !>
[INFO] [stderr]                                  at /rustc/3154cc1a3e6424e44f438a95007d043ed5ceaaf6/library/std/src/sys/backtrace.rs:182:18
[INFO] [stderr]     14:     0x64f15b169bfd - __rustc[2e7b49d4226056d3]::rust_begin_unwind
[INFO] [stderr]                                  at /rustc/3154cc1a3e6424e44f438a95007d043ed5ceaaf6/library/std/src/panicking.rs:676:5
[INFO] [stderr]     15:     0x64f15b19d36c - core[934024a1e6126fb4]::panicking::panic_fmt
[INFO] [stderr]                                  at /rustc/3154cc1a3e6424e44f438a95007d043ed5ceaaf6/library/core/src/panicking.rs:80:14
[INFO] [stderr]     16:     0x64f15b19d142 - core[934024a1e6126fb4]::result::unwrap_failed
[INFO] [stderr]                                  at /rustc/3154cc1a3e6424e44f438a95007d043ed5ceaaf6/library/core/src/result.rs:1866:5
[INFO] [stderr]     17:     0x64f15b14b841 - build_script_build[4c113b98dbcaebfa]::main
[INFO] [stderr]     18:     0x64f15b14e8e3 - <fn() as core[934024a1e6126fb4]::ops::function::FnOnce<()>>::call_once
[INFO] [stderr]     19:     0x64f15b142a1e - std[3164a59e47d3bde]::sys::backtrace::__rust_begin_short_backtrace::<fn(), ()>
[INFO] [stderr]     20:     0x64f15b1461e9 - std[3164a59e47d3bde]::rt::lang_start::<()>::{closure#0}
[INFO] [stderr]     21:     0x64f15b183ef8 - <&dyn core[934024a1e6126fb4]::ops::function::Fn<(), Output = i32> + core[934024a1e6126fb4]::marker::Sync + core[934024a1e6126fb4]::panic::unwind_safe::RefUnwindSafe as core[934024a1e6126fb4]::ops::function::FnOnce<()>>::call_once
[INFO] [stderr]                                  at /rustc/3154cc1a3e6424e44f438a95007d043ed5ceaaf6/library/core/src/ops/function.rs:287:21
[INFO] [stderr]     22:     0x64f15b183ef8 - std[3164a59e47d3bde]::panicking::catch_unwind::do_call::<&dyn core[934024a1e6126fb4]::ops::function::Fn<(), Output = i32> + core[934024a1e6126fb4]::marker::Sync + core[934024a1e6126fb4]::panic::unwind_safe::RefUnwindSafe, i32>
[INFO] [stderr]                                  at /rustc/3154cc1a3e6424e44f438a95007d043ed5ceaaf6/library/std/src/panicking.rs:573:43
[INFO] [stderr]     23:     0x64f15b183ef8 - std[3164a59e47d3bde]::panicking::catch_unwind::<i32, &dyn core[934024a1e6126fb4]::ops::function::Fn<(), Output = i32> + core[934024a1e6126fb4]::marker::Sync + core[934024a1e6126fb4]::panic::unwind_safe::RefUnwindSafe>
[INFO] [stderr]                                  at /rustc/3154cc1a3e6424e44f438a95007d043ed5ceaaf6/library/std/src/panicking.rs:541:19
[INFO] [stderr]     24:     0x64f15b183ef8 - std[3164a59e47d3bde]::panic::catch_unwind::<&dyn core[934024a1e6126fb4]::ops::function::Fn<(), Output = i32> + core[934024a1e6126fb4]::marker::Sync + core[934024a1e6126fb4]::panic::unwind_safe::RefUnwindSafe, i32>
[INFO] [stderr]                                  at /rustc/3154cc1a3e6424e44f438a95007d043ed5ceaaf6/library/std/src/panic.rs:359:14
[INFO] [stderr]     25:     0x64f15b183ef8 - std[3164a59e47d3bde]::rt::lang_start_internal::{closure#0}
[INFO] [stderr]                                  at /rustc/3154cc1a3e6424e44f438a95007d043ed5ceaaf6/library/std/src/rt.rs:175:24
[INFO] [stderr]     26:     0x64f15b183ef8 - std[3164a59e47d3bde]::panicking::catch_unwind::do_call::<std[3164a59e47d3bde]::rt::lang_start_internal::{closure#0}, isize>
[INFO] [stderr]                                  at /rustc/3154cc1a3e6424e44f438a95007d043ed5ceaaf6/library/std/src/panicking.rs:573:43
[INFO] [stderr]     27:     0x64f15b183ef8 - std[3164a59e47d3bde]::panicking::catch_unwind::<isize, std[3164a59e47d3bde]::rt::lang_start_internal::{closure#0}>
[INFO] [stderr]                                  at /rustc/3154cc1a3e6424e44f438a95007d043ed5ceaaf6/library/std/src/panicking.rs:541:19
[INFO] [stderr]     28:     0x64f15b183ef8 - std[3164a59e47d3bde]::panic::catch_unwind::<std[3164a59e47d3bde]::rt::lang_start_internal::{closure#0}, isize>
[INFO] [stderr]                                  at /rustc/3154cc1a3e6424e44f438a95007d043ed5ceaaf6/library/std/src/panic.rs:359:14
[INFO] [stderr]     29:     0x64f15b183ef8 - std[3164a59e47d3bde]::rt::lang_start_internal
[INFO] [stderr]                                  at /rustc/3154cc1a3e6424e44f438a95007d043ed5ceaaf6/library/std/src/rt.rs:171:5
[INFO] [stderr]     30:     0x64f15b1423f1 - std[3164a59e47d3bde]::rt::lang_start::<()>
[INFO] [stderr]     31:     0x64f15b14ea35 - main
[INFO] [stderr]     32:     0x7c8f72ad8601 - <unknown>
[INFO] [stderr]     33:     0x7c8f72ad8718 - __libc_start_main
[INFO] [stderr]     34:     0x64f15b1409e5 - _start
[INFO] [stderr]     35:                0x0 - <unknown>
[INFO] [stderr] warning: build failed, waiting for other jobs to finish...
[INFO] running `Command { std: "docker" "inspect" "da3eb3aa7bcb2389889a5da3bd3fd08766a0754372fe0a6c4fb60c2afdee831a", kill_on_drop: false }`
[INFO] running `Command { std: "docker" "rm" "-f" "da3eb3aa7bcb2389889a5da3bd3fd08766a0754372fe0a6c4fb60c2afdee831a", kill_on_drop: false }`
[INFO] [stdout] da3eb3aa7bcb2389889a5da3bd3fd08766a0754372fe0a6c4fb60c2afdee831a
