[INFO] cloning repository https://github.com/arvarik/ovis
[INFO] running `Command { std: "git" "-c" "credential.helper=" "-c" "credential.helper=/workspace/cargo-home/bin/git-credential-null" "clone" "--bare" "https://github.com/arvarik/ovis" "/workspace/cache/git-repos/https%3A%2F%2Fgithub.com%2Farvarik%2Fovis", kill_on_drop: false }`
[INFO] [stderr] Cloning into bare repository '/workspace/cache/git-repos/https%3A%2F%2Fgithub.com%2Farvarik%2Fovis'...
[INFO] running `Command { std: "git" "rev-parse" "HEAD", kill_on_drop: false }`
[INFO] [stdout] 75810d2c04f2f43969f72a0f2318642e4a3be411
[INFO] checking arvarik/ovis against 3154cc1a3e6424e44f438a95007d043ed5ceaaf6+rustflags=-Znext-solver=coherence for pr-133502-30
[INFO] running `Command { std: "git" "clone" "/workspace/cache/git-repos/https%3A%2F%2Fgithub.com%2Farvarik%2Fovis" "/workspace/builds/worker-0-tc1/source", kill_on_drop: false }`
[INFO] [stderr] Cloning into '/workspace/builds/worker-0-tc1/source'...
[INFO] [stderr] done.
[INFO] started tweaking git repo https://github.com/arvarik/ovis
[INFO] finished tweaking git repo https://github.com/arvarik/ovis
[INFO] tweaked toml for git repo https://github.com/arvarik/ovis written to /workspace/builds/worker-0-tc1/source/Cargo.toml
[INFO] validating manifest of git repo https://github.com/arvarik/ovis on toolchain 3154cc1a3e6424e44f438a95007d043ed5ceaaf6
[INFO] running `Command { std: CARGO_HOME="/workspace/cargo-home" RUSTUP_HOME="/workspace/rustup-home" "/workspace/cargo-home/bin/cargo" "+3154cc1a3e6424e44f438a95007d043ed5ceaaf6" "metadata" "--manifest-path" "Cargo.toml" "--no-deps", kill_on_drop: false }`
[INFO] crate git repo https://github.com/arvarik/ovis already has a lockfile, it will not be regenerated
[INFO] running `Command { std: CARGO_HOME="/workspace/cargo-home" RUSTUP_HOME="/workspace/rustup-home" "/workspace/cargo-home/bin/cargo" "+3154cc1a3e6424e44f438a95007d043ed5ceaaf6" "fetch" "--manifest-path" "Cargo.toml", kill_on_drop: false }`
[INFO] [stderr]     Updating crates.io index
[INFO] [stderr]  Downloading crates ...
[INFO] [stderr]   Downloaded cc v1.4.1
[INFO] [stderr]   Downloaded serde_yaml_ng v0.10.0
[INFO] [stderr]   Downloaded darling_macro v0.24.0
[INFO] [stderr]   Downloaded darling v0.24.0
[INFO] [stderr]   Downloaded darling_core v0.24.0
[INFO] [stderr]   Downloaded whatlang v0.18.0
[INFO] [stderr]   Downloaded sketches-ddsketch v0.3.1
[INFO] [stderr]   Downloaded left-right v0.11.8
[INFO] [stderr]   Downloaded moka v0.12.15
[INFO] [stderr]   Downloaded evmap v11.0.0
[INFO] [stderr]   Downloaded metrics-exporter-prometheus v0.18.3
[INFO] [stderr]   Downloaded hashbag v0.1.13
[INFO] [stderr]   Downloaded metrics-util v0.20.4
[INFO] [stderr]   Downloaded comfy-table v8.0.0
[INFO] running `Command { std: "docker" "create" "-v" "/var/lib/crater-agent-workspace/builds/worker-0-tc1/source:/opt/rustwide/workdir:ro,Z" "-v" "/var/lib/crater-agent-workspace/builds/worker-0-tc1/target:/opt/rustwide/target:rw,Z" "-v" "/var/lib/crater-agent-workspace/cargo-home:/opt/rustwide/cargo-home:ro,Z" "-v" "/var/lib/crater-agent-workspace/rustup-home:/opt/rustwide/rustup-home:ro,Z" "-m" "1610612736" "--network" "none" "ghcr.io/rust-lang/crates-build-env/linux@sha256:77db811e55d90add9212f6832c23229e3de5f1c1f9905e8cb07319ea15df73ac" "sleep" "infinity", kill_on_drop: false }`
[INFO] [stdout] 29af36bf216ac68ae4e849eefe8471c554a65cc63e011f03717e28ccf477b2f2
[INFO] running `Command { std: "docker" "start" "29af36bf216ac68ae4e849eefe8471c554a65cc63e011f03717e28ccf477b2f2", kill_on_drop: false }`
[INFO] running `Command { std: "docker" "inspect" "29af36bf216ac68ae4e849eefe8471c554a65cc63e011f03717e28ccf477b2f2", kill_on_drop: false }`
[INFO] running `Command { std: "docker" "exec" "-e" "SOURCE_DIR=/opt/rustwide/workdir" "-e" "CARGO_HOME=/opt/rustwide/cargo-home" "-e" "RUSTUP_HOME=/opt/rustwide/rustup-home" "-e" "CARGO_TARGET_DIR=/opt/rustwide/target" "-w" "/opt/rustwide/workdir" "--user" "0:0" "29af36bf216ac68ae4e849eefe8471c554a65cc63e011f03717e28ccf477b2f2" "/opt/rustwide/cargo-home/bin/cargo" "+3154cc1a3e6424e44f438a95007d043ed5ceaaf6" "metadata" "--no-deps" "--format-version=1", kill_on_drop: false }`
[INFO] running `Command { std: "docker" "inspect" "29af36bf216ac68ae4e849eefe8471c554a65cc63e011f03717e28ccf477b2f2", kill_on_drop: false }`
[INFO] running `Command { std: "docker" "exec" "-e" "SOURCE_DIR=/opt/rustwide/workdir" "-e" "CARGO_HOME=/opt/rustwide/cargo-home" "-e" "RUSTUP_HOME=/opt/rustwide/rustup-home" "-e" "CARGO_TARGET_DIR=/opt/rustwide/target" "-e" "CARGO_INCREMENTAL=0" "-e" "RUST_BACKTRACE=full" "-e" "RUSTFLAGS=--cap-lints=forbid -Znext-solver=coherence" "-e" "RUSTDOCFLAGS=--cap-lints=forbid" "-w" "/opt/rustwide/workdir" "--user" "0:0" "29af36bf216ac68ae4e849eefe8471c554a65cc63e011f03717e28ccf477b2f2" "/opt/rustwide/cargo-home/bin/cargo" "+3154cc1a3e6424e44f438a95007d043ed5ceaaf6" "check" "--frozen" "--all" "--all-targets" "--message-format=json", kill_on_drop: false }`
[INFO] [stderr]    Compiling serde v1.0.229
[INFO] [stderr]    Compiling serde_core v1.0.229
[INFO] [stderr]    Compiling syn v3.0.3
[INFO] [stderr]    Compiling cc v1.4.1
[INFO] [stderr]     Checking mio v1.2.2
[INFO] [stderr]     Checking hashbrown v0.17.1
[INFO] [stderr]    Compiling tracing-attributes v0.1.31
[INFO] [stderr]     Checking futures-sink v0.3.33
[INFO] [stderr]    Compiling typenum v1.20.1
[INFO] [stderr]    Compiling num-traits v0.2.19
[INFO] [stderr]    Compiling zerofrom v0.1.8
[INFO] [stderr]    Compiling stable_deref_trait v1.2.1
[INFO] [stderr]    Compiling serde_json v1.0.151
[INFO] [stderr]     Checking indexmap v2.14.0
[INFO] [stderr]    Compiling yoke v0.8.3
[INFO] [stderr]     Checking futures-channel v0.3.33
[INFO] [stderr]     Checking tracing v0.1.44
[INFO] [stderr]     Checking potential_utf v0.1.5
[INFO] [stderr]    Compiling futures-macro v0.3.33
[INFO] [stderr]    Compiling zerovec v0.11.6
[INFO] [stderr]    Compiling cmake v0.1.58
[INFO] [stderr]    Compiling hybrid-array v0.4.14
[INFO] [stderr]    Compiling cmov v0.5.4
[INFO] [stderr]    Compiling ctutils v0.4.2
[INFO] [stderr]    Compiling openssl-sys v0.9.117
[INFO] [stderr]    Compiling aws-lc-sys v0.44.0
[INFO] [stderr]     Checking futures-util v0.3.33
[INFO] [stderr]    Compiling block-buffer v0.12.1
[INFO] [stderr]    Compiling crypto-common v0.2.2
[INFO] [stderr]    Compiling litemap v0.8.2
[INFO] [stderr]    Compiling writeable v0.6.3
[INFO] [stderr]    Compiling const-oid v0.10.2
[INFO] [stderr]    Compiling openssl v0.10.81
[INFO] [stderr]    Compiling openssl-macros v0.1.1
[INFO] [stderr]    Compiling utf8_iter v1.0.4
[INFO] [stderr]    Compiling time-core v0.1.9
[INFO] [stderr]    Compiling cpufeatures v0.3.0
[INFO] [stderr]    Compiling num-conv v0.2.2
[INFO] [stderr]    Compiling pin-project-lite v0.2.17
[INFO] [stderr]    Compiling native-tls v0.2.18
[INFO] [stderr]    Compiling digest v0.11.3
[INFO] [stderr]    Compiling time-macros v0.2.32
[INFO] [stderr]     Checking alloc-stdlib v0.2.4
[INFO] [stderr]    Compiling generic-array v0.14.7
[INFO] [stderr]    Compiling icu_properties_data v2.2.0
[INFO] [stderr]    Compiling icu_normalizer_data v2.2.0
[INFO] [stderr]    Compiling futures-core v0.3.33
[INFO] [stderr]     Checking deranged v0.5.8
[INFO] [stderr]     Checking num_threads v0.1.7
[INFO] [stderr]     Checking simd-adler32 v0.3.10
[INFO] [stderr]     Checking miniz_oxide v0.8.9
[INFO] [stderr]     Checking brotli-decompressor v5.0.3
[INFO] [stderr]     Checking http-body-util v0.1.4
[INFO] [stderr]    Compiling rustls v0.23.43
[INFO] [stderr]    Compiling crossbeam-utils v0.8.22
[INFO] [stderr]    Compiling foreign-types-shared v0.1.1
[INFO] [stderr]    Compiling iana-time-zone v0.1.65
[INFO] [stderr]    Compiling foreign-types v0.3.2
[INFO] [stderr]    Compiling lock_api v0.4.14
[INFO] [stderr]     Checking flate2 v1.1.9
[INFO] [stderr]    Compiling crypto-common v0.1.7
[INFO] [stderr]    Compiling block-buffer v0.10.4
[INFO] [stderr]    Compiling sha2 v0.11.0
[INFO] [stderr]     Checking time v0.3.55
[INFO] [stderr]     Checking sync_wrapper v1.0.2
[INFO] [stderr]     Checking brotli v8.0.4
[INFO] [stderr]    Compiling serde_derive v1.0.229
[INFO] [stderr]    Compiling displaydoc v0.2.7
[INFO] [stderr]    Compiling tokio-macros v2.7.2
[INFO] [stderr]    Compiling thiserror-impl v2.0.19
[INFO] [stderr]    Compiling socket2 v0.6.5
[INFO] [stderr]     Checking tinystr v0.8.3
[INFO] [stderr]     Checking icu_locale_core v2.2.0
[INFO] [stderr]     Checking zerotrie v0.2.4
[INFO] [stderr]     Checking icu_collections v2.2.0
[INFO] [stderr]     Checking thiserror v2.0.19
[INFO] [stderr]     Checking ipnet v2.12.1
[INFO] [stderr]     Checking icu_provider v2.2.0
[INFO] [stderr]     Checking compression-core v0.4.32
[INFO] [stderr]     Checking icu_properties v2.2.0
[INFO] [stderr]    Compiling allocator-api2 v0.2.21
[INFO] [stderr]    Compiling rand_core v0.10.1
[INFO] [stderr]    Compiling bytes v1.12.1
[INFO] [stderr]    Compiling percent-encoding v2.3.2
[INFO] [stderr]    Compiling tinyvec v1.12.0
[INFO] [stderr]    Compiling form_urlencoded v1.2.2
[INFO] [stderr]    Compiling hashbrown v0.16.1
[INFO] [stderr]    Compiling tokio v1.53.1
[INFO] [stderr]    Compiling tracing-core v0.1.36
[INFO] [stderr]     Checking compression-codecs v0.4.38
[INFO] [stderr]    Compiling digest v0.10.7
[INFO] [stderr]     Checking aho-corasick v1.1.5
[INFO] [stderr]    Compiling cookie v0.18.1
[INFO] [stderr]    Compiling futures-task v0.3.33
[INFO] [stderr]    Compiling futures-io v0.3.33
[INFO] [stderr]    Compiling slab v0.4.12
[INFO] [stderr]    Compiling crc-catalog v2.5.0
[INFO] [stderr]    Compiling openssl-probe v0.2.1
[INFO] [stderr]    Compiling parking v2.2.1
[INFO] [stderr]    Compiling crc v3.4.0
[INFO] [stderr]    Compiling smallvec v1.15.2
[INFO] [stderr]    Compiling chrono v0.4.45
[INFO] [stderr]     Checking either v1.17.0
[INFO] [stderr]     Checking regex-automata v0.4.18
[INFO] [stderr]    Compiling icu_normalizer v2.2.0
[INFO] [stderr]     Checking parking_lot_core v0.9.12
[INFO] [stderr]     Checking parking_lot v0.12.5
[INFO] [stderr]     Checking idna_adapter v1.2.2
[INFO] [stderr]     Checking idna v1.1.0
[INFO] [stderr]     Checking url v2.5.8
[INFO] [stderr]    Compiling futures-intrusive v0.5.0
[INFO] [stderr]    Compiling event-listener v5.4.2
[INFO] [stderr]    Compiling sha2 v0.10.9
[INFO] [stderr]    Compiling crossbeam-queue v0.3.13
[INFO] [stderr]    Compiling hashlink v0.11.1
[INFO] [stderr]    Compiling unicode-normalization v0.1.25
[INFO] [stderr]    Compiling chacha20 v0.10.2
[INFO] [stderr]    Compiling getrandom v0.4.3
[INFO] [stderr]    Compiling hmac v0.13.0
[INFO] [stderr]    Compiling tokio-stream v0.1.19
[INFO] [stderr]    Compiling unicode-properties v0.1.4
[INFO] [stderr]    Compiling unicode-bidi v0.3.18
[INFO] [stderr]     Checking psl-types v2.0.11
[INFO] [stderr]    Compiling base64 v0.22.1
[INFO] [stderr]     Checking publicsuffix v2.3.0
[INFO] [stderr]    Compiling stringprep v0.1.5
[INFO] [stderr]    Compiling hkdf v0.13.0
[INFO] [stderr]    Compiling rand v0.10.2
[INFO] [stderr]     Checking serde_urlencoded v0.7.1
[INFO] [stderr]    Compiling atoi v2.0.0
[INFO] [stderr]     Checking rustls-native-certs v0.8.4
[INFO] [stderr]    Compiling md-5 v0.11.0
[INFO] [stderr]    Compiling whoami v2.1.3
[INFO] [stderr]    Compiling sqlx-core v0.9.0
[INFO] [stderr]    Compiling dotenvy v0.15.7
[INFO] [stderr]    Compiling hex v0.4.3
[INFO] [stderr]     Checking tokio-util v0.7.19
[INFO] [stderr]     Checking tower v0.5.3
[INFO] [stderr]     Checking async-compression v0.4.43
[INFO] [stderr]     Checking h2 v0.4.19
[INFO] [stderr]     Checking cookie_store v0.22.1
[INFO] [stderr]     Checking tower-http v0.6.11
[INFO] [stderr]     Checking rapidhash v4.5.1
[INFO] [stderr]     Checking metrics v0.24.6
[INFO] [stderr]     Checking regex v1.13.1
[INFO] [stderr]     Checking base64 v0.23.1
[INFO] [stderr]     Checking whatlang v0.18.0
[INFO] [stderr]     Checking serde_yaml v0.9.34+deprecated
[INFO] [stderr]     Checking futures-executor v0.3.33
[INFO] [stderr]    Compiling rustix v1.1.4
[INFO] [stderr]     Checking deadpool-runtime v0.1.4
[INFO] [stderr]     Checking deadpool v0.12.3
[INFO] [stderr]     Checking futures v0.3.33
[INFO] [stderr]     Checking assert-json-diff v2.0.2
[INFO] [stderr]    Compiling proc-macro2-diagnostics v0.10.1
[INFO] [stderr]     Checking linux-raw-sys v0.12.1
[INFO] [stderr]    Compiling crossbeam-epoch v0.9.20
[INFO] [stderr]     Checking ppv-lite86 v0.2.21
[INFO] [stderr]    Compiling portable-atomic v1.14.0
[INFO] [stderr]    Compiling yansi v1.0.1
[INFO] [stderr]     Checking rand_chacha v0.9.0
[INFO] [stderr]     Checking toml_datetime v0.6.11
[INFO] [stderr]     Checking serde_spanned v0.6.9
[INFO] [stderr]    Compiling sqlx-postgres v0.9.0
[INFO] [stderr]    Compiling uncased v0.9.10
[INFO] [stderr]    Compiling mime v0.3.17
[INFO] [stderr]     Checking toml_edit v0.22.27
[INFO] [stderr]    Compiling mime_guess v2.0.5
[INFO] [stderr]    Compiling pear_codegen v0.2.9
[INFO] [stderr]     Checking quanta v0.12.6
[INFO] [stderr]     Checking rand v0.9.5
[INFO] [stderr]    Compiling rust-embed-utils v8.12.0
[INFO] [stderr]     Checking rand_xoshiro v0.7.0
[INFO] [stderr]     Checking event-listener-strategy v0.5.4
[INFO] [stderr]     Checking uuid v1.24.0
[INFO] [stderr]     Checking left-right v0.11.8
[INFO] [stderr]     Checking hyper v1.11.0
[INFO] [stderr]    Compiling figment v0.10.19
[INFO] [stderr]     Checking inlinable_string v0.1.15
[INFO] [stderr]    Compiling metrics-exporter-prometheus v0.18.3
[INFO] [stderr]     Checking hashbag v0.1.13
[INFO] [stderr]     Checking sketches-ddsketch v0.3.1
[INFO] [stderr]     Checking pear v0.2.9
[INFO] [stderr]     Checking toml v0.8.23
[INFO] [stderr]     Checking metrics-util v0.20.4
[INFO] [stderr]     Checking evmap v11.0.0
[INFO] [stderr]     Checking async-lock v3.4.2
[INFO] [stderr]    Compiling rust-embed-impl v8.12.0
[INFO] [stderr]     Checking matchers v0.2.0
[INFO] [stderr]    Compiling ovis-backend v1.0.3 (/opt/rustwide/workdir/crates/ovis-backend)
[INFO] [stderr]     Checking tracing-serde v0.2.0
[INFO] [stderr]     Checking axum-core v0.5.6
[INFO] [stderr]     Checking serde_path_to_error v0.1.20
[INFO] [stderr]     Checking crossbeam-channel v0.5.16
[INFO] [stderr]    Compiling axum-macros v0.5.1
[INFO] [stderr]     Checking hyper-util v0.1.20
[INFO] [stderr]     Checking thread_local v1.1.10
[INFO] [stderr]    Compiling darling_core v0.24.0
[INFO] [stderr]     Checking tracing-subscriber v0.3.23
[INFO] [stderr]     Checking moka v0.12.15
[INFO] [stderr]     Checking rust-embed v8.12.0
[INFO] [stderr]     Checking wiremock v0.6.5
[INFO] [stderr]    Compiling sqlx-macros-core v0.9.0
[INFO] [stderr]     Checking axum v0.8.9
[INFO] [stderr]     Checking tower-http v0.7.0
[INFO] [stderr]     Checking arc-swap v1.9.2
[INFO] [stderr]    Compiling unicode-segmentation v1.13.3
[INFO] [stderr]     Checking itertools v0.14.0
[INFO] [stderr]    Compiling convert_case v0.10.0
[INFO] [stderr]    Compiling strum_macros v0.28.0
[INFO] [stderr]    Compiling darling_macro v0.24.0
[INFO] [stderr]     Checking compact_str v0.9.1
[INFO] [stderr]    Compiling darling v0.24.0
[INFO] [stderr]    Compiling derive_more-impl v2.1.1
[INFO] [stderr]     Checking signal-hook v0.3.18
[INFO] [stderr]     Checking terminal_size v0.4.4
[INFO] [stderr]     Checking kasuari v0.4.12
[INFO] [stderr]     Checking lru v0.18.2
[INFO] [stderr]     Checking unicode-truncate v2.0.1
[INFO] [stderr]     Checking critical-section v1.2.0
[INFO] [stderr]    Compiling instability v0.3.13
[INFO] [stderr]     Checking clap_builder v4.6.6
[INFO] [stderr]     Checking derive_more v2.1.1
[INFO] [stderr]     Checking signal-hook-mio v0.2.5
[INFO] [stderr]    Compiling clap_derive v4.6.4
[INFO] [stderr]     Checking crossterm v0.29.0
[INFO] [stderr]     Checking line-clipping v0.3.8
[INFO] [stderr]    Compiling sqlx-macros v0.9.0
[INFO] [stderr]     Checking is-docker v0.2.0
[INFO] [stderr]     Checking winnow v1.0.4
[INFO] [stderr]     Checking is-wsl v0.4.0
[INFO] [stderr]     Checking console v0.16.4
[INFO] [stderr]     Checking toml_parser v1.1.3+spec-1.1.0
[INFO] [stderr]     Checking toml_datetime v1.1.1+spec-1.1.0
[INFO] [stderr]     Checking serde_spanned v1.1.1
[INFO] [stderr]     Checking sqlx v0.9.0
[INFO] [stderr]     Checking csv-core v0.1.13
[INFO] [stderr]     Checking predicates-core v1.0.10
[INFO] [stderr]     Checking strum v0.28.0
[INFO] [stderr]     Checking toml_writer v1.1.2+spec-1.1.0
[INFO] [stderr]     Checking ratatui-core v0.1.2
[INFO] [stderr]     Checking indicatif v0.18.6
[INFO] [stderr]     Checking csv v1.4.0
[INFO] [stderr]     Checking toml v1.1.4+spec-1.1.0
[INFO] [stderr]     Checking open v5.4.1
[INFO] [stderr]     Checking directories v6.0.0
[INFO] [stderr]     Checking comfy-table v8.0.0
[INFO] [stderr]     Checking serde_yaml_ng v0.10.0
[INFO] [stderr]     Checking float-cmp v0.10.0
[INFO] [stderr]     Checking humantime v2.4.0
[INFO] [stderr]    Compiling assert_cmd v2.2.2
[INFO] [stderr]     Checking clap v4.6.6
[INFO] [stderr]     Checking predicates v3.1.4
[INFO] [stderr]     Checking clap_complete v4.6.9
[INFO] [stderr]     Checking predicates-tree v1.0.13
[INFO] [stderr]     Checking bstr v1.13.0
[INFO] [stderr]     Checking wait-timeout v0.2.1
[INFO] [stderr]     Checking tempfile v3.27.0
[INFO] [stderr]     Checking ratatui-widgets v0.3.2
[INFO] [stderr]     Checking ratatui-crossterm v0.1.2
[INFO] [stderr]     Checking ratatui-macros v0.7.2
[INFO] [stderr]     Checking ratatui v0.30.2
[INFO] [stderr]    Compiling aws-lc-rs v1.18.0
[INFO] [stderr]     Checking rustls-webpki v0.103.13
[INFO] [stderr]     Checking tokio-rustls v0.26.4
[INFO] [stderr]     Checking rustls-platform-verifier v0.7.0
[INFO] [stderr]     Checking hyper-rustls v0.27.9
[INFO] [stderr]     Checking reqwest v0.13.4
[INFO] [stderr]     Checking ovis-core v1.0.3 (/opt/rustwide/workdir/crates/ovis-core)
[INFO] [stderr]     Checking ovis-bench v1.0.3 (/opt/rustwide/workdir/crates/ovis-bench)
[INFO] [stderr]     Checking ovis-prune v1.0.3 (/opt/rustwide/workdir/crates/ovis-prune)
[INFO] [stderr]     Checking ovis-llm v1.0.3 (/opt/rustwide/workdir/crates/ovis-llm)
[INFO] [stdout] error: #[derive(RustEmbed)] folder '/opt/rustwide/workdir/crates/ovis-backend/../../ui/dist' does not exist. cwd: '/opt/rustwide/workdir'
[INFO] [stdout]   --> crates/ovis-backend/src/assets.rs:14:1
[INFO] [stdout]    |
[INFO] [stdout] 14 | / #[folder = "../../ui/dist"]
[INFO] [stdout] 15 | | pub struct Assets;
[INFO] [stdout]    | |__________________^
[INFO] [stdout] 
[INFO] [stdout] 
[INFO] [stdout] error: #[derive(RustEmbed)] folder '/opt/rustwide/workdir/crates/ovis-backend/../../ui/dist' does not exist. cwd: '/opt/rustwide/workdir'
[INFO] [stdout]   --> crates/ovis-backend/src/assets.rs:14:1
[INFO] [stdout]    |
[INFO] [stdout] 14 | / #[folder = "../../ui/dist"]
[INFO] [stdout] 15 | | pub struct Assets;
[INFO] [stdout]    | |__________________^
[INFO] [stdout] 
[INFO] [stdout] 
[INFO] [stdout] error[E0599]: no associated function or constant named `get` found for struct `Assets` in the current scope
[INFO] [stdout]   --> crates/ovis-backend/src/assets.rs:25:34
[INFO] [stdout]    |
[INFO] [stdout] 15 | pub struct Assets;
[INFO] [stdout]    | ----------------- associated function or constant `get` not found for this struct
[INFO] [stdout] ...
[INFO] [stdout] 25 |     if let Some(asset) = Assets::get(target) {
[INFO] [stdout]    |                                  ^^^ associated function or constant not found in `Assets`
[INFO] [stdout]    |
[INFO] [stdout]    = help: items from traits can only be used if the trait is implemented and in scope
[INFO] [stdout]    = note: the following traits define an item `get`, perhaps you need to implement one of them:
[INFO] [stdout]            candidate #1: `Row`
[INFO] [stdout]            candidate #2: `RustEmbed`
[INFO] [stdout]            candidate #3: `SliceIndex`
[INFO] [stdout]            candidate #4: `icu_collections::codepointtrie::cptrie::TypedCodePointTrie`
[INFO] [stdout]            candidate #5: `icu_properties::names::PropertyEnumToValueNameLookup`
[INFO] [stdout]            candidate #6: `icu_provider::baked::DataStore`
[INFO] [stdout]            candidate #7: `rustls::server::server_conn::StoresServerSessions`
[INFO] [stdout]            candidate #8: `toml_edit::table::TableLike`
[INFO] [stdout] 
[INFO] [stdout] 
[INFO] [stdout] error[E0599]: no associated function or constant named `get` found for struct `Assets` in the current scope
[INFO] [stdout]   --> crates/ovis-backend/src/assets.rs:36:19
[INFO] [stdout]    |
[INFO] [stdout] 15 | pub struct Assets;
[INFO] [stdout]    | ----------------- associated function or constant `get` not found for this struct
[INFO] [stdout] ...
[INFO] [stdout] 36 |     match Assets::get("index.html") {
[INFO] [stdout]    |                   ^^^ associated function or constant not found in `Assets`
[INFO] [stdout]    |
[INFO] [stdout]    = help: items from traits can only be used if the trait is implemented and in scope
[INFO] [stdout]    = note: the following traits define an item `get`, perhaps you need to implement one of them:
[INFO] [stdout]            candidate #1: `Row`
[INFO] [stdout]            candidate #2: `RustEmbed`
[INFO] [stdout]            candidate #3: `SliceIndex`
[INFO] [stdout]            candidate #4: `icu_collections::codepointtrie::cptrie::TypedCodePointTrie`
[INFO] [stdout]            candidate #5: `icu_properties::names::PropertyEnumToValueNameLookup`
[INFO] [stdout]            candidate #6: `icu_provider::baked::DataStore`
[INFO] [stdout]            candidate #7: `rustls::server::server_conn::StoresServerSessions`
[INFO] [stdout]            candidate #8: `toml_edit::table::TableLike`
[INFO] [stdout] 
[INFO] [stdout] 
[INFO] [stdout] error[E0599]: no associated function or constant named `get` found for struct `Assets` in the current scope
[INFO] [stdout]   --> crates/ovis-backend/src/assets.rs:25:34
[INFO] [stdout]    |
[INFO] [stdout] 15 | pub struct Assets;
[INFO] [stdout]    | ----------------- associated function or constant `get` not found for this struct
[INFO] [stdout] ...
[INFO] [stdout] 25 |     if let Some(asset) = Assets::get(target) {
[INFO] [stdout]    |                                  ^^^ associated function or constant not found in `Assets`
[INFO] [stdout]    |
[INFO] [stdout]    = help: items from traits can only be used if the trait is implemented and in scope
[INFO] [stdout]    = note: the following traits define an item `get`, perhaps you need to implement one of them:
[INFO] [stdout]            candidate #1: `Row`
[INFO] [stdout]            candidate #2: `RustEmbed`
[INFO] [stdout]            candidate #3: `SliceIndex`
[INFO] [stdout]            candidate #4: `icu_collections::codepointtrie::cptrie::TypedCodePointTrie`
[INFO] [stdout]            candidate #5: `icu_properties::names::PropertyEnumToValueNameLookup`
[INFO] [stdout]            candidate #6: `icu_provider::baked::DataStore`
[INFO] [stdout]            candidate #7: `rustls::server::server_conn::StoresServerSessions`
[INFO] [stdout]            candidate #8: `toml_edit::table::TableLike`
[INFO] [stdout] 
[INFO] [stdout] 
[INFO] [stdout] error[E0599]: no associated function or constant named `get` found for struct `Assets` in the current scope
[INFO] [stdout]   --> crates/ovis-backend/src/assets.rs:36:19
[INFO] [stdout]    |
[INFO] [stdout] 15 | pub struct Assets;
[INFO] [stdout]    | ----------------- associated function or constant `get` not found for this struct
[INFO] [stdout] ...
[INFO] [stdout] 36 |     match Assets::get("index.html") {
[INFO] [stdout]    |                   ^^^ associated function or constant not found in `Assets`
[INFO] [stdout]    |
[INFO] [stdout]    = help: items from traits can only be used if the trait is implemented and in scope
[INFO] [stdout]    = note: the following traits define an item `get`, perhaps you need to implement one of them:
[INFO] [stdout]            candidate #1: `Row`
[INFO] [stdout]            candidate #2: `RustEmbed`
[INFO] [stdout]            candidate #3: `SliceIndex`
[INFO] [stdout]            candidate #4: `icu_collections::codepointtrie::cptrie::TypedCodePointTrie`
[INFO] [stdout]            candidate #5: `icu_properties::names::PropertyEnumToValueNameLookup`
[INFO] [stdout]            candidate #6: `icu_provider::baked::DataStore`
[INFO] [stdout]            candidate #7: `rustls::server::server_conn::StoresServerSessions`
[INFO] [stdout]            candidate #8: `toml_edit::table::TableLike`
[INFO] [stdout] 
[INFO] [stdout] 
[INFO] [stdout] For more information about this error, try `rustc --explain E0599`.
[INFO] [stdout] 
[INFO] [stderr] error: could not compile `ovis-backend` (lib test) due to 3 previous errors
[INFO] [stderr] warning: build failed, waiting for other jobs to finish...
[INFO] [stdout] For more information about this error, try `rustc --explain E0599`.
[INFO] [stdout] 
[INFO] [stderr] error: could not compile `ovis-backend` (lib) due to 3 previous errors
[INFO] [stderr] warning: unused dependency `metrics`
[INFO] [stderr]   --> crates/ovis-core/Cargo.toml:22:1
[INFO] [stderr]    |
[INFO] [stderr] 22 | metrics = { workspace = true }
[INFO] [stderr]    | ^^^^^^^^^^^^^^^^^^^^^^^^^^^^^^
[INFO] [stderr]    |
[INFO] [stderr]    = note: `cargo::unused_dependencies` is set to `warn` by default
[INFO] [stderr] help: consider removing the dependency on `metrics`
[INFO] [stderr] warning: `ovis-core` (manifest) generated 1 warning
[INFO] [stderr] warning: unused dependency `ovis-core`
[INFO] [stderr]   --> crates/ovis-prune/Cargo.toml:11:1
[INFO] [stderr]    |
[INFO] [stderr] 11 | ovis-core = { path = "../ovis-core" }
[INFO] [stderr]    | ^^^^^^^^^^^^^^^^^^^^^^^^^^^^^^^^^^^^^
[INFO] [stderr]    |
[INFO] [stderr]    = note: `cargo::unused_dependencies` is set to `warn` by default
[INFO] [stderr] help: consider removing the dependency on `ovis-core`
[INFO] [stderr] warning: unused dependency `regex`
[INFO] [stderr]   --> crates/ovis-prune/Cargo.toml:17:1
[INFO] [stderr]    |
[INFO] [stderr] 17 | regex = "1.10"
[INFO] [stderr]    | ^^^^^^^^^^^^^^
[INFO] [stderr]    |
[INFO] [stderr] help: consider removing the dependency on `regex`
[INFO] [stderr] warning: `ovis-prune` (manifest) generated 2 warnings
[INFO] running `Command { std: "docker" "inspect" "29af36bf216ac68ae4e849eefe8471c554a65cc63e011f03717e28ccf477b2f2", kill_on_drop: false }`
[INFO] running `Command { std: "docker" "rm" "-f" "29af36bf216ac68ae4e849eefe8471c554a65cc63e011f03717e28ccf477b2f2", kill_on_drop: false }`
[INFO] [stdout] 29af36bf216ac68ae4e849eefe8471c554a65cc63e011f03717e28ccf477b2f2
