[INFO] cloning repository https://github.com/arhamymr/hexbuffer-framework
[INFO] running `Command { std: "git" "-c" "credential.helper=" "-c" "credential.helper=/workspace/cargo-home/bin/git-credential-null" "clone" "--bare" "https://github.com/arhamymr/hexbuffer-framework" "/workspace/cache/git-repos/https%3A%2F%2Fgithub.com%2Farhamymr%2Fhexbuffer-framework", kill_on_drop: false }`
[INFO] [stderr] Cloning into bare repository '/workspace/cache/git-repos/https%3A%2F%2Fgithub.com%2Farhamymr%2Fhexbuffer-framework'...
[INFO] running `Command { std: "git" "rev-parse" "HEAD", kill_on_drop: false }`
[INFO] [stdout] e7e0d5181b7ddee6914ea786f92a1f1bd9ea018a
[INFO] checking arhamymr/hexbuffer-framework against 3154cc1a3e6424e44f438a95007d043ed5ceaaf6 for pr-133502-30
[INFO] running `Command { std: "git" "clone" "/workspace/cache/git-repos/https%3A%2F%2Fgithub.com%2Farhamymr%2Fhexbuffer-framework" "/workspace/builds/worker-7-tc2/source", kill_on_drop: false }`
[INFO] [stderr] Cloning into '/workspace/builds/worker-7-tc2/source'...
[INFO] [stderr] done.
[INFO] started tweaking git repo https://github.com/arhamymr/hexbuffer-framework
[INFO] finished tweaking git repo https://github.com/arhamymr/hexbuffer-framework
[INFO] tweaked toml for git repo https://github.com/arhamymr/hexbuffer-framework written to /workspace/builds/worker-7-tc2/source/Cargo.toml
[INFO] validating manifest of git repo https://github.com/arhamymr/hexbuffer-framework on toolchain 3154cc1a3e6424e44f438a95007d043ed5ceaaf6
[INFO] running `Command { std: CARGO_HOME="/workspace/cargo-home" RUSTUP_HOME="/workspace/rustup-home" "/workspace/cargo-home/bin/cargo" "+3154cc1a3e6424e44f438a95007d043ed5ceaaf6" "metadata" "--manifest-path" "Cargo.toml" "--no-deps", kill_on_drop: false }`
[INFO] crate git repo https://github.com/arhamymr/hexbuffer-framework already has a lockfile, it will not be regenerated
[INFO] running `Command { std: CARGO_HOME="/workspace/cargo-home" RUSTUP_HOME="/workspace/rustup-home" "/workspace/cargo-home/bin/cargo" "+3154cc1a3e6424e44f438a95007d043ed5ceaaf6" "fetch" "--manifest-path" "Cargo.toml", kill_on_drop: false }`
[INFO] running `Command { std: "docker" "create" "-v" "/var/lib/crater-agent-workspace/builds/worker-7-tc2/source:/opt/rustwide/workdir:ro,Z" "-v" "/var/lib/crater-agent-workspace/builds/worker-7-tc2/target:/opt/rustwide/target:rw,Z" "-v" "/var/lib/crater-agent-workspace/cargo-home:/opt/rustwide/cargo-home:ro,Z" "-v" "/var/lib/crater-agent-workspace/rustup-home:/opt/rustwide/rustup-home:ro,Z" "-m" "1610612736" "--network" "none" "ghcr.io/rust-lang/crates-build-env/linux@sha256:77db811e55d90add9212f6832c23229e3de5f1c1f9905e8cb07319ea15df73ac" "sleep" "infinity", kill_on_drop: false }`
[INFO] [stdout] 0de6caa9623b60f1cb8dd6e5292e325c7f5cb2239e529ee9d0d013eb385d10a3
[INFO] running `Command { std: "docker" "start" "0de6caa9623b60f1cb8dd6e5292e325c7f5cb2239e529ee9d0d013eb385d10a3", kill_on_drop: false }`
[INFO] running `Command { std: "docker" "inspect" "0de6caa9623b60f1cb8dd6e5292e325c7f5cb2239e529ee9d0d013eb385d10a3", kill_on_drop: false }`
[INFO] running `Command { std: "docker" "exec" "-e" "SOURCE_DIR=/opt/rustwide/workdir" "-e" "CARGO_HOME=/opt/rustwide/cargo-home" "-e" "RUSTUP_HOME=/opt/rustwide/rustup-home" "-e" "CARGO_TARGET_DIR=/opt/rustwide/target" "-w" "/opt/rustwide/workdir" "--user" "0:0" "0de6caa9623b60f1cb8dd6e5292e325c7f5cb2239e529ee9d0d013eb385d10a3" "/opt/rustwide/cargo-home/bin/cargo" "+3154cc1a3e6424e44f438a95007d043ed5ceaaf6" "metadata" "--no-deps" "--format-version=1", kill_on_drop: false }`
[INFO] running `Command { std: "docker" "inspect" "0de6caa9623b60f1cb8dd6e5292e325c7f5cb2239e529ee9d0d013eb385d10a3", kill_on_drop: false }`
[INFO] running `Command { std: "docker" "exec" "-e" "SOURCE_DIR=/opt/rustwide/workdir" "-e" "CARGO_HOME=/opt/rustwide/cargo-home" "-e" "RUSTUP_HOME=/opt/rustwide/rustup-home" "-e" "CARGO_TARGET_DIR=/opt/rustwide/target" "-e" "CARGO_INCREMENTAL=0" "-e" "RUST_BACKTRACE=full" "-e" "RUSTFLAGS=--cap-lints=forbid" "-e" "RUSTDOCFLAGS=--cap-lints=forbid" "-w" "/opt/rustwide/workdir" "--user" "0:0" "0de6caa9623b60f1cb8dd6e5292e325c7f5cb2239e529ee9d0d013eb385d10a3" "/opt/rustwide/cargo-home/bin/cargo" "+3154cc1a3e6424e44f438a95007d043ed5ceaaf6" "check" "--frozen" "--all" "--all-targets" "--message-format=json", kill_on_drop: false }`
[INFO] [stderr]    Compiling cc v1.4.0
[INFO] [stderr]    Compiling syn v2.0.119
[INFO] [stderr]    Compiling syn v3.0.3
[INFO] [stderr]    Compiling libc v0.2.189
[INFO] [stderr]    Compiling serde_core v1.0.229
[INFO] [stderr]     Checking mio v1.2.2
[INFO] [stderr]     Checking futures-core v0.3.33
[INFO] [stderr]    Compiling serde_json v1.0.151
[INFO] [stderr]    Compiling crossbeam-utils v0.8.22
[INFO] [stderr]    Compiling zerocopy v0.8.55
[INFO] [stderr]    Compiling thiserror v2.0.19
[INFO] [stderr]    Compiling rustls v0.23.42
[INFO] [stderr]     Checking futures-sink v0.3.33
[INFO] [stderr]     Checking bitflags v2.13.1
[INFO] [stderr]    Compiling num-traits v0.2.19
[INFO] [stderr]     Checking thread_local v1.1.10
[INFO] [stderr]    Compiling rustls-pki-types v1.15.1
[INFO] [stderr]    Compiling form_urlencoded v1.2.2
[INFO] [stderr]     Checking futures-io v0.3.33
[INFO] [stderr]    Compiling getrandom v0.2.17
[INFO] [stderr]    Compiling socket2 v0.6.5
[INFO] [stderr]    Compiling futures-task v0.3.33
[INFO] [stderr]     Checking futures-util v0.3.33
[INFO] [stderr]    Compiling tokio v1.53.1
[INFO] [stderr]    Compiling ring v0.17.14
[INFO] [stderr]    Compiling libsqlite3-sys v0.30.1
[INFO] [stderr]    Compiling serde_derive v1.0.229
[INFO] [stderr]    Compiling synstructure v0.13.2
[INFO] [stderr]    Compiling thiserror-impl v2.0.19
[INFO] [stderr]    Compiling webpki-roots v1.0.9
[INFO] [stderr]    Compiling rustls-webpki v0.103.13
[INFO] [stderr]     Checking http v1.4.2
[INFO] [stderr]     Checking mio v0.8.11
[INFO] [stderr]    Compiling zerofrom-derive v0.1.7
[INFO] [stderr]    Compiling yoke-derive v0.8.2
[INFO] [stderr]    Compiling zerovec-derive v0.11.3
[INFO] [stderr]    Compiling displaydoc v0.2.6
[INFO] [stderr]    Compiling tokio-macros v2.7.1
[INFO] [stderr]    Compiling zerofrom v0.1.8
[INFO] [stderr]    Compiling yoke v0.8.3
[INFO] [stderr]    Compiling tracing-attributes v0.1.31
[INFO] [stderr]    Compiling zerotrie v0.2.4
[INFO] [stderr]    Compiling event-listener v5.4.2
[INFO] [stderr]     Checking serde v1.0.229
[INFO] [stderr]    Compiling sha2 v0.10.9
[INFO] [stderr]    Compiling tinyvec v1.12.0
[INFO] [stderr]    Compiling zerovec v0.11.6
[INFO] [stderr]     Checking http-body v1.1.0
[INFO] [stderr]     Checking smallvec v1.15.2
[INFO] [stderr]     Checking parking_lot_core v0.9.12
[INFO] [stderr]     Checking parking_lot v0.12.5
[INFO] [stderr]    Compiling tinystr v0.8.3
[INFO] [stderr]    Compiling potential_utf v0.1.5
[INFO] [stderr]    Compiling icu_locale_core v2.2.0
[INFO] [stderr]    Compiling icu_collections v2.2.0
[INFO] [stderr]     Checking tracing v0.1.44
[INFO] [stderr]     Checking icu_provider v2.2.0
[INFO] [stderr]    Compiling futures-intrusive v0.5.0
[INFO] [stderr]    Compiling either v1.17.0
[INFO] [stderr]     Checking icu_properties v2.2.0
[INFO] [stderr]     Checking icu_normalizer v2.2.0
[INFO] [stderr]     Checking signal-hook-mio v0.2.5
[INFO] [stderr]    Compiling tokio-stream v0.1.19
[INFO] [stderr]    Compiling ppv-lite86 v0.2.21
[INFO] [stderr]    Compiling crossbeam-queue v0.3.13
[INFO] [stderr]    Compiling webpki-roots v0.26.11
[INFO] [stderr]     Checking idna_adapter v1.2.2
[INFO] [stderr]    Compiling rand_core v0.6.4
[INFO] [stderr]     Checking futures-channel v0.3.33
[INFO] [stderr]     Checking clap_builder v4.6.2
[INFO] [stderr]     Checking newline-converter v0.3.0
[INFO] [stderr]     Checking crossterm v0.25.0
[INFO] [stderr]    Compiling idna v1.1.0
[INFO] [stderr]    Compiling rand_chacha v0.3.1
[INFO] [stderr]    Compiling atoi v2.0.0
[INFO] [stderr]    Compiling unicode-normalization v0.1.25
[INFO] [stderr]    Compiling url v2.5.8
[INFO] [stderr]    Compiling clap_derive v4.6.4
[INFO] [stderr]    Compiling hmac v0.12.1
[INFO] [stderr]     Checking fuzzy-matcher v0.3.7
[INFO] [stderr]    Compiling sqlx-core v0.8.6
[INFO] [stderr]    Compiling spin v0.9.9
[INFO] [stderr]     Checking fxhash v0.2.1
[INFO] [stderr]     Checking aho-corasick v1.1.4
[INFO] [stderr]    Compiling proc-macro2-diagnostics v0.10.1
[INFO] [stderr]     Checking memo-map v0.3.3
[INFO] [stderr]     Checking unicode-width v0.1.14
[INFO] [stderr]    Compiling ryu v1.0.23
[INFO] [stderr]     Checking inquire v0.7.5
[INFO] [stderr]    Compiling serde_urlencoded v0.7.1
[INFO] [stderr]    Compiling time-macros v0.2.32
[INFO] [stderr]    Compiling stringprep v0.1.5
[INFO] [stderr]     Checking minijinja v2.21.0
[INFO] [stderr]     Checking regex-automata v0.4.16
[INFO] [stderr]     Checking clap v4.6.4
[INFO] [stderr]    Compiling flume v0.11.1
[INFO] [stderr]    Compiling hkdf v0.12.4
[INFO] [stderr]    Compiling rand v0.8.7
[INFO] [stderr]    Compiling futures-executor v0.3.33
[INFO] [stderr]    Compiling md-5 v0.10.6
[INFO] [stderr]    Compiling getrandom v0.4.3
[INFO] [stderr]    Compiling home v0.5.12
[INFO] [stderr]    Compiling yansi v1.0.1
[INFO] [stderr]     Checking time v0.3.54
[INFO] [stderr]     Checking toml_datetime v0.6.11
[INFO] [stderr]     Checking serde_spanned v0.6.9
[INFO] [stderr]     Checking num-integer v0.1.46
[INFO] [stderr]    Compiling uncased v0.9.10
[INFO] [stderr]     Checking hyper v1.11.0
[INFO] [stderr]    Compiling sqlx-postgres v0.8.6
[INFO] [stderr]    Compiling sqlx-sqlite v0.8.6
[INFO] [stderr]     Checking hexbuffer-cli v0.1.0 (/opt/rustwide/workdir/crates/cli)
[INFO] [stderr]     Checking toml_edit v0.22.27
[INFO] [stderr]     Checking num-bigint v0.4.8
[INFO] [stderr]    Compiling pear_codegen v0.2.9
[INFO] [stderr]     Checking http-body-util v0.1.4
[INFO] [stderr]    Compiling figment v0.10.19
[INFO] [stderr]     Checking fiat-crypto v0.3.0
[INFO] [stderr]     Checking inlinable_string v0.1.15
[INFO] [stderr]     Checking axum-core v0.5.6
[INFO] [stderr]     Checking simple_asn1 v0.6.4
[INFO] [stderr]     Checking pear v0.2.9
[INFO] [stderr]     Checking toml v0.8.23
[INFO] [stderr]     Checking ed25519-compact v2.3.1
[INFO] [stderr]     Checking blowfish v0.9.1
[INFO] [stderr]     Checking hyper-util v0.1.20
[INFO] [stderr]     Checking matchers v0.2.0
[INFO] [stderr]     Checking regex v1.13.1
[INFO] [stderr]     Checking tower v0.5.3
[INFO] [stderr]     Checking pem v3.0.6
[INFO] [stderr]     Checking serde_path_to_error v0.1.20
[INFO] [stderr]     Checking ct-codecs v1.1.7
[INFO] [stderr]     Checking chrono v0.4.45
[INFO] [stderr]     Checking tracing-subscriber v0.3.23
[INFO] [stderr]     Checking jsonwebtoken v9.3.1
[INFO] [stderr]     Checking axum v0.8.9
[INFO] [stderr]     Checking bcrypt v0.15.1
[INFO] [stderr]     Checking tower-http v0.6.11
[INFO] [stderr]    Compiling sqlx-macros-core v0.8.6
[INFO] [stderr]    Compiling async-trait v0.1.91
[INFO] [stderr]    Compiling sqlx-macros v0.8.6
[INFO] [stderr]     Checking sqlx v0.8.6
[INFO] [stderr]     Checking orion v0.17.15
[INFO] [stderr]     Checking pasetors v0.7.8
[INFO] [stderr]     Checking hexbuffer-framework v0.1.0 (/opt/rustwide/workdir/crates/framework)
[INFO] [stdout] error[E0433]: cannot find type `UserId` in this scope
[INFO] [stdout]   --> crates/framework/src/adapters/outbound/jwt_token_service.rs:61:17
[INFO] [stdout]    |
[INFO] [stdout] 61 |             id: UserId::new("usr_100"),
[INFO] [stdout]    |                 ^^^^^^ use of undeclared type `UserId`
[INFO] [stdout]    |
[INFO] [stdout] help: a struct with a similar name exists
[INFO] [stdout]    |
[INFO] [stdout] 61 -             id: UserId::new("usr_100"),
[INFO] [stdout] 61 +             id: User::new("usr_100"),
[INFO] [stdout]    |
[INFO] [stdout] help: consider importing this struct
[INFO] [stdout]    |
[INFO] [stdout] 55 +     use crate::domain::user::UserId;
[INFO] [stdout]    |
[INFO] [stdout] 
[INFO] [stdout] 
[INFO] [stdout] error[E0433]: cannot find type `Email` in this scope
[INFO] [stdout]   --> crates/framework/src/adapters/outbound/jwt_token_service.rs:63:20
[INFO] [stdout]    |
[INFO] [stdout] 63 |             email: Email::new("alice@example.com").unwrap(),
[INFO] [stdout]    |                    ^^^^^ use of undeclared type `Email`
[INFO] [stdout]    |
[INFO] [stdout] help: consider importing this struct
[INFO] [stdout]    |
[INFO] [stdout] 55 +     use crate::domain::user::Email;
[INFO] [stdout]    |
[INFO] [stdout] 
[INFO] [stdout] 
[INFO] [stdout] error[E0433]: cannot find type `UserId` in this scope
[INFO] [stdout]   --> crates/framework/src/adapters/outbound/paseto_token_service.rs:87:17
[INFO] [stdout]    |
[INFO] [stdout] 87 |             id: UserId::new("usr_200"),
[INFO] [stdout]    |                 ^^^^^^ use of undeclared type `UserId`
[INFO] [stdout]    |
[INFO] [stdout] help: a struct with a similar name exists
[INFO] [stdout]    |
[INFO] [stdout] 87 -             id: UserId::new("usr_200"),
[INFO] [stdout] 87 +             id: User::new("usr_200"),
[INFO] [stdout]    |
[INFO] [stdout] help: consider importing this struct
[INFO] [stdout]    |
[INFO] [stdout] 79 +     use crate::domain::user::UserId;
[INFO] [stdout]    |
[INFO] [stdout] 
[INFO] [stdout] 
[INFO] [stdout] error[E0433]: cannot find type `Email` in this scope
[INFO] [stdout]   --> crates/framework/src/adapters/outbound/paseto_token_service.rs:89:20
[INFO] [stdout]    |
[INFO] [stdout] 89 |             email: Email::new("bob@example.com").unwrap(),
[INFO] [stdout]    |                    ^^^^^ use of undeclared type `Email`
[INFO] [stdout]    |
[INFO] [stdout] help: consider importing this struct
[INFO] [stdout]    |
[INFO] [stdout] 79 +     use crate::domain::user::Email;
[INFO] [stdout]    |
[INFO] [stdout] 
[INFO] [stdout] 
[INFO] [stdout] For more information about this error, try `rustc --explain E0433`.
[INFO] [stdout] 
[INFO] [stderr] error: could not compile `hexbuffer-framework` (lib test) due to 4 previous errors
[INFO] [stderr] warning: build failed, waiting for other jobs to finish...
[INFO] [stderr] warning: unused dependency `tokio`
[INFO] [stderr]   --> crates/cli/Cargo.toml:23:1
[INFO] [stderr]    |
[INFO] [stderr] 23 | tokio = { version = "1.43", features = ["full"] }
[INFO] [stderr]    | ^^^^^^^^^^^^^^^^^^^^^^^^^^^^^^^^^^^^^^^^^^^^^^^^^
[INFO] [stderr]    |
[INFO] [stderr]    = note: `cargo::unused_dependencies` is set to `warn` by default
[INFO] [stderr] help: consider removing the dependency on `tokio`
[INFO] [stderr] warning: `hexbuffer-cli` (manifest) generated 1 warning
[INFO] running `Command { std: "docker" "inspect" "0de6caa9623b60f1cb8dd6e5292e325c7f5cb2239e529ee9d0d013eb385d10a3", kill_on_drop: false }`
[INFO] running `Command { std: "docker" "rm" "-f" "0de6caa9623b60f1cb8dd6e5292e325c7f5cb2239e529ee9d0d013eb385d10a3", kill_on_drop: false }`
[INFO] [stdout] 0de6caa9623b60f1cb8dd6e5292e325c7f5cb2239e529ee9d0d013eb385d10a3
