[INFO] cloning repository https://github.com/aploxhune/hayro
[INFO] running `Command { std: "git" "-c" "credential.helper=" "-c" "credential.helper=/workspace/cargo-home/bin/git-credential-null" "clone" "--bare" "https://github.com/aploxhune/hayro" "/workspace/cache/git-repos/https%3A%2F%2Fgithub.com%2Faploxhune%2Fhayro", kill_on_drop: false }`
[INFO] [stderr] Cloning into bare repository '/workspace/cache/git-repos/https%3A%2F%2Fgithub.com%2Faploxhune%2Fhayro'...
[INFO] running `Command { std: "git" "rev-parse" "HEAD", kill_on_drop: false }`
[INFO] [stdout] 7e10d83989c932c59e0fc27627c67b4f2a4f5912
[INFO] checking aploxhune/hayro against 3154cc1a3e6424e44f438a95007d043ed5ceaaf6 for pr-133502-30
[INFO] running `Command { std: "git" "clone" "/workspace/cache/git-repos/https%3A%2F%2Fgithub.com%2Faploxhune%2Fhayro" "/workspace/builds/worker-5-tc2/source", kill_on_drop: false }`
[INFO] [stderr] Cloning into '/workspace/builds/worker-5-tc2/source'...
[INFO] [stderr] done.
[INFO] started tweaking git repo https://github.com/aploxhune/hayro
[INFO] finished tweaking git repo https://github.com/aploxhune/hayro
[INFO] tweaked toml for git repo https://github.com/aploxhune/hayro written to /workspace/builds/worker-5-tc2/source/Cargo.toml
[INFO] validating manifest of git repo https://github.com/aploxhune/hayro on toolchain 3154cc1a3e6424e44f438a95007d043ed5ceaaf6
[INFO] running `Command { std: CARGO_HOME="/workspace/cargo-home" RUSTUP_HOME="/workspace/rustup-home" "/workspace/cargo-home/bin/cargo" "+3154cc1a3e6424e44f438a95007d043ed5ceaaf6" "metadata" "--manifest-path" "Cargo.toml" "--no-deps", kill_on_drop: false }`
[INFO] crate git repo https://github.com/aploxhune/hayro already has a lockfile, it will not be regenerated
[INFO] running `Command { std: CARGO_HOME="/workspace/cargo-home" RUSTUP_HOME="/workspace/rustup-home" "/workspace/cargo-home/bin/cargo" "+3154cc1a3e6424e44f438a95007d043ed5ceaaf6" "fetch" "--manifest-path" "Cargo.toml", kill_on_drop: false }`
[INFO] [stderr] warning: missing `[lints]` to inherit `[workspace.lints]`
[INFO] [stderr]   --> hayro-demo/Cargo.toml
[INFO] [stderr]    = note: `cargo::missing_lints_inheritance` is set to `warn` by default
[INFO] [stderr] help: to inherit `workspace.lints, add:
[INFO] [stderr]    |
[INFO] [stderr] 31 ~ ]
[INFO] [stderr] 32 + [lints]
[INFO] [stderr] 33 + workspace = true
[INFO] [stderr]    |
[INFO] [stderr] help: to clarify your intent to not inherit, add:
[INFO] [stderr]    |
[INFO] [stderr] 31 ~ ]
[INFO] [stderr] 32 + [lints]
[INFO] [stderr]    |
[INFO] [stderr] warning: `hayro-demo` (manifest) generated 1 warning
[INFO] [stderr] warning: missing `[lints]` to inherit `[workspace.lints]`
[INFO] [stderr]   --> hayro-fuzz/Cargo.toml
[INFO] [stderr]    = note: `cargo::missing_lints_inheritance` is set to `warn` by default
[INFO] [stderr] help: to inherit `workspace.lints, add:
[INFO] [stderr]    |
[INFO] [stderr] 37 ~ bench = false
[INFO] [stderr] 38 + [lints]
[INFO] [stderr] 39 + workspace = true
[INFO] [stderr]    |
[INFO] [stderr] help: to clarify your intent to not inherit, add:
[INFO] [stderr]    |
[INFO] [stderr] 37 ~ bench = false
[INFO] [stderr] 38 + [lints]
[INFO] [stderr]    |
[INFO] [stderr] warning: `hayro-fuzz` (manifest) generated 1 warning
[INFO] [stderr] warning: missing `[lints]` to inherit `[workspace.lints]`
[INFO] [stderr]   --> hayro-tests/Cargo.toml
[INFO] [stderr]    = note: `cargo::missing_lints_inheritance` is set to `warn` by default
[INFO] [stderr] help: to inherit `workspace.lints, add:
[INFO] [stderr]    |
[INFO] [stderr] 39 ~ sitro = { workspace = true }
[INFO] [stderr] 40 + [lints]
[INFO] [stderr] 41 + workspace = true
[INFO] [stderr]    |
[INFO] [stderr] help: to clarify your intent to not inherit, add:
[INFO] [stderr]    |
[INFO] [stderr] 39 ~ sitro = { workspace = true }
[INFO] [stderr] 40 + [lints]
[INFO] [stderr]    |
[INFO] [stderr] warning: `hayro-tests` (manifest) generated 1 warning
[INFO] running `Command { std: "docker" "create" "-v" "/var/lib/crater-agent-workspace/builds/worker-5-tc2/source:/opt/rustwide/workdir:ro,Z" "-v" "/var/lib/crater-agent-workspace/builds/worker-5-tc2/target:/opt/rustwide/target:rw,Z" "-v" "/var/lib/crater-agent-workspace/cargo-home:/opt/rustwide/cargo-home:ro,Z" "-v" "/var/lib/crater-agent-workspace/rustup-home:/opt/rustwide/rustup-home:ro,Z" "-m" "1610612736" "--network" "none" "ghcr.io/rust-lang/crates-build-env/linux@sha256:77db811e55d90add9212f6832c23229e3de5f1c1f9905e8cb07319ea15df73ac" "sleep" "infinity", kill_on_drop: false }`
[INFO] [stdout] 07d4653544f100bba6f641c64d692e5ff869dd6313483dfaac75316a65464f59
[INFO] running `Command { std: "docker" "start" "07d4653544f100bba6f641c64d692e5ff869dd6313483dfaac75316a65464f59", kill_on_drop: false }`
[INFO] running `Command { std: "docker" "inspect" "07d4653544f100bba6f641c64d692e5ff869dd6313483dfaac75316a65464f59", kill_on_drop: false }`
[INFO] running `Command { std: "docker" "exec" "-e" "SOURCE_DIR=/opt/rustwide/workdir" "-e" "CARGO_HOME=/opt/rustwide/cargo-home" "-e" "RUSTUP_HOME=/opt/rustwide/rustup-home" "-e" "CARGO_TARGET_DIR=/opt/rustwide/target" "-w" "/opt/rustwide/workdir" "--user" "0:0" "07d4653544f100bba6f641c64d692e5ff869dd6313483dfaac75316a65464f59" "/opt/rustwide/cargo-home/bin/cargo" "+3154cc1a3e6424e44f438a95007d043ed5ceaaf6" "metadata" "--no-deps" "--format-version=1", kill_on_drop: false }`
[INFO] running `Command { std: "docker" "inspect" "07d4653544f100bba6f641c64d692e5ff869dd6313483dfaac75316a65464f59", kill_on_drop: false }`
[INFO] running `Command { std: "docker" "exec" "-e" "SOURCE_DIR=/opt/rustwide/workdir" "-e" "CARGO_HOME=/opt/rustwide/cargo-home" "-e" "RUSTUP_HOME=/opt/rustwide/rustup-home" "-e" "CARGO_TARGET_DIR=/opt/rustwide/target" "-e" "CARGO_INCREMENTAL=0" "-e" "RUST_BACKTRACE=full" "-e" "RUSTFLAGS=--cap-lints=forbid" "-e" "RUSTDOCFLAGS=--cap-lints=forbid" "-w" "/opt/rustwide/workdir" "--user" "0:0" "07d4653544f100bba6f641c64d692e5ff869dd6313483dfaac75316a65464f59" "/opt/rustwide/cargo-home/bin/cargo" "+3154cc1a3e6424e44f438a95007d043ed5ceaaf6" "check" "--frozen" "--all" "--all-targets" "--message-format=json", kill_on_drop: false }`
[INFO] [stderr] warning: missing `[lints]` to inherit `[workspace.lints]`
[INFO] [stderr]   --> hayro-demo/Cargo.toml
[INFO] [stderr]    = note: `cargo::missing_lints_inheritance` is set to `warn` by default
[INFO] [stderr] help: to inherit `workspace.lints, add:
[INFO] [stderr]    |
[INFO] [stderr] 31 ~ ]
[INFO] [stderr] 32 + [lints]
[INFO] [stderr] 33 + workspace = true
[INFO] [stderr]    |
[INFO] [stderr] help: to clarify your intent to not inherit, add:
[INFO] [stderr]    |
[INFO] [stderr] 31 ~ ]
[INFO] [stderr] 32 + [lints]
[INFO] [stderr]    |
[INFO] [stderr] warning: `hayro-demo` (manifest) generated 1 warning
[INFO] [stderr] warning: missing `[lints]` to inherit `[workspace.lints]`
[INFO] [stderr]   --> hayro-fuzz/Cargo.toml
[INFO] [stderr]    = note: `cargo::missing_lints_inheritance` is set to `warn` by default
[INFO] [stderr] help: to inherit `workspace.lints, add:
[INFO] [stderr]    |
[INFO] [stderr] 37 ~ bench = false
[INFO] [stderr] 38 + [lints]
[INFO] [stderr] 39 + workspace = true
[INFO] [stderr]    |
[INFO] [stderr] help: to clarify your intent to not inherit, add:
[INFO] [stderr]    |
[INFO] [stderr] 37 ~ bench = false
[INFO] [stderr] 38 + [lints]
[INFO] [stderr]    |
[INFO] [stderr] warning: `hayro-fuzz` (manifest) generated 1 warning
[INFO] [stderr] warning: missing `[lints]` to inherit `[workspace.lints]`
[INFO] [stderr]   --> hayro-tests/Cargo.toml
[INFO] [stderr]    = note: `cargo::missing_lints_inheritance` is set to `warn` by default
[INFO] [stderr] help: to inherit `workspace.lints, add:
[INFO] [stderr]    |
[INFO] [stderr] 39 ~ sitro = { workspace = true }
[INFO] [stderr] 40 + [lints]
[INFO] [stderr] 41 + workspace = true
[INFO] [stderr]    |
[INFO] [stderr] help: to clarify your intent to not inherit, add:
[INFO] [stderr]    |
[INFO] [stderr] 39 ~ sitro = { workspace = true }
[INFO] [stderr] 40 + [lints]
[INFO] [stderr]    |
[INFO] [stderr] warning: `hayro-tests` (manifest) generated 1 warning
[INFO] [stderr]    Compiling syn v2.0.114
[INFO] [stderr]     Checking zlib-rs v0.5.4
[INFO] [stderr]     Checking bitflags v2.10.0
[INFO] [stderr]     Checking hayro-ccitt v0.2.0 (/opt/rustwide/workdir/hayro-ccitt)
[INFO] [stderr]     Checking miniz_oxide v0.8.9
[INFO] [stderr]     Checking fdeflate v0.3.7
[INFO] [stderr]     Checking kurbo v0.13.0
[INFO] [stderr]     Checking zune-jpeg v0.5.11
[INFO] [stderr]    Compiling fastrand v2.3.0
[INFO] [stderr]    Compiling phf_shared v0.13.1
[INFO] [stderr]     Checking hayro-postscript v0.1.0 (/opt/rustwide/workdir/hayro-postscript)
[INFO] [stderr]     Checking pxfm v0.1.27
[INFO] [stderr]     Checking brotli v8.0.2
[INFO] [stderr]     Checking rayon v1.11.0
[INFO] [stderr]    Compiling wasm-bindgen-shared v0.2.106
[INFO] [stderr]    Compiling thiserror v2.0.17
[INFO] [stderr]     Checking hayro-jbig2 v0.1.0 (/opt/rustwide/workdir/hayro-jbig2)
[INFO] [stderr]    Compiling phf_generator v0.13.1
[INFO] [stderr]     Checking hashbrown v0.16.1
[INFO] [stderr]     Checking float-cmp v0.9.0
[INFO] [stderr]     Checking core_maths v0.1.1
[INFO] [stderr]     Checking xmlwriter v0.1.0
[INFO] [stderr]    Compiling zerocopy v0.8.31
[INFO] [stderr]     Checking strict-num v0.1.1
[INFO] [stderr]    Compiling serde_json v1.0.145
[INFO] [stderr]     Checking console v0.15.11
[INFO] [stderr]     Checking ttf-parser v0.25.1
[INFO] [stderr]    Compiling libc v0.2.178
[INFO] [stderr]     Checking number_prefix v0.4.0
[INFO] [stderr]    Compiling bumpalo v3.19.0
[INFO] [stderr]    Compiling wasm-bindgen v0.2.106
[INFO] [stderr]     Checking memmap2 v0.9.9
[INFO] [stderr]     Checking unicode-bidi-mirroring v0.4.0
[INFO] [stderr]     Checking unicode-ccc v0.4.0
[INFO] [stderr]    Compiling find-msvc-tools v0.1.5
[INFO] [stderr]     Checking unicode-properties v0.1.4
[INFO] [stderr]     Checking block-padding v0.3.3
[INFO] [stderr]     Checking pdf-writer v0.14.0
[INFO] [stderr]     Checking aho-corasick v1.1.4
[INFO] [stderr]     Checking roxmltree v0.21.1
[INFO] [stderr]     Checking simplecss v0.2.2
[INFO] [stderr]     Checking zune-inflate v0.2.54
[INFO] [stderr]     Checking data-url v0.3.2
[INFO] [stderr]     Checking svgtypes v0.16.1
[INFO] [stderr]     Checking bit_field v0.10.3
[INFO] [stderr]     Checking imagesize v0.14.0
[INFO] [stderr]     Checking pico-args v0.5.0
[INFO] [stderr]     Checking unicode-vo v0.1.0
[INFO] [stderr]     Checking lebe v0.5.3
[INFO] [stderr]     Checking image-webp v0.2.4
[INFO] [stderr]     Checking inout v0.1.4
[INFO] [stderr]     Checking gif v0.14.1
[INFO] [stderr]     Checking gif v0.13.3
[INFO] [stderr]     Checking rand v0.4.6
[INFO] [stderr]     Checking cipher v0.4.4
[INFO] [stderr]     Checking libz-rs-sys v0.5.4
[INFO] [stderr]    Compiling jobserver v0.1.34
[INFO] [stderr]     Checking imagesize v0.12.0
[INFO] [stderr]     Checking flate2 v1.1.5
[INFO] [stderr]     Checking arbitrary v1.4.2
[INFO] [stderr]     Checking md5 v0.8.0
[INFO] [stderr]     Checking cbc v0.1.2
[INFO] [stderr]    Compiling cc v1.2.50
[INFO] [stderr]     Checking aes v0.8.4
[INFO] [stderr]     Checking tempdir v0.3.7
[INFO] [stderr]     Checking png v0.18.0
[INFO] [stderr]     Checking png v0.17.16
[INFO] [stderr]     Checking regex-automata v0.4.13
[INFO] [stderr]     Checking fontdb v0.23.0
[INFO] [stderr]     Checking moxcms v0.7.11
[INFO] [stderr]    Compiling libfuzzer-sys v0.4.10
[INFO] [stderr]     Checking indicatif v0.17.11
[INFO] [stderr]     Checking jpeg-decoder v0.3.2
[INFO] [stderr]     Checking hayro-cmap v0.1.0 (/opt/rustwide/workdir/hayro-cmap)
[INFO] [stderr]     Checking regex v1.12.2
[INFO] [stderr]     Checking tiff v0.9.1
[INFO] [stderr] error: could not compile `syn` (lib)
[INFO] [stderr] 
[INFO] [stderr] Caused by:
[INFO] [stderr]   process didn't exit successfully: `/opt/rustwide/rustup-home/toolchains/3154cc1a3e6424e44f438a95007d043ed5ceaaf6/bin/rustc --crate-name syn --edition=2021 /opt/rustwide/cargo-home/registry/src/index.crates.io-1949cf8c6b5b557f/syn-2.0.114/src/lib.rs --error-format=json --json=diagnostic-rendered-ansi,artifacts,future-incompat,unused-externs-silent --crate-type lib --emit=dep-info,metadata,link -Z embed-metadata=no -C embed-bitcode=no --cfg 'feature="clone-impls"' --cfg 'feature="default"' --cfg 'feature="derive"' --cfg 'feature="extra-traits"' --cfg 'feature="fold"' --cfg 'feature="full"' --cfg 'feature="parsing"' --cfg 'feature="printing"' --cfg 'feature="proc-macro"' --cfg 'feature="visit"' --cfg 'feature="visit-mut"' --check-cfg 'cfg(docsrs,test)' --check-cfg 'cfg(feature, values("clone-impls", "default", "derive", "extra-traits", "fold", "full", "parsing", "printing", "proc-macro", "test", "visit", "visit-mut"))' -C metadata=924499ec0c93f174 -C extra-filename=-c4e637ee218314b7 --out-dir /opt/rustwide/target/debug/build/syn/c4e637ee218314b7/out -L dependency=/opt/rustwide/target/debug/build/proc-macro2/fce1a70fd2c3744d/out -L dependency=/opt/rustwide/target/debug/build/unicode-ident/9533002ac35f5809/out --extern proc_macro2=/opt/rustwide/target/debug/build/proc-macro2/fce1a70fd2c3744d/out/libproc_macro2-fce1a70fd2c3744d.rmeta --extern quote=/opt/rustwide/target/debug/build/quote/e054a971070e2c6a/out/libquote-e054a971070e2c6a.rmeta --extern unicode_ident=/opt/rustwide/target/debug/build/unicode-ident/9533002ac35f5809/out/libunicode_ident-9533002ac35f5809.rmeta --cap-lints allow --cap-lints=forbid --force-warn=unused_crate_dependencies` (signal: 9, SIGKILL: kill)
[INFO] [stderr] warning: build failed, waiting for other jobs to finish...
[INFO] [stderr] error: could not compile `moxcms` (lib)
[INFO] [stderr] 
[INFO] [stderr] Caused by:
[INFO] [stderr]   process didn't exit successfully: `/opt/rustwide/rustup-home/toolchains/3154cc1a3e6424e44f438a95007d043ed5ceaaf6/bin/rustc --crate-name moxcms --edition=2024 /opt/rustwide/cargo-home/registry/src/index.crates.io-1949cf8c6b5b557f/moxcms-0.7.11/src/lib.rs --error-format=json --json=diagnostic-rendered-ansi,artifacts,future-incompat,unused-externs-silent --crate-type lib --emit=dep-info,metadata -C embed-bitcode=no -C debuginfo=2 --cfg 'feature="avx"' --cfg 'feature="default"' --cfg 'feature="neon"' --cfg 'feature="sse"' --check-cfg 'cfg(docsrs,test)' --check-cfg 'cfg(feature, values("avx", "avx512", "default", "neon", "options", "sse"))' -C metadata=20671ddd631676be -C extra-filename=-efa6fdb337f74628 --out-dir /opt/rustwide/target/debug/build/moxcms/efa6fdb337f74628/out -L dependency=/opt/rustwide/target/debug/build/num-traits/5926fbb98e608a95/out --extern num_traits=/opt/rustwide/target/debug/build/num-traits/5926fbb98e608a95/out/libnum_traits-5926fbb98e608a95.rmeta --extern pxfm=/opt/rustwide/target/debug/build/pxfm/a6b6876984780dc8/out/libpxfm-a6b6876984780dc8.rmeta --cap-lints allow --cap-lints=forbid --force-warn=unused_crate_dependencies` (signal: 9, SIGKILL: kill)
[INFO] [stderr] warning: libfuzzer-sys@0.4.10: c++: fatal error: Killed signal terminated program cc1plus
[INFO] [stderr] warning: libfuzzer-sys@0.4.10: compilation terminated.
[INFO] [stderr] warning: libfuzzer-sys@0.4.10: ToolExecError: command did not execute successfully (status code exit status: 1): LC_ALL="C" "c++" "-O0" "-ffunction-sections" "-fdata-sections" "-fPIC" "-g" "-gdwarf-4" "-fno-omit-frame-pointer" "-m64" "-std=c++17" "-w" "-o" "/opt/rustwide/target/debug/build/libfuzzer-sys/2e76b35eaa3473d2/out/e5f0d71fb86e9d6b-FuzzerFork.o" "-c" "libfuzzer/FuzzerFork.cpp"cargo:warning=c++: fatal error: Killed signal terminated program cc1plus
[INFO] [stderr] warning: libfuzzer-sys@0.4.10: compilation terminated.
[INFO] [stderr] warning: libfuzzer-sys@0.4.10: ToolExecError: command did not execute successfully (status code exit status: 1): LC_ALL="C" "c++" "-O0" "-ffunction-sections" "-fdata-sections" "-fPIC" "-g" "-gdwarf-4" "-fno-omit-frame-pointer" "-m64" "-std=c++17" "-w" "-o" "/opt/rustwide/target/debug/build/libfuzzer-sys/2e76b35eaa3473d2/out/e5f0d71fb86e9d6b-FuzzerMerge.o" "-c" "libfuzzer/FuzzerMerge.cpp"
[INFO] [stderr] error: failed to run custom build command for `libfuzzer-sys v0.4.10`
[INFO] [stderr] note: To improve backtraces for build dependencies, set the CARGO_PROFILE_DEV_BUILD_OVERRIDE_DEBUG=true environment variable to enable debug information generation.
[INFO] [stderr] 
[INFO] [stderr] Caused by:
[INFO] [stderr]   process didn't exit successfully: `/opt/rustwide/target/debug/build/libfuzzer-sys/d01b20393d76a52c/out/build_script_build` (exit status: 1)
[INFO] [stderr]   --- stdout
[INFO] [stderr]   cargo:rerun-if-env-changed=CUSTOM_LIBFUZZER_PATH
[INFO] [stderr]   cargo:rerun-if-changed=libfuzzer/FuzzerCrossOver.cpp
[INFO] [stderr]   cargo:rerun-if-changed=libfuzzer/FuzzerExtFunctionsWindows.cpp
[INFO] [stderr]   cargo:rerun-if-changed=libfuzzer/FuzzerMutate.cpp
[INFO] [stderr]   cargo:rerun-if-changed=libfuzzer/FuzzerUtilFuchsia.cpp
[INFO] [stderr]   cargo:rerun-if-changed=libfuzzer/FuzzerUtilWindows.cpp
[INFO] [stderr]   cargo:rerun-if-changed=libfuzzer/FuzzerExtraCountersWindows.cpp
[INFO] [stderr]   cargo:rerun-if-changed=libfuzzer/FuzzerIO.cpp
[INFO] [stderr]   cargo:rerun-if-changed=libfuzzer/FuzzerUtilDarwin.cpp
[INFO] [stderr]   cargo:rerun-if-changed=libfuzzer/FuzzerDataFlowTrace.cpp
[INFO] [stderr]   cargo:rerun-if-changed=libfuzzer/FuzzerLoop.cpp
[INFO] [stderr]   cargo:rerun-if-changed=libfuzzer/FuzzerExtraCountersDarwin.cpp
[INFO] [stderr]   cargo:rerun-if-changed=libfuzzer/FuzzerFork.cpp
[INFO] [stderr]   cargo:rerun-if-changed=libfuzzer/FuzzerIOWindows.cpp
[INFO] [stderr]   cargo:rerun-if-changed=libfuzzer/FuzzerSHA1.cpp
[INFO] [stderr]   cargo:rerun-if-changed=libfuzzer/FuzzerInterceptors.cpp
[INFO] [stderr]   cargo:rerun-if-changed=libfuzzer/FuzzerMerge.cpp
[INFO] [stderr]   cargo:rerun-if-changed=libfuzzer/FuzzerIOPosix.cpp
[INFO] [stderr]   cargo:rerun-if-changed=libfuzzer/FuzzerMain.cpp
[INFO] [stderr]   cargo:rerun-if-changed=libfuzzer/FuzzerExtFunctionsDlsym.cpp
[INFO] [stderr]   cargo:rerun-if-changed=libfuzzer/FuzzerTracePC.cpp
[INFO] [stderr]   cargo:rerun-if-changed=libfuzzer/FuzzerUtilPosix.cpp
[INFO] [stderr]   cargo:rerun-if-changed=libfuzzer/FuzzerDriver.cpp
[INFO] [stderr]   cargo:rerun-if-changed=libfuzzer/FuzzerUtil.cpp
[INFO] [stderr]   cargo:rerun-if-changed=libfuzzer/FuzzerExtraCounters.cpp
[INFO] [stderr]   cargo:rerun-if-changed=libfuzzer/FuzzerExtFunctionsWeak.cpp
[INFO] [stderr]   cargo:rerun-if-changed=libfuzzer/FuzzerUtilLinux.cpp
[INFO] [stderr]   OUT_DIR = Some(/opt/rustwide/target/debug/build/libfuzzer-sys/2e76b35eaa3473d2/out)
[INFO] [stderr]   OPT_LEVEL = Some(0)
[INFO] [stderr]   TARGET = Some(x86_64-unknown-linux-gnu)
[INFO] [stderr]   CARGO_ENCODED_RUSTFLAGS = Some(--cap-lints=forbid)
[INFO] [stderr]   HOST = Some(x86_64-unknown-linux-gnu)
[INFO] [stderr]   cargo:rerun-if-env-changed=CXX_x86_64-unknown-linux-gnu
[INFO] [stderr]   CXX_x86_64-unknown-linux-gnu = None
[INFO] [stderr]   cargo:rerun-if-env-changed=CXX_x86_64_unknown_linux_gnu
[INFO] [stderr]   CXX_x86_64_unknown_linux_gnu = None
[INFO] [stderr]   cargo:rerun-if-env-changed=HOST_CXX
[INFO] [stderr]   HOST_CXX = None
[INFO] [stderr]   cargo:rerun-if-env-changed=CXX
[INFO] [stderr]   CXX = None
[INFO] [stderr]   cargo:rerun-if-env-changed=CC_ENABLE_DEBUG_OUTPUT
[INFO] [stderr]   RUSTC_WRAPPER = None
[INFO] [stderr]   cargo:rerun-if-env-changed=CRATE_CC_NO_DEFAULTS
[INFO] [stderr]   CRATE_CC_NO_DEFAULTS = None
[INFO] [stderr]   DEBUG = Some(true)
[INFO] [stderr]   CARGO_CFG_TARGET_FEATURE = Some(fxsr,sse,sse2,x87)
[INFO] [stderr]   cargo:rerun-if-env-changed=CXXFLAGS
[INFO] [stderr]   CXXFLAGS = None
[INFO] [stderr]   cargo:rerun-if-env-changed=HOST_CXXFLAGS
[INFO] [stderr]   HOST_CXXFLAGS = None
[INFO] [stderr]   cargo:rerun-if-env-changed=CXXFLAGS_x86_64_unknown_linux_gnu
[INFO] [stderr]   CXXFLAGS_x86_64_unknown_linux_gnu = None
[INFO] [stderr]   cargo:rerun-if-env-changed=CXXFLAGS_x86_64-unknown-linux-gnu
[INFO] [stderr]   CXXFLAGS_x86_64-unknown-linux-gnu = None
[INFO] [stderr]   exit status: 0
[INFO] [stderr]   exit status: 0
[INFO] [stderr]   exit status: 0
[INFO] [stderr]   exit status: 0
[INFO] [stderr]   exit status: 0
[INFO] [stderr]   exit status: 0
[INFO] [stderr]   exit status: 0
[INFO] [stderr]   exit status: 0
[INFO] [stderr]   cargo:warning=c++: fatal error: Killed signal terminated program cc1plus
[INFO] [stderr]   cargo:warning=compilation terminated.
[INFO] [stderr]   exit status: 0
[INFO] [stderr]   exit status: 0
[INFO] [stderr]   exit status: 0
[INFO] [stderr]   exit status: 0
[INFO] [stderr]   exit status: 0
[INFO] [stderr]   exit status: 0
[INFO] [stderr]   exit status: 0
[INFO] [stderr]   exit status: 1
[INFO] [stderr]   cargo:warning=ToolExecError: command did not execute successfully (status code exit status: 1): LC_ALL="C" "c++" "-O0" "-ffunction-sections" "-fdata-sections" "-fPIC" "-g" "-gdwarf-4" "-fno-omit-frame-pointer" "-m64" "-std=c++17" "-w" "-o" "/opt/rustwide/target/debug/build/libfuzzer-sys/2e76b35eaa3473d2/out/e5f0d71fb86e9d6b-FuzzerFork.o" "-c" "libfuzzer/FuzzerFork.cpp"cargo:warning=c++: fatal error: Killed signal terminated program cc1plus
[INFO] [stderr]   cargo:warning=compilation terminated.
[INFO] [stderr] 
[INFO] [stderr]   exit status: 1
[INFO] [stderr]   cargo:warning=ToolExecError: command did not execute successfully (status code exit status: 1): LC_ALL="C" "c++" "-O0" "-ffunction-sections" "-fdata-sections" "-fPIC" "-g" "-gdwarf-4" "-fno-omit-frame-pointer" "-m64" "-std=c++17" "-w" "-o" "/opt/rustwide/target/debug/build/libfuzzer-sys/2e76b35eaa3473d2/out/e5f0d71fb86e9d6b-FuzzerMerge.o" "-c" "libfuzzer/FuzzerMerge.cpp"
[INFO] [stderr]   exit status: 0
[INFO] [stderr]   exit status: 0
[INFO] [stderr]   exit status: 0
[INFO] [stderr]   exit status: 0
[INFO] [stderr]   exit status: 0
[INFO] [stderr]   exit status: 0
[INFO] [stderr]   exit status: 0
[INFO] [stderr]   exit status: 0
[INFO] [stderr]   exit status: 0
[INFO] [stderr] 
[INFO] [stderr]   --- stderr
[INFO] [stderr] 
[INFO] [stderr] 
[INFO] [stderr]   error occurred in cc-rs: command did not execute successfully (status code exit status: 1): LC_ALL="C" "c++" "-O0" "-ffunction-sections" "-fdata-sections" "-fPIC" "-g" "-gdwarf-4" "-fno-omit-frame-pointer" "-m64" "-std=c++17" "-w" "-o" "/opt/rustwide/target/debug/build/libfuzzer-sys/2e76b35eaa3473d2/out/e5f0d71fb86e9d6b-FuzzerMerge.o" "-c" "libfuzzer/FuzzerMerge.cpp"
[INFO] [stderr] 
[INFO] [stderr] 
[INFO] running `Command { std: "docker" "inspect" "07d4653544f100bba6f641c64d692e5ff869dd6313483dfaac75316a65464f59", kill_on_drop: false }`
[INFO] running `Command { std: "docker" "rm" "-f" "07d4653544f100bba6f641c64d692e5ff869dd6313483dfaac75316a65464f59", kill_on_drop: false }`
[INFO] [stdout] 07d4653544f100bba6f641c64d692e5ff869dd6313483dfaac75316a65464f59
