[INFO] cloning repository https://github.com/anycms/anycms-spa
[INFO] running `Command { std: "git" "-c" "credential.helper=" "-c" "credential.helper=/workspace/cargo-home/bin/git-credential-null" "clone" "--bare" "https://github.com/anycms/anycms-spa" "/workspace/cache/git-repos/https%3A%2F%2Fgithub.com%2Fanycms%2Fanycms-spa", kill_on_drop: false }`
[INFO] [stderr] Cloning into bare repository '/workspace/cache/git-repos/https%3A%2F%2Fgithub.com%2Fanycms%2Fanycms-spa'...
[INFO] running `Command { std: "git" "rev-parse" "HEAD", kill_on_drop: false }`
[INFO] [stdout] dddd2f3c0be70ed534630aaf453235962e521d3d
[INFO] checking anycms/anycms-spa against 3154cc1a3e6424e44f438a95007d043ed5ceaaf6 for pr-133502-30
[INFO] running `Command { std: "git" "clone" "/workspace/cache/git-repos/https%3A%2F%2Fgithub.com%2Fanycms%2Fanycms-spa" "/workspace/builds/worker-6-tc2/source", kill_on_drop: false }`
[INFO] [stderr] Cloning into '/workspace/builds/worker-6-tc2/source'...
[INFO] [stderr] done.
[INFO] started tweaking git repo https://github.com/anycms/anycms-spa
[INFO] removed 0 missing tests
[INFO] finished tweaking git repo https://github.com/anycms/anycms-spa
[INFO] tweaked toml for git repo https://github.com/anycms/anycms-spa written to /workspace/builds/worker-6-tc2/source/Cargo.toml
[INFO] validating manifest of git repo https://github.com/anycms/anycms-spa on toolchain 3154cc1a3e6424e44f438a95007d043ed5ceaaf6
[INFO] running `Command { std: CARGO_HOME="/workspace/cargo-home" RUSTUP_HOME="/workspace/rustup-home" "/workspace/cargo-home/bin/cargo" "+3154cc1a3e6424e44f438a95007d043ed5ceaaf6" "metadata" "--manifest-path" "Cargo.toml" "--no-deps", kill_on_drop: false }`
[INFO] crate git repo https://github.com/anycms/anycms-spa already has a lockfile, it will not be regenerated
[INFO] running `Command { std: CARGO_HOME="/workspace/cargo-home" RUSTUP_HOME="/workspace/rustup-home" "/workspace/cargo-home/bin/cargo" "+3154cc1a3e6424e44f438a95007d043ed5ceaaf6" "fetch" "--manifest-path" "Cargo.toml", kill_on_drop: false }`
[INFO] running `Command { std: "docker" "create" "-v" "/var/lib/crater-agent-workspace/builds/worker-6-tc2/source:/opt/rustwide/workdir:ro,Z" "-v" "/var/lib/crater-agent-workspace/builds/worker-6-tc2/target:/opt/rustwide/target:rw,Z" "-v" "/var/lib/crater-agent-workspace/cargo-home:/opt/rustwide/cargo-home:ro,Z" "-v" "/var/lib/crater-agent-workspace/rustup-home:/opt/rustwide/rustup-home:ro,Z" "-m" "1610612736" "--network" "none" "ghcr.io/rust-lang/crates-build-env/linux@sha256:77db811e55d90add9212f6832c23229e3de5f1c1f9905e8cb07319ea15df73ac" "sleep" "infinity", kill_on_drop: false }`
[INFO] [stdout] 7255ae045654ae8762d352ca85db6f4ef4d069007ea0e105c18fd9c355d4401d
[INFO] running `Command { std: "docker" "start" "7255ae045654ae8762d352ca85db6f4ef4d069007ea0e105c18fd9c355d4401d", kill_on_drop: false }`
[INFO] running `Command { std: "docker" "inspect" "7255ae045654ae8762d352ca85db6f4ef4d069007ea0e105c18fd9c355d4401d", kill_on_drop: false }`
[INFO] running `Command { std: "docker" "exec" "-e" "SOURCE_DIR=/opt/rustwide/workdir" "-e" "CARGO_HOME=/opt/rustwide/cargo-home" "-e" "RUSTUP_HOME=/opt/rustwide/rustup-home" "-e" "CARGO_TARGET_DIR=/opt/rustwide/target" "-w" "/opt/rustwide/workdir" "--user" "0:0" "7255ae045654ae8762d352ca85db6f4ef4d069007ea0e105c18fd9c355d4401d" "/opt/rustwide/cargo-home/bin/cargo" "+3154cc1a3e6424e44f438a95007d043ed5ceaaf6" "metadata" "--no-deps" "--format-version=1", kill_on_drop: false }`
[INFO] running `Command { std: "docker" "inspect" "7255ae045654ae8762d352ca85db6f4ef4d069007ea0e105c18fd9c355d4401d", kill_on_drop: false }`
[INFO] running `Command { std: "docker" "exec" "-e" "SOURCE_DIR=/opt/rustwide/workdir" "-e" "CARGO_HOME=/opt/rustwide/cargo-home" "-e" "RUSTUP_HOME=/opt/rustwide/rustup-home" "-e" "CARGO_TARGET_DIR=/opt/rustwide/target" "-e" "CARGO_INCREMENTAL=0" "-e" "RUST_BACKTRACE=full" "-e" "RUSTFLAGS=--cap-lints=forbid" "-e" "RUSTDOCFLAGS=--cap-lints=forbid" "-w" "/opt/rustwide/workdir" "--user" "0:0" "7255ae045654ae8762d352ca85db6f4ef4d069007ea0e105c18fd9c355d4401d" "/opt/rustwide/cargo-home/bin/cargo" "+3154cc1a3e6424e44f438a95007d043ed5ceaaf6" "check" "--frozen" "--all" "--all-targets" "--message-format=json", kill_on_drop: false }`
[INFO] [stderr]    Compiling typenum v1.20.1
[INFO] [stderr]    Compiling regex-syntax v0.8.11
[INFO] [stderr]    Compiling const-oid v0.10.2
[INFO] [stderr]    Compiling cpufeatures v0.3.0
[INFO] [stderr]    Compiling same-file v1.0.6
[INFO] [stderr]    Compiling aho-corasick v1.1.5
[INFO] [stderr]    Compiling bstr v1.13.1
[INFO] [stderr]    Compiling mime v0.3.17
[INFO] [stderr]     Checking log v0.4.33
[INFO] [stderr]    Compiling syn v2.0.119
[INFO] [stderr]    Compiling syn v3.0.3
[INFO] [stderr]    Compiling walkdir v2.5.0
[INFO] [stderr]    Compiling mime_guess v2.0.5
[INFO] [stderr]     Checking regex-automata v0.4.18
[INFO] [stderr]     Checking hybrid-array v0.4.14
[INFO] [stderr]    Compiling crypto-common v0.2.2
[INFO] [stderr]    Compiling block-buffer v0.12.1
[INFO] [stderr]    Compiling thiserror-impl v2.0.20
[INFO] [stderr]    Compiling digest v0.11.3
[INFO] [stderr]    Compiling sha2 v0.11.0
[INFO] [stderr]     Checking globset v0.4.20
[INFO] [stderr]     Checking thiserror v2.0.20
[INFO] [stderr]     Checking rust-embed-utils v8.12.0
[INFO] [stderr]    Compiling tracing-attributes v0.1.31
[INFO] [stderr]    Compiling rust-embed-impl v8.12.0
[INFO] [stderr]     Checking tracing v0.1.44
[INFO] [stderr]     Checking rust-embed v8.12.0
[INFO] [stderr]     Checking anycms-spa v0.7.4 (/opt/rustwide/workdir)
[INFO] [stdout] error[E0432]: unresolved import `anycms_spa::spa`
[INFO] [stdout]  --> tests/macro_exclude.rs:5:5
[INFO] [stdout]   |
[INFO] [stdout] 5 | use anycms_spa::spa;
[INFO] [stdout]   |     ^^^^^^^^^^^^---
[INFO] [stdout]   |                 |
[INFO] [stdout]   |                 no `spa` in the root
[INFO] [stdout] 
[INFO] [stdout] 
[INFO] [stdout] error[E0432]: unresolved import `anycms_spa::spa`
[INFO] [stdout]   --> tests/macro_exclude.rs:34:9
[INFO] [stdout]    |
[INFO] [stdout] 34 |     use anycms_spa::spa;
[INFO] [stdout]    |         ^^^^^^^^^^^^---
[INFO] [stdout]    |                     |
[INFO] [stdout]    |                     no `spa` in the root
[INFO] [stdout]    |
[INFO] [stdout] help: consider importing this unresolved item through its public re-export instead
[INFO] [stdout]    |
[INFO] [stdout] 34 -     use anycms_spa::spa;
[INFO] [stdout] 34 +     use crate::spa;
[INFO] [stdout]    |
[INFO] [stdout] 
[INFO] [stdout] 
[INFO] [stdout] error[E0425]: cannot find type `ExcludedSpa` in this scope
[INFO] [stdout]   --> tests/macro_exclude.rs:52:34
[INFO] [stdout]    |
[INFO] [stdout] 52 |     let paths = embedded_paths::<ExcludedSpa>();
[INFO] [stdout]    |                                  ^^^^^^^^^^^ not found in this scope
[INFO] [stdout]    |
[INFO] [stdout] help: you might be missing a type parameter
[INFO] [stdout]    |
[INFO] [stdout] 51 | fn exclude_globs_are_not_embedded<ExcludedSpa>() {
[INFO] [stdout]    |                                  +++++++++++++
[INFO] [stdout] 
[INFO] [stdout] 
[INFO] [stdout] error[E0425]: cannot find type `PlainSpa` in this scope
[INFO] [stdout]   --> tests/macro_exclude.rs:66:34
[INFO] [stdout]    |
[INFO] [stdout] 66 |     let paths = embedded_paths::<PlainSpa>();
[INFO] [stdout]    |                                  ^^^^^^^^ not found in this scope
[INFO] [stdout]    |
[INFO] [stdout] help: you might be missing a type parameter
[INFO] [stdout]    |
[INFO] [stdout] 63 | fn legacy_shapes_still_embed_everything<PlainSpa>() {
[INFO] [stdout]    |                                        ++++++++++
[INFO] [stdout] 
[INFO] [stdout] 
[INFO] [stdout] error[E0425]: cannot find function `embedded_paths` in module `nested`
[INFO] [stdout]   --> tests/macro_exclude.rs:73:25
[INFO] [stdout]    |
[INFO] [stdout] 73 |     let paths = nested::embedded_paths();
[INFO] [stdout]    |                         ^^^^^^^^^^^^^^ not found in `nested`
[INFO] [stdout]    |
[INFO] [stdout] note: found an item that was configured out
[INFO] [stdout]   --> tests/macro_exclude.rs:44:19
[INFO] [stdout]    |
[INFO] [stdout] 43 |     #[cfg(any(feature = "axum", feature = "actix", feature = "salvo"))]
[INFO] [stdout]    |              -------------------------------------------------------- the item is gated here
[INFO] [stdout] 44 |     pub(super) fn embedded_paths() -> Vec<String> {
[INFO] [stdout]    |                   ^^^^^^^^^^^^^^
[INFO] [stdout] help: consider importing this function
[INFO] [stdout]    |
[INFO] [stdout]  5 + use crate::embedded_paths;
[INFO] [stdout]    |
[INFO] [stdout] help: if you import `embedded_paths`, refer to it directly
[INFO] [stdout]    |
[INFO] [stdout] 73 -     let paths = nested::embedded_paths();
[INFO] [stdout] 73 +     let paths = embedded_paths();
[INFO] [stdout]    |
[INFO] [stdout] 
[INFO] [stdout] 
[INFO] [stdout] Some errors have detailed explanations: E0425, E0432.
[INFO] [stdout] 
[INFO] [stdout] For more information about an error, try `rustc --explain E0425`.
[INFO] [stdout] 
[INFO] [stderr] error: could not compile `anycms-spa` (test "macro_exclude") due to 5 previous errors
[INFO] [stderr] warning: build failed, waiting for other jobs to finish...
[INFO] running `Command { std: "docker" "inspect" "7255ae045654ae8762d352ca85db6f4ef4d069007ea0e105c18fd9c355d4401d", kill_on_drop: false }`
[INFO] running `Command { std: "docker" "rm" "-f" "7255ae045654ae8762d352ca85db6f4ef4d069007ea0e105c18fd9c355d4401d", kill_on_drop: false }`
[INFO] [stdout] 7255ae045654ae8762d352ca85db6f4ef4d069007ea0e105c18fd9c355d4401d
