[INFO] cloning repository https://github.com/anupam42/snorlax
[INFO] running `Command { std: "git" "-c" "credential.helper=" "-c" "credential.helper=/workspace/cargo-home/bin/git-credential-null" "clone" "--bare" "https://github.com/anupam42/snorlax" "/workspace/cache/git-repos/https%3A%2F%2Fgithub.com%2Fanupam42%2Fsnorlax", kill_on_drop: false }`
[INFO] [stderr] Cloning into bare repository '/workspace/cache/git-repos/https%3A%2F%2Fgithub.com%2Fanupam42%2Fsnorlax'...
[INFO] running `Command { std: "git" "rev-parse" "HEAD", kill_on_drop: false }`
[INFO] [stdout] 570ade1df8d09b59d7075f22c7d60f84dbca5cac
[INFO] checking anupam42/snorlax against 3154cc1a3e6424e44f438a95007d043ed5ceaaf6 for pr-133502-30
[INFO] running `Command { std: "git" "clone" "/workspace/cache/git-repos/https%3A%2F%2Fgithub.com%2Fanupam42%2Fsnorlax" "/workspace/builds/worker-4-tc2/source", kill_on_drop: false }`
[INFO] [stderr] Cloning into '/workspace/builds/worker-4-tc2/source'...
[INFO] [stderr] done.
[INFO] started tweaking git repo https://github.com/anupam42/snorlax
[INFO] finished tweaking git repo https://github.com/anupam42/snorlax
[INFO] tweaked toml for git repo https://github.com/anupam42/snorlax written to /workspace/builds/worker-4-tc2/source/Cargo.toml
[INFO] validating manifest of git repo https://github.com/anupam42/snorlax on toolchain 3154cc1a3e6424e44f438a95007d043ed5ceaaf6
[INFO] running `Command { std: CARGO_HOME="/workspace/cargo-home" RUSTUP_HOME="/workspace/rustup-home" "/workspace/cargo-home/bin/cargo" "+3154cc1a3e6424e44f438a95007d043ed5ceaaf6" "metadata" "--manifest-path" "Cargo.toml" "--no-deps", kill_on_drop: false }`
[INFO] crate git repo https://github.com/anupam42/snorlax already has a lockfile, it will not be regenerated
[INFO] running `Command { std: CARGO_HOME="/workspace/cargo-home" RUSTUP_HOME="/workspace/rustup-home" "/workspace/cargo-home/bin/cargo" "+3154cc1a3e6424e44f438a95007d043ed5ceaaf6" "fetch" "--manifest-path" "Cargo.toml", kill_on_drop: false }`
[INFO] running `Command { std: "docker" "create" "-v" "/var/lib/crater-agent-workspace/builds/worker-4-tc2/source:/opt/rustwide/workdir:ro,Z" "-v" "/var/lib/crater-agent-workspace/builds/worker-4-tc2/target:/opt/rustwide/target:rw,Z" "-v" "/var/lib/crater-agent-workspace/cargo-home:/opt/rustwide/cargo-home:ro,Z" "-v" "/var/lib/crater-agent-workspace/rustup-home:/opt/rustwide/rustup-home:ro,Z" "-m" "1610612736" "--network" "none" "ghcr.io/rust-lang/crates-build-env/linux@sha256:77db811e55d90add9212f6832c23229e3de5f1c1f9905e8cb07319ea15df73ac" "sleep" "infinity", kill_on_drop: false }`
[INFO] [stdout] 41e401351cca4aafaa66e01bb5408247bfc1ba4b036d68e68c55afc165b20d4c
[INFO] running `Command { std: "docker" "start" "41e401351cca4aafaa66e01bb5408247bfc1ba4b036d68e68c55afc165b20d4c", kill_on_drop: false }`
[INFO] running `Command { std: "docker" "inspect" "41e401351cca4aafaa66e01bb5408247bfc1ba4b036d68e68c55afc165b20d4c", kill_on_drop: false }`
[INFO] running `Command { std: "docker" "exec" "-e" "SOURCE_DIR=/opt/rustwide/workdir" "-e" "CARGO_HOME=/opt/rustwide/cargo-home" "-e" "RUSTUP_HOME=/opt/rustwide/rustup-home" "-e" "CARGO_TARGET_DIR=/opt/rustwide/target" "-w" "/opt/rustwide/workdir" "--user" "0:0" "41e401351cca4aafaa66e01bb5408247bfc1ba4b036d68e68c55afc165b20d4c" "/opt/rustwide/cargo-home/bin/cargo" "+3154cc1a3e6424e44f438a95007d043ed5ceaaf6" "metadata" "--no-deps" "--format-version=1", kill_on_drop: false }`
[INFO] running `Command { std: "docker" "inspect" "41e401351cca4aafaa66e01bb5408247bfc1ba4b036d68e68c55afc165b20d4c", kill_on_drop: false }`
[INFO] running `Command { std: "docker" "exec" "-e" "SOURCE_DIR=/opt/rustwide/workdir" "-e" "CARGO_HOME=/opt/rustwide/cargo-home" "-e" "RUSTUP_HOME=/opt/rustwide/rustup-home" "-e" "CARGO_TARGET_DIR=/opt/rustwide/target" "-e" "CARGO_INCREMENTAL=0" "-e" "RUST_BACKTRACE=full" "-e" "RUSTFLAGS=--cap-lints=forbid" "-e" "RUSTDOCFLAGS=--cap-lints=forbid" "-w" "/opt/rustwide/workdir" "--user" "0:0" "41e401351cca4aafaa66e01bb5408247bfc1ba4b036d68e68c55afc165b20d4c" "/opt/rustwide/cargo-home/bin/cargo" "+3154cc1a3e6424e44f438a95007d043ed5ceaaf6" "check" "--frozen" "--all" "--all-targets" "--message-format=json", kill_on_drop: false }`
[INFO] [stderr]    Compiling syn v2.0.119
[INFO] [stderr]    Compiling syn v3.0.4
[INFO] [stderr]    Compiling generic-array v0.14.7
[INFO] [stderr]     Checking futures-util v0.3.34
[INFO] [stderr]    Compiling num-traits v0.2.19
[INFO] [stderr]    Compiling stable_deref_trait v1.2.1
[INFO] [stderr]     Checking der v0.7.10
[INFO] [stderr]    Compiling ring v0.17.14
[INFO] [stderr]    Compiling writeable v0.6.4
[INFO] [stderr]    Compiling smallvec v1.15.2
[INFO] [stderr]    Compiling crossbeam-utils v0.8.22
[INFO] [stderr]    Compiling litemap v0.8.3
[INFO] [stderr]     Checking block-buffer v0.10.4
[INFO] [stderr]     Checking crypto-common v0.1.7
[INFO] [stderr]     Checking digest v0.10.7
[INFO] [stderr]     Checking spin v0.9.9
[INFO] [stderr]    Compiling futures-core v0.3.34
[INFO] [stderr]    Compiling pin-project-lite v0.2.17
[INFO] [stderr]    Compiling lock_api v0.4.14
[INFO] [stderr]     Checking serde_json v1.0.151
[INFO] [stderr]     Checking spki v0.7.3
[INFO] [stderr]     Checking pkcs8 v0.10.2
[INFO] [stderr]    Compiling serde_core v1.0.229
[INFO] [stderr]    Compiling futures-sink v0.3.34
[INFO] [stderr]    Compiling openssl-sys v0.9.117
[INFO] [stderr]     Checking sha2 v0.10.9
[INFO] [stderr]     Checking hmac v0.12.1
[INFO] [stderr]    Compiling libsqlite3-sys v0.30.1
[INFO] [stderr]     Checking ipnet v2.12.1
[INFO] [stderr]    Compiling percent-encoding v2.3.2
[INFO] [stderr]    Compiling mime_guess v2.0.5
[INFO] [stderr]    Compiling form_urlencoded v1.2.2
[INFO] [stderr]     Checking num-integer v0.1.47
[INFO] [stderr]     Checking signature v2.2.0
[INFO] [stderr]    Compiling parking_lot_core v0.9.12
[INFO] [stderr]    Compiling mio v1.2.2
[INFO] [stderr]    Compiling socket2 v0.6.5
[INFO] [stderr]     Checking http v0.2.12
[INFO] [stderr]     Checking ff v0.13.1
[INFO] [stderr]    Compiling slab v0.4.12
[INFO] [stderr]    Compiling futures-task v0.3.34
[INFO] [stderr]    Compiling rustls v0.21.12
[INFO] [stderr]    Compiling allocator-api2 v0.2.21
[INFO] [stderr]    Compiling futures-io v0.3.34
[INFO] [stderr]    Compiling bytes v1.12.1
[INFO] [stderr]    Compiling hashbrown v0.15.5
[INFO] [stderr]    Compiling tokio v1.53.1
[INFO] [stderr]     Checking sct v0.7.1
[INFO] [stderr]     Checking rustls-webpki v0.101.7
[INFO] [stderr]     Checking sec1 v0.7.3
[INFO] [stderr]    Compiling synstructure v0.13.2
[INFO] [stderr]    Compiling tracing-core v0.1.36
[INFO] [stderr]     Checking group v0.13.0
[INFO] [stderr]    Compiling parking_lot v0.12.5
[INFO] [stderr]     Checking hkdf v0.12.4
[INFO] [stderr]     Checking crypto-bigint v0.5.5
[INFO] [stderr]     Checking sync_wrapper v1.0.2
[INFO] [stderr]    Compiling iana-time-zone v0.1.65
[INFO] [stderr]    Compiling log v0.4.34
[INFO] [stderr]    Compiling crc-catalog v2.5.0
[INFO] [stderr]    Compiling parking v2.2.1
[INFO] [stderr]    Compiling time-macros v0.2.32
[INFO] [stderr]    Compiling crossbeam-queue v0.3.13
[INFO] [stderr]    Compiling zerovec-derive v0.11.6
[INFO] [stderr]    Compiling displaydoc v0.2.7
[INFO] [stderr]    Compiling zerofrom-derive v0.1.7
[INFO] [stderr]    Compiling yoke-derive v0.8.2
[INFO] [stderr]    Compiling tracing-attributes v0.1.31
[INFO] [stderr]    Compiling serde_derive v1.0.229
[INFO] [stderr]    Compiling tokio-macros v2.7.2
[INFO] [stderr]    Compiling thiserror-impl v2.0.20
[INFO] [stderr]     Checking elliptic-curve v0.13.8
[INFO] [stderr]     Checking zerofrom v0.1.8
[INFO] [stderr]     Checking yoke v0.8.3
[INFO] [stderr]     Checking zerovec v0.11.8
[INFO] [stderr]     Checking tracing v0.1.44
[INFO] [stderr]     Checking zerotrie v0.2.5
[INFO] [stderr]     Checking thiserror v2.0.20
[INFO] [stderr]     Checking tinystr v0.8.4
[INFO] [stderr]     Checking potential_utf v0.1.6
[INFO] [stderr]     Checking icu_collections v2.3.0
[INFO] [stderr]     Checking icu_locale_core v2.3.0
[INFO] [stderr]    Compiling openssl-macros v0.1.1
[INFO] [stderr]    Compiling openssl v0.10.81
[INFO] [stderr]    Compiling darling_core v0.23.0
[INFO] [stderr]     Checking icu_provider v2.3.1
[INFO] [stderr]    Compiling event-listener v5.4.2
[INFO] [stderr]     Checking icu_normalizer v2.3.0
[INFO] [stderr]     Checking icu_properties v2.3.0
[INFO] [stderr]    Compiling tokio-stream v0.1.19
[INFO] [stderr]     Checking serde v1.0.229
[INFO] [stderr]    Compiling crc v3.4.0
[INFO] [stderr]     Checking serde_urlencoded v0.7.1
[INFO] [stderr]    Compiling either v1.18.0
[INFO] [stderr]     Checking idna_adapter v1.2.2
[INFO] [stderr]     Checking idna v1.1.0
[INFO] [stderr]     Checking chrono v0.4.45
[INFO] [stderr]     Checking url v2.5.8
[INFO] [stderr]     Checking rand_chacha v0.3.1
[INFO] [stderr]    Compiling futures-intrusive v0.5.0
[INFO] [stderr]    Compiling hashlink v0.10.0
[INFO] [stderr]     Checking tokio-util v0.7.19
[INFO] [stderr]     Checking http-body v0.4.6
[INFO] [stderr]    Compiling crypto-common v0.2.2
[INFO] [stderr]    Compiling block-buffer v0.12.1
[INFO] [stderr]     Checking lazy_static v1.5.0
[INFO] [stderr]     Checking socket2 v0.5.10
[INFO] [stderr]    Compiling base64 v0.22.1
[INFO] [stderr]    Compiling uuid v1.25.0
[INFO] [stderr]     Checking time-core v0.1.9
[INFO] [stderr]     Checking h2 v0.4.19
[INFO] [stderr]     Checking h2 v0.3.27
[INFO] [stderr]    Compiling ryu v1.0.23
[INFO] [stderr]     Checking time v0.3.55
[INFO] [stderr]    Compiling native-tls v0.2.18
[INFO] [stderr]    Compiling digest v0.11.3
[INFO] [stderr]    Compiling sqlx-core v0.8.6
[INFO] [stderr]    Compiling flume v0.11.1
[INFO] [stderr]     Checking tower v0.5.3
[INFO] [stderr]     Checking rand v0.8.7
[INFO] [stderr]     Checking tokio-rustls v0.24.1
[INFO] [stderr]    Compiling darling_macro v0.23.0
[INFO] [stderr]    Compiling futures-executor v0.3.34
[INFO] [stderr]    Compiling atoi v2.0.0
[INFO] [stderr]     Checking rfc6979 v0.4.0
[INFO] [stderr]    Compiling futures-channel v0.3.34
[INFO] [stderr]     Checking serde_path_to_error v0.1.20
[INFO] [stderr]     Checking rustls-pemfile v1.0.4
[INFO] [stderr]    Compiling sha2 v0.11.0
[INFO] [stderr]    Compiling walkdir v2.5.0
[INFO] [stderr]     Checking ecdsa v0.16.9
[INFO] [stderr]    Compiling darling v0.23.0
[INFO] [stderr]     Checking primeorder v0.13.6
[INFO] [stderr]    Compiling thiserror-impl v1.0.69
[INFO] [stderr]    Compiling curve25519-dalek-derive v0.1.1
[INFO] [stderr]    Compiling async-trait v0.1.92
[INFO] [stderr]     Checking num-iter v0.1.46
[INFO] [stderr]    Compiling multer v3.1.0
[INFO] [stderr]     Checking webpki-roots v0.25.4
[INFO] [stderr]    Compiling mime v0.3.17
[INFO] [stderr]    Compiling sqlx-sqlite v0.8.6
[INFO] [stderr]     Checking thiserror v1.0.69
[INFO] [stderr]     Checking axum-core v0.4.5
[INFO] [stderr]     Checking hyper v1.11.0
[INFO] [stderr]     Checking regex-automata v0.4.18
[INFO] [stderr]     Checking curve25519-dalek v4.1.3
[INFO] [stderr]     Checking hyper v0.14.32
[INFO] [stderr]     Checking tokio-native-tls v0.3.1
[INFO] [stderr]     Checking num-bigint-dig v0.8.6
[INFO] [stderr]     Checking hyper-util v0.1.20
[INFO] [stderr]    Compiling rust-embed-utils v8.12.0
[INFO] [stderr]    Compiling serde_with_macros v3.22.0
[INFO] [stderr]    Compiling axum-macros v0.4.2
[INFO] [stderr]     Checking ed25519 v2.2.3
[INFO] [stderr]     Checking num-bigint v0.4.8
[INFO] [stderr]    Compiling sqlx-macros-core v0.8.6
[INFO] [stderr]     Checking pkcs1 v0.7.5
[INFO] [stderr]     Checking ordered-float v2.10.1
[INFO] [stderr]     Checking base64 v0.13.1
[INFO] [stderr]     Checking tower-http v0.6.11
[INFO] [stderr]     Checking serde-value v0.7.0
[INFO] [stderr]     Checking simple_asn1 v0.6.4
[INFO] [stderr]     Checking hyper-tls v0.6.0
[INFO] [stderr]     Checking rsa v0.9.10
[INFO] [stderr]     Checking axum v0.7.9
[INFO] [stderr]     Checking serde_with v3.22.0
[INFO] [stderr]     Checking ed25519-dalek v2.2.0
[INFO] [stderr]     Checking hyper-rustls v0.24.2
[INFO] [stderr]     Checking matchers v0.2.0
[INFO] [stderr]     Checking reqwest v0.11.27
[INFO] [stderr]    Compiling rust-embed-impl v8.12.0
[INFO] [stderr]     Checking cookie v0.18.2
[INFO] [stderr]    Compiling sqlx-macros v0.8.6
[INFO] [stderr]     Checking p256 v0.13.2
[INFO] [stderr]     Checking p384 v0.13.1
[INFO] [stderr]     Checking sharded-slab v0.1.7
[INFO] [stderr]     Checking itertools v0.10.5
[INFO] [stderr]     Checking serde_plain v1.0.2
[INFO] [stderr]     Checking blake2 v0.10.6
[INFO] [stderr]     Checking oauth2 v4.4.2
[INFO] [stderr]     Checking password-hash v0.5.0
[INFO] [stderr]     Checking tracing-log v0.2.0
[INFO] [stderr]     Checking rustls-pki-types v1.15.1
[INFO] [stderr]     Checking sqlx v0.8.6
[INFO] [stderr]     Checking argon2 v0.5.3
[INFO] [stderr]     Checking tracing-subscriber v0.3.23
[INFO] [stderr]     Checking jsonwebtoken v9.3.1
[INFO] [stderr]     Checking reqwest v0.12.28
[INFO] [stderr]     Checking rust-embed v8.12.0
[INFO] [stderr]     Checking openidconnect v3.5.0
[INFO] [stderr]     Checking axum-extra v0.9.6
[INFO] [stderr]     Checking hearth v0.2.0 (/opt/rustwide/workdir/backend)
[INFO] [stdout] error: #[derive(RustEmbed)] folder '/opt/rustwide/workdir/backend/../frontend/dist/' does not exist. cwd: '/opt/rustwide/workdir'
[INFO] [stdout]   --> backend/src/main.rs:22:1
[INFO] [stdout]    |
[INFO] [stdout] 22 | / #[folder = "../frontend/dist/"]
[INFO] [stdout] 23 | | struct FrontendAssets;
[INFO] [stdout]    | |______________________^
[INFO] [stdout] 
[INFO] [stdout] 
[INFO] [stdout] error: #[derive(RustEmbed)] folder '/opt/rustwide/workdir/backend/../frontend/dist/' does not exist. cwd: '/opt/rustwide/workdir'
[INFO] [stdout]   --> backend/src/main.rs:22:1
[INFO] [stdout]    |
[INFO] [stdout] 22 | / #[folder = "../frontend/dist/"]
[INFO] [stdout] 23 | | struct FrontendAssets;
[INFO] [stdout]    | |______________________^
[INFO] [stdout] 
[INFO] [stdout] 
[INFO] [stdout] error[E0599]: no associated function or constant named `get` found for struct `FrontendAssets` in the current scope
[INFO] [stdout]    --> backend/src/main.rs:100:27
[INFO] [stdout]     |
[INFO] [stdout]  23 | struct FrontendAssets;
[INFO] [stdout]     | --------------------- associated function or constant `get` not found for this struct
[INFO] [stdout] ...
[INFO] [stdout] 100 |     match FrontendAssets::get(path) {
[INFO] [stdout]     |                           ^^^ associated function or constant not found in `FrontendAssets`
[INFO] [stdout]     |
[INFO] [stdout]     = help: items from traits can only be used if the trait is implemented and in scope
[INFO] [stdout]     = note: the following traits define an item `get`, perhaps you need to implement one of them:
[INFO] [stdout]             candidate #1: `Embed`
[INFO] [stdout]             candidate #2: `Row`
[INFO] [stdout]             candidate #3: `SliceIndex`
[INFO] [stdout]             candidate #4: `icu_collections::codepointtrie::cptrie::TypedCodePointTrie`
[INFO] [stdout]             candidate #5: `icu_properties::names::PropertyEnumToValueNameLookup`
[INFO] [stdout]             candidate #6: `icu_provider::baked::DataStore`
[INFO] [stdout]             candidate #7: `rustls::server::server_conn::StoresServerSessions`
[INFO] [stdout] 
[INFO] [stdout] 
[INFO] [stdout] error[E0599]: no associated function or constant named `get` found for struct `FrontendAssets` in the current scope
[INFO] [stdout]    --> backend/src/main.rs:105:39
[INFO] [stdout]     |
[INFO] [stdout]  23 | struct FrontendAssets;
[INFO] [stdout]     | --------------------- associated function or constant `get` not found for this struct
[INFO] [stdout] ...
[INFO] [stdout] 105 |         None => match FrontendAssets::get("index.html") {
[INFO] [stdout]     |                                       ^^^ associated function or constant not found in `FrontendAssets`
[INFO] [stdout]     |
[INFO] [stdout]     = help: items from traits can only be used if the trait is implemented and in scope
[INFO] [stdout]     = note: the following traits define an item `get`, perhaps you need to implement one of them:
[INFO] [stdout]             candidate #1: `Embed`
[INFO] [stdout]             candidate #2: `Row`
[INFO] [stdout]             candidate #3: `SliceIndex`
[INFO] [stdout]             candidate #4: `icu_collections::codepointtrie::cptrie::TypedCodePointTrie`
[INFO] [stdout]             candidate #5: `icu_properties::names::PropertyEnumToValueNameLookup`
[INFO] [stdout]             candidate #6: `icu_provider::baked::DataStore`
[INFO] [stdout]             candidate #7: `rustls::server::server_conn::StoresServerSessions`
[INFO] [stdout] 
[INFO] [stdout] 
[INFO] [stdout] error[E0599]: no associated function or constant named `get` found for struct `FrontendAssets` in the current scope
[INFO] [stdout]    --> backend/src/main.rs:100:27
[INFO] [stdout]     |
[INFO] [stdout]  23 | struct FrontendAssets;
[INFO] [stdout]     | --------------------- associated function or constant `get` not found for this struct
[INFO] [stdout] ...
[INFO] [stdout] 100 |     match FrontendAssets::get(path) {
[INFO] [stdout]     |                           ^^^ associated function or constant not found in `FrontendAssets`
[INFO] [stdout]     |
[INFO] [stdout]     = help: items from traits can only be used if the trait is implemented and in scope
[INFO] [stdout]     = note: the following traits define an item `get`, perhaps you need to implement one of them:
[INFO] [stdout]             candidate #1: `Embed`
[INFO] [stdout]             candidate #2: `Row`
[INFO] [stdout]             candidate #3: `SliceIndex`
[INFO] [stdout]             candidate #4: `icu_collections::codepointtrie::cptrie::TypedCodePointTrie`
[INFO] [stdout]             candidate #5: `icu_properties::names::PropertyEnumToValueNameLookup`
[INFO] [stdout]             candidate #6: `icu_provider::baked::DataStore`
[INFO] [stdout]             candidate #7: `rustls::server::server_conn::StoresServerSessions`
[INFO] [stdout] 
[INFO] [stdout] 
[INFO] [stdout] error[E0599]: no associated function or constant named `get` found for struct `FrontendAssets` in the current scope
[INFO] [stdout]    --> backend/src/main.rs:105:39
[INFO] [stdout]     |
[INFO] [stdout]  23 | struct FrontendAssets;
[INFO] [stdout]     | --------------------- associated function or constant `get` not found for this struct
[INFO] [stdout] ...
[INFO] [stdout] 105 |         None => match FrontendAssets::get("index.html") {
[INFO] [stdout]     |                                       ^^^ associated function or constant not found in `FrontendAssets`
[INFO] [stdout]     |
[INFO] [stdout]     = help: items from traits can only be used if the trait is implemented and in scope
[INFO] [stdout]     = note: the following traits define an item `get`, perhaps you need to implement one of them:
[INFO] [stdout]             candidate #1: `Embed`
[INFO] [stdout]             candidate #2: `Row`
[INFO] [stdout]             candidate #3: `SliceIndex`
[INFO] [stdout]             candidate #4: `icu_collections::codepointtrie::cptrie::TypedCodePointTrie`
[INFO] [stdout]             candidate #5: `icu_properties::names::PropertyEnumToValueNameLookup`
[INFO] [stdout]             candidate #6: `icu_provider::baked::DataStore`
[INFO] [stdout]             candidate #7: `rustls::server::server_conn::StoresServerSessions`
[INFO] [stdout] 
[INFO] [stdout] 
[INFO] [stdout] For more information about this error, try `rustc --explain E0599`.
[INFO] [stdout] 
[INFO] [stderr] error: could not compile `hearth` (bin "hearth" test) due to 3 previous errors
[INFO] [stderr] warning: build failed, waiting for other jobs to finish...
[INFO] [stdout] For more information about this error, try `rustc --explain E0599`.
[INFO] [stdout] 
[INFO] [stderr] error: could not compile `hearth` (bin "hearth") due to 3 previous errors
[INFO] running `Command { std: "docker" "inspect" "41e401351cca4aafaa66e01bb5408247bfc1ba4b036d68e68c55afc165b20d4c", kill_on_drop: false }`
[INFO] running `Command { std: "docker" "rm" "-f" "41e401351cca4aafaa66e01bb5408247bfc1ba4b036d68e68c55afc165b20d4c", kill_on_drop: false }`
[INFO] [stdout] 41e401351cca4aafaa66e01bb5408247bfc1ba4b036d68e68c55afc165b20d4c
