[INFO] cloning repository https://github.com/anticaptrad/act-cli
[INFO] running `Command { std: "git" "-c" "credential.helper=" "-c" "credential.helper=/workspace/cargo-home/bin/git-credential-null" "clone" "--bare" "https://github.com/anticaptrad/act-cli" "/workspace/cache/git-repos/https%3A%2F%2Fgithub.com%2Fanticaptrad%2Fact-cli", kill_on_drop: false }`
[INFO] [stderr] Cloning into bare repository '/workspace/cache/git-repos/https%3A%2F%2Fgithub.com%2Fanticaptrad%2Fact-cli'...
[INFO] running `Command { std: "git" "rev-parse" "HEAD", kill_on_drop: false }`
[INFO] [stdout] dfec4af89854e145be473445ff8cca5cacb1a5c7
[INFO] checking anticaptrad/act-cli against 3154cc1a3e6424e44f438a95007d043ed5ceaaf6 for pr-133502-30
[INFO] running `Command { std: "git" "clone" "/workspace/cache/git-repos/https%3A%2F%2Fgithub.com%2Fanticaptrad%2Fact-cli" "/workspace/builds/worker-4-tc2/source", kill_on_drop: false }`
[INFO] [stderr] Cloning into '/workspace/builds/worker-4-tc2/source'...
[INFO] [stderr] done.
[INFO] started tweaking git repo https://github.com/anticaptrad/act-cli
[INFO] finished tweaking git repo https://github.com/anticaptrad/act-cli
[INFO] tweaked toml for git repo https://github.com/anticaptrad/act-cli written to /workspace/builds/worker-4-tc2/source/Cargo.toml
[INFO] validating manifest of git repo https://github.com/anticaptrad/act-cli on toolchain 3154cc1a3e6424e44f438a95007d043ed5ceaaf6
[INFO] running `Command { std: CARGO_HOME="/workspace/cargo-home" RUSTUP_HOME="/workspace/rustup-home" "/workspace/cargo-home/bin/cargo" "+3154cc1a3e6424e44f438a95007d043ed5ceaaf6" "metadata" "--manifest-path" "Cargo.toml" "--no-deps", kill_on_drop: false }`
[INFO] crate git repo https://github.com/anticaptrad/act-cli already has a lockfile, it will not be regenerated
[INFO] running `Command { std: CARGO_HOME="/workspace/cargo-home" RUSTUP_HOME="/workspace/rustup-home" "/workspace/cargo-home/bin/cargo" "+3154cc1a3e6424e44f438a95007d043ed5ceaaf6" "fetch" "--manifest-path" "Cargo.toml", kill_on_drop: false }`
[INFO] running `Command { std: "docker" "create" "-v" "/var/lib/crater-agent-workspace/builds/worker-4-tc2/source:/opt/rustwide/workdir:ro,Z" "-v" "/var/lib/crater-agent-workspace/builds/worker-4-tc2/target:/opt/rustwide/target:rw,Z" "-v" "/var/lib/crater-agent-workspace/cargo-home:/opt/rustwide/cargo-home:ro,Z" "-v" "/var/lib/crater-agent-workspace/rustup-home:/opt/rustwide/rustup-home:ro,Z" "-m" "1610612736" "--network" "none" "ghcr.io/rust-lang/crates-build-env/linux@sha256:77db811e55d90add9212f6832c23229e3de5f1c1f9905e8cb07319ea15df73ac" "sleep" "infinity", kill_on_drop: false }`
[INFO] [stdout] 6a26d2dd8d9ad342a361ff7a0171e1a47018e21a9e77c8f6a06ee5f312ca0160
[INFO] running `Command { std: "docker" "start" "6a26d2dd8d9ad342a361ff7a0171e1a47018e21a9e77c8f6a06ee5f312ca0160", kill_on_drop: false }`
[INFO] running `Command { std: "docker" "inspect" "6a26d2dd8d9ad342a361ff7a0171e1a47018e21a9e77c8f6a06ee5f312ca0160", kill_on_drop: false }`
[INFO] running `Command { std: "docker" "exec" "-e" "SOURCE_DIR=/opt/rustwide/workdir" "-e" "CARGO_HOME=/opt/rustwide/cargo-home" "-e" "RUSTUP_HOME=/opt/rustwide/rustup-home" "-e" "CARGO_TARGET_DIR=/opt/rustwide/target" "-w" "/opt/rustwide/workdir" "--user" "0:0" "6a26d2dd8d9ad342a361ff7a0171e1a47018e21a9e77c8f6a06ee5f312ca0160" "/opt/rustwide/cargo-home/bin/cargo" "+3154cc1a3e6424e44f438a95007d043ed5ceaaf6" "metadata" "--no-deps" "--format-version=1", kill_on_drop: false }`
[INFO] running `Command { std: "docker" "inspect" "6a26d2dd8d9ad342a361ff7a0171e1a47018e21a9e77c8f6a06ee5f312ca0160", kill_on_drop: false }`
[INFO] running `Command { std: "docker" "exec" "-e" "SOURCE_DIR=/opt/rustwide/workdir" "-e" "CARGO_HOME=/opt/rustwide/cargo-home" "-e" "RUSTUP_HOME=/opt/rustwide/rustup-home" "-e" "CARGO_TARGET_DIR=/opt/rustwide/target" "-e" "CARGO_INCREMENTAL=0" "-e" "RUST_BACKTRACE=full" "-e" "RUSTFLAGS=--cap-lints=forbid" "-e" "RUSTDOCFLAGS=--cap-lints=forbid" "-w" "/opt/rustwide/workdir" "--user" "0:0" "6a26d2dd8d9ad342a361ff7a0171e1a47018e21a9e77c8f6a06ee5f312ca0160" "/opt/rustwide/cargo-home/bin/cargo" "+3154cc1a3e6424e44f438a95007d043ed5ceaaf6" "check" "--frozen" "--all" "--all-targets" "--message-format=json", kill_on_drop: false }`
[INFO] [stderr]    Compiling find-msvc-tools v0.1.11
[INFO] [stderr]    Compiling syn v3.0.3
[INFO] [stderr]    Compiling syn v2.0.119
[INFO] [stderr]     Checking zeroize v1.9.0
[INFO] [stderr]     Checking getrandom v0.2.17
[INFO] [stderr]     Checking slab v0.4.12
[INFO] [stderr]    Compiling serde_core v1.0.229
[INFO] [stderr]     Checking futures-task v0.3.34
[INFO] [stderr]    Compiling cc v1.4.4
[INFO] [stderr]    Compiling rustls v0.23.43
[INFO] [stderr]     Checking rustls-pki-types v1.15.1
[INFO] [stderr]     Checking futures-util v0.3.34
[INFO] [stderr]     Checking tracing-core v0.1.36
[INFO] [stderr]     Checking subtle v2.6.1
[INFO] [stderr]     Checking ipnet v2.12.1
[INFO] [stderr]     Checking webpki-roots v1.0.9
[INFO] [stderr]     Checking clap_lex v1.1.0
[INFO] [stderr]     Checking tracing v0.1.44
[INFO] [stderr]    Compiling thiserror v2.0.20
[INFO] [stderr]     Checking clap_builder v4.6.6
[INFO] [stderr]    Compiling ring v0.17.14
[INFO] [stderr]     Checking serde_json v1.0.151
[INFO] [stderr]    Compiling synstructure v0.13.2
[INFO] [stderr]    Compiling zerofrom-derive v0.1.7
[INFO] [stderr]    Compiling yoke-derive v0.8.2
[INFO] [stderr]     Checking zerofrom v0.1.8
[INFO] [stderr]     Checking yoke v0.8.3
[INFO] [stderr]    Compiling zerovec-derive v0.11.6
[INFO] [stderr]    Compiling displaydoc v0.2.7
[INFO] [stderr]    Compiling tokio-macros v2.7.2
[INFO] [stderr]    Compiling serde_derive v1.0.229
[INFO] [stderr]    Compiling clap_derive v4.6.4
[INFO] [stderr]    Compiling thiserror-impl v2.0.20
[INFO] [stderr]     Checking zerotrie v0.2.5
[INFO] [stderr]     Checking tokio v1.53.1
[INFO] [stderr]     Checking zerovec v0.11.8
[INFO] [stderr]     Checking rustls-webpki v0.103.15
[INFO] [stderr]     Checking clap v4.6.6
[INFO] [stderr]     Checking tinystr v0.8.4
[INFO] [stderr]     Checking potential_utf v0.1.6
[INFO] [stderr]     Checking icu_collections v2.3.0
[INFO] [stderr]     Checking icu_locale_core v2.3.0
[INFO] [stderr]     Checking serde v1.0.229
[INFO] [stderr]     Checking icu_provider v2.3.1
[INFO] [stderr]     Checking serde_urlencoded v0.7.1
[INFO] [stderr]     Checking icu_properties v2.3.0
[INFO] [stderr]     Checking icu_normalizer v2.3.0
[INFO] [stderr]     Checking idna_adapter v1.2.2
[INFO] [stderr]     Checking idna v1.1.0
[INFO] [stderr]     Checking url v2.5.8
[INFO] [stderr]     Checking hyper v1.11.0
[INFO] [stderr]     Checking tokio-rustls v0.26.4
[INFO] [stderr]     Checking tower v0.5.3
[INFO] [stderr]     Checking tower-http v0.6.11
[INFO] [stderr]     Checking hyper-util v0.1.20
[INFO] [stderr]     Checking hyper-rustls v0.27.9
[INFO] [stderr]     Checking reqwest v0.12.28
[INFO] [stderr]     Checking act-cli v0.1.0 (/opt/rustwide/workdir)
[INFO] [stdout] error[E0255]: the name `env` is defined multiple times
[INFO] [stdout]  --> src/main.rs:8:5
[INFO] [stdout]   |
[INFO] [stdout] 2 | mod env;
[INFO] [stdout]   | -------- previous definition of the module `env` here
[INFO] [stdout] ...
[INFO] [stdout] 8 | use std::env;
[INFO] [stdout]   |     ^^^^^^^^ `env` reimported here
[INFO] [stdout]   |
[INFO] [stdout]   = note: `env` must be defined only once in the type namespace of this module
[INFO] [stdout] help: you can use `as` to change the binding name of the import
[INFO] [stdout]   |
[INFO] [stdout] 8 | use std::env as other_env;
[INFO] [stdout]   |              ++++++++++++
[INFO] [stdout] 
[INFO] [stdout] 
[INFO] [stdout] error[E0255]: the name `env` is defined multiple times
[INFO] [stdout]  --> src/main.rs:8:5
[INFO] [stdout]   |
[INFO] [stdout] 2 | mod env;
[INFO] [stdout]   | -------- previous definition of the module `env` here
[INFO] [stdout] ...
[INFO] [stdout] 8 | use std::env;
[INFO] [stdout]   |     ^^^^^^^^ `env` reimported here
[INFO] [stdout]   |
[INFO] [stdout]   = note: `env` must be defined only once in the type namespace of this module
[INFO] [stdout] help: you can use `as` to change the binding name of the import
[INFO] [stdout]   |
[INFO] [stdout] 8 | use std::env as other_env;
[INFO] [stdout]   |              ++++++++++++
[INFO] [stdout] 
[INFO] [stdout] 
[INFO] [stdout] error[E0425]: cannot find function `var` in module `env`
[INFO] [stdout]    --> src/main.rs:105:22
[INFO] [stdout]     |
[INFO] [stdout] 105 |     let token = env::var("ACT_ACCESS_TOKEN")
[INFO] [stdout]     |                      ^^^ not found in `env`
[INFO] [stdout]     |
[INFO] [stdout] help: consider importing this function
[INFO] [stdout]     |
[INFO] [stdout]   8 + use std::env::var;
[INFO] [stdout]     |
[INFO] [stdout] help: if you import `var`, refer to it directly
[INFO] [stdout]     |
[INFO] [stdout] 105 -     let token = env::var("ACT_ACCESS_TOKEN")
[INFO] [stdout] 105 +     let token = var("ACT_ACCESS_TOKEN")
[INFO] [stdout]     |
[INFO] [stdout] 
[INFO] [stdout] 
[INFO] [stdout] Some errors have detailed explanations: E0255, E0425.
[INFO] [stdout] 
[INFO] [stdout] For more information about an error, try `rustc --explain E0255`.
[INFO] [stdout] 
[INFO] [stderr] error: could not compile `act-cli` (bin "act-cli" test) due to 2 previous errors
[INFO] [stderr] warning: build failed, waiting for other jobs to finish...
[INFO] [stdout] error[E0425]: cannot find function `var` in module `env`
[INFO] [stdout]    --> src/main.rs:105:22
[INFO] [stdout]     |
[INFO] [stdout] 105 |     let token = env::var("ACT_ACCESS_TOKEN")
[INFO] [stdout]     |                      ^^^ not found in `env`
[INFO] [stdout]     |
[INFO] [stdout] help: consider importing this function
[INFO] [stdout]     |
[INFO] [stdout]   8 + use std::env::var;
[INFO] [stdout]     |
[INFO] [stdout] help: if you import `var`, refer to it directly
[INFO] [stdout]     |
[INFO] [stdout] 105 -     let token = env::var("ACT_ACCESS_TOKEN")
[INFO] [stdout] 105 +     let token = var("ACT_ACCESS_TOKEN")
[INFO] [stdout]     |
[INFO] [stdout] 
[INFO] [stdout] 
[INFO] [stdout] Some errors have detailed explanations: E0255, E0425.
[INFO] [stdout] 
[INFO] [stdout] For more information about an error, try `rustc --explain E0255`.
[INFO] [stdout] 
[INFO] [stderr] error: could not compile `act-cli` (bin "act-cli") due to 2 previous errors
[INFO] running `Command { std: "docker" "inspect" "6a26d2dd8d9ad342a361ff7a0171e1a47018e21a9e77c8f6a06ee5f312ca0160", kill_on_drop: false }`
[INFO] running `Command { std: "docker" "rm" "-f" "6a26d2dd8d9ad342a361ff7a0171e1a47018e21a9e77c8f6a06ee5f312ca0160", kill_on_drop: false }`
[INFO] [stdout] 6a26d2dd8d9ad342a361ff7a0171e1a47018e21a9e77c8f6a06ee5f312ca0160
