[INFO] cloning repository https://github.com/ankur-paan/indramqtt
[INFO] running `Command { std: "git" "-c" "credential.helper=" "-c" "credential.helper=/workspace/cargo-home/bin/git-credential-null" "clone" "--bare" "https://github.com/ankur-paan/indramqtt" "/workspace/cache/git-repos/https%3A%2F%2Fgithub.com%2Fankur-paan%2Findramqtt", kill_on_drop: false }`
[INFO] [stderr] Cloning into bare repository '/workspace/cache/git-repos/https%3A%2F%2Fgithub.com%2Fankur-paan%2Findramqtt'...
[INFO] running `Command { std: "git" "rev-parse" "HEAD", kill_on_drop: false }`
[INFO] [stdout] feb1255e7354638b9b33b19e48ba40847d00e481
[INFO] checking ankur-paan/indramqtt against 3154cc1a3e6424e44f438a95007d043ed5ceaaf6 for pr-133502-30
[INFO] running `Command { std: "git" "clone" "/workspace/cache/git-repos/https%3A%2F%2Fgithub.com%2Fankur-paan%2Findramqtt" "/workspace/builds/worker-1-tc2/source", kill_on_drop: false }`
[INFO] [stderr] Cloning into '/workspace/builds/worker-1-tc2/source'...
[INFO] [stderr] done.
[INFO] started tweaking git repo https://github.com/ankur-paan/indramqtt
[INFO] finished tweaking git repo https://github.com/ankur-paan/indramqtt
[INFO] tweaked toml for git repo https://github.com/ankur-paan/indramqtt written to /workspace/builds/worker-1-tc2/source/Cargo.toml
[INFO] validating manifest of git repo https://github.com/ankur-paan/indramqtt on toolchain 3154cc1a3e6424e44f438a95007d043ed5ceaaf6
[INFO] running `Command { std: CARGO_HOME="/workspace/cargo-home" RUSTUP_HOME="/workspace/rustup-home" "/workspace/cargo-home/bin/cargo" "+3154cc1a3e6424e44f438a95007d043ed5ceaaf6" "metadata" "--manifest-path" "Cargo.toml" "--no-deps", kill_on_drop: false }`
[INFO] crate git repo https://github.com/ankur-paan/indramqtt already has a lockfile, it will not be regenerated
[INFO] running `Command { std: CARGO_HOME="/workspace/cargo-home" RUSTUP_HOME="/workspace/rustup-home" "/workspace/cargo-home/bin/cargo" "+3154cc1a3e6424e44f438a95007d043ed5ceaaf6" "fetch" "--manifest-path" "Cargo.toml", kill_on_drop: false }`
[INFO] [stderr] warning: unused workspace dependency `anyhow`
[INFO] [stderr]   --> Cargo.toml:13:1
[INFO] [stderr]    |
[INFO] [stderr] 13 | anyhow = "1.0"
[INFO] [stderr]    | ^^^^^^
[INFO] [stderr]    |
[INFO] [stderr]    = note: `cargo::unused_workspace_dependencies` is set to `warn` by default
[INFO] [stderr] help: consider removing the workspace dependency `anyhow`
[INFO] [stderr] warning: unused field `authors` in `workspace.package`
[INFO] [stderr]    --> Cargo.toml:117:1
[INFO] [stderr]     |
[INFO] [stderr] 117 | authors = ["I-Dacs Labs <measure@i-dacs.com>", "IndraMQTT Contributors"]
[INFO] [stderr]     | ^^^^^^^
[INFO] [stderr]     |
[INFO] [stderr]     = note: `cargo::unused_workspace_package_fields` is set to `warn` by default
[INFO] [stderr] help: consider removing the field `workspace.package.authors`
[INFO] [stderr] warning: unused field `categories` in `workspace.package`
[INFO] [stderr]    --> Cargo.toml:118:1
[INFO] [stderr]     |
[INFO] [stderr] 118 | categories = ["network-programming", "asynchronous"]
[INFO] [stderr]     | ^^^^^^^^^^
[INFO] [stderr]     |
[INFO] [stderr] help: consider removing the field `workspace.package.categories`
[INFO] [stderr] warning: unused field `homepage` in `workspace.package`
[INFO] [stderr]    --> Cargo.toml:120:1
[INFO] [stderr]     |
[INFO] [stderr] 120 | homepage = "https://indramqtt.com"
[INFO] [stderr]     | ^^^^^^^^
[INFO] [stderr]     |
[INFO] [stderr] help: consider removing the field `workspace.package.homepage`
[INFO] [stderr] warning: unused field `keywords` in `workspace.package`
[INFO] [stderr]    --> Cargo.toml:121:1
[INFO] [stderr]     |
[INFO] [stderr] 121 | keywords = ["mqtt", "broker", "iot", "stream-processing", "distributed"]
[INFO] [stderr]     | ^^^^^^^^
[INFO] [stderr]     |
[INFO] [stderr] help: consider removing the field `workspace.package.keywords`
[INFO] [stderr] warning: unused field `readme` in `workspace.package`
[INFO] [stderr]    --> Cargo.toml:123:1
[INFO] [stderr]     |
[INFO] [stderr] 123 | readme = "README.md"
[INFO] [stderr]     | ^^^^^^
[INFO] [stderr]     |
[INFO] [stderr] help: consider removing the field `workspace.package.readme`
[INFO] [stderr] warning: workspace (manifest) generated 6 warnings
[INFO] running `Command { std: "docker" "create" "-v" "/var/lib/crater-agent-workspace/builds/worker-1-tc2/source:/opt/rustwide/workdir:ro,Z" "-v" "/var/lib/crater-agent-workspace/builds/worker-1-tc2/target:/opt/rustwide/target:rw,Z" "-v" "/var/lib/crater-agent-workspace/cargo-home:/opt/rustwide/cargo-home:ro,Z" "-v" "/var/lib/crater-agent-workspace/rustup-home:/opt/rustwide/rustup-home:ro,Z" "-m" "1610612736" "--network" "none" "ghcr.io/rust-lang/crates-build-env/linux@sha256:77db811e55d90add9212f6832c23229e3de5f1c1f9905e8cb07319ea15df73ac" "sleep" "infinity", kill_on_drop: false }`
[INFO] [stdout] cb93083b6e0a76e53dabd42082bcb13f5bc60115976f32277186e44b6a262427
[INFO] running `Command { std: "docker" "start" "cb93083b6e0a76e53dabd42082bcb13f5bc60115976f32277186e44b6a262427", kill_on_drop: false }`
[INFO] running `Command { std: "docker" "inspect" "cb93083b6e0a76e53dabd42082bcb13f5bc60115976f32277186e44b6a262427", kill_on_drop: false }`
[INFO] running `Command { std: "docker" "exec" "-e" "SOURCE_DIR=/opt/rustwide/workdir" "-e" "CARGO_HOME=/opt/rustwide/cargo-home" "-e" "RUSTUP_HOME=/opt/rustwide/rustup-home" "-e" "CARGO_TARGET_DIR=/opt/rustwide/target" "-w" "/opt/rustwide/workdir" "--user" "0:0" "cb93083b6e0a76e53dabd42082bcb13f5bc60115976f32277186e44b6a262427" "/opt/rustwide/cargo-home/bin/cargo" "+3154cc1a3e6424e44f438a95007d043ed5ceaaf6" "metadata" "--no-deps" "--format-version=1", kill_on_drop: false }`
[INFO] running `Command { std: "docker" "inspect" "cb93083b6e0a76e53dabd42082bcb13f5bc60115976f32277186e44b6a262427", kill_on_drop: false }`
[INFO] running `Command { std: "docker" "exec" "-e" "SOURCE_DIR=/opt/rustwide/workdir" "-e" "CARGO_HOME=/opt/rustwide/cargo-home" "-e" "RUSTUP_HOME=/opt/rustwide/rustup-home" "-e" "CARGO_TARGET_DIR=/opt/rustwide/target" "-e" "CARGO_INCREMENTAL=0" "-e" "RUST_BACKTRACE=full" "-e" "RUSTFLAGS=--cap-lints=forbid" "-e" "RUSTDOCFLAGS=--cap-lints=forbid" "-w" "/opt/rustwide/workdir" "--user" "0:0" "cb93083b6e0a76e53dabd42082bcb13f5bc60115976f32277186e44b6a262427" "/opt/rustwide/cargo-home/bin/cargo" "+3154cc1a3e6424e44f438a95007d043ed5ceaaf6" "check" "--frozen" "--all" "--all-targets" "--message-format=json", kill_on_drop: false }`
[INFO] [stderr] warning: unused workspace dependency `anyhow`
[INFO] [stderr]   --> Cargo.toml:13:1
[INFO] [stderr]    |
[INFO] [stderr] 13 | anyhow = "1.0"
[INFO] [stderr]    | ^^^^^^
[INFO] [stderr]    |
[INFO] [stderr]    = note: `cargo::unused_workspace_dependencies` is set to `warn` by default
[INFO] [stderr] help: consider removing the workspace dependency `anyhow`
[INFO] [stderr] warning: unused field `authors` in `workspace.package`
[INFO] [stderr]    --> Cargo.toml:117:1
[INFO] [stderr]     |
[INFO] [stderr] 117 | authors = ["I-Dacs Labs <measure@i-dacs.com>", "IndraMQTT Contributors"]
[INFO] [stderr]     | ^^^^^^^
[INFO] [stderr]     |
[INFO] [stderr]     = note: `cargo::unused_workspace_package_fields` is set to `warn` by default
[INFO] [stderr] help: consider removing the field `workspace.package.authors`
[INFO] [stderr] warning: unused field `categories` in `workspace.package`
[INFO] [stderr]    --> Cargo.toml:118:1
[INFO] [stderr]     |
[INFO] [stderr] 118 | categories = ["network-programming", "asynchronous"]
[INFO] [stderr]     | ^^^^^^^^^^
[INFO] [stderr]     |
[INFO] [stderr] help: consider removing the field `workspace.package.categories`
[INFO] [stderr] warning: unused field `homepage` in `workspace.package`
[INFO] [stderr]    --> Cargo.toml:120:1
[INFO] [stderr]     |
[INFO] [stderr] 120 | homepage = "https://indramqtt.com"
[INFO] [stderr]     | ^^^^^^^^
[INFO] [stderr]     |
[INFO] [stderr] help: consider removing the field `workspace.package.homepage`
[INFO] [stderr] warning: unused field `keywords` in `workspace.package`
[INFO] [stderr]    --> Cargo.toml:121:1
[INFO] [stderr]     |
[INFO] [stderr] 121 | keywords = ["mqtt", "broker", "iot", "stream-processing", "distributed"]
[INFO] [stderr]     | ^^^^^^^^
[INFO] [stderr]     |
[INFO] [stderr] help: consider removing the field `workspace.package.keywords`
[INFO] [stderr] warning: unused field `readme` in `workspace.package`
[INFO] [stderr]    --> Cargo.toml:123:1
[INFO] [stderr]     |
[INFO] [stderr] 123 | readme = "README.md"
[INFO] [stderr]     | ^^^^^^
[INFO] [stderr]     |
[INFO] [stderr] help: consider removing the field `workspace.package.readme`
[INFO] [stderr] warning: workspace (manifest) generated 6 warnings
[INFO] [stderr]     Checking smallvec v1.16.0
[INFO] [stderr]    Compiling portable-atomic v1.15.0
[INFO] [stderr]    Compiling syn v2.0.119
[INFO] [stderr]    Compiling syn v3.0.5
[INFO] [stderr]     Checking critical-section v1.2.0
[INFO] [stderr]     Checking socket2 v0.6.5
[INFO] [stderr]     Checking mio v1.2.3
[INFO] [stderr]     Checking typenum v1.20.1
[INFO] [stderr]    Compiling jobserver v0.1.35
[INFO] [stderr]     Checking parking_lot_core v0.9.12
[INFO] [stderr]     Checking parking_lot v0.12.5
[INFO] [stderr]     Checking futures-channel v0.3.34
[INFO] [stderr]    Compiling cc v1.4.5
[INFO] [stderr]     Checking hashbrown v0.17.1
[INFO] [stderr]    Compiling generic-array v0.14.7
[INFO] [stderr]     Checking const-oid v0.9.6
[INFO] [stderr]     Checking stable_deref_trait v1.2.1
[INFO] [stderr]    Compiling zerocopy v0.8.57
[INFO] [stderr]     Checking once_cell v1.21.4
[INFO] [stderr]     Checking rand_core v0.10.1
[INFO] [stderr]     Checking tracing-core v0.1.36
[INFO] [stderr]    Compiling serde_json v1.0.151
[INFO] [stderr]    Compiling getrandom v0.4.3
[INFO] [stderr]     Checking indexmap v2.14.2
[INFO] [stderr]    Compiling time-macros v0.2.32
[INFO] [stderr]     Checking getrandom v0.2.17
[INFO] [stderr]     Checking deranged v0.5.8
[INFO] [stderr]     Checking time-core v0.1.9
[INFO] [stderr]     Checking num-integer v0.1.47
[INFO] [stderr]    Compiling cmake v0.1.58
[INFO] [stderr]     Checking rand_core v0.6.4
[INFO] [stderr]    Compiling aws-lc-rs v1.18.1
[INFO] [stderr]     Checking cpufeatures v0.3.1
[INFO] [stderr]    Compiling aws-lc-sys v0.45.0
[INFO] [stderr]    Compiling crc32fast v1.5.1
[INFO] [stderr]     Checking bitflags v2.13.2
[INFO] [stderr]    Compiling rustls v0.23.45
[INFO] [stderr]     Checking base64ct v1.8.3
[INFO] [stderr]     Checking hybrid-array v0.4.15
[INFO] [stderr]     Checking regex-automata v0.4.18
[INFO] [stderr]     Checking uuid v1.26.1
[INFO] [stderr]    Compiling crossbeam-utils v0.8.23
[INFO] [stderr]     Checking pem-rfc7468 v0.7.0
[INFO] [stderr]     Checking flagset v0.4.7
[INFO] [stderr]     Checking chacha20 v0.10.2
[INFO] [stderr]     Checking time v0.3.55
[INFO] [stderr]    Compiling libz-sys v1.1.29
[INFO] [stderr]    Compiling ahash v0.8.12
[INFO] [stderr]     Checking rand v0.10.2
[INFO] [stderr]     Checking crypto-common v0.2.2
[INFO] [stderr]     Checking cmov v0.5.4
[INFO] [stderr]     Checking ctutils v0.4.2
[INFO] [stderr]     Checking miniz_oxide v0.9.1
[INFO] [stderr]    Compiling darling_core v0.24.1
[INFO] [stderr]     Checking nom v7.1.3
[INFO] [stderr]     Checking block-buffer v0.12.1
[INFO] [stderr]     Checking const-oid v0.10.2
[INFO] [stderr]    Compiling synstructure v0.13.2
[INFO] [stderr]     Checking digest v0.11.3
[INFO] [stderr]     Checking flate2 v1.1.10
[INFO] [stderr]    Compiling openssl-sys v0.9.117
[INFO] [stderr]     Checking data-encoding v2.11.1
[INFO] [stderr]    Compiling serde_derive v1.0.229
[INFO] [stderr]    Compiling tokio-macros v2.7.2
[INFO] [stderr]    Compiling futures-macro v0.3.34
[INFO] [stderr]    Compiling displaydoc v0.2.7
[INFO] [stderr]    Compiling zerovec-derive v0.11.6
[INFO] [stderr]    Compiling zeroize_derive v1.5.0
[INFO] [stderr]    Compiling tracing-attributes v0.1.31
[INFO] [stderr]    Compiling zerofrom-derive v0.1.7
[INFO] [stderr]     Checking zeroize v1.9.0
[INFO] [stderr]     Checking futures-util v0.3.34
[INFO] [stderr]     Checking crypto-common v0.1.7
[INFO] [stderr]     Checking block-buffer v0.10.4
[INFO] [stderr]    Compiling yoke-derive v0.8.2
[INFO] [stderr]     Checking digest v0.10.7
[INFO] [stderr]    Compiling zerocopy-derive v0.8.57
[INFO] [stderr]     Checking tracing v0.1.44
[INFO] [stderr]     Checking zerofrom v0.1.8
[INFO] [stderr]    Compiling thiserror-impl v2.0.20
[INFO] [stderr]    Compiling async-trait v0.1.92
[INFO] [stderr]    Compiling thiserror-impl v1.0.69
[INFO] [stderr]     Checking yoke v0.8.3
[INFO] [stderr]     Checking zerovec v0.11.8
[INFO] [stderr]     Checking zerotrie v0.2.5
[INFO] [stderr]     Checking rustls-pki-types v1.15.1
[INFO] [stderr]     Checking thiserror v2.0.20
[INFO] [stderr]     Checking sha2 v0.10.9
[INFO] [stderr]     Checking tinystr v0.8.4
[INFO] [stderr]     Checking potential_utf v0.1.6
[INFO] [stderr]     Checking icu_locale_core v2.3.0
[INFO] [stderr]     Checking icu_collections v2.3.0
[INFO] [stderr]     Checking thiserror v1.0.69
[INFO] [stderr]     Checking hmac v0.12.1
[INFO] [stderr]    Compiling der_derive v0.7.3
[INFO] [stderr]    Compiling darling_macro v0.24.1
[INFO] [stderr]     Checking serde v1.0.229
[INFO] [stderr]     Checking rustls-native-certs v0.8.4
[INFO] [stderr]     Checking block-padding v0.3.3
[INFO] [stderr]    Compiling darling v0.24.1
[INFO] [stderr]     Checking inout v0.1.4
[INFO] [stderr]     Checking futures-executor v0.3.34
[INFO] [stderr]     Checking sha1 v0.10.7
[INFO] [stderr]     Checking tinyvec v1.13.2
[INFO] [stderr]     Checking regex v1.13.1
[INFO] [stderr]     Checking cipher v0.4.4
[INFO] [stderr]     Checking bytes v1.12.1
[INFO] [stderr]     Checking either v1.18.0
[INFO] [stderr]     Checking ipnet v2.12.2
[INFO] [stderr]     Checking num-bigint v0.4.8
[INFO] [stderr]     Checking icu_provider v2.3.1
[INFO] [stderr]     Checking der v0.7.10
[INFO] [stderr]     Checking hmac v0.13.0
[INFO] [stderr]     Checking icu_properties v2.3.0
[INFO] [stderr]     Checking icu_normalizer v2.3.0
[INFO] [stderr]     Checking tokio v1.53.1
[INFO] [stderr]     Checking http v1.5.0
[INFO] [stderr]     Checking broker-protocol v0.1.0 (/opt/rustwide/workdir/crates/broker-protocol)
[INFO] [stderr]     Checking simdutf8 v0.1.5
[INFO] [stderr]    Compiling itertools v0.14.0
[INFO] [stderr]     Checking spki v0.7.3
[INFO] [stderr]     Checking hkdf v0.12.4
[INFO] [stderr]    Compiling multiversion-macros v0.9.0
[INFO] [stderr]     Checking arc-swap v1.9.2
[INFO] [stderr]     Checking http-body v1.1.0
[INFO] [stderr]     Checking idna_adapter v1.2.2
[INFO] [stderr]     Checking http-body-util v0.1.5
[INFO] [stderr]     Checking idna v1.1.0
[INFO] [stderr]     Checking vsimd v0.8.0
[INFO] [stderr]     Checking compression-core v0.4.33
[INFO] [stderr]     Checking outref v0.5.2
[INFO] [stderr]     Checking url v2.5.8
[INFO] [stderr]     Checking compression-codecs v0.4.43
[INFO] [stderr]     Checking pkcs8 v0.10.2
[INFO] [stderr]     Checking matchers v0.2.0
[INFO] [stderr]     Checking sha2 v0.11.0
[INFO] [stderr]    Compiling ring v0.17.14
[INFO] [stderr]     Checking sharded-slab v0.1.7
[INFO] [stderr]     Checking multiversion v0.9.0
[INFO] [stderr]     Checking tracing-log v0.2.0
[INFO] [stderr]     Checking encoding_rs v0.8.41
[INFO] [stderr]     Checking serde_urlencoded v0.7.1
[INFO] [stderr]     Checking tracing-subscriber v0.3.23
[INFO] [stderr]     Checking crossbeam-channel v0.5.17
[INFO] [stderr]     Checking futures v0.3.34
[INFO] [stderr]    Compiling serde_with_macros v3.23.0
[INFO] [stderr]    Compiling openssl v0.10.81
[INFO] [stderr]     Checking unicode-normalization v0.1.25
[INFO] [stderr]    Compiling asn1-rs-impl v0.2.0
[INFO] [stderr]    Compiling asn1-rs-derive v0.6.0
[INFO] [stderr]    Compiling openssl-macros v0.1.1
[INFO] [stderr]     Checking rusticata-macros v4.1.0
[INFO] [stderr]     Checking serde_with v3.23.0
[INFO] [stderr]    Compiling rustix v1.1.4
[INFO] [stderr]     Checking unicode-properties v0.1.4
[INFO] [stderr]    Compiling crossbeam-epoch v0.9.21
[INFO] [stderr]     Checking stringprep v0.1.5
[INFO] [stderr]     Checking asn1-rs v0.7.2
[INFO] [stderr]     Checking signature v2.2.0
[INFO] [stderr]     Checking ppv-lite86 v0.2.21
[INFO] [stderr]    Compiling pin-project-internal v1.1.13
[INFO] [stderr]     Checking rand_chacha v0.3.1
[INFO] [stderr]     Checking rand v0.8.8
[INFO] [stderr]     Checking tokio-util v0.7.19
[INFO] [stderr]     Checking async-compression v0.4.48
[INFO] [stderr]     Checking rand_chacha v0.9.0
[INFO] [stderr]     Checking broker-storage v0.1.0 (/opt/rustwide/workdir/crates/broker-storage)
[INFO] [stderr]     Checking rand v0.9.5
[INFO] [stderr]     Checking crossbeam-queue v0.3.14
[INFO] [stderr]     Checking ff v0.13.1
[INFO] [stderr]     Checking h2 v0.4.19
[INFO] [stderr]     Checking tokio-stream v0.1.19
[INFO] [stderr]     Checking tower v0.5.3
[INFO] [stderr]     Checking base16ct v0.2.0
[INFO] [stderr]    Compiling toml_edit v0.25.15+spec-1.1.0
[INFO] [stderr]     Checking sec1 v0.7.3
[INFO] [stderr]     Checking group v0.13.0
[INFO] [stderr]     Checking broker-session v0.1.0 (/opt/rustwide/workdir/crates/broker-session)
[INFO] [stderr]     Checking pin-project v1.1.13
[INFO] [stderr]    Compiling tiny-keccak v2.0.2
[INFO] [stderr]     Checking crypto-bigint v0.5.5
[INFO] [stderr]     Checking base64 v0.21.7
[INFO] [stderr]    Compiling native-tls v0.2.18
[INFO] [stderr]     Checking chrono v0.4.45
[INFO] [stderr]     Checking tower-http v0.6.11
[INFO] [stderr]     Checking rustls-pemfile v1.0.4
[INFO] [stderr]    Compiling const-random-macro v0.1.16
[INFO] [stderr]    Compiling proc-macro-crate v3.5.0
[INFO] [stderr]     Checking der-parser v10.0.0
[INFO] [stderr]     Checking hashbrown v0.14.5
[INFO] [stderr]     Checking pbkdf2 v0.12.2
[INFO] [stderr]     Checking num-iter v0.1.46
[INFO] [stderr]    Compiling unicase v2.9.0
[INFO] [stderr]     Checking tagptr v0.2.0
[INFO] [stderr]    Compiling mime_guess v2.0.5
[INFO] [stderr]    Compiling const-random v0.1.18
[INFO] [stderr]    Compiling prost-derive v0.13.5
[INFO] [stderr]     Checking base64-simd v0.8.0
[INFO] [stderr]     Checking bytes-utils v0.1.4
[INFO] [stderr]     Checking prefix-trie v0.8.4
[INFO] [stderr]     Checking rfc6979 v0.4.0
[INFO] [stderr]    Compiling macro_magic_core_macros v0.5.1
[INFO] [stderr]    Compiling derive-syn-parse v0.2.0
[INFO] [stderr]    Compiling radium v0.7.0
[INFO] [stderr]     Checking aws-smithy-types v1.8.0
[INFO] [stderr]     Checking tokio-native-tls v0.3.1
[INFO] [stderr]     Checking md-5 v0.11.0
[INFO] [stderr]     Checking elliptic-curve v0.13.8
[INFO] [stderr]     Checking tap v1.0.1
[INFO] [stderr]     Checking hickory-proto v0.26.3
[INFO] [stderr]     Checking twox-hash v2.1.4
[INFO] [stderr]    Compiling macro_magic_core v0.5.1
[INFO] [stderr]     Checking ecdsa v0.16.9
[INFO] [stderr]     Checking primeorder v0.13.6
[INFO] [stderr]    Compiling macro_magic_macros v0.5.1
[INFO] [stderr]     Checking wyz v0.5.1
[INFO] [stderr]     Checking moka v0.12.16
[INFO] [stderr]     Checking aws-smithy-async v1.3.0
[INFO] [stderr]    Compiling aws-smithy-runtime-api-macros v1.1.0
[INFO] [stderr]    Compiling curve25519-dalek v4.1.3
[INFO] [stderr]     Checking btoi v0.4.3
[INFO] [stderr]     Checking resolv-conf v0.7.6
[INFO] [stderr]    Compiling rustls v0.21.12
[INFO] [stderr]     Checking funty v2.0.0
[INFO] [stderr]     Checking fallible-iterator v0.2.0
[INFO] [stderr]    Compiling num-bigint-dig v0.8.6
[INFO] [stderr]     Checking saturating v0.1.0
[INFO] [stderr]     Checking aws-smithy-runtime-api v1.17.0
[INFO] [stderr]     Checking bitvec v1.1.1
[INFO] [stderr]     Checking p256 v0.13.2
[INFO] [stderr]     Checking postgres-protocol v0.6.12
[INFO] [stderr]     Checking hyper v1.11.1
[INFO] [stderr]     Checking rustls-webpki v0.101.7
[INFO] [stderr]     Checking sct v0.7.1
[INFO] [stderr]     Checking x509-cert v0.2.5
[INFO] [stderr]    Compiling curve25519-dalek-derive v0.1.1
[INFO] [stderr]    Compiling rustc_version_runtime v0.3.0
[INFO] [stderr]     Checking pem v3.0.6
[INFO] [stderr]     Checking hickory-net v0.26.3
[INFO] [stderr]     Checking socket2 v0.5.10
[INFO] [stderr]     Checking openssl-probe v0.1.6
[INFO] [stderr]    Compiling regex-syntax v0.8.11
[INFO] [stderr]    Compiling tokio-openssl v0.6.5
[INFO] [stderr]    Compiling prettyplease v0.2.37
[INFO] [stderr]    Compiling oid-registry v0.8.1
[INFO] [stderr]     Checking hyper-util v0.1.20
[INFO] [stderr]    Compiling linux-raw-sys v0.12.1
[INFO] [stderr]     Checking hickory-resolver v0.26.3
[INFO] [stderr]     Checking rustc_version v0.4.1
[INFO] [stderr]    Compiling prost v0.13.5
[INFO] [stderr]    Compiling derive_more-impl v2.1.1
[INFO] [stderr]     Checking hyper-tls v0.6.0
[INFO] [stderr]     Checking postgres-types v0.2.14
[INFO] [stderr]     Checking phf v0.13.1
[INFO] [stderr]    Compiling macro_magic v0.5.1
[INFO] [stderr]     Checking google-cloud-wkt v1.7.0
[INFO] [stderr]     Checking combine v4.6.8
[INFO] [stderr]     Checking ed25519 v2.2.3
[INFO] [stderr]     Checking pkcs1 v0.7.5
[INFO] [stderr]     Checking pbkdf2 v0.13.0
[INFO] [stderr]     Checking salsa20 v0.10.2
[INFO] [stderr]     Checking webpki-roots v1.0.9
[INFO] [stderr]    Compiling typed-builder-macro v0.22.0
[INFO] [stderr]     Checking sha1 v0.11.0
[INFO] [stderr]     Checking keyed_priority_queue v0.4.2
[INFO] [stderr]     Checking whoami v2.1.3
[INFO] [stderr]    Compiling fixedbitset v0.5.7
[INFO] [stderr]    Compiling fastrand v2.5.0
[INFO] [stderr]    Compiling tempfile v3.27.0
[INFO] [stderr]    Compiling petgraph v0.7.1
[INFO] [stderr]     Checking tokio-postgres v0.7.18
[INFO] [stderr]     Checking rsa v0.9.10
[INFO] [stderr]     Checking scrypt v0.11.0
[INFO] [stderr]     Checking ed25519-dalek v2.2.0
[INFO] [stderr]     Checking derive_more v2.1.1
[INFO] [stderr]    Compiling mongodb-internal-macros v3.9.1
[INFO] [stderr]     Checking typed-builder v0.22.0
[INFO] [stderr]     Checking reqwest v0.12.28
[INFO] [stderr]     Checking bson v3.1.0
[INFO] [stderr]     Checking bson v2.15.0
[INFO] [stderr]    Compiling prost-types v0.13.5
[INFO] [stderr]     Checking cms v0.2.3
[INFO] [stderr]     Checking broker-config v0.1.0 (/opt/rustwide/workdir/crates/broker-config)
[INFO] [stderr]     Checking p384 v0.13.1
[INFO] [stderr]    Compiling prost-derive v0.14.4
[INFO] [stderr]     Checking simple_asn1 v0.6.4
[INFO] [stderr]     Checking aes v0.8.4
[INFO] [stderr]     Checking cbc v0.1.2
[INFO] [stderr]    Compiling derive-where v1.7.0
[INFO] [stderr]    Compiling snap v1.1.2
[INFO] [stderr]     Checking take_mut v0.2.2
[INFO] [stderr]    Compiling multimap v0.10.1
[INFO] [stderr]    Compiling ref-cast v1.0.27
[INFO] [stderr]    Compiling prettyplease v0.3.0
[INFO] [stderr]     Checking webpki-roots v0.25.4
[INFO] [stderr]    Compiling prost-build v0.13.5
[INFO] [stderr]     Checking pkcs5 v0.7.1
[INFO] [stderr]     Checking jsonwebtoken v11.0.0
[INFO] [stderr]     Checking pkcs12 v0.1.0
[INFO] [stderr]     Checking x509-parser v0.18.1
[INFO] [stderr]     Checking google-cloud-rpc v1.6.0
[INFO] [stderr]     Checking prost v0.14.4
[INFO] [stderr]     Checking hyper-timeout v0.5.2
[INFO] [stderr]     Checking async-compat v0.2.6
[INFO] [stderr]     Checking rc2 v0.8.1
[INFO] [stderr]     Checking des v0.8.1
[INFO] [stderr]     Checking opentelemetry v0.32.0
[INFO] [stderr]    Compiling ref-cast-impl v1.0.27
[INFO] [stderr]    Compiling google-cloud-auth v1.16.0
[INFO] [stderr]     Checking flume v0.11.1
[INFO] [stderr]     Checking unicode_categories v0.1.1
[INFO] [stderr]     Checking cookie-factory v0.3.3
[INFO] [stderr]     Checking crc-catalog v2.5.0
[INFO] [stderr]     Checking jiff-core v0.1.1
[INFO] [stderr]     Checking crc v3.4.0
[INFO] [stderr]     Checking sqlformat v0.2.6
[INFO] [stderr]    Compiling tink-proto v0.3.0
[INFO] [stderr]     Checking p12-keystore v0.2.1
[INFO] [stderr]     Checking async-rs v0.8.12
[INFO] [stderr]     Checking amq-protocol-types v10.6.3
[INFO] [stderr]     Checking google-cloud-gax v1.14.0
[INFO] [stderr]     Checking hashlink v0.8.4
[INFO] [stderr]     Checking num-rational v0.4.2
[INFO] [stderr]     Checking md-5 v0.10.6
[INFO] [stderr]    Compiling google-cloud-gax-internal v0.7.18
[INFO] [stderr]    Compiling zstd-sys v2.1.0+zstd.1.5.7
[INFO] [stderr]    Compiling libsqlite3-sys v0.27.0
[INFO] [stderr]     Checking futures-intrusive v0.5.0
[INFO] [stderr]     Checking num-complex v0.4.6
[INFO] [stderr]     Checking atoi v2.0.0
[INFO] [stderr]    Compiling num-traits v0.2.19
[INFO] [stderr]    Compiling bigdecimal v0.4.10
[INFO] [stderr]     Checking jiff v0.2.37
[INFO] [stderr]     Checking borrow-or-share v0.2.4
[INFO] [stderr]     Checking regex-lite v0.1.9
[INFO] [stderr]     Checking fluent-uri v0.4.1
[INFO] [stderr]    Compiling bon-macros v3.10.1
[INFO] [stderr]     Checking num v0.4.3
[INFO] [stderr]     Checking amq-protocol-uri v10.6.3
[INFO] [stderr]     Checking tracing-opentelemetry v0.33.0
[INFO] [stderr]     Checking opentelemetry_sdk v0.32.1
[INFO] [stderr]     Checking prost-types v0.14.4
[INFO] [stderr]    Compiling num_enum_derive v0.7.6
[INFO] [stderr]     Checking broker-observability v0.1.0 (/opt/rustwide/workdir/crates/broker-observability)
[INFO] [stderr]     Checking itertools v0.15.0
[INFO] [stderr]    Compiling scylla-macros v1.9.0
[INFO] [stderr]     Checking block-padding v0.4.2
[INFO] [stderr]     Checking ordered-float v2.10.1
[INFO] [stderr]    Compiling rdkafka-sys v4.10.0+2.12.1
[INFO] [stderr]    Compiling amq-protocol v10.6.3
[INFO] [stderr]    Compiling mini-moka v0.10.3
[INFO] [stderr]     Checking opentelemetry-semantic-conventions v0.32.1
[INFO] [stderr]    Compiling mysql_common v0.35.5
[INFO] [stderr]    Compiling proc-macro-utils v0.10.0
[INFO] [stderr]     Checking scylla-cql-core v1.9.0
[INFO] [stderr]     Checking sqlx-core v0.7.4
[INFO] [stderr]     Checking serde-value v0.7.0
[INFO] [stderr]     Checking inout v0.2.2
[INFO] [stderr]     Checking num_enum v0.7.6
[INFO] [stderr]     Checking bon v3.10.1
[INFO] [stderr]     Checking referencing v0.44.1
[INFO] [stderr]     Checking fraction v0.15.4
[INFO] [stderr]     Checking fancy-regex v0.17.0
[INFO] [stderr]     Checking google-cloud-type v1.6.0
[INFO] [stderr]     Checking aws-smithy-schema v0.2.1
[INFO] [stderr]     Checking aws-smithy-eventstream v0.61.4
[INFO] [stderr]     Checking lz4_flex v0.14.0
[INFO] [stderr]     Checking dashmap v5.5.3
[INFO] [stderr]     Checking dashmap v6.2.1
[INFO] [stderr]     Checking uuid-simd v0.8.0
[INFO] [stderr]    Compiling strum_macros v0.27.2
[INFO] [stderr]     Checking email_address v0.2.9
[INFO] [stderr]     Checking sha-1 v0.10.1
[INFO] [stderr]    Compiling prost-reflect-derive v0.15.1
[INFO] [stderr]    Compiling darling_core v0.23.0
[INFO] [stderr]    Compiling serde_derive_internals v0.29.1
[INFO] [stderr]     Checking miniz_oxide v0.8.9
[INFO] [stderr]    Compiling elasticsearch v8.19.0-alpha.1
[INFO] [stderr]     Checking triomphe v0.1.16
[INFO] [stderr]    Compiling zstd-safe v7.3.0
[INFO] [stderr]    Compiling lapin v4.12.0
[INFO] [stderr]     Checking whoami v1.6.1
[INFO] [stderr]     Checking strum v0.27.2
[INFO] [stderr]     Checking bytecount v0.6.9
[INFO] [stderr]     Checking num-cmp v0.1.0
[INFO] [stderr]     Checking sqlx-postgres v0.7.4
[INFO] [stderr]     Checking tungstenite v0.24.0
[INFO] [stdout] error[E0277]: the trait bound `!: sqlx_core::io::Decode<'_>` is not satisfied
[INFO] [stdout]   --> /opt/rustwide/cargo-home/registry/src/index.crates.io-1949cf8c6b5b557f/sqlx-postgres-0.7.4/src/connection/executor.rs:66:13
[INFO] [stdout]    |
[INFO] [stdout] 66 |       let _ = conn
[INFO] [stdout]    |  _____________^
[INFO] [stdout] 67 | |         .stream
[INFO] [stdout] 68 | |         .recv_expect(MessageFormat::ParseComplete)
[INFO] [stdout]    | |__________________________________________________^ the trait `sqlx_core::io::Decode<'_>` is not implemented for `!`
[INFO] [stdout]    |
[INFO] [stdout]    = help: the following other types implement trait `sqlx_core::io::Decode<'de, Context>`:
[INFO] [stdout]              ()
[INFO] [stdout]              Authentication
[INFO] [stdout]              AuthenticationSaslContinue
[INFO] [stdout]              AuthenticationSaslFinal
[INFO] [stdout]              BackendKeyData
[INFO] [stdout]              CommandComplete
[INFO] [stdout]              CopyData<sqlx_core::bytes::Bytes>
[INFO] [stdout]              CopyDone
[INFO] [stdout]            and 10 others
[INFO] [stdout]    = note: this error might have been caused by changes to Rust's type-inference algorithm (see issue #148922 <https://github.com/rust-lang/rust/issues/148922> for more information)
[INFO] [stdout]    = help: you might have intended to use the type `()` here instead
[INFO] [stdout] note: required by a bound in `PgStream::recv_expect`
[INFO] [stdout]   --> /opt/rustwide/cargo-home/registry/src/index.crates.io-1949cf8c6b5b557f/sqlx-postgres-0.7.4/src/connection/stream.rs:68:45
[INFO] [stdout]    |
[INFO] [stdout] 41 | impl PgStream {
[INFO] [stdout] ...
[INFO] [stdout] 68 |     pub(crate) async fn recv_expect<'de, T: Decode<'de>>(
[INFO] [stdout]    |                                             ^^^^^^^^^^^ required by this bound in `PgStream::recv_expect`
[INFO] [stdout] 
[INFO] [stdout] 
[INFO] [stderr]     Checking apache-avro v0.21.0
[INFO] [stdout] error[E0277]: the trait bound `!: sqlx_core::io::Decode<'_>` is not satisfied
[INFO] [stdout]    --> /opt/rustwide/cargo-home/registry/src/index.crates.io-1949cf8c6b5b557f/sqlx-postgres-0.7.4/src/copy.rs:279:25
[INFO] [stdout]     |
[INFO] [stdout] 279 | /                         conn.stream
[INFO] [stdout] 280 | |                             .recv_expect(MessageFormat::ReadyForQuery)
[INFO] [stdout]     | |______________________________________________________________________^ the trait `sqlx_core::io::Decode<'_>` is not implemented for `!`
[INFO] [stdout]     |
[INFO] [stdout]     = help: the following other types implement trait `sqlx_core::io::Decode<'de, Context>`:
[INFO] [stdout]               ()
[INFO] [stdout]               Authentication
[INFO] [stdout]               AuthenticationSaslContinue
[INFO] [stdout]               AuthenticationSaslFinal
[INFO] [stdout]               BackendKeyData
[INFO] [stdout]               CommandComplete
[INFO] [stdout]               CopyData<sqlx_core::bytes::Bytes>
[INFO] [stdout]               CopyDone
[INFO] [stdout]             and 10 others
[INFO] [stdout]     = note: this error might have been caused by changes to Rust's type-inference algorithm (see issue #148922 <https://github.com/rust-lang/rust/issues/148922> for more information)
[INFO] [stdout]     = help: you might have intended to use the type `()` here instead
[INFO] [stdout] note: required by a bound in `PgStream::recv_expect`
[INFO] [stdout]    --> /opt/rustwide/cargo-home/registry/src/index.crates.io-1949cf8c6b5b557f/sqlx-postgres-0.7.4/src/connection/stream.rs:68:45
[INFO] [stdout]     |
[INFO] [stdout]  41 | impl PgStream {
[INFO] [stdout] ...
[INFO] [stdout]  68 |     pub(crate) async fn recv_expect<'de, T: Decode<'de>>(
[INFO] [stdout]     |                                             ^^^^^^^^^^^ required by this bound in `PgStream::recv_expect`
[INFO] [stdout] 
[INFO] [stdout] 
[INFO] [stdout] error[E0277]: the trait bound `!: sqlx_core::io::Decode<'_>` is not satisfied
[INFO] [stdout]    --> /opt/rustwide/cargo-home/registry/src/index.crates.io-1949cf8c6b5b557f/sqlx-postgres-0.7.4/src/copy.rs:313:9
[INFO] [stdout]     |
[INFO] [stdout] 313 | /         conn.stream
[INFO] [stdout] 314 | |             .recv_expect(MessageFormat::ReadyForQuery)
[INFO] [stdout]     | |______________________________________________________^ the trait `sqlx_core::io::Decode<'_>` is not implemented for `!`
[INFO] [stdout]     |
[INFO] [stdout]     = help: the following other types implement trait `sqlx_core::io::Decode<'de, Context>`:
[INFO] [stdout]               ()
[INFO] [stdout]               Authentication
[INFO] [stdout]               AuthenticationSaslContinue
[INFO] [stdout]               AuthenticationSaslFinal
[INFO] [stdout]               BackendKeyData
[INFO] [stdout]               CommandComplete
[INFO] [stdout]               CopyData<sqlx_core::bytes::Bytes>
[INFO] [stdout]               CopyDone
[INFO] [stdout]             and 10 others
[INFO] [stdout]     = note: this error might have been caused by changes to Rust's type-inference algorithm (see issue #148922 <https://github.com/rust-lang/rust/issues/148922> for more information)
[INFO] [stdout]     = help: you might have intended to use the type `()` here instead
[INFO] [stdout] note: required by a bound in `PgStream::recv_expect`
[INFO] [stdout]    --> /opt/rustwide/cargo-home/registry/src/index.crates.io-1949cf8c6b5b557f/sqlx-postgres-0.7.4/src/connection/stream.rs:68:45
[INFO] [stdout]     |
[INFO] [stdout]  41 | impl PgStream {
[INFO] [stdout] ...
[INFO] [stdout]  68 |     pub(crate) async fn recv_expect<'de, T: Decode<'de>>(
[INFO] [stdout]     |                                             ^^^^^^^^^^^ required by this bound in `PgStream::recv_expect`
[INFO] [stdout] 
[INFO] [stdout] 
[INFO] [stderr]    Compiling clickhouse-macros v0.3.0
[INFO] [stdout] error[E0277]: the trait bound `!: sqlx_core::io::Decode<'_>` is not satisfied
[INFO] [stdout]    --> /opt/rustwide/cargo-home/registry/src/index.crates.io-1949cf8c6b5b557f/sqlx-postgres-0.7.4/src/copy.rs:350:21
[INFO] [stdout]     |
[INFO] [stdout] 350 |                     conn.stream.recv_expect(MessageFormat::CommandComplete).await?;
[INFO] [stdout]     |                     ^^^^^^^^^^^^^^^^^^^^^^^^^^^^^^^^^^^^^^^^^^^^^^^^^^^^^^^ the trait `sqlx_core::io::Decode<'_>` is not implemented for `!`
[INFO] [stdout]     |
[INFO] [stdout]     = help: the following other types implement trait `sqlx_core::io::Decode<'de, Context>`:
[INFO] [stdout]               ()
[INFO] [stdout]               Authentication
[INFO] [stdout]               AuthenticationSaslContinue
[INFO] [stdout]               AuthenticationSaslFinal
[INFO] [stdout]               BackendKeyData
[INFO] [stdout]               CommandComplete
[INFO] [stdout]               CopyData<sqlx_core::bytes::Bytes>
[INFO] [stdout]               CopyDone
[INFO] [stdout]             and 10 others
[INFO] [stdout]     = note: this error might have been caused by changes to Rust's type-inference algorithm (see issue #148922 <https://github.com/rust-lang/rust/issues/148922> for more information)
[INFO] [stdout]     = help: you might have intended to use the type `()` here instead
[INFO] [stdout] note: required by a bound in `PgStream::recv_expect`
[INFO] [stdout]    --> /opt/rustwide/cargo-home/registry/src/index.crates.io-1949cf8c6b5b557f/sqlx-postgres-0.7.4/src/connection/stream.rs:68:45
[INFO] [stdout]     |
[INFO] [stdout]  41 | impl PgStream {
[INFO] [stdout] ...
[INFO] [stdout]  68 |     pub(crate) async fn recv_expect<'de, T: Decode<'de>>(
[INFO] [stdout]     |                                             ^^^^^^^^^^^ required by this bound in `PgStream::recv_expect`
[INFO] [stdout] 
[INFO] [stdout] 
[INFO] [stdout] error[E0277]: the trait bound `!: sqlx_core::io::Decode<'_>` is not satisfied
[INFO] [stdout]    --> /opt/rustwide/cargo-home/registry/src/index.crates.io-1949cf8c6b5b557f/sqlx-postgres-0.7.4/src/copy.rs:351:21
[INFO] [stdout]     |
[INFO] [stdout] 351 |                     conn.stream.recv_expect(MessageFormat::ReadyForQuery).await?;
[INFO] [stdout]     |                     ^^^^^^^^^^^^^^^^^^^^^^^^^^^^^^^^^^^^^^^^^^^^^^^^^^^^^ the trait `sqlx_core::io::Decode<'_>` is not implemented for `!`
[INFO] [stdout]     |
[INFO] [stdout]     = help: the following other types implement trait `sqlx_core::io::Decode<'de, Context>`:
[INFO] [stdout]               ()
[INFO] [stdout]               Authentication
[INFO] [stdout]               AuthenticationSaslContinue
[INFO] [stdout]               AuthenticationSaslFinal
[INFO] [stdout]               BackendKeyData
[INFO] [stdout]               CommandComplete
[INFO] [stdout]               CopyData<sqlx_core::bytes::Bytes>
[INFO] [stdout]               CopyDone
[INFO] [stdout]             and 10 others
[INFO] [stdout]     = note: this error might have been caused by changes to Rust's type-inference algorithm (see issue #148922 <https://github.com/rust-lang/rust/issues/148922> for more information)
[INFO] [stdout]     = help: you might have intended to use the type `()` here instead
[INFO] [stdout] note: required by a bound in `PgStream::recv_expect`
[INFO] [stdout]    --> /opt/rustwide/cargo-home/registry/src/index.crates.io-1949cf8c6b5b557f/sqlx-postgres-0.7.4/src/connection/stream.rs:68:45
[INFO] [stdout]     |
[INFO] [stdout]  41 | impl PgStream {
[INFO] [stdout] ...
[INFO] [stdout]  68 |     pub(crate) async fn recv_expect<'de, T: Decode<'de>>(
[INFO] [stdout]     |                                             ^^^^^^^^^^^ required by this bound in `PgStream::recv_expect`
[INFO] [stdout] 
[INFO] [stdout] 
[INFO] [stderr]     Checking sqlx-sqlite v0.7.4
[INFO] [stderr]     Checking scylla-cql v2.0.0
[INFO] [stderr]     Checking prost-reflect v0.15.3
[INFO] [stdout] For more information about this error, try `rustc --explain E0277`.
[INFO] [stdout] 
[INFO] [stderr]     Checking tink-core v0.3.0
[INFO] [stderr] error: could not compile `sqlx-postgres` (lib) due to 5 previous errors
[INFO] [stderr] warning: build failed, waiting for other jobs to finish...
[INFO] running `Command { std: "docker" "inspect" "cb93083b6e0a76e53dabd42082bcb13f5bc60115976f32277186e44b6a262427", kill_on_drop: false }`
[INFO] running `Command { std: "docker" "rm" "-f" "cb93083b6e0a76e53dabd42082bcb13f5bc60115976f32277186e44b6a262427", kill_on_drop: false }`
[INFO] [stdout] cb93083b6e0a76e53dabd42082bcb13f5bc60115976f32277186e44b6a262427
