[INFO] cloning repository https://github.com/anglesgirl/ech-doh-h3-sdk
[INFO] running `Command { std: "git" "-c" "credential.helper=" "-c" "credential.helper=/workspace/cargo-home/bin/git-credential-null" "clone" "--bare" "https://github.com/anglesgirl/ech-doh-h3-sdk" "/workspace/cache/git-repos/https%3A%2F%2Fgithub.com%2Fanglesgirl%2Fech-doh-h3-sdk", kill_on_drop: false }`
[INFO] [stderr] Cloning into bare repository '/workspace/cache/git-repos/https%3A%2F%2Fgithub.com%2Fanglesgirl%2Fech-doh-h3-sdk'...
[INFO] running `Command { std: "git" "rev-parse" "HEAD", kill_on_drop: false }`
[INFO] [stdout] 38fbebc6c2cbfdf685fe4e6ff260d429df0c064d
[INFO] checking anglesgirl/ech-doh-h3-sdk against 3154cc1a3e6424e44f438a95007d043ed5ceaaf6+rustflags=-Znext-solver=coherence for pr-133502-30
[INFO] running `Command { std: "git" "clone" "/workspace/cache/git-repos/https%3A%2F%2Fgithub.com%2Fanglesgirl%2Fech-doh-h3-sdk" "/workspace/builds/worker-6-tc1/source", kill_on_drop: false }`
[INFO] [stderr] Cloning into '/workspace/builds/worker-6-tc1/source'...
[INFO] [stderr] done.
[INFO] [stderr] Updating files:  38% (1641/4215)
Updating files:  39% (1644/4215)
Updating files:  40% (1686/4215)
Updating files:  41% (1729/4215)
Updating files:  42% (1771/4215)
Updating files:  43% (1813/4215)
Updating files:  44% (1855/4215)
Updating files:  45% (1897/4215)
Updating files:  45% (1924/4215)
Updating files:  46% (1939/4215)
Updating files:  47% (1982/4215)
Updating files:  48% (2024/4215)
Updating files:  49% (2066/4215)
Updating files:  50% (2108/4215)
Updating files:  51% (2150/4215)
Updating files:  52% (2192/4215)
Updating files:  53% (2234/4215)
Updating files:  54% (2277/4215)
Updating files:  55% (2319/4215)
Updating files:  56% (2361/4215)
Updating files:  57% (2403/4215)
Updating files:  58% (2445/4215)
Updating files:  59% (2487/4215)
Updating files:  60% (2529/4215)
Updating files:  61% (2572/4215)
Updating files:  62% (2614/4215)
Updating files:  63% (2656/4215)
Updating files:  64% (2698/4215)
Updating files:  65% (2740/4215)
Updating files:  66% (2782/4215)
Updating files:  67% (2825/4215)
Updating files:  68% (2867/4215)
Updating files:  69% (2909/4215)
Updating files:  70% (2951/4215)
Updating files:  71% (2993/4215)
Updating files:  72% (3035/4215)
Updating files:  73% (3077/4215)
Updating files:  74% (3120/4215)
Updating files:  75% (3162/4215)
Updating files:  76% (3204/4215)
Updating files:  77% (3246/4215)
Updating files:  78% (3288/4215)
Updating files:  79% (3330/4215)
Updating files:  80% (3372/4215)
Updating files:  81% (3415/4215)
Updating files:  82% (3457/4215)
Updating files:  83% (3499/4215)
Updating files:  84% (3541/4215)
Updating files:  85% (3583/4215)
Updating files:  85% (3591/4215)
Updating files:  86% (3625/4215)
Updating files:  87% (3668/4215)
Updating files:  88% (3710/4215)
Updating files:  89% (3752/4215)
Updating files:  90% (3794/4215)
Updating files:  91% (3836/4215)
Updating files:  92% (3878/4215)
Updating files:  92% (3890/4215)
Updating files:  93% (3920/4215)
Updating files:  94% (3963/4215)
Updating files:  94% (3999/4215)
Updating files:  95% (4005/4215)
Updating files:  96% (4047/4215)
Updating files:  96% (4059/4215)
Updating files:  97% (4089/4215)
Updating files:  98% (4131/4215)
Updating files:  99% (4173/4215)
Updating files:  99% (4213/4215)
Updating files: 100% (4215/4215)
Updating files: 100% (4215/4215), done.
[INFO] started tweaking git repo https://github.com/anglesgirl/ech-doh-h3-sdk
[INFO] finished tweaking git repo https://github.com/anglesgirl/ech-doh-h3-sdk
[INFO] tweaked toml for git repo https://github.com/anglesgirl/ech-doh-h3-sdk written to /workspace/builds/worker-6-tc1/source/Cargo.toml
[INFO] validating manifest of git repo https://github.com/anglesgirl/ech-doh-h3-sdk on toolchain 3154cc1a3e6424e44f438a95007d043ed5ceaaf6
[INFO] running `Command { std: CARGO_HOME="/workspace/cargo-home" RUSTUP_HOME="/workspace/rustup-home" "/workspace/cargo-home/bin/cargo" "+3154cc1a3e6424e44f438a95007d043ed5ceaaf6" "metadata" "--manifest-path" "Cargo.toml" "--no-deps", kill_on_drop: false }`
[INFO] crate git repo https://github.com/anglesgirl/ech-doh-h3-sdk already has a lockfile, it will not be regenerated
[INFO] running `Command { std: CARGO_HOME="/workspace/cargo-home" RUSTUP_HOME="/workspace/rustup-home" "/workspace/cargo-home/bin/cargo" "+3154cc1a3e6424e44f438a95007d043ed5ceaaf6" "fetch" "--manifest-path" "Cargo.toml", kill_on_drop: false }`
[INFO] [stderr]     Updating crates.io index
[INFO] [stderr]     Blocking waiting for file lock on package cache
[INFO] [stderr]      Locking 4 packages to highest compatible versions
[INFO] [stderr]       Adding hyper-rustls v0.24.2
[INFO] [stderr]       Adding rustls v0.21.12
[INFO] [stderr]       Adding tokio-rustls v0.24.1
[INFO] [stderr]       Adding webpki-roots v0.25.4
[INFO] [stderr]     Blocking waiting for file lock on package cache
[INFO] [stderr]  Downloading crates ...
[INFO] [stderr]   Downloaded find-msvc-tools v0.1.12
[INFO] [stderr]   Downloaded rustls-webpki v0.101.7
[INFO] [stderr]   Downloaded askama_escape v0.10.3
[INFO] [stderr]   Downloaded uniffi_checksum_derive v0.28.3
[INFO] [stderr]   Downloaded uniffi_testing v0.28.3
[INFO] [stderr]   Downloaded cargo-platform v0.1.9
[INFO] [stderr]   Downloaded scroll_derive v0.12.1
[INFO] [stderr]   Downloaded mime_guess v2.0.5
[INFO] [stderr]   Downloaded uniffi v0.28.3
[INFO] [stderr]   Downloaded url v2.2.2
[INFO] [stderr]   Downloaded uniffi_meta v0.28.3
[INFO] [stderr]   Downloaded siphasher v0.3.11
[INFO] [stderr]   Downloaded fs-err v2.11.0
[INFO] [stderr]   Downloaded bincode v1.3.3
[INFO] [stderr]   Downloaded uniffi_build v0.28.3
[INFO] [stderr]   Downloaded weedle2 v5.0.0
[INFO] [stderr]   Downloaded cargo_metadata v0.15.4
[INFO] [stderr]   Downloaded smawk v0.3.3
[INFO] [stderr]   Downloaded scroll v0.12.0
[INFO] [stderr]   Downloaded glob v0.3.4
[INFO] [stderr]   Downloaded uniffi_udl v0.28.3
[INFO] [stderr]   Downloaded askama v0.12.1
[INFO] [stderr]   Downloaded askama_parser v0.2.1
[INFO] [stderr]   Downloaded cc v1.4.6
[INFO] [stderr]   Downloaded tinyvec v1.13.3
[INFO] [stderr]   Downloaded uniffi_macros v0.28.3
[INFO] [stderr]   Downloaded bytes v1.4.0
[INFO] [stderr]   Downloaded camino v1.2.5
[INFO] [stderr]   Downloaded textwrap v0.16.4
[INFO] [stderr]   Downloaded askama_derive v0.12.5
[INFO] [stderr]   Downloaded basic-toml v0.1.10
[INFO] [stderr]   Downloaded uniffi_core v0.28.3
[INFO] [stderr]   Downloaded webpki-roots v0.24.0
[INFO] [stderr]   Downloaded idna v0.2.3
[INFO] [stderr]   Downloaded syn v3.0.5
[INFO] [stderr]   Downloaded uniffi_bindgen v0.28.3
[INFO] [stderr]   Downloaded goblin v0.8.2
[INFO] [stderr]   Downloaded smallvec v1.16.1
[INFO] [stderr]   Downloaded wasm-bindgen v0.2.128
[INFO] [stderr]   Downloaded wasm-bindgen-macro v0.2.128
[INFO] [stderr]   Downloaded untrusted v0.7.1
[INFO] [stderr]   Downloaded tokio-rustls v0.23.4
[INFO] [stderr]   Downloaded sct v0.7.1
[INFO] [stderr]   Downloaded wasm-bindgen-shared v0.2.128
[INFO] [stderr]   Downloaded wasm-bindgen-macro-support v0.2.128
[INFO] [stderr]   Downloaded js-sys v0.3.105
[INFO] [stderr]   Downloaded webpki v0.22.4
[INFO] [stderr]   Downloaded rustls v0.20.9
[INFO] [stderr]   Downloaded rustls-pemfile v1.0.4
[INFO] [stderr]   Downloaded rustls-native-certs v0.6.3
[INFO] [stderr]   Downloaded bitflags v2.13.2
[INFO] [stderr]   Downloaded winreg v0.50.0
[INFO] [stderr]   Downloaded spin v0.5.2
[INFO] [stderr]   Downloaded reqwest v0.11.27
[INFO] [stderr]   Downloaded web-sys v0.3.105
[INFO] [stderr]   Downloaded ring v0.16.20
[INFO] [stderr]   Downloaded wasm-bindgen-futures v0.4.78
[INFO] [stderr]   Downloaded tokio-rustls v0.24.1
[INFO] [stderr]   Downloaded system-configuration v0.5.1
[INFO] [stderr]   Downloaded sync_wrapper v0.1.2
[INFO] [stderr]   Downloaded hyper-rustls v0.24.2
[INFO] [stderr]   Downloaded system-configuration-sys v0.5.0
[INFO] [stderr]   Downloaded ipnet v2.12.2
[INFO] [stderr]   Downloaded hyper v0.14.32
[INFO] [stderr]   Downloaded http v0.2.9
[INFO] [stderr]   Downloaded webpki-roots v0.25.4
[INFO] [stderr]   Downloaded rustls v0.21.12
[INFO] [stderr]   Downloaded http-body v0.4.5
[INFO] [stderr]   Downloaded h2 v0.3.27
[INFO] [stderr]   Downloaded tokio-util v0.7.13
[INFO] [stderr]   Downloaded intrusive-collections v0.9.7
[INFO] [stderr]   Downloaded cdylib-link-lines v0.1.5
[INFO] [stderr]   Downloaded oslog v0.2.0
[INFO] [stderr]   Downloaded zerocopy v0.8.57
[INFO] [stderr]   Downloaded octets v0.3.7
[INFO] [stderr]   Downloaded hyper-util v0.1.7
[INFO] [stderr]   Downloaded base64 v0.13.1
[INFO] [stderr]   Downloaded android_logger v0.15.1
[INFO] [stderr]   Downloaded indexmap v2.14.2
[INFO] [stderr]   Downloaded zerocopy-derive v0.8.57
[INFO] [stderr]   Downloaded dashmap v5.5.3
[INFO] [stderr]   Downloaded http-body-util v0.1.1
[INFO] [stderr]   Downloaded env_filter v0.1.4
[INFO] [stderr]   Downloaded android_log-sys v0.3.2
[INFO] [stderr]   Downloaded quiche v0.22.0
[INFO] running `Command { std: "docker" "create" "-v" "/var/lib/crater-agent-workspace/builds/worker-6-tc1/source:/opt/rustwide/workdir:ro,Z" "-v" "/var/lib/crater-agent-workspace/builds/worker-6-tc1/target:/opt/rustwide/target:rw,Z" "-v" "/var/lib/crater-agent-workspace/cargo-home:/opt/rustwide/cargo-home:ro,Z" "-v" "/var/lib/crater-agent-workspace/rustup-home:/opt/rustwide/rustup-home:ro,Z" "-m" "1610612736" "--network" "none" "ghcr.io/rust-lang/crates-build-env/linux@sha256:77db811e55d90add9212f6832c23229e3de5f1c1f9905e8cb07319ea15df73ac" "sleep" "infinity", kill_on_drop: false }`
[INFO] [stdout] ee8a89dc55055dcfc9754eeb1b2ce615e80e7a297f95016f7f370b0b2d93d672
[INFO] running `Command { std: "docker" "start" "ee8a89dc55055dcfc9754eeb1b2ce615e80e7a297f95016f7f370b0b2d93d672", kill_on_drop: false }`
[INFO] running `Command { std: "docker" "inspect" "ee8a89dc55055dcfc9754eeb1b2ce615e80e7a297f95016f7f370b0b2d93d672", kill_on_drop: false }`
[INFO] running `Command { std: "docker" "exec" "-e" "SOURCE_DIR=/opt/rustwide/workdir" "-e" "CARGO_HOME=/opt/rustwide/cargo-home" "-e" "RUSTUP_HOME=/opt/rustwide/rustup-home" "-e" "CARGO_TARGET_DIR=/opt/rustwide/target" "-w" "/opt/rustwide/workdir" "--user" "0:0" "ee8a89dc55055dcfc9754eeb1b2ce615e80e7a297f95016f7f370b0b2d93d672" "/opt/rustwide/cargo-home/bin/cargo" "+3154cc1a3e6424e44f438a95007d043ed5ceaaf6" "metadata" "--no-deps" "--format-version=1", kill_on_drop: false }`
[INFO] running `Command { std: "docker" "inspect" "ee8a89dc55055dcfc9754eeb1b2ce615e80e7a297f95016f7f370b0b2d93d672", kill_on_drop: false }`
[INFO] running `Command { std: "docker" "exec" "-e" "SOURCE_DIR=/opt/rustwide/workdir" "-e" "CARGO_HOME=/opt/rustwide/cargo-home" "-e" "RUSTUP_HOME=/opt/rustwide/rustup-home" "-e" "CARGO_TARGET_DIR=/opt/rustwide/target" "-e" "CARGO_INCREMENTAL=0" "-e" "RUST_BACKTRACE=full" "-e" "RUSTFLAGS=--cap-lints=forbid -Znext-solver=coherence" "-e" "RUSTDOCFLAGS=--cap-lints=forbid" "-w" "/opt/rustwide/workdir" "--user" "0:0" "ee8a89dc55055dcfc9754eeb1b2ce615e80e7a297f95016f7f370b0b2d93d672" "/opt/rustwide/cargo-home/bin/cargo" "+3154cc1a3e6424e44f438a95007d043ed5ceaaf6" "check" "--frozen" "--all" "--all-targets" "--message-format=json", kill_on_drop: false }`
[INFO] [stderr]    Compiling proc-macro2 v1.0.107
[INFO] [stderr]    Compiling quote v1.0.47
[INFO] [stderr]    Compiling serde_core v1.0.229
[INFO] [stderr]    Compiling libc v0.2.189
[INFO] [stderr]    Compiling serde v1.0.229
[INFO] [stderr]    Compiling shlex v2.0.1
[INFO] [stderr]    Compiling find-msvc-tools v0.1.12
[INFO] [stderr]     Checking bytes v1.4.0
[INFO] [stderr]    Compiling autocfg v1.5.1
[INFO] [stderr]    Compiling zmij v1.0.23
[INFO] [stderr]     Checking once_cell v1.21.4
[INFO] [stderr]    Compiling anyhow v1.0.104
[INFO] [stderr]    Compiling camino v1.2.5
[INFO] [stderr]    Compiling memchr v2.8.3
[INFO] [stderr]    Compiling serde_json v1.0.151
[INFO] [stderr]     Checking untrusted v0.9.0
[INFO] [stderr]     Checking log v0.4.34
[INFO] [stderr]    Compiling cc v1.4.6
[INFO] [stderr]    Compiling minimal-lexical v0.2.1
[INFO] [stderr]    Compiling unicase v2.9.0
[INFO] [stderr]     Checking futures-core v0.3.34
[INFO] [stderr]    Compiling paste v1.0.15
[INFO] [stderr]    Compiling siphasher v0.3.11
[INFO] [stderr]    Compiling itoa v1.0.18
[INFO] [stderr]    Compiling mime_guess v2.0.5
[INFO] [stderr]     Checking tracing-core v0.1.36
[INFO] [stderr]     Checking slab v0.4.12
[INFO] [stderr]    Compiling mime v0.3.17
[INFO] [stderr]    Compiling version_check v0.9.5
[INFO] [stderr]    Compiling nom v7.1.3
[INFO] [stderr]    Compiling fs-err v2.11.0
[INFO] [stderr]     Checking futures-io v0.3.34
[INFO] [stderr]     Checking futures-task v0.3.34
[INFO] [stderr]     Checking fnv v1.0.7
[INFO] [stderr]    Compiling smawk v0.3.3
[INFO] [stderr]     Checking http v0.2.9
[INFO] [stderr]     Checking typenum v1.20.1
[INFO] [stderr]     Checking futures-util v0.3.34
[INFO] [stderr]    Compiling textwrap v0.16.4
[INFO] [stderr]    Compiling generic-array v0.14.7
[INFO] [stderr]    Compiling rustls v0.21.12
[INFO] [stderr]     Checking futures-sink v0.3.34
[INFO] [stderr]    Compiling syn v3.0.5
[INFO] [stderr]    Compiling syn v2.0.119
[INFO] [stderr]    Compiling httparse v1.10.1
[INFO] [stderr]     Checking equivalent v1.0.2
[INFO] [stderr]     Checking hashbrown v0.17.1
[INFO] [stderr]    Compiling zerocopy v0.8.57
[INFO] [stderr]    Compiling plain v0.2.3
[INFO] [stderr]    Compiling askama_escape v0.10.3
[INFO] [stderr]    Compiling memoffset v0.9.1
[INFO] [stderr]     Checking http v1.5.0
[INFO] [stderr]     Checking try-lock v0.2.5
[INFO] [stderr]     Checking getrandom v0.2.17
[INFO] [stderr]     Checking mio v1.2.3
[INFO] [stderr]     Checking socket2 v0.6.5
[INFO] [stderr]    Compiling heck v0.5.0
[INFO] [stderr]    Compiling glob v0.3.4
[INFO] [stderr]     Checking indexmap v2.14.2
[INFO] [stderr]     Checking tinyvec v1.13.3
[INFO] [stderr]     Checking want v0.3.1
[INFO] [stderr]     Checking socket2 v0.5.10
[INFO] [stderr]    Compiling cmake v0.1.58
[INFO] [stderr]     Checking http-body v0.4.5
[INFO] [stderr]     Checking form_urlencoded v1.2.2
[INFO] [stderr]     Checking http-body v1.1.0
[INFO] [stderr]     Checking futures-channel v0.3.34
[INFO] [stderr]     Checking regex-syntax v0.8.11
[INFO] [stderr]     Checking matches v0.1.10
[INFO] [stderr]    Compiling cdylib-link-lines v0.1.5
[INFO] [stderr]    Compiling libm v0.2.16
[INFO] [stderr]    Compiling ring v0.17.14
[INFO] [stderr]    Compiling ring v0.16.20
[INFO] [stderr]     Checking tower-service v0.3.3
[INFO] [stderr]    Compiling rustls v0.20.9
[INFO] [stderr]     Checking httpdate v1.0.3
[INFO] [stderr]     Checking unicode-bidi v0.3.18
[INFO] [stderr]     Checking base64 v0.21.7
[INFO] [stderr]     Checking spin v0.5.2
[INFO] [stderr]     Checking untrusted v0.7.1
[INFO] [stderr]     Checking unicode-normalization v0.1.25
[INFO] [stderr]    Compiling quiche v0.22.0
[INFO] [stderr]     Checking rand_core v0.6.4
[INFO] [stderr]     Checking static_assertions v1.1.0
[INFO] [stderr]     Checking lazy_static v1.5.0
[INFO] [stderr]     Checking rustls-pemfile v1.0.4
[INFO] [stderr]     Checking intrusive-collections v0.9.7
[INFO] [stderr]     Checking sharded-slab v0.1.7
[INFO] [stderr]    Compiling askama_parser v0.2.1
[INFO] [stderr]    Compiling weedle2 v5.0.0
[INFO] [stderr]     Checking idna v0.2.3
[INFO] [stderr]     Checking block-buffer v0.10.4
[INFO] [stderr]     Checking crypto-common v0.1.7
[INFO] [stderr]     Checking digest v0.10.7
[INFO] [stderr]     Checking url v2.2.2
[INFO] [stderr]     Checking uniffi_core v0.28.3
[INFO] [stderr]     Checking tracing-log v0.2.0
[INFO] [stderr]     Checking encoding_rs v0.8.35
[INFO] [stderr]     Checking thread_local v1.1.10
[INFO] [stderr]     Checking regex-automata v0.4.18
[INFO] [stderr]     Checking semver v1.0.28
[INFO] [stderr]     Checking cpufeatures v0.2.17
[INFO] [stderr]     Checking ipnet v2.12.2
[INFO] [stderr]     Checking octets v0.3.7
[INFO] [stderr]     Checking nu-ansi-term v0.50.3
[INFO] [stderr]     Checking either v1.18.0
[INFO] [stderr]     Checking openssl-probe v0.1.6
[INFO] [stderr]     Checking sync_wrapper v0.1.2
[INFO] [stderr]     Checking webpki-roots v0.25.4
[INFO] [stderr]     Checking rustls-native-certs v0.6.3
[INFO] [stderr]     Checking sha2 v0.10.9
[INFO] [stderr]     Checking http-body-util v0.1.1
[INFO] [stderr]     Checking hex v0.4.3
[INFO] [stderr]     Checking base64 v0.13.1
[INFO] [stderr]    Compiling serde_derive v1.0.229
[INFO] [stderr]    Compiling tokio-macros v2.7.2
[INFO] [stderr]     Checking tokio v1.53.1
[INFO] [stderr]     Checking matchers v0.2.0
[INFO] [stderr]    Compiling thiserror-impl v1.0.69
[INFO] [stderr]    Compiling uniffi_checksum_derive v0.28.3
[INFO] [stderr]    Compiling tracing-attributes v0.1.31
[INFO] [stderr]    Compiling scroll_derive v0.12.1
[INFO] [stderr]     Checking ppv-lite86 v0.2.21
[INFO] [stderr]    Compiling uniffi_meta v0.28.3
[INFO] [stderr]    Compiling scroll v0.12.0
[INFO] [stderr]     Checking rand_chacha v0.3.1
[INFO] [stderr]     Checking rand v0.8.8
[INFO] [stderr]     Checking sct v0.7.1
[INFO] [stderr]     Checking rustls-webpki v0.101.7
[INFO] [stderr]    Compiling goblin v0.8.2
[INFO] [stderr]     Checking webpki v0.22.4
[INFO] [stderr]     Checking tracing v0.1.44
[INFO] [stderr]     Checking webpki-roots v0.24.0
[INFO] [stderr]    Compiling thiserror v1.0.69
[INFO] [stderr]    Compiling cargo-platform v0.1.9
[INFO] [stderr]    Compiling basic-toml v0.1.10
[INFO] [stderr]    Compiling cargo_metadata v0.15.4
[INFO] [stderr]    Compiling toml v0.5.11
[INFO] [stderr]    Compiling bincode v1.3.3
[INFO] [stderr]     Checking smallvec v1.16.1
[INFO] [stderr]     Checking serde_urlencoded v0.7.1
[INFO] [stderr]     Checking tracing-subscriber v0.3.23
[INFO] [stderr]    Compiling askama_derive v0.12.5
[INFO] [stderr]    Compiling uniffi_macros v0.28.3
[INFO] [stderr]    Compiling uniffi_testing v0.28.3
[INFO] [stderr]     Checking tokio-util v0.7.13
[INFO] [stderr]    Compiling uniffi_udl v0.28.3
[INFO] [stderr]     Checking tokio-rustls v0.24.1
[INFO] [stderr]     Checking hyper v1.11.1
[INFO] [stderr]     Checking tokio-rustls v0.23.4
[INFO] [stderr]    Compiling askama v0.12.1
[INFO] [stderr]     Checking h2 v0.3.27
[INFO] [stderr]     Checking hyper-util v0.1.7
[INFO] [stderr]    Compiling uniffi_bindgen v0.28.3
[INFO] [stderr]     Checking uniffi v0.28.3
[INFO] [stderr]     Checking hyper v0.14.32
[INFO] [stderr]     Checking hyper-rustls v0.24.2
[INFO] [stderr]     Checking reqwest v0.11.27
[INFO] [stderr]    Compiling uniffi_build v0.28.3
[INFO] [stderr]    Compiling ech_doh_h3_sdk v0.1.0 (/opt/rustwide/workdir)
[INFO] [stdout] error[E0432]: unresolved import `uniffi_build::ScaffoldingOptions`
[INFO] [stdout]  --> build.rs:2:42
[INFO] [stdout]   |
[INFO] [stdout] 2 | use uniffi_build::{generate_scaffolding, ScaffoldingOptions};
[INFO] [stdout]   |                                          ^^^^^^^^^^^^^^^^^^ no `ScaffoldingOptions` in the root
[INFO] [stdout] 
[INFO] [stdout] 
[INFO] [stdout] error[E0277]: the trait bound `PathBuf: AsRef<camino::Utf8Path>` is not satisfied
[INFO] [stdout]   --> build.rs:13:27
[INFO] [stdout]    |
[INFO] [stdout] 13 |     generate_scaffolding(&udl_path, &out_dir, ScaffoldingOptions::default())
[INFO] [stdout]    |     --------------------  ^^^^^^^^ the trait `AsRef<camino::Utf8Path>` is not implemented for `PathBuf`
[INFO] [stdout]    |     |
[INFO] [stdout]    |     required by a bound introduced by this call
[INFO] [stdout]    |
[INFO] [stdout] help: `PathBuf` implements trait `AsRef<T>`
[INFO] [stdout]   --> /rustc/3154cc1a3e6424e44f438a95007d043ed5ceaaf6/library/std/src/path.rs:2312:0
[INFO] [stdout]    |
[INFO] [stdout]    = note: `AsRef<OsStr>`
[INFO] [stdout]   ::: /rustc/3154cc1a3e6424e44f438a95007d043ed5ceaaf6/library/std/src/path.rs:3924:0
[INFO] [stdout]    |
[INFO] [stdout]    = note: `AsRef<Path>`
[INFO] [stdout]    = note: required for `&PathBuf` to implement `AsRef<camino::Utf8Path>`
[INFO] [stdout] note: required by a bound in `generate_scaffolding`
[INFO] [stdout]   --> /opt/rustwide/cargo-home/registry/src/index.crates.io-1949cf8c6b5b557f/uniffi_build-0.28.3/src/lib.rs:22:44
[INFO] [stdout]    |
[INFO] [stdout] 22 | pub fn generate_scaffolding(udl_file: impl AsRef<Utf8Path>) -> Result<()> {
[INFO] [stdout]    |                                            ^^^^^^^^^^^^^^^ required by this bound in `generate_scaffolding`
[INFO] [stdout] 
[INFO] [stdout] 
[INFO] [stdout] error[E0061]: this function takes 1 argument but 3 arguments were supplied
[INFO] [stdout]   --> build.rs:13:5
[INFO] [stdout]    |
[INFO] [stdout] 13 |     generate_scaffolding(&udl_path, &out_dir, ScaffoldingOptions::default())
[INFO] [stdout]    |     ^^^^^^^^^^^^^^^^^^^^            --------  ----------------------------- unexpected argument #3
[INFO] [stdout]    |                                     |
[INFO] [stdout]    |                                     unexpected argument #2 of type `&PathBuf`
[INFO] [stdout]    |
[INFO] [stdout] note: function defined here
[INFO] [stdout]   --> /opt/rustwide/cargo-home/registry/src/index.crates.io-1949cf8c6b5b557f/uniffi_build-0.28.3/src/lib.rs:22:8
[INFO] [stdout]    |
[INFO] [stdout] 22 | pub fn generate_scaffolding(udl_file: impl AsRef<Utf8Path>) -> Result<()> {
[INFO] [stdout]    |        ^^^^^^^^^^^^^^^^^^^^
[INFO] [stdout] help: remove the extra arguments
[INFO] [stdout]    |
[INFO] [stdout] 13 -     generate_scaffolding(&udl_path, &out_dir, ScaffoldingOptions::default())
[INFO] [stdout] 13 +     generate_scaffolding(&udl_path)
[INFO] [stdout]    |
[INFO] [stdout] 
[INFO] [stdout] 
[INFO] [stdout] Some errors have detailed explanations: E0061, E0277, E0432.
[INFO] [stdout] 
[INFO] [stdout] For more information about an error, try `rustc --explain E0061`.
[INFO] [stdout] 
[INFO] [stderr] error: could not compile `ech_doh_h3_sdk` (build script) due to 3 previous errors
[INFO] running `Command { std: "docker" "inspect" "ee8a89dc55055dcfc9754eeb1b2ce615e80e7a297f95016f7f370b0b2d93d672", kill_on_drop: false }`
[INFO] running `Command { std: "docker" "rm" "-f" "ee8a89dc55055dcfc9754eeb1b2ce615e80e7a297f95016f7f370b0b2d93d672", kill_on_drop: false }`
[INFO] [stdout] ee8a89dc55055dcfc9754eeb1b2ce615e80e7a297f95016f7f370b0b2d93d672
