[INFO] cloning repository https://github.com/andriishupta/webhook-payment-inbox
[INFO] running `Command { std: "git" "-c" "credential.helper=" "-c" "credential.helper=/workspace/cargo-home/bin/git-credential-null" "clone" "--bare" "https://github.com/andriishupta/webhook-payment-inbox" "/workspace/cache/git-repos/https%3A%2F%2Fgithub.com%2Fandriishupta%2Fwebhook-payment-inbox", kill_on_drop: false }`
[INFO] [stderr] Cloning into bare repository '/workspace/cache/git-repos/https%3A%2F%2Fgithub.com%2Fandriishupta%2Fwebhook-payment-inbox'...
[INFO] running `Command { std: "git" "rev-parse" "HEAD", kill_on_drop: false }`
[INFO] [stdout] 4a31e02c114e9f41cfddf0bfd7e4e30b760ce82f
[INFO] checking andriishupta/webhook-payment-inbox against 3154cc1a3e6424e44f438a95007d043ed5ceaaf6+rustflags=-Znext-solver=coherence for pr-133502-30
[INFO] running `Command { std: "git" "clone" "/workspace/cache/git-repos/https%3A%2F%2Fgithub.com%2Fandriishupta%2Fwebhook-payment-inbox" "/workspace/builds/worker-5-tc1/source", kill_on_drop: false }`
[INFO] [stderr] Cloning into '/workspace/builds/worker-5-tc1/source'...
[INFO] [stderr] done.
[INFO] removed /workspace/builds/worker-5-tc1/source/.cargo/config.toml
[INFO] started tweaking git repo https://github.com/andriishupta/webhook-payment-inbox
[INFO] finished tweaking git repo https://github.com/andriishupta/webhook-payment-inbox
[INFO] tweaked toml for git repo https://github.com/andriishupta/webhook-payment-inbox written to /workspace/builds/worker-5-tc1/source/Cargo.toml
[INFO] validating manifest of git repo https://github.com/andriishupta/webhook-payment-inbox on toolchain 3154cc1a3e6424e44f438a95007d043ed5ceaaf6
[INFO] running `Command { std: CARGO_HOME="/workspace/cargo-home" RUSTUP_HOME="/workspace/rustup-home" "/workspace/cargo-home/bin/cargo" "+3154cc1a3e6424e44f438a95007d043ed5ceaaf6" "metadata" "--manifest-path" "Cargo.toml" "--no-deps", kill_on_drop: false }`
[INFO] crate git repo https://github.com/andriishupta/webhook-payment-inbox already has a lockfile, it will not be regenerated
[INFO] running `Command { std: CARGO_HOME="/workspace/cargo-home" RUSTUP_HOME="/workspace/rustup-home" "/workspace/cargo-home/bin/cargo" "+3154cc1a3e6424e44f438a95007d043ed5ceaaf6" "fetch" "--manifest-path" "Cargo.toml", kill_on_drop: false }`
[INFO] running `Command { std: "docker" "create" "-v" "/var/lib/crater-agent-workspace/builds/worker-5-tc1/source:/opt/rustwide/workdir:ro,Z" "-v" "/var/lib/crater-agent-workspace/builds/worker-5-tc1/target:/opt/rustwide/target:rw,Z" "-v" "/var/lib/crater-agent-workspace/cargo-home:/opt/rustwide/cargo-home:ro,Z" "-v" "/var/lib/crater-agent-workspace/rustup-home:/opt/rustwide/rustup-home:ro,Z" "-m" "1610612736" "--network" "none" "ghcr.io/rust-lang/crates-build-env/linux@sha256:77db811e55d90add9212f6832c23229e3de5f1c1f9905e8cb07319ea15df73ac" "sleep" "infinity", kill_on_drop: false }`
[INFO] [stdout] 37960f65fdf853ffd36a5a669b27bc0647daf88fc70a0a87576875070c7270ad
[INFO] running `Command { std: "docker" "start" "37960f65fdf853ffd36a5a669b27bc0647daf88fc70a0a87576875070c7270ad", kill_on_drop: false }`
[INFO] running `Command { std: "docker" "inspect" "37960f65fdf853ffd36a5a669b27bc0647daf88fc70a0a87576875070c7270ad", kill_on_drop: false }`
[INFO] running `Command { std: "docker" "exec" "-e" "SOURCE_DIR=/opt/rustwide/workdir" "-e" "CARGO_HOME=/opt/rustwide/cargo-home" "-e" "RUSTUP_HOME=/opt/rustwide/rustup-home" "-e" "CARGO_TARGET_DIR=/opt/rustwide/target" "-w" "/opt/rustwide/workdir" "--user" "0:0" "37960f65fdf853ffd36a5a669b27bc0647daf88fc70a0a87576875070c7270ad" "/opt/rustwide/cargo-home/bin/cargo" "+3154cc1a3e6424e44f438a95007d043ed5ceaaf6" "metadata" "--no-deps" "--format-version=1", kill_on_drop: false }`
[INFO] running `Command { std: "docker" "inspect" "37960f65fdf853ffd36a5a669b27bc0647daf88fc70a0a87576875070c7270ad", kill_on_drop: false }`
[INFO] running `Command { std: "docker" "exec" "-e" "SOURCE_DIR=/opt/rustwide/workdir" "-e" "CARGO_HOME=/opt/rustwide/cargo-home" "-e" "RUSTUP_HOME=/opt/rustwide/rustup-home" "-e" "CARGO_TARGET_DIR=/opt/rustwide/target" "-e" "CARGO_INCREMENTAL=0" "-e" "RUST_BACKTRACE=full" "-e" "RUSTFLAGS=--cap-lints=forbid -Znext-solver=coherence" "-e" "RUSTDOCFLAGS=--cap-lints=forbid" "-w" "/opt/rustwide/workdir" "--user" "0:0" "37960f65fdf853ffd36a5a669b27bc0647daf88fc70a0a87576875070c7270ad" "/opt/rustwide/cargo-home/bin/cargo" "+3154cc1a3e6424e44f438a95007d043ed5ceaaf6" "check" "--frozen" "--all" "--all-targets" "--message-format=json", kill_on_drop: false }`
[INFO] [stderr]     Checking futures-sink v0.3.33
[INFO] [stderr]    Compiling serde_core v1.0.229
[INFO] [stderr]    Compiling displaydoc v0.2.7
[INFO] [stderr]    Compiling serde_derive v1.0.229
[INFO] [stderr]    Compiling cc v1.4.1
[INFO] [stderr]    Compiling thiserror-impl v2.0.19
[INFO] [stderr]     Checking tokio v1.53.1
[INFO] [stderr]    Compiling parking_lot_core v0.9.12
[INFO] [stderr]    Compiling mio v1.2.2
[INFO] [stderr]    Compiling socket2 v0.6.5
[INFO] [stderr]     Checking futures-util v0.3.33
[INFO] [stderr]     Checking tracing v0.1.44
[INFO] [stderr]    Compiling event-listener v5.4.2
[INFO] [stderr]     Checking futures-channel v0.3.33
[INFO] [stderr]    Compiling ryu v1.0.23
[INFO] [stderr]     Checking serde_json v1.0.151
[INFO] [stderr]    Compiling atoi v2.0.0
[INFO] [stderr]     Checking digest v0.10.7
[INFO] [stderr]    Compiling flume v0.11.1
[INFO] [stderr]    Compiling futures-executor v0.3.33
[INFO] [stderr]     Checking crossbeam-queue v0.3.13
[INFO] [stderr]    Compiling parking_lot v0.12.5
[INFO] [stderr]     Checking sha2 v0.10.9
[INFO] [stderr]     Checking futures-intrusive v0.5.0
[INFO] [stderr]     Checking base64 v0.22.1
[INFO] [stderr]     Checking http-body-util v0.1.4
[INFO] [stderr]    Compiling axum-macros v0.5.1
[INFO] [stderr]     Checking serde_path_to_error v0.1.20
[INFO] [stderr]     Checking axum-core v0.5.6
[INFO] [stderr]    Compiling tinystr v0.8.3
[INFO] [stderr]    Compiling zerotrie v0.2.4
[INFO] [stderr]    Compiling icu_collections v2.2.0
[INFO] [stderr]    Compiling icu_locale_core v2.2.0
[INFO] [stderr]    Compiling thiserror v2.0.19
[INFO] [stderr]    Compiling libsqlite3-sys v0.30.1
[INFO] [stderr]     Checking icu_provider v2.2.0
[INFO] [stderr]     Checking icu_properties v2.2.0
[INFO] [stderr]     Checking icu_normalizer v2.2.0
[INFO] [stderr]     Checking serde v1.0.229
[INFO] [stderr]     Checking idna_adapter v1.2.2
[INFO] [stderr]     Checking idna v1.1.0
[INFO] [stderr]    Compiling either v1.17.0
[INFO] [stderr]    Compiling serde_urlencoded v0.7.1
[INFO] [stderr]     Checking url v2.5.8
[INFO] [stderr]     Checking chrono v0.4.45
[INFO] [stderr]     Checking tokio-stream v0.1.19
[INFO] [stderr]     Checking hyper v1.11.0
[INFO] [stderr]     Checking tower v0.5.3
[INFO] [stderr]     Checking sqlx-core v0.8.6
[INFO] [stderr]     Checking payment-core v0.1.0 (/opt/rustwide/workdir/crates/payment-core)
[INFO] [stderr]     Checking hyper-util v0.1.20
[INFO] [stderr]     Checking axum v0.8.9
[INFO] [stderr]    Compiling sqlx-sqlite v0.8.6
[INFO] [stderr]    Compiling sqlx-macros-core v0.8.6
[INFO] [stderr]    Compiling sqlx-macros v0.8.6
[INFO] [stderr]     Checking sqlx v0.8.6
[INFO] [stderr]     Checking payment-storage v0.1.0 (/opt/rustwide/workdir/crates/payment-storage)
[INFO] [stdout] error: set `DATABASE_URL` to use query macros online, or run `cargo sqlx prepare` to update the query cache
[INFO] [stdout]    --> crates/payment-storage/src/jobs.rs:167:15
[INFO] [stdout]     |
[INFO] [stdout] 167 |       let row = sqlx::query_as!(
[INFO] [stdout]     |  _______________^
[INFO] [stdout] 168 | |         JobRow,
[INFO] [stdout] 169 | |         r#"
[INFO] [stdout] 170 | |             SELECT
[INFO] [stdout] ...   |
[INFO] [stdout] 183 | |         id
[INFO] [stdout] 184 | |     )
[INFO] [stdout]     | |_____^
[INFO] [stdout]     |
[INFO] [stdout]     = note: this error originates in the macro `$crate::sqlx_macros::expand_query` which comes from the expansion of the macro `sqlx::query_as` (in Nightly builds, run with -Z macro-backtrace for more info)
[INFO] [stdout] 
[INFO] [stdout] 
[INFO] [stdout] error: set `DATABASE_URL` to use query macros online, or run `cargo sqlx prepare` to update the query cache
[INFO] [stdout]    --> crates/payment-storage/src/jobs.rs:194:15
[INFO] [stdout]     |
[INFO] [stdout] 194 |       let row = sqlx::query_as!(
[INFO] [stdout]     |  _______________^
[INFO] [stdout] 195 | |         JobRow,
[INFO] [stdout] 196 | |         r#"
[INFO] [stdout] 197 | |             SELECT
[INFO] [stdout] ...   |
[INFO] [stdout] 210 | |         id
[INFO] [stdout] 211 | |     )
[INFO] [stdout]     | |_____^
[INFO] [stdout]     |
[INFO] [stdout]     = note: this error originates in the macro `$crate::sqlx_macros::expand_query` which comes from the expansion of the macro `sqlx::query_as` (in Nightly builds, run with -Z macro-backtrace for more info)
[INFO] [stdout] 
[INFO] [stdout] 
[INFO] [stdout] error: set `DATABASE_URL` to use query macros online, or run `cargo sqlx prepare` to update the query cache
[INFO] [stdout]    --> crates/payment-storage/src/jobs.rs:225:15
[INFO] [stdout]     |
[INFO] [stdout] 225 |       let row = sqlx::query_as!(
[INFO] [stdout]     |  _______________^
[INFO] [stdout] 226 | |         JobRow,
[INFO] [stdout] 227 | |         r#"
[INFO] [stdout] 228 | |             UPDATE jobs
[INFO] [stdout] ...   |
[INFO] [stdout] 256 | |         worker_id
[INFO] [stdout] 257 | |     )
[INFO] [stdout]     | |_____^
[INFO] [stdout]     |
[INFO] [stdout]     = note: this error originates in the macro `$crate::sqlx_macros::expand_query` which comes from the expansion of the macro `sqlx::query_as` (in Nightly builds, run with -Z macro-backtrace for more info)
[INFO] [stdout] 
[INFO] [stdout] 
[INFO] [stdout] error: set `DATABASE_URL` to use query macros online, or run `cargo sqlx prepare` to update the query cache
[INFO] [stdout]    --> crates/payment-storage/src/jobs.rs:167:15
[INFO] [stdout]     |
[INFO] [stdout] 167 |       let row = sqlx::query_as!(
[INFO] [stdout]     |  _______________^
[INFO] [stdout] 168 | |         JobRow,
[INFO] [stdout] 169 | |         r#"
[INFO] [stdout] 170 | |             SELECT
[INFO] [stdout] ...   |
[INFO] [stdout] 183 | |         id
[INFO] [stdout] 184 | |     )
[INFO] [stdout]     | |_____^
[INFO] [stdout]     |
[INFO] [stdout]     = note: this error originates in the macro `$crate::sqlx_macros::expand_query` which comes from the expansion of the macro `sqlx::query_as` (in Nightly builds, run with -Z macro-backtrace for more info)
[INFO] [stdout] 
[INFO] [stdout] 
[INFO] [stdout] error: set `DATABASE_URL` to use query macros online, or run `cargo sqlx prepare` to update the query cache
[INFO] [stdout]    --> crates/payment-storage/src/jobs.rs:194:15
[INFO] [stdout]     |
[INFO] [stdout] 194 |       let row = sqlx::query_as!(
[INFO] [stdout]     |  _______________^
[INFO] [stdout] 195 | |         JobRow,
[INFO] [stdout] 196 | |         r#"
[INFO] [stdout] 197 | |             SELECT
[INFO] [stdout] ...   |
[INFO] [stdout] 210 | |         id
[INFO] [stdout] 211 | |     )
[INFO] [stdout]     | |_____^
[INFO] [stdout]     |
[INFO] [stdout]     = note: this error originates in the macro `$crate::sqlx_macros::expand_query` which comes from the expansion of the macro `sqlx::query_as` (in Nightly builds, run with -Z macro-backtrace for more info)
[INFO] [stdout] 
[INFO] [stdout] 
[INFO] [stdout] error: set `DATABASE_URL` to use query macros online, or run `cargo sqlx prepare` to update the query cache
[INFO] [stdout]    --> crates/payment-storage/src/jobs.rs:225:15
[INFO] [stdout]     |
[INFO] [stdout] 225 |       let row = sqlx::query_as!(
[INFO] [stdout]     |  _______________^
[INFO] [stdout] 226 | |         JobRow,
[INFO] [stdout] 227 | |         r#"
[INFO] [stdout] 228 | |             UPDATE jobs
[INFO] [stdout] ...   |
[INFO] [stdout] 256 | |         worker_id
[INFO] [stdout] 257 | |     )
[INFO] [stdout]     | |_____^
[INFO] [stdout]     |
[INFO] [stdout]     = note: this error originates in the macro `$crate::sqlx_macros::expand_query` which comes from the expansion of the macro `sqlx::query_as` (in Nightly builds, run with -Z macro-backtrace for more info)
[INFO] [stdout] 
[INFO] [stdout] 
[INFO] [stdout] warning: method call on a diverging inference variable
[INFO] [stdout]    --> crates/payment-storage/src/jobs.rs:188:9
[INFO] [stdout]     |
[INFO] [stdout] 188 |     row.map(Job::try_from).transpose()
[INFO] [stdout]     |         ^^^
[INFO] [stdout]     |
[INFO] [stdout]     = help: consider providing a type annotation
[INFO] [stdout]     = warning: this was previously accepted by the compiler but is being phased out; it will become a hard error in a future release!
[INFO] [stdout]     = note: for more information, see issue #156047 <https://github.com/rust-lang/rust/issues/156047>
[INFO] [stdout]     = note: `#[warn(method_call_on_diverging_infer_var)]` (part of `#[warn(future_incompatible)]`) on by default
[INFO] [stdout] 
[INFO] [stdout] 
[INFO] [stdout] warning: method call on a diverging inference variable
[INFO] [stdout]    --> crates/payment-storage/src/jobs.rs:188:9
[INFO] [stdout]     |
[INFO] [stdout] 188 |     row.map(Job::try_from).transpose()
[INFO] [stdout]     |         ^^^
[INFO] [stdout]     |
[INFO] [stdout]     = help: consider providing a type annotation
[INFO] [stdout]     = warning: this was previously accepted by the compiler but is being phased out; it will become a hard error in a future release!
[INFO] [stdout]     = note: for more information, see issue #156047 <https://github.com/rust-lang/rust/issues/156047>
[INFO] [stdout]     = note: `#[warn(method_call_on_diverging_infer_var)]` (part of `#[warn(future_incompatible)]`) on by default
[INFO] [stdout] 
[INFO] [stdout] 
[INFO] [stdout] error[E0599]: `!` is not an iterator
[INFO] [stdout]    --> crates/payment-storage/src/jobs.rs:188:9
[INFO] [stdout]     |
[INFO] [stdout] 188 |     row.map(Job::try_from).transpose()
[INFO] [stdout]     |         ^^^ `!` is not an iterator
[INFO] [stdout]     |
[INFO] [stdout]     = note: the following trait bounds were not satisfied:
[INFO] [stdout]             `!: Iterator`
[INFO] [stdout]             which is required by `&mut !: Iterator`
[INFO] [stdout] 
[INFO] [stdout] 
[INFO] [stdout] error[E0599]: `!` is not an iterator
[INFO] [stdout]    --> crates/payment-storage/src/jobs.rs:188:9
[INFO] [stdout]     |
[INFO] [stdout] 188 |     row.map(Job::try_from).transpose()
[INFO] [stdout]     |         ^^^ `!` is not an iterator
[INFO] [stdout]     |
[INFO] [stdout]     = note: the following trait bounds were not satisfied:
[INFO] [stdout]             `!: Iterator`
[INFO] [stdout]             which is required by `&mut !: Iterator`
[INFO] [stdout] 
[INFO] [stdout] 
[INFO] [stdout] warning: method call on a diverging inference variable
[INFO] [stdout]    --> crates/payment-storage/src/jobs.rs:215:9
[INFO] [stdout]     |
[INFO] [stdout] 215 |     row.map(Job::try_from).transpose()
[INFO] [stdout]     |         ^^^
[INFO] [stdout]     |
[INFO] [stdout]     = help: consider providing a type annotation
[INFO] [stdout]     = warning: this was previously accepted by the compiler but is being phased out; it will become a hard error in a future release!
[INFO] [stdout]     = note: for more information, see issue #156047 <https://github.com/rust-lang/rust/issues/156047>
[INFO] [stdout] 
[INFO] [stdout] 
[INFO] [stdout] warning: method call on a diverging inference variable
[INFO] [stdout]    --> crates/payment-storage/src/jobs.rs:215:9
[INFO] [stdout]     |
[INFO] [stdout] 215 |     row.map(Job::try_from).transpose()
[INFO] [stdout]     |         ^^^
[INFO] [stdout]     |
[INFO] [stdout]     = help: consider providing a type annotation
[INFO] [stdout]     = warning: this was previously accepted by the compiler but is being phased out; it will become a hard error in a future release!
[INFO] [stdout]     = note: for more information, see issue #156047 <https://github.com/rust-lang/rust/issues/156047>
[INFO] [stdout] 
[INFO] [stdout] 
[INFO] [stdout] error[E0599]: `!` is not an iterator
[INFO] [stdout]    --> crates/payment-storage/src/jobs.rs:215:9
[INFO] [stdout]     |
[INFO] [stdout] 215 |     row.map(Job::try_from).transpose()
[INFO] [stdout]     |         ^^^ `!` is not an iterator
[INFO] [stdout]     |
[INFO] [stdout]     = note: the following trait bounds were not satisfied:
[INFO] [stdout]             `!: Iterator`
[INFO] [stdout]             which is required by `&mut !: Iterator`
[INFO] [stdout] 
[INFO] [stdout] 
[INFO] [stdout] error[E0599]: `!` is not an iterator
[INFO] [stdout]    --> crates/payment-storage/src/jobs.rs:215:9
[INFO] [stdout]     |
[INFO] [stdout] 215 |     row.map(Job::try_from).transpose()
[INFO] [stdout]     |         ^^^ `!` is not an iterator
[INFO] [stdout]     |
[INFO] [stdout]     = note: the following trait bounds were not satisfied:
[INFO] [stdout]             `!: Iterator`
[INFO] [stdout]             which is required by `&mut !: Iterator`
[INFO] [stdout] 
[INFO] [stdout] 
[INFO] [stdout] warning: method call on a diverging inference variable
[INFO] [stdout]    --> crates/payment-storage/src/jobs.rs:261:9
[INFO] [stdout]     |
[INFO] [stdout] 261 |     row.map(Job::try_from).transpose()
[INFO] [stdout]     |         ^^^
[INFO] [stdout]     |
[INFO] [stdout]     = help: consider providing a type annotation
[INFO] [stdout]     = warning: this was previously accepted by the compiler but is being phased out; it will become a hard error in a future release!
[INFO] [stdout]     = note: for more information, see issue #156047 <https://github.com/rust-lang/rust/issues/156047>
[INFO] [stdout] 
[INFO] [stdout] 
[INFO] [stdout] warning: method call on a diverging inference variable
[INFO] [stdout]    --> crates/payment-storage/src/jobs.rs:261:9
[INFO] [stdout]     |
[INFO] [stdout] 261 |     row.map(Job::try_from).transpose()
[INFO] [stdout]     |         ^^^
[INFO] [stdout]     |
[INFO] [stdout]     = help: consider providing a type annotation
[INFO] [stdout]     = warning: this was previously accepted by the compiler but is being phased out; it will become a hard error in a future release!
[INFO] [stdout]     = note: for more information, see issue #156047 <https://github.com/rust-lang/rust/issues/156047>
[INFO] [stdout] 
[INFO] [stdout] 
[INFO] [stdout] error[E0599]: `!` is not an iterator
[INFO] [stdout]    --> crates/payment-storage/src/jobs.rs:261:9
[INFO] [stdout]     |
[INFO] [stdout] 261 |     row.map(Job::try_from).transpose()
[INFO] [stdout]     |         ^^^ `!` is not an iterator
[INFO] [stdout]     |
[INFO] [stdout]     = note: the following trait bounds were not satisfied:
[INFO] [stdout]             `!: Iterator`
[INFO] [stdout]             which is required by `&mut !: Iterator`
[INFO] [stdout] 
[INFO] [stdout] 
[INFO] [stdout] error[E0599]: `!` is not an iterator
[INFO] [stdout]    --> crates/payment-storage/src/jobs.rs:261:9
[INFO] [stdout]     |
[INFO] [stdout] 261 |     row.map(Job::try_from).transpose()
[INFO] [stdout]     |         ^^^ `!` is not an iterator
[INFO] [stdout]     |
[INFO] [stdout]     = note: the following trait bounds were not satisfied:
[INFO] [stdout]             `!: Iterator`
[INFO] [stdout]             which is required by `&mut !: Iterator`
[INFO] [stdout] 
[INFO] [stdout] 
[INFO] [stdout] For more information about this error, try `rustc --explain E0599`.
[INFO] [stdout] 
[INFO] [stdout] For more information about this error, try `rustc --explain E0599`.
[INFO] [stdout] 
[INFO] [stderr] error: could not compile `payment-storage` (lib) due to 6 previous errors; 6 warnings emitted
[INFO] [stderr] warning: build failed, waiting for other jobs to finish...
[INFO] [stderr] error: could not compile `payment-storage` (lib test) due to 6 previous errors; 6 warnings emitted
[INFO] running `Command { std: "docker" "inspect" "37960f65fdf853ffd36a5a669b27bc0647daf88fc70a0a87576875070c7270ad", kill_on_drop: false }`
[INFO] running `Command { std: "docker" "rm" "-f" "37960f65fdf853ffd36a5a669b27bc0647daf88fc70a0a87576875070c7270ad", kill_on_drop: false }`
[INFO] [stdout] 37960f65fdf853ffd36a5a669b27bc0647daf88fc70a0a87576875070c7270ad
