[INFO] cloning repository https://github.com/andre-lobo/Tarkov.space_RaidMonitor
[INFO] running `Command { std: "git" "-c" "credential.helper=" "-c" "credential.helper=/workspace/cargo-home/bin/git-credential-null" "clone" "--bare" "https://github.com/andre-lobo/Tarkov.space_RaidMonitor" "/workspace/cache/git-repos/https%3A%2F%2Fgithub.com%2Fandre-lobo%2FTarkov.space_RaidMonitor", kill_on_drop: false }`
[INFO] [stderr] Cloning into bare repository '/workspace/cache/git-repos/https%3A%2F%2Fgithub.com%2Fandre-lobo%2FTarkov.space_RaidMonitor'...
[INFO] running `Command { std: "git" "rev-parse" "HEAD", kill_on_drop: false }`
[INFO] [stdout] ae994971668884b67feb58e5a2077be572009af9
[INFO] checking andre-lobo/Tarkov.space_RaidMonitor against 3154cc1a3e6424e44f438a95007d043ed5ceaaf6 for pr-133502-30
[INFO] running `Command { std: "git" "clone" "/workspace/cache/git-repos/https%3A%2F%2Fgithub.com%2Fandre-lobo%2FTarkov.space_RaidMonitor" "/workspace/builds/worker-4-tc2/source", kill_on_drop: false }`
[INFO] [stderr] Cloning into '/workspace/builds/worker-4-tc2/source'...
[INFO] [stderr] done.
[INFO] removed /workspace/builds/worker-4-tc2/source/.cargo/config.toml
[INFO] started tweaking git repo https://github.com/andre-lobo/Tarkov.space_RaidMonitor
[INFO] finished tweaking git repo https://github.com/andre-lobo/Tarkov.space_RaidMonitor
[INFO] tweaked toml for git repo https://github.com/andre-lobo/Tarkov.space_RaidMonitor written to /workspace/builds/worker-4-tc2/source/Cargo.toml
[INFO] validating manifest of git repo https://github.com/andre-lobo/Tarkov.space_RaidMonitor on toolchain 3154cc1a3e6424e44f438a95007d043ed5ceaaf6
[INFO] running `Command { std: CARGO_HOME="/workspace/cargo-home" RUSTUP_HOME="/workspace/rustup-home" "/workspace/cargo-home/bin/cargo" "+3154cc1a3e6424e44f438a95007d043ed5ceaaf6" "metadata" "--manifest-path" "Cargo.toml" "--no-deps", kill_on_drop: false }`
[INFO] crate git repo https://github.com/andre-lobo/Tarkov.space_RaidMonitor already has a lockfile, it will not be regenerated
[INFO] running `Command { std: CARGO_HOME="/workspace/cargo-home" RUSTUP_HOME="/workspace/rustup-home" "/workspace/cargo-home/bin/cargo" "+3154cc1a3e6424e44f438a95007d043ed5ceaaf6" "fetch" "--manifest-path" "Cargo.toml", kill_on_drop: false }`
[INFO] [stderr]     Blocking waiting for file lock on package cache
[INFO] running `Command { std: "docker" "create" "-v" "/var/lib/crater-agent-workspace/builds/worker-4-tc2/source:/opt/rustwide/workdir:ro,Z" "-v" "/var/lib/crater-agent-workspace/builds/worker-4-tc2/target:/opt/rustwide/target:rw,Z" "-v" "/var/lib/crater-agent-workspace/cargo-home:/opt/rustwide/cargo-home:ro,Z" "-v" "/var/lib/crater-agent-workspace/rustup-home:/opt/rustwide/rustup-home:ro,Z" "-m" "1610612736" "--network" "none" "ghcr.io/rust-lang/crates-build-env/linux@sha256:77db811e55d90add9212f6832c23229e3de5f1c1f9905e8cb07319ea15df73ac" "sleep" "infinity", kill_on_drop: false }`
[INFO] [stdout] 2bdc7c92f5d54fa588f9b630fef0acd1c57b60dbf1a4b5cfef2f44db2b8a886d
[INFO] running `Command { std: "docker" "start" "2bdc7c92f5d54fa588f9b630fef0acd1c57b60dbf1a4b5cfef2f44db2b8a886d", kill_on_drop: false }`
[INFO] running `Command { std: "docker" "inspect" "2bdc7c92f5d54fa588f9b630fef0acd1c57b60dbf1a4b5cfef2f44db2b8a886d", kill_on_drop: false }`
[INFO] running `Command { std: "docker" "exec" "-e" "SOURCE_DIR=/opt/rustwide/workdir" "-e" "CARGO_HOME=/opt/rustwide/cargo-home" "-e" "RUSTUP_HOME=/opt/rustwide/rustup-home" "-e" "CARGO_TARGET_DIR=/opt/rustwide/target" "-w" "/opt/rustwide/workdir" "--user" "0:0" "2bdc7c92f5d54fa588f9b630fef0acd1c57b60dbf1a4b5cfef2f44db2b8a886d" "/opt/rustwide/cargo-home/bin/cargo" "+3154cc1a3e6424e44f438a95007d043ed5ceaaf6" "metadata" "--no-deps" "--format-version=1", kill_on_drop: false }`
[INFO] running `Command { std: "docker" "inspect" "2bdc7c92f5d54fa588f9b630fef0acd1c57b60dbf1a4b5cfef2f44db2b8a886d", kill_on_drop: false }`
[INFO] running `Command { std: "docker" "exec" "-e" "SOURCE_DIR=/opt/rustwide/workdir" "-e" "CARGO_HOME=/opt/rustwide/cargo-home" "-e" "RUSTUP_HOME=/opt/rustwide/rustup-home" "-e" "CARGO_TARGET_DIR=/opt/rustwide/target" "-e" "CARGO_INCREMENTAL=0" "-e" "RUST_BACKTRACE=full" "-e" "RUSTFLAGS=--cap-lints=forbid" "-e" "RUSTDOCFLAGS=--cap-lints=forbid" "-w" "/opt/rustwide/workdir" "--user" "0:0" "2bdc7c92f5d54fa588f9b630fef0acd1c57b60dbf1a4b5cfef2f44db2b8a886d" "/opt/rustwide/cargo-home/bin/cargo" "+3154cc1a3e6424e44f438a95007d043ed5ceaaf6" "check" "--frozen" "--all" "--all-targets" "--message-format=json", kill_on_drop: false }`
[INFO] [stderr]    Compiling syn v3.0.4
[INFO] [stderr]     Checking smallvec v1.16.0
[INFO] [stderr]    Compiling serde_core v1.0.229
[INFO] [stderr]    Compiling indexmap v2.14.1
[INFO] [stderr]    Compiling target-lexicon v0.12.16
[INFO] [stderr]    Compiling version-compare v0.2.1
[INFO] [stderr]     Checking linux-raw-sys v0.12.1
[INFO] [stderr]    Compiling rustix v1.1.4
[INFO] [stderr]     Checking bitflags v2.13.1
[INFO] [stderr]    Compiling enumflags2_derive v0.7.12
[INFO] [stderr]     Checking libloading v0.8.9
[INFO] [stderr]    Compiling wayland-sys v0.31.11
[INFO] [stderr]    Compiling wayland-backend v0.3.17
[INFO] [stderr]     Checking scoped-tls v1.0.1
[INFO] [stderr]     Checking downcast-rs v1.2.1
[INFO] [stderr]     Checking concurrent-queue v2.5.0
[INFO] [stderr]    Compiling zvariant_utils v2.1.0
[INFO] [stderr]    Compiling wayland-client v0.31.15
[INFO] [stderr]    Compiling wayland-scanner v0.31.11
[INFO] [stderr]     Checking event-listener-strategy v0.5.4
[INFO] [stderr]     Checking dlib v0.5.3
[INFO] [stderr]     Checking futures-lite v2.6.1
[INFO] [stderr]    Compiling endi v1.1.1
[INFO] [stderr]     Checking tracing v0.1.44
[INFO] [stderr]    Compiling memoffset v0.9.1
[INFO] [stderr]    Compiling async-io v2.6.0
[INFO] [stderr]     Checking async-channel v2.5.0
[INFO] [stderr]     Checking getrandom v0.2.17
[INFO] [stderr]     Checking piper v0.2.5
[INFO] [stderr]    Compiling syn v1.0.109
[INFO] [stderr]     Checking async-lock v3.4.2
[INFO] [stderr]    Compiling proc-macro-error-attr v1.0.4
[INFO] [stderr]     Checking async-broadcast v0.7.2
[INFO] [stderr]     Checking ordered-stream v0.2.0
[INFO] [stderr]     Checking rand_core v0.6.4
[INFO] [stderr]     Checking block-buffer v0.10.4
[INFO] [stderr]    Compiling nix v0.29.0
[INFO] [stderr]    Compiling khronos_api v3.1.0
[INFO] [stderr]     Checking digest v0.10.7
[INFO] [stderr]     Checking rand_chacha v0.3.1
[INFO] [stderr]    Compiling rustix v0.38.44
[INFO] [stderr]     Checking xdg-home v1.3.0
[INFO] [stderr]    Compiling ahash v0.8.12
[INFO] [stderr]    Compiling xml-rs v0.8.29
[INFO] [stderr]    Compiling cfg-expr v0.15.8
[INFO] [stderr]     Checking rand v0.8.8
[INFO] [stderr]     Checking cursor-icon v1.2.0
[INFO] [stderr]     Checking linux-raw-sys v0.4.15
[INFO] [stderr]     Checking sha1 v0.10.7
[INFO] [stderr]     Checking xcursor v0.3.11
[INFO] [stderr]     Checking xkeysym v0.2.1
[INFO] [stderr]     Checking memmap2 v0.9.11
[INFO] [stderr]    Compiling x11-dl v2.21.0
[INFO] [stderr]    Compiling gio v0.18.4
[INFO] [stderr]     Checking raw-window-handle v0.6.2
[INFO] [stderr]     Checking accesskit v0.16.3
[INFO] [stderr]     Checking blocking v1.7.0
[INFO] [stderr]     Checking async-executor v1.14.0
[INFO] [stderr]    Compiling proc-macro-error v1.0.4
[INFO] [stderr]     Checking async-fs v2.2.0
[INFO] [stderr]    Compiling gl_generator v0.14.0
[INFO] [stderr]    Compiling smithay-client-toolkit v0.19.2
[INFO] [stderr]     Checking parking_lot_core v0.9.12
[INFO] [stderr]     Checking x11rb-protocol v0.13.2
[INFO] [stderr]     Checking as-raw-xcb-connection v1.0.1
[INFO] [stderr]     Checking dpi v0.1.2
[INFO] [stderr]    Compiling field-offset v0.3.6
[INFO] [stderr]     Checking immutable-chunkmap v2.1.3
[INFO] [stderr]     Checking parking_lot v0.12.5
[INFO] [stderr]    Compiling winit v0.30.13
[INFO] [stderr]    Compiling x11 v2.21.0
[INFO] [stderr]     Checking winnow v1.0.4
[INFO] [stderr]    Compiling ring v0.17.14
[INFO] [stderr]     Checking accesskit_consumer v0.24.3
[INFO] [stderr]     Checking xkbcommon-dl v0.4.2
[INFO] [stderr]    Compiling gtk v0.18.2
[INFO] [stderr]    Compiling glutin_glx_sys v0.6.1
[INFO] [stderr]    Compiling glutin_egl_sys v0.7.1
[INFO] [stderr]     Checking epaint_default_fonts v0.29.1
[INFO] [stderr]     Checking smol_str v0.2.2
[INFO] [stderr]     Checking nohash-hasher v0.2.0
[INFO] [stderr]    Compiling libxdo-sys v0.11.0
[INFO] [stderr]    Compiling smithay-client-toolkit v0.20.0
[INFO] [stderr]    Compiling glutin v0.32.3
[INFO] [stderr]    Compiling inotify-sys v0.1.8
[INFO] [stderr]     Checking rand_chacha v0.9.0
[INFO] [stderr]    Compiling glutin-winit v0.5.0
[INFO] [stderr]     Checking crossbeam-channel v0.5.16
[INFO] [stderr]     Checking uuid v1.26.0
[INFO] [stderr]     Checking libloading v0.7.4
[INFO] [stderr]    Compiling async-recursion v1.1.1
[INFO] [stderr]    Compiling rustls v0.23.45
[INFO] [stderr]     Checking dirs-sys v0.5.0
[INFO] [stderr]     Checking moxcms v0.8.1
[INFO] [stderr]     Checking rand v0.9.5
[INFO] [stderr]     Checking png v0.18.1
[INFO] [stderr]    Compiling windows-interface v0.58.0
[INFO] [stderr]    Compiling windows-implement v0.58.0
[INFO] [stderr]     Checking glow v0.14.2
[INFO] [stderr]    Compiling toml_datetime v1.1.1+spec-1.1.0
[INFO] [stderr]    Compiling serde_spanned v1.1.1
[INFO] [stderr]    Compiling toml_edit v0.25.13+spec-1.1.0
[INFO] [stderr]    Compiling toml v1.1.5+spec-1.1.0
[INFO] [stderr]    Compiling rfd v0.15.4
[INFO] [stderr]     Checking web-time v1.1.0
[INFO] [stderr]     Checking inotify v0.9.6
[INFO] [stderr]     Checking windows-core v0.58.0
[INFO] [stderr]     Checking dirs v6.0.0
[INFO] [stderr]     Checking png v0.17.16
[INFO] [stderr]     Checking mio v0.8.11
[INFO] [stderr]     Checking filetime v0.2.29
[INFO] [stderr]     Checking pollster v0.4.0
[INFO] [stderr]     Checking libxdo v0.6.0
[INFO] [stderr]     Checking urlencoding v2.1.3
[INFO] [stderr]     Checking notify v6.1.1
[INFO] [stderr]     Checking windows v0.58.0
[INFO] [stderr]    Compiling winresource v0.1.31
[INFO] [stderr]    Compiling proc-macro-crate v3.5.0
[INFO] [stderr]    Compiling raidradar v1.0.0 (/opt/rustwide/workdir)
[INFO] [stderr]    Compiling zvariant_derive v4.2.0
[INFO] [stderr]    Compiling zbus_macros v4.4.0
[INFO] [stderr]     Checking rustls-webpki v0.103.15
[INFO] [stderr]     Checking polling v3.11.0
[INFO] [stderr]     Checking gethostname v1.1.0
[INFO] [stderr]     Checking calloop v0.13.0
[INFO] [stderr]     Checking calloop v0.14.4
[INFO] [stderr]     Checking async-signal v0.2.14
[INFO] [stderr]     Checking async-net v2.0.0
[INFO] [stderr]    Compiling serde_derive v1.0.229
[INFO] [stderr]    Compiling futures-macro v0.3.34
[INFO] [stderr]    Compiling zerovec-derive v0.11.6
[INFO] [stderr]    Compiling displaydoc v0.2.7
[INFO] [stderr]    Compiling bytemuck_derive v1.12.0
[INFO] [stderr]    Compiling async-trait v0.1.92
[INFO] [stderr]    Compiling serde_repr v0.1.21
[INFO] [stderr]    Compiling thiserror-impl v2.0.20
[INFO] [stderr]     Checking async-process v2.5.0
[INFO] [stderr]     Checking futures-util v0.3.34
[INFO] [stderr]     Checking zerotrie v0.2.5
[INFO] [stderr]     Checking wayland-csd-frame v0.3.0
[INFO] [stderr]     Checking bytemuck v1.25.2
[INFO] [stderr]     Checking zerovec v0.11.8
[INFO] [stderr]     Checking thiserror v2.0.20
[INFO] [stderr]     Checking tiny-skia-path v0.11.4
[INFO] [stderr]     Checking emath v0.29.1
[INFO] [stderr]     Checking image v0.25.10
[INFO] [stderr]     Checking ecolor v0.29.1
[INFO] [stderr]     Checking epaint v0.29.1
[INFO] [stderr]     Checking tinystr v0.8.4
[INFO] [stderr]     Checking potential_utf v0.1.6
[INFO] [stderr]     Checking icu_collections v2.3.0
[INFO] [stderr]     Checking icu_locale_core v2.3.0
[INFO] [stderr]     Checking tiny-skia v0.11.4
[INFO] [stderr]     Checking wayland-protocols v0.32.13
[INFO] [stderr]     Checking wayland-cursor v0.31.14
[INFO] [stderr]     Checking calloop-wayland-source v0.3.0
[INFO] [stderr]     Checking calloop-wayland-source v0.4.1
[INFO] [stderr]     Checking egui v0.29.1
[INFO] [stderr]    Compiling serde v1.0.229
[INFO] [stderr]     Checking icu_provider v2.3.1
[INFO] [stderr]     Checking icu_normalizer v2.3.0
[INFO] [stderr]     Checking icu_properties v2.3.0
[INFO] [stderr]    Compiling toml_datetime v0.6.3
[INFO] [stderr]    Compiling serde_spanned v0.6.9
[INFO] [stderr]    Compiling enumflags2 v0.7.12
[INFO] [stderr]    Compiling quick-xml v0.30.0
[INFO] [stderr]    Compiling zvariant_utils v4.2.0
[INFO] [stderr]    Compiling zcheapstr v1.1.0
[INFO] [stderr]     Checking keyboard-types v0.7.0
[INFO] [stderr]    Compiling toml_edit v0.20.2
[INFO] [stderr]    Compiling toml_edit v0.19.15
[INFO] [stderr]     Checking zvariant v4.2.0
[INFO] [stderr]    Compiling zvariant_derive v5.15.0
[INFO] [stderr]     Checking idna_adapter v1.2.2
[INFO] [stderr]     Checking idna v1.1.0
[INFO] [stderr]     Checking x11rb v0.13.2
[INFO] [stderr]    Compiling zvariant v5.15.0
[INFO] [stderr]     Checking url v2.5.8
[INFO] [stderr]     Checking zbus_names v3.0.0
[INFO] [stderr]     Checking futures-executor v0.3.34
[INFO] [stderr]     Checking webbrowser v1.2.4
[INFO] [stderr]     Checking ureq v2.12.1
[INFO] [stderr]    Compiling toml v0.8.2
[INFO] [stderr]    Compiling proc-macro-crate v2.0.2
[INFO] [stderr]     Checking zbus_xml v4.0.0
[INFO] [stderr]     Checking zbus v4.4.0
[INFO] [stderr]    Compiling system-deps v6.2.2
[INFO] [stderr]    Compiling glib-macros v0.18.5
[INFO] [stderr]     Checking zbus-lockstep v0.4.4
[INFO] [stderr]     Checking arboard v3.6.1
[INFO] [stderr]    Compiling glib-sys v0.18.1
[INFO] [stderr]    Compiling gobject-sys v0.18.0
[INFO] [stderr]    Compiling gio-sys v0.18.1
[INFO] [stderr]    Compiling atk-sys v0.18.2
[INFO] [stderr]    Compiling pango-sys v0.18.0
[INFO] [stderr]    Compiling gdk-sys v0.18.2
[INFO] [stderr]    Compiling cairo-sys-rs v0.18.2
[INFO] [stderr]    Compiling gdk-pixbuf-sys v0.18.0
[INFO] [stderr]    Compiling gtk-sys v0.18.2
[INFO] [stderr]    Compiling proc-macro-crate v1.3.1
[INFO] [stderr]    Compiling zbus_names v4.3.4
[INFO] [stderr]     Checking egui_glow v0.29.1
[INFO] [stderr]    Compiling gtk3-macros v0.18.2
[INFO] [stderr]     Checking wayland-protocols-wlr v0.3.12
[INFO] [stderr]     Checking wayland-protocols-plasma v0.3.12
[INFO] [stderr]     Checking wayland-protocols-misc v0.3.12
[INFO] [stderr]     Checking wayland-protocols-experimental v20250721.0.1
[INFO] [stderr]    Compiling zbus_macros v5.19.0
[INFO] [stderr]    Compiling zbus-lockstep-macros v0.4.4
[INFO] [stderr]     Checking glib v0.18.5
[INFO] [stderr]     Checking sctk-adwaita v0.10.1
[INFO] [stderr]     Checking smithay-clipboard v0.7.3
[INFO] [stderr]     Checking zbus v5.19.0
[INFO] [stderr]     Checking libappindicator-sys v0.9.0
[INFO] [stderr]     Checking atspi-common v0.6.0
[INFO] [stderr]     Checking atspi-proxies v0.6.0
[INFO] [stderr]     Checking accesskit_atspi_common v0.9.3
[INFO] [stderr]     Checking ashpd v0.11.1
[INFO] [stderr]     Checking cairo-rs v0.18.5
[INFO] [stderr]     Checking atk v0.18.2
[INFO] [stderr]     Checking atspi-connection v0.6.0
[INFO] [stderr]     Checking atspi v0.22.0
[INFO] [stderr]     Checking accesskit_unix v0.12.3
[INFO] [stderr]     Checking accesskit_winit v0.22.4
[INFO] [stderr]     Checking egui-winit v0.29.1
[INFO] [stderr]     Checking eframe v0.29.1
[INFO] [stderr]     Checking pango v0.18.3
[INFO] [stderr]     Checking gdk-pixbuf v0.18.5
[INFO] [stderr]     Checking gdk v0.18.2
[INFO] [stderr]     Checking libappindicator v0.9.0
[INFO] [stderr]     Checking muda v0.15.3
[INFO] [stderr]     Checking tray-icon v0.19.3
[INFO] [stdout] error[E0433]: cannot find `Win32` in `windows`
[INFO] [stdout]   --> src/main.rs:15:14
[INFO] [stdout]    |
[INFO] [stdout] 15 | use windows::Win32::System::Diagnostics::Debug::Beep;
[INFO] [stdout]    |              ^^^^^ could not find `Win32` in `windows`
[INFO] [stdout] 
[INFO] [stdout] 
[INFO] [stdout] error[E0433]: cannot find `Win32` in `windows`
[INFO] [stdout]   --> src/main.rs:15:14
[INFO] [stdout]    |
[INFO] [stdout] 15 | use windows::Win32::System::Diagnostics::Debug::Beep;
[INFO] [stdout]    |              ^^^^^ could not find `Win32` in `windows`
[INFO] [stdout] 
[INFO] [stdout] 
[INFO] [stdout] error[E0433]: cannot find `Win32` in `windows`
[INFO] [stdout]    --> src/main.rs:388:18
[INFO] [stdout]     |
[INFO] [stdout] 388 |     use windows::Win32::UI::Shell::ShellExecuteW;
[INFO] [stdout]     |                  ^^^^^ could not find `Win32` in `windows`
[INFO] [stdout] 
[INFO] [stdout] 
[INFO] [stdout] error[E0433]: cannot find `Win32` in `windows`
[INFO] [stdout]    --> src/main.rs:389:18
[INFO] [stdout]     |
[INFO] [stdout] 389 |     use windows::Win32::UI::WindowsAndMessaging::SW_SHOWNORMAL;
[INFO] [stdout]     |                  ^^^^^ could not find `Win32` in `windows`
[INFO] [stdout] 
[INFO] [stdout] 
[INFO] [stdout] error[E0433]: cannot find `Win32` in `windows`
[INFO] [stdout]    --> src/main.rs:470:26
[INFO] [stdout]     |
[INFO] [stdout] 470 |             use windows::Win32::UI::WindowsAndMessaging::{
[INFO] [stdout]     |                          ^^^^^ could not find `Win32` in `windows`
[INFO] [stdout] 
[INFO] [stdout] 
[INFO] [stdout] error[E0433]: cannot find `Win32` in `windows`
[INFO] [stdout]     --> src/main.rs:1940:18
[INFO] [stdout]      |
[INFO] [stdout] 1940 |     use windows::Win32::Foundation::CloseHandle;
[INFO] [stdout]      |                  ^^^^^ could not find `Win32` in `windows`
[INFO] [stdout] 
[INFO] [stdout] 
[INFO] [stdout] error[E0433]: cannot find `Win32` in `windows`
[INFO] [stdout]     --> src/main.rs:1941:18
[INFO] [stdout]      |
[INFO] [stdout] 1941 |     use windows::Win32::System::Diagnostics::ToolHelp::{
[INFO] [stdout]      |                  ^^^^^ could not find `Win32` in `windows`
[INFO] [stdout] 
[INFO] [stdout] 
[INFO] [stdout] error[E0433]: cannot find `Win32` in `windows`
[INFO] [stdout]     --> src/main.rs:1981:18
[INFO] [stdout]      |
[INFO] [stdout] 1981 |     use windows::Win32::Foundation::{BOOL, HWND, LPARAM};
[INFO] [stdout]      |                  ^^^^^ could not find `Win32` in `windows`
[INFO] [stdout] 
[INFO] [stdout] 
[INFO] [stdout] error[E0433]: cannot find `Win32` in `windows`
[INFO] [stdout]     --> src/main.rs:1982:18
[INFO] [stdout]      |
[INFO] [stdout] 1982 |     use windows::Win32::System::Threading::GetCurrentProcessId;
[INFO] [stdout]      |                  ^^^^^ could not find `Win32` in `windows`
[INFO] [stdout] 
[INFO] [stdout] 
[INFO] [stdout] error[E0433]: cannot find `Win32` in `windows`
[INFO] [stdout]     --> src/main.rs:1983:18
[INFO] [stdout]      |
[INFO] [stdout] 1983 |     use windows::Win32::UI::WindowsAndMessaging::{
[INFO] [stdout]      |                  ^^^^^ could not find `Win32` in `windows`
[INFO] [stdout] 
[INFO] [stdout] 
[INFO] [stdout] error[E0433]: cannot find `Win32` in `windows`
[INFO] [stdout]     --> src/main.rs:2005:18
[INFO] [stdout]      |
[INFO] [stdout] 2005 |     use windows::Win32::UI::WindowsAndMessaging::{
[INFO] [stdout]      |                  ^^^^^ could not find `Win32` in `windows`
[INFO] [stdout] 
[INFO] [stdout] 
[INFO] [stdout] error[E0433]: cannot find `Win32` in `windows`
[INFO] [stdout]    --> src/main.rs:388:18
[INFO] [stdout]     |
[INFO] [stdout] 388 |     use windows::Win32::UI::Shell::ShellExecuteW;
[INFO] [stdout]     |                  ^^^^^ could not find `Win32` in `windows`
[INFO] [stdout] 
[INFO] [stdout] 
[INFO] [stdout] error[E0433]: cannot find `Win32` in `windows`
[INFO] [stdout]    --> src/main.rs:389:18
[INFO] [stdout]     |
[INFO] [stdout] 389 |     use windows::Win32::UI::WindowsAndMessaging::SW_SHOWNORMAL;
[INFO] [stdout]     |                  ^^^^^ could not find `Win32` in `windows`
[INFO] [stdout] 
[INFO] [stdout] 
[INFO] [stdout] error[E0433]: cannot find `Win32` in `windows`
[INFO] [stdout]    --> src/main.rs:470:26
[INFO] [stdout]     |
[INFO] [stdout] 470 |             use windows::Win32::UI::WindowsAndMessaging::{
[INFO] [stdout]     |                          ^^^^^ could not find `Win32` in `windows`
[INFO] [stdout] 
[INFO] [stdout] 
[INFO] [stdout] error[E0433]: cannot find `Win32` in `windows`
[INFO] [stdout]     --> src/main.rs:1940:18
[INFO] [stdout]      |
[INFO] [stdout] 1940 |     use windows::Win32::Foundation::CloseHandle;
[INFO] [stdout]      |                  ^^^^^ could not find `Win32` in `windows`
[INFO] [stdout] 
[INFO] [stdout] 
[INFO] [stdout] error[E0433]: cannot find `Win32` in `windows`
[INFO] [stdout]     --> src/main.rs:1941:18
[INFO] [stdout]      |
[INFO] [stdout] 1941 |     use windows::Win32::System::Diagnostics::ToolHelp::{
[INFO] [stdout]      |                  ^^^^^ could not find `Win32` in `windows`
[INFO] [stdout] 
[INFO] [stdout] 
[INFO] [stdout] error[E0433]: cannot find `Win32` in `windows`
[INFO] [stdout]     --> src/main.rs:1981:18
[INFO] [stdout]      |
[INFO] [stdout] 1981 |     use windows::Win32::Foundation::{BOOL, HWND, LPARAM};
[INFO] [stdout]      |                  ^^^^^ could not find `Win32` in `windows`
[INFO] [stdout] 
[INFO] [stdout] 
[INFO] [stdout] error[E0433]: cannot find `Win32` in `windows`
[INFO] [stdout]     --> src/main.rs:1982:18
[INFO] [stdout]      |
[INFO] [stdout] 1982 |     use windows::Win32::System::Threading::GetCurrentProcessId;
[INFO] [stdout]      |                  ^^^^^ could not find `Win32` in `windows`
[INFO] [stdout] 
[INFO] [stdout] 
[INFO] [stdout] error[E0433]: cannot find `Win32` in `windows`
[INFO] [stdout]     --> src/main.rs:1983:18
[INFO] [stdout]      |
[INFO] [stdout] 1983 |     use windows::Win32::UI::WindowsAndMessaging::{
[INFO] [stdout]      |                  ^^^^^ could not find `Win32` in `windows`
[INFO] [stdout] 
[INFO] [stdout] 
[INFO] [stdout] error[E0433]: cannot find `Win32` in `windows`
[INFO] [stdout]     --> src/main.rs:2005:18
[INFO] [stdout]      |
[INFO] [stdout] 2005 |     use windows::Win32::UI::WindowsAndMessaging::{
[INFO] [stdout]      |                  ^^^^^ could not find `Win32` in `windows`
[INFO] [stdout] 
[INFO] [stdout] 
[INFO] [stdout] error[E0432]: unresolved import `windows::core`
[INFO] [stdout]    --> src/main.rs:387:18
[INFO] [stdout]     |
[INFO] [stdout] 387 |     use windows::core::{HSTRING, PCWSTR};
[INFO] [stdout]     |                  ^^^^ could not find `core` in `windows`
[INFO] [stdout] 
[INFO] [stdout] 
[INFO] [stdout] error[E0432]: unresolved import `windows::core`
[INFO] [stdout]    --> src/main.rs:387:18
[INFO] [stdout]     |
[INFO] [stdout] 387 |     use windows::core::{HSTRING, PCWSTR};
[INFO] [stdout]     |                  ^^^^ could not find `core` in `windows`
[INFO] [stdout] 
[INFO] [stdout] 
[INFO] [stdout] error[E0433]: cannot find `Win32` in `windows`
[INFO] [stdout]     --> src/main.rs:1980:35
[INFO] [stdout]      |
[INFO] [stdout] 1980 | fn main_hwnd() -> Option<windows::Win32::Foundation::HWND> {
[INFO] [stdout]      |                                   ^^^^^ could not find `Win32` in `windows`
[INFO] [stdout] 
[INFO] [stdout] 
[INFO] [stdout] error[E0433]: cannot find `Win32` in `windows`
[INFO] [stdout]     --> src/main.rs:1980:35
[INFO] [stdout]      |
[INFO] [stdout] 1980 | fn main_hwnd() -> Option<windows::Win32::Foundation::HWND> {
[INFO] [stdout]      |                                   ^^^^^ could not find `Win32` in `windows`
[INFO] [stdout] 
[INFO] [stdout] 
[INFO] [stdout] Some errors have detailed explanations: E0432, E0433.
[INFO] [stdout] 
[INFO] [stdout] For more information about an error, try `rustc --explain E0432`.
[INFO] [stdout] 
[INFO] [stdout] Some errors have detailed explanations: E0432, E0433.
[INFO] [stdout] 
[INFO] [stdout] For more information about an error, try `rustc --explain E0432`.
[INFO] [stdout] 
[INFO] [stderr] error: could not compile `raidradar` (bin "raid-ip-monitor") due to 12 previous errors
[INFO] [stderr] warning: build failed, waiting for other jobs to finish...
[INFO] [stderr] error: could not compile `raidradar` (bin "raid-ip-monitor" test) due to 12 previous errors
[INFO] running `Command { std: "docker" "inspect" "2bdc7c92f5d54fa588f9b630fef0acd1c57b60dbf1a4b5cfef2f44db2b8a886d", kill_on_drop: false }`
[INFO] running `Command { std: "docker" "rm" "-f" "2bdc7c92f5d54fa588f9b630fef0acd1c57b60dbf1a4b5cfef2f44db2b8a886d", kill_on_drop: false }`
[INFO] [stdout] 2bdc7c92f5d54fa588f9b630fef0acd1c57b60dbf1a4b5cfef2f44db2b8a886d
