[INFO] cloning repository https://github.com/andongni0723/verticar-embassy
[INFO] running `Command { std: "git" "-c" "credential.helper=" "-c" "credential.helper=/workspace/cargo-home/bin/git-credential-null" "clone" "--bare" "https://github.com/andongni0723/verticar-embassy" "/workspace/cache/git-repos/https%3A%2F%2Fgithub.com%2Fandongni0723%2Fverticar-embassy", kill_on_drop: false }`
[INFO] [stderr] Cloning into bare repository '/workspace/cache/git-repos/https%3A%2F%2Fgithub.com%2Fandongni0723%2Fverticar-embassy'...
[INFO] running `Command { std: "git" "rev-parse" "HEAD", kill_on_drop: false }`
[INFO] [stdout] 0ba7b7b7f88aaf0bb51b5f4339d4a4ecacec7cb8
[INFO] checking andongni0723/verticar-embassy against 3154cc1a3e6424e44f438a95007d043ed5ceaaf6+rustflags=-Znext-solver=coherence for pr-133502-30
[INFO] running `Command { std: "git" "clone" "/workspace/cache/git-repos/https%3A%2F%2Fgithub.com%2Fandongni0723%2Fverticar-embassy" "/workspace/builds/worker-2-tc1/source", kill_on_drop: false }`
[INFO] [stderr] Cloning into '/workspace/builds/worker-2-tc1/source'...
[INFO] [stderr] done.
[INFO] removed /workspace/builds/worker-2-tc1/source/.cargo/config.toml
[INFO] removed /workspace/builds/worker-2-tc1/source/rust-toolchain.toml
[INFO] started tweaking git repo https://github.com/andongni0723/verticar-embassy
[INFO] removed 0 missing tests
[INFO] finished tweaking git repo https://github.com/andongni0723/verticar-embassy
[INFO] tweaked toml for git repo https://github.com/andongni0723/verticar-embassy written to /workspace/builds/worker-2-tc1/source/Cargo.toml
[INFO] validating manifest of git repo https://github.com/andongni0723/verticar-embassy on toolchain 3154cc1a3e6424e44f438a95007d043ed5ceaaf6
[INFO] running `Command { std: CARGO_HOME="/workspace/cargo-home" RUSTUP_HOME="/workspace/rustup-home" "/workspace/cargo-home/bin/cargo" "+3154cc1a3e6424e44f438a95007d043ed5ceaaf6" "metadata" "--manifest-path" "Cargo.toml" "--no-deps", kill_on_drop: false }`
[INFO] crate git repo https://github.com/andongni0723/verticar-embassy already has a lockfile, it will not be regenerated
[INFO] running `Command { std: CARGO_HOME="/workspace/cargo-home" RUSTUP_HOME="/workspace/rustup-home" "/workspace/cargo-home/bin/cargo" "+3154cc1a3e6424e44f438a95007d043ed5ceaaf6" "fetch" "--manifest-path" "Cargo.toml", kill_on_drop: false }`
[INFO] [stderr]     Updating crates.io index
[INFO] [stderr]  Downloading crates ...
[INFO] [stderr]   Downloaded xtensa-lx v0.13.0
[INFO] [stderr]   Downloaded rtt-target v0.6.2
[INFO] [stderr]   Downloaded ufmt-write v0.1.0
[INFO] [stderr]   Downloaded panic-rtt-target v0.2.0
[INFO] [stderr]   Downloaded esp-sync v0.2.1
[INFO] [stderr]   Downloaded esp-rtos v0.3.0
[INFO] [stderr]   Downloaded esp-riscv-rt v0.14.0
[INFO] [stderr]   Downloaded esp-hal-procmacros v0.22.0
[INFO] [stderr]   Downloaded xtensa-lx-rt-proc-macros v0.5.0
[INFO] [stderr]   Downloaded gcd v2.3.0
[INFO] [stderr]   Downloaded riscv-target-parser v0.1.3
[INFO] [stderr]   Downloaded ral-registers v0.1.3
[INFO] [stderr]   Downloaded fugit v0.3.9
[INFO] [stderr]   Downloaded bitfield-macros v0.19.5
[INFO] [stderr]   Downloaded proc-macro-error-attr3 v3.1.0
[INFO] [stderr]   Downloaded riscv-rt-macros v0.6.1
[INFO] [stderr]   Downloaded riscv-pac v0.2.0
[INFO] [stderr]   Downloaded embedded-test-macros v0.8.2
[INFO] [stderr]   Downloaded embedded-test-linker-script v0.1.0
[INFO] [stderr]   Downloaded riscv-macros v0.3.0
[INFO] [stderr]   Downloaded xtensa-lx-rt v0.22.0
[INFO] [stderr]   Downloaded riscv-rt v0.16.0
[INFO] [stderr]   Downloaded somni-parser v0.2.2
[INFO] [stderr]   Downloaded bitfield v0.19.5
[INFO] [stderr]   Downloaded usb-device v0.3.2
[INFO] [stderr]   Downloaded esp-config v0.7.0
[INFO] [stderr]   Downloaded delegate v0.13.5
[INFO] [stderr]   Downloaded esp-bootloader-esp-idf v0.5.0
[INFO] [stderr]   Downloaded somni-expr v0.2.0
[INFO] [stderr]   Downloaded riscv v0.15.0
[INFO] [stderr]   Downloaded embassy-sync v0.6.2
[INFO] [stderr]   Downloaded proc-macro-error3 v3.1.0
[INFO] [stderr]   Downloaded esp-synopsys-usb-otg v0.4.2
[INFO] [stderr]   Downloaded semihosting v0.1.25
[INFO] [stderr]   Downloaded esp-rom-sys v0.1.4
[INFO] [stderr]   Downloaded esp-metadata-generated v0.4.0
[INFO] [stderr]   Downloaded esp32c2 v0.29.2
[INFO] [stderr]   Downloaded esp32c3 v0.32.2
[INFO] [stderr]   Downloaded esp32 v0.40.2
[INFO] [stderr]   Downloaded esp32s2 v0.31.2
[INFO] [stderr]   Downloaded esp32h2 v0.19.2
[INFO] [stderr]   Downloaded esp32c61 v0.3.2
[INFO] [stderr]   Downloaded esp32s3 v0.35.2
[INFO] [stderr]   Downloaded esp-hal v1.1.2
[INFO] [stderr]   Downloaded esp32c6 v0.23.2
[INFO] [stderr]   Downloaded esp32c5 v0.2.2
[INFO] [stderr]   Downloaded embedded-test v0.7.2
[INFO] running `Command { std: "docker" "create" "-v" "/var/lib/crater-agent-workspace/builds/worker-2-tc1/source:/opt/rustwide/workdir:ro,Z" "-v" "/var/lib/crater-agent-workspace/builds/worker-2-tc1/target:/opt/rustwide/target:rw,Z" "-v" "/var/lib/crater-agent-workspace/cargo-home:/opt/rustwide/cargo-home:ro,Z" "-v" "/var/lib/crater-agent-workspace/rustup-home:/opt/rustwide/rustup-home:ro,Z" "-m" "1610612736" "--network" "none" "ghcr.io/rust-lang/crates-build-env/linux@sha256:77db811e55d90add9212f6832c23229e3de5f1c1f9905e8cb07319ea15df73ac" "sleep" "infinity", kill_on_drop: false }`
[INFO] [stdout] 997e283263fcc24b7031c9df2a68b3324bb9e98b9bc89caa6d317fea0981ecd4
[INFO] running `Command { std: "docker" "start" "997e283263fcc24b7031c9df2a68b3324bb9e98b9bc89caa6d317fea0981ecd4", kill_on_drop: false }`
[INFO] running `Command { std: "docker" "inspect" "997e283263fcc24b7031c9df2a68b3324bb9e98b9bc89caa6d317fea0981ecd4", kill_on_drop: false }`
[INFO] running `Command { std: "docker" "exec" "-e" "SOURCE_DIR=/opt/rustwide/workdir" "-e" "CARGO_HOME=/opt/rustwide/cargo-home" "-e" "RUSTUP_HOME=/opt/rustwide/rustup-home" "-e" "CARGO_TARGET_DIR=/opt/rustwide/target" "-w" "/opt/rustwide/workdir" "--user" "0:0" "997e283263fcc24b7031c9df2a68b3324bb9e98b9bc89caa6d317fea0981ecd4" "/opt/rustwide/cargo-home/bin/cargo" "+3154cc1a3e6424e44f438a95007d043ed5ceaaf6" "metadata" "--no-deps" "--format-version=1", kill_on_drop: false }`
[INFO] running `Command { std: "docker" "inspect" "997e283263fcc24b7031c9df2a68b3324bb9e98b9bc89caa6d317fea0981ecd4", kill_on_drop: false }`
[INFO] running `Command { std: "docker" "exec" "-e" "SOURCE_DIR=/opt/rustwide/workdir" "-e" "CARGO_HOME=/opt/rustwide/cargo-home" "-e" "RUSTUP_HOME=/opt/rustwide/rustup-home" "-e" "CARGO_TARGET_DIR=/opt/rustwide/target" "-e" "CARGO_INCREMENTAL=0" "-e" "RUST_BACKTRACE=full" "-e" "RUSTFLAGS=--cap-lints=forbid -Znext-solver=coherence" "-e" "RUSTDOCFLAGS=--cap-lints=forbid" "-w" "/opt/rustwide/workdir" "--user" "0:0" "997e283263fcc24b7031c9df2a68b3324bb9e98b9bc89caa6d317fea0981ecd4" "/opt/rustwide/cargo-home/bin/cargo" "+3154cc1a3e6424e44f438a95007d043ed5ceaaf6" "check" "--frozen" "--all" "--all-targets" "--message-format=json", kill_on_drop: false }`
[INFO] [stderr]    Compiling esp-metadata-generated v0.4.0
[INFO] [stderr]    Compiling syn v3.0.5
[INFO] [stderr]    Compiling syn v2.0.119
[INFO] [stderr]    Compiling ryu v1.0.23
[INFO] [stderr]    Compiling somni-parser v0.2.2
[INFO] [stderr]    Compiling unsafe-libyaml v0.2.11
[INFO] [stderr]     Checking futures-core v0.3.34
[INFO] [stderr]    Compiling embedded-io-async v0.6.1
[INFO] [stderr]    Compiling heapless v0.8.0
[INFO] [stderr]    Compiling heapless v0.9.3
[INFO] [stderr]     Checking futures-sink v0.3.34
[INFO] [stderr]    Compiling embassy-sync v0.8.0
[INFO] [stderr]    Compiling embassy-time-driver v0.2.2
[INFO] [stderr]    Compiling esp32s3 v0.35.2
[INFO] [stderr]    Compiling object v0.37.3
[INFO] [stderr]    Compiling toml_edit v0.25.13+spec-1.1.0
[INFO] [stderr]    Compiling num-traits v0.2.19
[INFO] [stderr]    Compiling embassy-sync v0.7.2
[INFO] [stderr]     Checking futures-task v0.3.34
[INFO] [stderr]    Compiling memchr v2.8.3
[INFO] [stderr]    Compiling embassy-hal-internal v0.4.0
[INFO] [stderr]    Compiling embassy-sync v0.6.2
[INFO] [stderr]     Checking futures-util v0.3.34
[INFO] [stderr]     Checking embassy-executor-timer-queue v0.1.0
[INFO] [stderr]    Compiling esp-rom-sys v0.1.4
[INFO] [stderr]    Compiling esp-sync v0.2.1
[INFO] [stderr]    Compiling jiff-core v0.1.0
[INFO] [stderr]    Compiling embassy-time-queue-utils v0.3.2
[INFO] [stderr]    Compiling termcolor v1.4.1
[INFO] [stderr]     Checking ufmt-write v0.1.0
[INFO] [stderr]    Compiling esp-synopsys-usb-otg v0.4.2
[INFO] [stderr]    Compiling embassy-executor v0.10.0
[INFO] [stderr]    Compiling instability v0.3.13
[INFO] [stderr]     Checking crypto-common v0.1.7
[INFO] [stderr]     Checking esp-config v0.7.0
[INFO] [stderr]    Compiling somni-expr v0.2.0
[INFO] [stderr]     Checking gcd v2.3.0
[INFO] [stderr]     Checking ral-registers v0.1.3
[INFO] [stderr]    Compiling indoc v2.0.7
[INFO] [stderr]     Checking cordyceps v0.3.5
[INFO] [stderr]     Checking digest v0.10.7
[INFO] [stderr]     Checking usb-device v0.3.2
[INFO] [stderr]     Checking embedded-can v0.4.1
[INFO] [stderr]    Compiling proc-macro-crate v3.5.0
[INFO] [stderr]    Compiling embedded-test-linker-script v0.1.0
[INFO] [stderr]     Checking rand_core v0.6.4
[INFO] [stderr]     Checking bitflags v2.13.1
[INFO] [stderr]     Checking rand_core v0.9.5
[INFO] [stderr]     Checking rand_core v0.10.1
[INFO] [stderr]    Compiling proc-macro-error-attr3 v3.1.0
[INFO] [stderr]    Compiling semihosting v0.1.25
[INFO] [stderr]    Compiling verticar-embassy v0.1.0 (/opt/rustwide/workdir)
[INFO] [stderr]     Checking static_cell v2.1.1
[INFO] [stderr]    Compiling embedded-test v0.7.2
[INFO] [stderr]    Compiling proc-macro-error3 v3.1.0
[INFO] [stdout] error: unsupported target; if you need support for this target, please submit an issue at <https://github.com/taiki-e/semihosting>
[INFO] [stdout]    --> /opt/rustwide/cargo-home/registry/src/index.crates.io-1949cf8c6b5b557f/semihosting-0.1.25/src/lib.rs:304:1
[INFO] [stdout]     |
[INFO] [stdout] 304 | / compile_error!(
[INFO] [stdout] 305 | |     "unsupported target; if you need support for this target, \
[INFO] [stdout] 306 | |      please submit an issue at <https://github.com/taiki-e/semihosting>"
[INFO] [stdout] 307 | | );
[INFO] [stdout]     | |_^
[INFO] [stdout] 
[INFO] [stdout] 
[INFO] [stdout] error: `openocd-semihosting` feature is only available on Xtensa
[INFO] [stdout]    --> /opt/rustwide/cargo-home/registry/src/index.crates.io-1949cf8c6b5b557f/semihosting-0.1.25/src/lib.rs:317:1
[INFO] [stdout]     |
[INFO] [stdout] 317 | compile_error!("`openocd-semihosting` feature is only available on Xtensa");
[INFO] [stdout]     | ^^^^^^^^^^^^^^^^^^^^^^^^^^^^^^^^^^^^^^^^^^^^^^^^^^^^^^^^^^^^^^^^^^^^^^^^^^^
[INFO] [stdout] 
[INFO] [stdout] 
[INFO] [stdout] error[E0432]: unresolved import `crate::sys::arch`
[INFO] [stdout]   --> /opt/rustwide/cargo-home/registry/src/index.crates.io-1949cf8c6b5b557f/semihosting-0.1.25/src/sys/errno.rs:7:10
[INFO] [stdout]    |
[INFO] [stdout]  7 |     sys::arch::errno,
[INFO] [stdout]    |          ^^^^ could not find `arch` in `sys`
[INFO] [stdout]    |
[INFO] [stdout] note: found an item that was configured out
[INFO] [stdout]   --> /opt/rustwide/cargo-home/registry/src/index.crates.io-1949cf8c6b5b557f/semihosting-0.1.25/src/sys/mod.rs:31:25
[INFO] [stdout]    |
[INFO] [stdout] 22 |   #[cfg(any(
[INFO] [stdout]    |  __________-
[INFO] [stdout] 23 | |     target_arch = "aarch64",
[INFO] [stdout] 24 | |     target_arch = "arm",
[INFO] [stdout] 25 | |     target_arch = "riscv32",
[INFO] [stdout] ...  |
[INFO] [stdout] 29 | |     all(target_arch = "xtensa", feature = "openocd-semihosting"),
[INFO] [stdout] 30 | | ))]
[INFO] [stdout]    | |_- the item is gated here
[INFO] [stdout] 31 |   use self::arm_compat as arch;
[INFO] [stdout]    |                           ^^^^
[INFO] [stdout] note: found an item that was configured out
[INFO] [stdout]   --> /opt/rustwide/cargo-home/registry/src/index.crates.io-1949cf8c6b5b557f/semihosting-0.1.25/src/sys/mod.rs:61:19
[INFO] [stdout]    |
[INFO] [stdout] 55 |   #[cfg(any(
[INFO] [stdout]    |  __________-
[INFO] [stdout] 56 | |     target_arch = "mips",
[INFO] [stdout] 57 | |     target_arch = "mips32r6",
[INFO] [stdout] 58 | |     target_arch = "mips64",
[INFO] [stdout] 59 | |     target_arch = "mips64r6",
[INFO] [stdout] 60 | | ))]
[INFO] [stdout]    | |_- the item is gated here
[INFO] [stdout] 61 |   use self::mips as arch;
[INFO] [stdout]    |                     ^^^^
[INFO] [stdout] 
[INFO] [stdout] 
[INFO] [stdout] error[E0432]: unresolved import `self::arch`
[INFO] [stdout]   --> /opt/rustwide/cargo-home/registry/src/index.crates.io-1949cf8c6b5b557f/semihosting-0.1.25/src/sys/mod.rs:96:5
[INFO] [stdout]    |
[INFO] [stdout] 96 |     arch::exit,
[INFO] [stdout]    |     ^^^^ could not find `arch` in `self`
[INFO] [stdout]    |
[INFO] [stdout] note: found an item that was configured out
[INFO] [stdout]   --> /opt/rustwide/cargo-home/registry/src/index.crates.io-1949cf8c6b5b557f/semihosting-0.1.25/src/sys/mod.rs:31:25
[INFO] [stdout]    |
[INFO] [stdout] 22 |   #[cfg(any(
[INFO] [stdout]    |  __________-
[INFO] [stdout] 23 | |     target_arch = "aarch64",
[INFO] [stdout] 24 | |     target_arch = "arm",
[INFO] [stdout] 25 | |     target_arch = "riscv32",
[INFO] [stdout] ...  |
[INFO] [stdout] 29 | |     all(target_arch = "xtensa", feature = "openocd-semihosting"),
[INFO] [stdout] 30 | | ))]
[INFO] [stdout]    | |_- the item is gated here
[INFO] [stdout] 31 |   use self::arm_compat as arch;
[INFO] [stdout]    |                           ^^^^
[INFO] [stdout] note: found an item that was configured out
[INFO] [stdout]   --> /opt/rustwide/cargo-home/registry/src/index.crates.io-1949cf8c6b5b557f/semihosting-0.1.25/src/sys/mod.rs:61:19
[INFO] [stdout]    |
[INFO] [stdout] 55 |   #[cfg(any(
[INFO] [stdout]    |  __________-
[INFO] [stdout] 56 | |     target_arch = "mips",
[INFO] [stdout] 57 | |     target_arch = "mips32r6",
[INFO] [stdout] 58 | |     target_arch = "mips64",
[INFO] [stdout] 59 | |     target_arch = "mips64r6",
[INFO] [stdout] 60 | | ))]
[INFO] [stdout]    | |_- the item is gated here
[INFO] [stdout] 61 |   use self::mips as arch;
[INFO] [stdout]    |                     ^^^^
[INFO] [stdout] 
[INFO] [stdout] 
[INFO] [stdout] error[E0433]: cannot find module or crate `arch` in this scope
[INFO] [stdout]    --> /opt/rustwide/cargo-home/registry/src/index.crates.io-1949cf8c6b5b557f/semihosting-0.1.25/src/sys/mod.rs:129:14
[INFO] [stdout]     |
[INFO] [stdout] 129 |     unsafe { arch::close(fd) }
[INFO] [stdout]     |              ^^^^ use of unresolved module or unlinked crate `arch`
[INFO] [stdout]     |
[INFO] [stdout]     = help: if you wanted to use a crate named `arch`, use `cargo add arch` to add it to your `Cargo.toml`
[INFO] [stdout] 
[INFO] [stdout] 
[INFO] [stdout] error[E0433]: cannot find module or crate `arch` in this scope
[INFO] [stdout]    --> /opt/rustwide/cargo-home/registry/src/index.crates.io-1949cf8c6b5b557f/semihosting-0.1.25/src/sys/mod.rs:151:5
[INFO] [stdout]     |
[INFO] [stdout] 151 |     arch::read(fd, buf)
[INFO] [stdout]     |     ^^^^ use of unresolved module or unlinked crate `arch`
[INFO] [stdout]     |
[INFO] [stdout]     = help: if you wanted to use a crate named `arch`, use `cargo add arch` to add it to your `Cargo.toml`
[INFO] [stdout] 
[INFO] [stdout] 
[INFO] [stdout] error[E0433]: cannot find module or crate `arch` in this scope
[INFO] [stdout]    --> /opt/rustwide/cargo-home/registry/src/index.crates.io-1949cf8c6b5b557f/semihosting-0.1.25/src/sys/mod.rs:168:5
[INFO] [stdout]     |
[INFO] [stdout] 168 |     arch::read_uninit(fd, buf)
[INFO] [stdout]     |     ^^^^ use of unresolved module or unlinked crate `arch`
[INFO] [stdout]     |
[INFO] [stdout]     = help: if you wanted to use a crate named `arch`, use `cargo add arch` to add it to your `Cargo.toml`
[INFO] [stdout] 
[INFO] [stdout] 
[INFO] [stdout] error[E0433]: cannot find module or crate `arch` in this scope
[INFO] [stdout]    --> /opt/rustwide/cargo-home/registry/src/index.crates.io-1949cf8c6b5b557f/semihosting-0.1.25/src/sys/mod.rs:188:5
[INFO] [stdout]     |
[INFO] [stdout] 188 |     arch::write(fd, buf)
[INFO] [stdout]     |     ^^^^ use of unresolved module or unlinked crate `arch`
[INFO] [stdout]     |
[INFO] [stdout]     = help: if you wanted to use a crate named `arch`, use `cargo add arch` to add it to your `Cargo.toml`
[INFO] [stdout] 
[INFO] [stdout] 
[INFO] [stdout] Some errors have detailed explanations: E0432, E0433.
[INFO] [stdout] 
[INFO] [stdout] For more information about an error, try `rustc --explain E0432`.
[INFO] [stdout] 
[INFO] [stderr] error: could not compile `semihosting` (lib) due to 8 previous errors
[INFO] [stderr] warning: build failed, waiting for other jobs to finish...
[INFO] running `Command { std: "docker" "inspect" "997e283263fcc24b7031c9df2a68b3324bb9e98b9bc89caa6d317fea0981ecd4", kill_on_drop: false }`
[INFO] running `Command { std: "docker" "rm" "-f" "997e283263fcc24b7031c9df2a68b3324bb9e98b9bc89caa6d317fea0981ecd4", kill_on_drop: false }`
[INFO] [stdout] 997e283263fcc24b7031c9df2a68b3324bb9e98b9bc89caa6d317fea0981ecd4
