[INFO] cloning repository https://github.com/andersonmorillo/hermes-exe
[INFO] running `Command { std: "git" "-c" "credential.helper=" "-c" "credential.helper=/workspace/cargo-home/bin/git-credential-null" "clone" "--bare" "https://github.com/andersonmorillo/hermes-exe" "/workspace/cache/git-repos/https%3A%2F%2Fgithub.com%2Fandersonmorillo%2Fhermes-exe", kill_on_drop: false }`
[INFO] [stderr] Cloning into bare repository '/workspace/cache/git-repos/https%3A%2F%2Fgithub.com%2Fandersonmorillo%2Fhermes-exe'...
[INFO] running `Command { std: "git" "rev-parse" "HEAD", kill_on_drop: false }`
[INFO] [stdout] c822b4143c6d21ca56637e7d07200cf705969b5d
[INFO] checking andersonmorillo/hermes-exe against 3154cc1a3e6424e44f438a95007d043ed5ceaaf6+rustflags=-Znext-solver=coherence for pr-133502-30
[INFO] running `Command { std: "git" "clone" "/workspace/cache/git-repos/https%3A%2F%2Fgithub.com%2Fandersonmorillo%2Fhermes-exe" "/workspace/builds/worker-0-tc1/source", kill_on_drop: false }`
[INFO] [stderr] Cloning into '/workspace/builds/worker-0-tc1/source'...
[INFO] [stderr] done.
[INFO] started tweaking git repo https://github.com/andersonmorillo/hermes-exe
[INFO] finished tweaking git repo https://github.com/andersonmorillo/hermes-exe
[INFO] tweaked toml for git repo https://github.com/andersonmorillo/hermes-exe written to /workspace/builds/worker-0-tc1/source/Cargo.toml
[INFO] validating manifest of git repo https://github.com/andersonmorillo/hermes-exe on toolchain 3154cc1a3e6424e44f438a95007d043ed5ceaaf6
[INFO] running `Command { std: CARGO_HOME="/workspace/cargo-home" RUSTUP_HOME="/workspace/rustup-home" "/workspace/cargo-home/bin/cargo" "+3154cc1a3e6424e44f438a95007d043ed5ceaaf6" "metadata" "--manifest-path" "Cargo.toml" "--no-deps", kill_on_drop: false }`
[INFO] crate git repo https://github.com/andersonmorillo/hermes-exe already has a lockfile, it will not be regenerated
[INFO] running `Command { std: CARGO_HOME="/workspace/cargo-home" RUSTUP_HOME="/workspace/rustup-home" "/workspace/cargo-home/bin/cargo" "+3154cc1a3e6424e44f438a95007d043ed5ceaaf6" "fetch" "--manifest-path" "Cargo.toml", kill_on_drop: false }`
[INFO] running `Command { std: "docker" "create" "-v" "/var/lib/crater-agent-workspace/builds/worker-0-tc1/source:/opt/rustwide/workdir:ro,Z" "-v" "/var/lib/crater-agent-workspace/builds/worker-0-tc1/target:/opt/rustwide/target:rw,Z" "-v" "/var/lib/crater-agent-workspace/cargo-home:/opt/rustwide/cargo-home:ro,Z" "-v" "/var/lib/crater-agent-workspace/rustup-home:/opt/rustwide/rustup-home:ro,Z" "-m" "1610612736" "--network" "none" "ghcr.io/rust-lang/crates-build-env/linux@sha256:77db811e55d90add9212f6832c23229e3de5f1c1f9905e8cb07319ea15df73ac" "sleep" "infinity", kill_on_drop: false }`
[INFO] [stdout] 7ba920d5eb05edeaa91a0825df3d3f213443c8a748a63a70fb67eac6a618f267
[INFO] running `Command { std: "docker" "start" "7ba920d5eb05edeaa91a0825df3d3f213443c8a748a63a70fb67eac6a618f267", kill_on_drop: false }`
[INFO] running `Command { std: "docker" "inspect" "7ba920d5eb05edeaa91a0825df3d3f213443c8a748a63a70fb67eac6a618f267", kill_on_drop: false }`
[INFO] running `Command { std: "docker" "exec" "-e" "SOURCE_DIR=/opt/rustwide/workdir" "-e" "CARGO_HOME=/opt/rustwide/cargo-home" "-e" "RUSTUP_HOME=/opt/rustwide/rustup-home" "-e" "CARGO_TARGET_DIR=/opt/rustwide/target" "-w" "/opt/rustwide/workdir" "--user" "0:0" "7ba920d5eb05edeaa91a0825df3d3f213443c8a748a63a70fb67eac6a618f267" "/opt/rustwide/cargo-home/bin/cargo" "+3154cc1a3e6424e44f438a95007d043ed5ceaaf6" "metadata" "--no-deps" "--format-version=1", kill_on_drop: false }`
[INFO] running `Command { std: "docker" "inspect" "7ba920d5eb05edeaa91a0825df3d3f213443c8a748a63a70fb67eac6a618f267", kill_on_drop: false }`
[INFO] running `Command { std: "docker" "exec" "-e" "SOURCE_DIR=/opt/rustwide/workdir" "-e" "CARGO_HOME=/opt/rustwide/cargo-home" "-e" "RUSTUP_HOME=/opt/rustwide/rustup-home" "-e" "CARGO_TARGET_DIR=/opt/rustwide/target" "-e" "CARGO_INCREMENTAL=0" "-e" "RUST_BACKTRACE=full" "-e" "RUSTFLAGS=--cap-lints=forbid -Znext-solver=coherence" "-e" "RUSTDOCFLAGS=--cap-lints=forbid" "-w" "/opt/rustwide/workdir" "--user" "0:0" "7ba920d5eb05edeaa91a0825df3d3f213443c8a748a63a70fb67eac6a618f267" "/opt/rustwide/cargo-home/bin/cargo" "+3154cc1a3e6424e44f438a95007d043ed5ceaaf6" "check" "--frozen" "--all" "--all-targets" "--message-format=json", kill_on_drop: false }`
[INFO] [stderr]    Compiling serde v1.0.228
[INFO] [stderr]    Compiling smallvec v1.15.1
[INFO] [stderr]     Checking bitflags v2.11.0
[INFO] [stderr]     Checking futures-core v0.3.32
[INFO] [stderr]    Compiling gio v0.18.4
[INFO] [stderr]    Compiling syn v1.0.109
[INFO] [stderr]    Compiling x11 v2.21.0
[INFO] [stderr]    Compiling gtk v0.18.2
[INFO] [stderr]    Compiling syn v2.0.117
[INFO] [stderr]    Compiling proc-macro-error-attr v1.0.4
[INFO] [stderr]    Compiling field-offset v0.3.6
[INFO] [stderr]    Compiling libxdo-sys v0.11.0
[INFO] [stderr]    Compiling alsa-sys v0.3.1
[INFO] [stderr]     Checking windows-result v0.2.0
[INFO] [stderr]     Checking indexmap v2.13.0
[INFO] [stderr]     Checking dirs-sys v0.5.0
[INFO] [stderr]     Checking winnow v0.5.40
[INFO] [stderr]     Checking windows-strings v0.1.0
[INFO] [stderr]     Checking futures-channel v0.3.32
[INFO] [stderr]    Compiling cpal v0.15.3
[INFO] [stderr]     Checking time v0.3.47
[INFO] [stderr]     Checking dirs v6.0.0
[INFO] [stderr]     Checking png v0.17.16
[INFO] [stderr]     Checking dirs-sys v0.4.1
[INFO] [stderr]     Checking serde_json v1.0.151
[INFO] [stderr]    Compiling cfg-expr v0.15.8
[INFO] [stderr]     Checking hound v3.5.1
[INFO] [stderr]     Checking clipboard-win v5.4.1
[INFO] [stderr]     Checking directories v5.0.1
[INFO] [stderr]    Compiling proc-macro-error v1.0.4
[INFO] [stderr]     Checking alsa v0.9.1
[INFO] [stderr]     Checking rdev v0.5.3
[INFO] [stderr]     Checking libxdo v0.6.0
[INFO] [stderr]    Compiling toml_datetime v0.6.3
[INFO] [stderr]    Compiling serde_spanned v0.6.9
[INFO] [stderr]    Compiling toml_edit v0.20.2
[INFO] [stderr]    Compiling toml_edit v0.19.15
[INFO] [stderr]    Compiling proc-macro-crate v1.3.1
[INFO] [stderr]    Compiling toml v0.8.2
[INFO] [stderr]    Compiling proc-macro-crate v2.0.2
[INFO] [stderr]    Compiling system-deps v6.2.2
[INFO] [stderr]    Compiling futures-macro v0.3.32
[INFO] [stderr]    Compiling thiserror-impl v1.0.69
[INFO] [stderr]    Compiling glib-macros v0.18.5
[INFO] [stderr]    Compiling serde_derive v1.0.228
[INFO] [stderr]    Compiling gtk3-macros v0.18.2
[INFO] [stderr]    Compiling thiserror-impl v2.0.18
[INFO] [stderr]    Compiling tracing-attributes v0.1.31
[INFO] [stderr]    Compiling windows-interface v0.58.0
[INFO] [stderr]    Compiling windows-implement v0.58.0
[INFO] [stderr]    Compiling glib-sys v0.18.1
[INFO] [stderr]    Compiling gobject-sys v0.18.0
[INFO] [stderr]    Compiling gio-sys v0.18.1
[INFO] [stderr]    Compiling cairo-sys-rs v0.18.2
[INFO] [stderr]    Compiling atk-sys v0.18.2
[INFO] [stderr]    Compiling gdk-sys v0.18.2
[INFO] [stderr]    Compiling gdk-pixbuf-sys v0.18.0
[INFO] [stderr]    Compiling pango-sys v0.18.0
[INFO] [stderr]    Compiling gtk-sys v0.18.2
[INFO] [stderr]     Checking windows-core v0.58.0
[INFO] [stderr]     Checking futures-util v0.3.32
[INFO] [stderr]     Checking windows v0.58.0
[INFO] [stderr]     Checking thiserror v2.0.18
[INFO] [stderr]     Checking tracing v0.1.44
[INFO] [stderr]     Checking tracing-subscriber v0.3.23
[INFO] [stderr]     Checking thiserror v1.0.69
[INFO] [stderr]     Checking tracing-appender v0.2.4
[INFO] [stderr]     Checking keyboard-types v0.7.0
[INFO] [stderr]     Checking futures-executor v0.3.32
[INFO] [stderr]     Checking libappindicator-sys v0.9.0
[INFO] [stderr]     Checking glib v0.18.5
[INFO] [stderr]     Checking cairo-rs v0.18.5
[INFO] [stderr]     Checking atk v0.18.2
[INFO] [stderr]     Checking pango v0.18.3
[INFO] [stderr]     Checking gdk-pixbuf v0.18.5
[INFO] [stderr]     Checking gdk v0.18.2
[INFO] [stderr]     Checking libappindicator v0.9.0
[INFO] [stderr]     Checking muda v0.15.3
[INFO] [stderr]     Checking tray-icon v0.19.3
[INFO] [stderr]     Checking hermes v0.1.0 (/opt/rustwide/workdir)
[INFO] [stdout] error: Hermes currently supports Windows only.
[INFO] [stdout]  --> src/platform.rs:5:1
[INFO] [stdout]   |
[INFO] [stdout] 5 | compile_error!("Hermes currently supports Windows only.");
[INFO] [stdout]   | ^^^^^^^^^^^^^^^^^^^^^^^^^^^^^^^^^^^^^^^^^^^^^^^^^^^^^^^^^
[INFO] [stdout] 
[INFO] [stdout] 
[INFO] [stdout] error: Hermes currently supports Windows only.
[INFO] [stdout]  --> src/platform.rs:5:1
[INFO] [stdout]   |
[INFO] [stdout] 5 | compile_error!("Hermes currently supports Windows only.");
[INFO] [stdout]   | ^^^^^^^^^^^^^^^^^^^^^^^^^^^^^^^^^^^^^^^^^^^^^^^^^^^^^^^^^
[INFO] [stdout] 
[INFO] [stdout] 
[INFO] [stdout] error[E0433]: cannot find `Win32` in `windows`
[INFO] [stdout]  --> src/output/typing.rs:8:14
[INFO] [stdout]   |
[INFO] [stdout] 8 | use windows::Win32::UI::Input::KeyboardAndMouse::{
[INFO] [stdout]   |              ^^^^^ could not find `Win32` in `windows`
[INFO] [stdout] 
[INFO] [stdout] 
[INFO] [stdout] error[E0432]: unresolved imports `clipboard_win::formats`, `clipboard_win::set_clipboard`
[INFO] [stdout]  --> src/output/typing.rs:6:21
[INFO] [stdout]   |
[INFO] [stdout] 6 | use clipboard_win::{formats, set_clipboard};
[INFO] [stdout]   |                     ^^^^^^^  ^^^^^^^^^^^^^ no `set_clipboard` in the root
[INFO] [stdout]   |                     |
[INFO] [stdout]   |                     no `formats` in the root
[INFO] [stdout] 
[INFO] [stdout] 
[INFO] [stdout] error[E0433]: cannot find `Win32` in `windows`
[INFO] [stdout]  --> src/output/typing.rs:8:14
[INFO] [stdout]   |
[INFO] [stdout] 8 | use windows::Win32::UI::Input::KeyboardAndMouse::{
[INFO] [stdout]   |              ^^^^^ could not find `Win32` in `windows`
[INFO] [stdout] 
[INFO] [stdout] 
[INFO] [stdout] error[E0432]: unresolved imports `clipboard_win::formats`, `clipboard_win::set_clipboard`
[INFO] [stdout]  --> src/output/typing.rs:6:21
[INFO] [stdout]   |
[INFO] [stdout] 6 | use clipboard_win::{formats, set_clipboard};
[INFO] [stdout]   |                     ^^^^^^^  ^^^^^^^^^^^^^ no `set_clipboard` in the root
[INFO] [stdout]   |                     |
[INFO] [stdout]   |                     no `formats` in the root
[INFO] [stdout] 
[INFO] [stdout] 
[INFO] [stdout] Some errors have detailed explanations: E0432, E0433.
[INFO] [stdout] 
[INFO] [stdout] For more information about an error, try `rustc --explain E0432`.
[INFO] [stdout] 
[INFO] [stderr] error: could not compile `hermes` (bin "hermes") due to 3 previous errors
[INFO] [stderr] warning: build failed, waiting for other jobs to finish...
[INFO] [stdout] Some errors have detailed explanations: E0432, E0433.
[INFO] [stdout] 
[INFO] [stdout] For more information about an error, try `rustc --explain E0432`.
[INFO] [stdout] 
[INFO] [stderr] error: could not compile `hermes` (bin "hermes" test) due to 3 previous errors
[INFO] [stderr] warning: unused dependency `tray-icon`
[INFO] [stderr]   --> Cargo.toml:13:1
[INFO] [stderr]    |
[INFO] [stderr] 13 | tray-icon = "0.19"
[INFO] [stderr]    | ^^^^^^^^^^^^^^^^^^
[INFO] [stderr]    |
[INFO] [stderr]    = note: `cargo::unused_dependencies` is set to `warn` by default
[INFO] [stderr] help: consider removing the dependency on `tray-icon`
[INFO] [stderr] warning: `hermes` (manifest) generated 1 warning
[INFO] running `Command { std: "docker" "inspect" "7ba920d5eb05edeaa91a0825df3d3f213443c8a748a63a70fb67eac6a618f267", kill_on_drop: false }`
[INFO] running `Command { std: "docker" "rm" "-f" "7ba920d5eb05edeaa91a0825df3d3f213443c8a748a63a70fb67eac6a618f267", kill_on_drop: false }`
[INFO] [stdout] 7ba920d5eb05edeaa91a0825df3d3f213443c8a748a63a70fb67eac6a618f267
