[INFO] cloning repository https://github.com/anartha-corp/typst-agent
[INFO] running `Command { std: "git" "-c" "credential.helper=" "-c" "credential.helper=/workspace/cargo-home/bin/git-credential-null" "clone" "--bare" "https://github.com/anartha-corp/typst-agent" "/workspace/cache/git-repos/https%3A%2F%2Fgithub.com%2Fanartha-corp%2Ftypst-agent", kill_on_drop: false }`
[INFO] [stderr] Cloning into bare repository '/workspace/cache/git-repos/https%3A%2F%2Fgithub.com%2Fanartha-corp%2Ftypst-agent'...
[INFO] running `Command { std: "git" "rev-parse" "HEAD", kill_on_drop: false }`
[INFO] [stdout] 8e25c506e0caf9e2e011c1445dfc3a65a0a10aa5
[INFO] checking anartha-corp/typst-agent against 3154cc1a3e6424e44f438a95007d043ed5ceaaf6 for pr-133502-30
[INFO] running `Command { std: "git" "clone" "/workspace/cache/git-repos/https%3A%2F%2Fgithub.com%2Fanartha-corp%2Ftypst-agent" "/workspace/builds/worker-3-tc2/source", kill_on_drop: false }`
[INFO] [stderr] Cloning into '/workspace/builds/worker-3-tc2/source'...
[INFO] [stderr] done.
[INFO] removed /workspace/builds/worker-3-tc2/source/.cargo/config.toml
[INFO] started tweaking git repo https://github.com/anartha-corp/typst-agent
[INFO] finished tweaking git repo https://github.com/anartha-corp/typst-agent
[INFO] tweaked toml for git repo https://github.com/anartha-corp/typst-agent written to /workspace/builds/worker-3-tc2/source/Cargo.toml
[INFO] validating manifest of git repo https://github.com/anartha-corp/typst-agent on toolchain 3154cc1a3e6424e44f438a95007d043ed5ceaaf6
[INFO] running `Command { std: CARGO_HOME="/workspace/cargo-home" RUSTUP_HOME="/workspace/rustup-home" "/workspace/cargo-home/bin/cargo" "+3154cc1a3e6424e44f438a95007d043ed5ceaaf6" "metadata" "--manifest-path" "Cargo.toml" "--no-deps", kill_on_drop: false }`
[INFO] crate git repo https://github.com/anartha-corp/typst-agent already has a lockfile, it will not be regenerated
[INFO] running `Command { std: CARGO_HOME="/workspace/cargo-home" RUSTUP_HOME="/workspace/rustup-home" "/workspace/cargo-home/bin/cargo" "+3154cc1a3e6424e44f438a95007d043ed5ceaaf6" "fetch" "--manifest-path" "Cargo.toml", kill_on_drop: false }`
[INFO] [stderr] warning: unused workspace dependency `ctrlc`
[INFO] [stderr]   --> Cargo.toml:32:1
[INFO] [stderr]    |
[INFO] [stderr] 32 | ctrlc = "3.4.1"
[INFO] [stderr]    | ^^^^^
[INFO] [stderr]    |
[INFO] [stderr]    = note: `cargo::unused_workspace_dependencies` is set to `warn` by default
[INFO] [stderr] help: consider removing the workspace dependency `ctrlc`
[INFO] [stderr] warning: unused workspace dependency `typst-cli`
[INFO] [stderr]    --> Cargo.toml:258:25
[INFO] [stderr]     |
[INFO] [stderr] 258 | [workspace.dependencies.typst-cli]
[INFO] [stderr]     |                         ^^^^^^^^^
[INFO] [stderr]     |
[INFO] [stderr] help: consider removing the workspace dependency `typst-cli`
[INFO] [stderr] warning: unused workspace dependency `typst-ide`
[INFO] [stderr]    --> Cargo.toml:274:25
[INFO] [stderr]     |
[INFO] [stderr] 274 | [workspace.dependencies.typst-ide]
[INFO] [stderr]     |                         ^^^^^^^^^
[INFO] [stderr]     |
[INFO] [stderr] help: consider removing the workspace dependency `typst-ide`
[INFO] [stderr] warning: workspace (manifest) generated 3 warnings
[INFO] [stderr] warning: `package.homepage` is redundant with `package.repository`
[INFO] [stderr]  --> crates/typst-pdf/Cargo.toml:8:12
[INFO] [stderr]   |
[INFO] [stderr] 8 | homepage = { workspace = true }
[INFO] [stderr]   |            ^^^^^^^^^^^^^^^^^^^^
[INFO] [stderr] 9 | repository = { workspace = true }
[INFO] [stderr]   |              --------------------
[INFO] [stderr]   |
[INFO] [stderr]   = note: `cargo::redundant_homepage` is set to `warn` by default
[INFO] [stderr] help: consider removing `package.homepage`
[INFO] [stderr] warning: `typst-pdf` (manifest) generated 1 warning
[INFO] [stderr] warning: `package.homepage` is redundant with `package.repository`
[INFO] [stderr]   --> crates/typst-cli/Cargo.toml:10:12
[INFO] [stderr]    |
[INFO] [stderr] 10 | homepage = { workspace = true }
[INFO] [stderr]    |            ^^^^^^^^^^^^^^^^^^^^
[INFO] [stderr] 11 | repository = { workspace = true }
[INFO] [stderr]    |              --------------------
[INFO] [stderr]    |
[INFO] [stderr]    = note: `cargo::redundant_homepage` is set to `warn` by default
[INFO] [stderr] help: consider removing `package.homepage`
[INFO] [stderr] warning: `typst-cli` (manifest) generated 1 warning
[INFO] [stderr] warning: `package.homepage` is redundant with `package.repository`
[INFO] [stderr]  --> crates/typst-kit/Cargo.toml:8:12
[INFO] [stderr]   |
[INFO] [stderr] 8 | homepage = { workspace = true }
[INFO] [stderr]   |            ^^^^^^^^^^^^^^^^^^^^
[INFO] [stderr] 9 | repository = { workspace = true }
[INFO] [stderr]   |              --------------------
[INFO] [stderr]   |
[INFO] [stderr]   = note: `cargo::redundant_homepage` is set to `warn` by default
[INFO] [stderr] help: consider removing `package.homepage`
[INFO] [stderr] warning: `typst-kit` (manifest) generated 1 warning
[INFO] [stderr] warning: `package.homepage` is redundant with `package.repository`
[INFO] [stderr]  --> crates/typst-timing/Cargo.toml:8:12
[INFO] [stderr]   |
[INFO] [stderr] 8 | homepage = { workspace = true }
[INFO] [stderr]   |            ^^^^^^^^^^^^^^^^^^^^
[INFO] [stderr] 9 | repository = { workspace = true }
[INFO] [stderr]   |              --------------------
[INFO] [stderr]   |
[INFO] [stderr]   = note: `cargo::redundant_homepage` is set to `warn` by default
[INFO] [stderr] help: consider removing `package.homepage`
[INFO] [stderr] warning: `typst-timing` (manifest) generated 1 warning
[INFO] [stderr] warning: `package.homepage` is redundant with `package.repository`
[INFO] [stderr]  --> crates/typst-eval/Cargo.toml:8:12
[INFO] [stderr]   |
[INFO] [stderr] 8 | homepage = { workspace = true }
[INFO] [stderr]   |            ^^^^^^^^^^^^^^^^^^^^
[INFO] [stderr] 9 | repository = { workspace = true }
[INFO] [stderr]   |              --------------------
[INFO] [stderr]   |
[INFO] [stderr]   = note: `cargo::redundant_homepage` is set to `warn` by default
[INFO] [stderr] help: consider removing `package.homepage`
[INFO] [stderr] warning: `typst-eval` (manifest) generated 1 warning
[INFO] [stderr] warning: `package.homepage` is redundant with `package.repository`
[INFO] [stderr]  --> crates/typst-html/Cargo.toml:8:12
[INFO] [stderr]   |
[INFO] [stderr] 8 | homepage = { workspace = true }
[INFO] [stderr]   |            ^^^^^^^^^^^^^^^^^^^^
[INFO] [stderr] 9 | repository = { workspace = true }
[INFO] [stderr]   |              --------------------
[INFO] [stderr]   |
[INFO] [stderr]   = note: `cargo::redundant_homepage` is set to `warn` by default
[INFO] [stderr] help: consider removing `package.homepage`
[INFO] [stderr] warning: `typst-html` (manifest) generated 1 warning
[INFO] [stderr] warning: `package.homepage` is redundant with `package.repository`
[INFO] [stderr]  --> crates/typst-library/Cargo.toml:8:12
[INFO] [stderr]   |
[INFO] [stderr] 8 | homepage = { workspace = true }
[INFO] [stderr]   |            ^^^^^^^^^^^^^^^^^^^^
[INFO] [stderr] 9 | repository = { workspace = true }
[INFO] [stderr]   |              --------------------
[INFO] [stderr]   |
[INFO] [stderr]   = note: `cargo::redundant_homepage` is set to `warn` by default
[INFO] [stderr] help: consider removing `package.homepage`
[INFO] [stderr] warning: `typst-library` (manifest) generated 1 warning
[INFO] [stderr] warning: `package.homepage` is redundant with `package.repository`
[INFO] [stderr]   --> crates/typst-agent-dev/Cargo.toml:9:12
[INFO] [stderr]    |
[INFO] [stderr]  9 | homepage = "https://github.com/anartha-corp/typst-agent"
[INFO] [stderr]    |            ^^^^^^^^^^^^^^^^^^^^^^^^^^^^^^^^^^^^^^^^^^^^^
[INFO] [stderr] 10 | repository = "https://github.com/anartha-corp/typst-agent"
[INFO] [stderr]    |              ---------------------------------------------
[INFO] [stderr]    |
[INFO] [stderr]    = note: `cargo::redundant_homepage` is set to `warn` by default
[INFO] [stderr] help: consider removing `package.homepage`
[INFO] [stderr] warning: `typst-agent-dev` (manifest) generated 1 warning
[INFO] [stderr] warning: `package.homepage` is redundant with `package.repository`
[INFO] [stderr]  --> crates/typst-layout/Cargo.toml:8:12
[INFO] [stderr]   |
[INFO] [stderr] 8 | homepage = { workspace = true }
[INFO] [stderr]   |            ^^^^^^^^^^^^^^^^^^^^
[INFO] [stderr] 9 | repository = { workspace = true }
[INFO] [stderr]   |              --------------------
[INFO] [stderr]   |
[INFO] [stderr]   = note: `cargo::redundant_homepage` is set to `warn` by default
[INFO] [stderr] help: consider removing `package.homepage`
[INFO] [stderr] warning: `typst-layout` (manifest) generated 1 warning
[INFO] [stderr] warning: `package.homepage` is redundant with `package.repository`
[INFO] [stderr]  --> crates/typst-bundle/Cargo.toml:8:12
[INFO] [stderr]   |
[INFO] [stderr] 8 | homepage = { workspace = true }
[INFO] [stderr]   |            ^^^^^^^^^^^^^^^^^^^^
[INFO] [stderr] 9 | repository = { workspace = true }
[INFO] [stderr]   |              --------------------
[INFO] [stderr]   |
[INFO] [stderr]   = note: `cargo::redundant_homepage` is set to `warn` by default
[INFO] [stderr] help: consider removing `package.homepage`
[INFO] [stderr] warning: `typst-bundle` (manifest) generated 1 warning
[INFO] [stderr] warning: `package.homepage` is redundant with `package.repository`
[INFO] [stderr]  --> crates/typst-render/Cargo.toml:8:12
[INFO] [stderr]   |
[INFO] [stderr] 8 | homepage = { workspace = true }
[INFO] [stderr]   |            ^^^^^^^^^^^^^^^^^^^^
[INFO] [stderr] 9 | repository = { workspace = true }
[INFO] [stderr]   |              --------------------
[INFO] [stderr]   |
[INFO] [stderr]   = note: `cargo::redundant_homepage` is set to `warn` by default
[INFO] [stderr] help: consider removing `package.homepage`
[INFO] [stderr] warning: `typst-render` (manifest) generated 1 warning
[INFO] [stderr] warning: `package.homepage` is redundant with `package.repository`
[INFO] [stderr]   --> crates/typst/Cargo.toml:10:12
[INFO] [stderr]    |
[INFO] [stderr] 10 | homepage = { workspace = true }
[INFO] [stderr]    |            ^^^^^^^^^^^^^^^^^^^^
[INFO] [stderr] 11 | repository = { workspace = true }
[INFO] [stderr]    |              --------------------
[INFO] [stderr]    |
[INFO] [stderr]    = note: `cargo::redundant_homepage` is set to `warn` by default
[INFO] [stderr] help: consider removing `package.homepage`
[INFO] [stderr] warning: `typst` (manifest) generated 1 warning
[INFO] [stderr] warning: `package.homepage` is redundant with `package.repository`
[INFO] [stderr]  --> crates/typst-svg/Cargo.toml:8:12
[INFO] [stderr]   |
[INFO] [stderr] 8 | homepage = { workspace = true }
[INFO] [stderr]   |            ^^^^^^^^^^^^^^^^^^^^
[INFO] [stderr] 9 | repository = { workspace = true }
[INFO] [stderr]   |              --------------------
[INFO] [stderr]   |
[INFO] [stderr]   = note: `cargo::redundant_homepage` is set to `warn` by default
[INFO] [stderr] help: consider removing `package.homepage`
[INFO] [stderr] warning: `typst-svg` (manifest) generated 1 warning
[INFO] [stderr] warning: `package.homepage` is redundant with `package.repository`
[INFO] [stderr]  --> crates/typst-macros/Cargo.toml:8:12
[INFO] [stderr]   |
[INFO] [stderr] 8 | homepage = { workspace = true }
[INFO] [stderr]   |            ^^^^^^^^^^^^^^^^^^^^
[INFO] [stderr] 9 | repository = { workspace = true }
[INFO] [stderr]   |              --------------------
[INFO] [stderr]   |
[INFO] [stderr]   = note: `cargo::redundant_homepage` is set to `warn` by default
[INFO] [stderr] help: consider removing `package.homepage`
[INFO] [stderr] warning: `typst-macros` (manifest) generated 1 warning
[INFO] [stderr] warning: `package.homepage` is redundant with `package.repository`
[INFO] [stderr]  --> crates/typst-utils/Cargo.toml:8:12
[INFO] [stderr]   |
[INFO] [stderr] 8 | homepage = { workspace = true }
[INFO] [stderr]   |            ^^^^^^^^^^^^^^^^^^^^
[INFO] [stderr] 9 | repository = { workspace = true }
[INFO] [stderr]   |              --------------------
[INFO] [stderr]   |
[INFO] [stderr]   = note: `cargo::redundant_homepage` is set to `warn` by default
[INFO] [stderr] help: consider removing `package.homepage`
[INFO] [stderr] warning: `typst-utils` (manifest) generated 1 warning
[INFO] [stderr] warning: `package.homepage` is redundant with `package.repository`
[INFO] [stderr]  --> crates/typst-ide/Cargo.toml:8:12
[INFO] [stderr]   |
[INFO] [stderr] 8 | homepage = { workspace = true }
[INFO] [stderr]   |            ^^^^^^^^^^^^^^^^^^^^
[INFO] [stderr] 9 | repository = { workspace = true }
[INFO] [stderr]   |              --------------------
[INFO] [stderr]   |
[INFO] [stderr]   = note: `cargo::redundant_homepage` is set to `warn` by default
[INFO] [stderr] help: consider removing `package.homepage`
[INFO] [stderr] warning: `typst-ide` (manifest) generated 1 warning
[INFO] [stderr] warning: `package.homepage` is redundant with `package.repository`
[INFO] [stderr]  --> crates/typst-realize/Cargo.toml:8:12
[INFO] [stderr]   |
[INFO] [stderr] 8 | homepage = { workspace = true }
[INFO] [stderr]   |            ^^^^^^^^^^^^^^^^^^^^
[INFO] [stderr] 9 | repository = { workspace = true }
[INFO] [stderr]   |              --------------------
[INFO] [stderr]   |
[INFO] [stderr]   = note: `cargo::redundant_homepage` is set to `warn` by default
[INFO] [stderr] help: consider removing `package.homepage`
[INFO] [stderr] warning: `typst-realize` (manifest) generated 1 warning
[INFO] [stderr] warning: `package.homepage` is redundant with `package.repository`
[INFO] [stderr]  --> crates/typst-syntax/Cargo.toml:8:12
[INFO] [stderr]   |
[INFO] [stderr] 8 | homepage = { workspace = true }
[INFO] [stderr]   |            ^^^^^^^^^^^^^^^^^^^^
[INFO] [stderr] 9 | repository = { workspace = true }
[INFO] [stderr]   |              --------------------
[INFO] [stderr]   |
[INFO] [stderr]   = note: `cargo::redundant_homepage` is set to `warn` by default
[INFO] [stderr] help: consider removing `package.homepage`
[INFO] [stderr] warning: `typst-syntax` (manifest) generated 1 warning
[INFO] running `Command { std: "docker" "create" "-v" "/var/lib/crater-agent-workspace/builds/worker-3-tc2/source:/opt/rustwide/workdir:ro,Z" "-v" "/var/lib/crater-agent-workspace/builds/worker-3-tc2/target:/opt/rustwide/target:rw,Z" "-v" "/var/lib/crater-agent-workspace/cargo-home:/opt/rustwide/cargo-home:ro,Z" "-v" "/var/lib/crater-agent-workspace/rustup-home:/opt/rustwide/rustup-home:ro,Z" "-m" "1610612736" "--network" "none" "ghcr.io/rust-lang/crates-build-env/linux@sha256:77db811e55d90add9212f6832c23229e3de5f1c1f9905e8cb07319ea15df73ac" "sleep" "infinity", kill_on_drop: false }`
[INFO] [stdout] 091ebcf009f467b322f23cc10863cb2d39ff5cf037460e9c9851536af4778a9b
[INFO] running `Command { std: "docker" "start" "091ebcf009f467b322f23cc10863cb2d39ff5cf037460e9c9851536af4778a9b", kill_on_drop: false }`
[INFO] running `Command { std: "docker" "inspect" "091ebcf009f467b322f23cc10863cb2d39ff5cf037460e9c9851536af4778a9b", kill_on_drop: false }`
[INFO] running `Command { std: "docker" "exec" "-e" "SOURCE_DIR=/opt/rustwide/workdir" "-e" "CARGO_HOME=/opt/rustwide/cargo-home" "-e" "RUSTUP_HOME=/opt/rustwide/rustup-home" "-e" "CARGO_TARGET_DIR=/opt/rustwide/target" "-w" "/opt/rustwide/workdir" "--user" "0:0" "091ebcf009f467b322f23cc10863cb2d39ff5cf037460e9c9851536af4778a9b" "/opt/rustwide/cargo-home/bin/cargo" "+3154cc1a3e6424e44f438a95007d043ed5ceaaf6" "metadata" "--no-deps" "--format-version=1", kill_on_drop: false }`
[INFO] running `Command { std: "docker" "inspect" "091ebcf009f467b322f23cc10863cb2d39ff5cf037460e9c9851536af4778a9b", kill_on_drop: false }`
[INFO] running `Command { std: "docker" "exec" "-e" "SOURCE_DIR=/opt/rustwide/workdir" "-e" "CARGO_HOME=/opt/rustwide/cargo-home" "-e" "RUSTUP_HOME=/opt/rustwide/rustup-home" "-e" "CARGO_TARGET_DIR=/opt/rustwide/target" "-e" "CARGO_INCREMENTAL=0" "-e" "RUST_BACKTRACE=full" "-e" "RUSTFLAGS=--cap-lints=forbid" "-e" "RUSTDOCFLAGS=--cap-lints=forbid" "-w" "/opt/rustwide/workdir" "--user" "0:0" "091ebcf009f467b322f23cc10863cb2d39ff5cf037460e9c9851536af4778a9b" "/opt/rustwide/cargo-home/bin/cargo" "+3154cc1a3e6424e44f438a95007d043ed5ceaaf6" "check" "--frozen" "--all" "--all-targets" "--message-format=json", kill_on_drop: false }`
[INFO] [stderr] warning: unused workspace dependency `ctrlc`
[INFO] [stderr]   --> Cargo.toml:32:1
[INFO] [stderr]    |
[INFO] [stderr] 32 | ctrlc = "3.4.1"
[INFO] [stderr]    | ^^^^^
[INFO] [stderr]    |
[INFO] [stderr]    = note: `cargo::unused_workspace_dependencies` is set to `warn` by default
[INFO] [stderr] help: consider removing the workspace dependency `ctrlc`
[INFO] [stderr] warning: unused workspace dependency `typst-cli`
[INFO] [stderr]    --> Cargo.toml:258:25
[INFO] [stderr]     |
[INFO] [stderr] 258 | [workspace.dependencies.typst-cli]
[INFO] [stderr]     |                         ^^^^^^^^^
[INFO] [stderr]     |
[INFO] [stderr] help: consider removing the workspace dependency `typst-cli`
[INFO] [stderr] warning: unused workspace dependency `typst-ide`
[INFO] [stderr]    --> Cargo.toml:274:25
[INFO] [stderr]     |
[INFO] [stderr] 274 | [workspace.dependencies.typst-ide]
[INFO] [stderr]     |                         ^^^^^^^^^
[INFO] [stderr]     |
[INFO] [stderr] help: consider removing the workspace dependency `typst-ide`
[INFO] [stderr] warning: workspace (manifest) generated 3 warnings
[INFO] [stderr] warning: `package.homepage` is redundant with `package.repository`
[INFO] [stderr]  --> crates/typst-utils/Cargo.toml:8:12
[INFO] [stderr]   |
[INFO] [stderr] 8 | homepage = { workspace = true }
[INFO] [stderr]   |            ^^^^^^^^^^^^^^^^^^^^
[INFO] [stderr] 9 | repository = { workspace = true }
[INFO] [stderr]   |              --------------------
[INFO] [stderr]   |
[INFO] [stderr]   = note: `cargo::redundant_homepage` is set to `warn` by default
[INFO] [stderr] help: consider removing `package.homepage`
[INFO] [stderr] warning: `typst-utils` (manifest) generated 1 warning
[INFO] [stderr] warning: `package.homepage` is redundant with `package.repository`
[INFO] [stderr]  --> crates/typst-ide/Cargo.toml:8:12
[INFO] [stderr]   |
[INFO] [stderr] 8 | homepage = { workspace = true }
[INFO] [stderr]   |            ^^^^^^^^^^^^^^^^^^^^
[INFO] [stderr] 9 | repository = { workspace = true }
[INFO] [stderr]   |              --------------------
[INFO] [stderr]   |
[INFO] [stderr]   = note: `cargo::redundant_homepage` is set to `warn` by default
[INFO] [stderr] help: consider removing `package.homepage`
[INFO] [stderr] warning: `typst-ide` (manifest) generated 1 warning
[INFO] [stderr] warning: `package.homepage` is redundant with `package.repository`
[INFO] [stderr]  --> crates/typst-realize/Cargo.toml:8:12
[INFO] [stderr]   |
[INFO] [stderr] 8 | homepage = { workspace = true }
[INFO] [stderr]   |            ^^^^^^^^^^^^^^^^^^^^
[INFO] [stderr] 9 | repository = { workspace = true }
[INFO] [stderr]   |              --------------------
[INFO] [stderr]   |
[INFO] [stderr]   = note: `cargo::redundant_homepage` is set to `warn` by default
[INFO] [stderr] help: consider removing `package.homepage`
[INFO] [stderr] warning: `typst-realize` (manifest) generated 1 warning
[INFO] [stderr] warning: `package.homepage` is redundant with `package.repository`
[INFO] [stderr]  --> crates/typst-syntax/Cargo.toml:8:12
[INFO] [stderr]   |
[INFO] [stderr] 8 | homepage = { workspace = true }
[INFO] [stderr]   |            ^^^^^^^^^^^^^^^^^^^^
[INFO] [stderr] 9 | repository = { workspace = true }
[INFO] [stderr]   |              --------------------
[INFO] [stderr]   |
[INFO] [stderr]   = note: `cargo::redundant_homepage` is set to `warn` by default
[INFO] [stderr] help: consider removing `package.homepage`
[INFO] [stderr] warning: `typst-syntax` (manifest) generated 1 warning
[INFO] [stderr] warning: `package.homepage` is redundant with `package.repository`
[INFO] [stderr]  --> crates/typst-pdf/Cargo.toml:8:12
[INFO] [stderr]   |
[INFO] [stderr] 8 | homepage = { workspace = true }
[INFO] [stderr]   |            ^^^^^^^^^^^^^^^^^^^^
[INFO] [stderr] 9 | repository = { workspace = true }
[INFO] [stderr]   |              --------------------
[INFO] [stderr]   |
[INFO] [stderr]   = note: `cargo::redundant_homepage` is set to `warn` by default
[INFO] [stderr] help: consider removing `package.homepage`
[INFO] [stderr] warning: `typst-pdf` (manifest) generated 1 warning
[INFO] [stderr] warning: `package.homepage` is redundant with `package.repository`
[INFO] [stderr]   --> crates/typst-cli/Cargo.toml:10:12
[INFO] [stderr]    |
[INFO] [stderr] 10 | homepage = { workspace = true }
[INFO] [stderr]    |            ^^^^^^^^^^^^^^^^^^^^
[INFO] [stderr] 11 | repository = { workspace = true }
[INFO] [stderr]    |              --------------------
[INFO] [stderr]    |
[INFO] [stderr]    = note: `cargo::redundant_homepage` is set to `warn` by default
[INFO] [stderr] help: consider removing `package.homepage`
[INFO] [stderr] warning: `typst-cli` (manifest) generated 1 warning
[INFO] [stderr] warning: `package.homepage` is redundant with `package.repository`
[INFO] [stderr]  --> crates/typst-kit/Cargo.toml:8:12
[INFO] [stderr]   |
[INFO] [stderr] 8 | homepage = { workspace = true }
[INFO] [stderr]   |            ^^^^^^^^^^^^^^^^^^^^
[INFO] [stderr] 9 | repository = { workspace = true }
[INFO] [stderr]   |              --------------------
[INFO] [stderr]   |
[INFO] [stderr]   = note: `cargo::redundant_homepage` is set to `warn` by default
[INFO] [stderr] help: consider removing `package.homepage`
[INFO] [stderr] warning: `typst-kit` (manifest) generated 1 warning
[INFO] [stderr] warning: `package.homepage` is redundant with `package.repository`
[INFO] [stderr]  --> crates/typst-timing/Cargo.toml:8:12
[INFO] [stderr]   |
[INFO] [stderr] 8 | homepage = { workspace = true }
[INFO] [stderr]   |            ^^^^^^^^^^^^^^^^^^^^
[INFO] [stderr] 9 | repository = { workspace = true }
[INFO] [stderr]   |              --------------------
[INFO] [stderr]   |
[INFO] [stderr]   = note: `cargo::redundant_homepage` is set to `warn` by default
[INFO] [stderr] help: consider removing `package.homepage`
[INFO] [stderr] warning: `typst-timing` (manifest) generated 1 warning
[INFO] [stderr] warning: `package.homepage` is redundant with `package.repository`
[INFO] [stderr]  --> crates/typst-html/Cargo.toml:8:12
[INFO] [stderr]   |
[INFO] [stderr] 8 | homepage = { workspace = true }
[INFO] [stderr]   |            ^^^^^^^^^^^^^^^^^^^^
[INFO] [stderr] 9 | repository = { workspace = true }
[INFO] [stderr]   |              --------------------
[INFO] [stderr]   |
[INFO] [stderr]   = note: `cargo::redundant_homepage` is set to `warn` by default
[INFO] [stderr] help: consider removing `package.homepage`
[INFO] [stderr] warning: `typst-html` (manifest) generated 1 warning
[INFO] [stderr] warning: `package.homepage` is redundant with `package.repository`
[INFO] [stderr]  --> crates/typst-eval/Cargo.toml:8:12
[INFO] [stderr]   |
[INFO] [stderr] 8 | homepage = { workspace = true }
[INFO] [stderr]   |            ^^^^^^^^^^^^^^^^^^^^
[INFO] [stderr] 9 | repository = { workspace = true }
[INFO] [stderr]   |              --------------------
[INFO] [stderr]   |
[INFO] [stderr]   = note: `cargo::redundant_homepage` is set to `warn` by default
[INFO] [stderr] help: consider removing `package.homepage`
[INFO] [stderr] warning: `typst-eval` (manifest) generated 1 warning
[INFO] [stderr] warning: `package.homepage` is redundant with `package.repository`
[INFO] [stderr]  --> crates/typst-library/Cargo.toml:8:12
[INFO] [stderr]   |
[INFO] [stderr] 8 | homepage = { workspace = true }
[INFO] [stderr]   |            ^^^^^^^^^^^^^^^^^^^^
[INFO] [stderr] 9 | repository = { workspace = true }
[INFO] [stderr]   |              --------------------
[INFO] [stderr]   |
[INFO] [stderr]   = note: `cargo::redundant_homepage` is set to `warn` by default
[INFO] [stderr] help: consider removing `package.homepage`
[INFO] [stderr] warning: `typst-library` (manifest) generated 1 warning
[INFO] [stderr] warning: `package.homepage` is redundant with `package.repository`
[INFO] [stderr]   --> crates/typst-agent-dev/Cargo.toml:9:12
[INFO] [stderr]    |
[INFO] [stderr]  9 | homepage = "https://github.com/anartha-corp/typst-agent"
[INFO] [stderr]    |            ^^^^^^^^^^^^^^^^^^^^^^^^^^^^^^^^^^^^^^^^^^^^^
[INFO] [stderr] 10 | repository = "https://github.com/anartha-corp/typst-agent"
[INFO] [stderr]    |              ---------------------------------------------
[INFO] [stderr]    |
[INFO] [stderr]    = note: `cargo::redundant_homepage` is set to `warn` by default
[INFO] [stderr] help: consider removing `package.homepage`
[INFO] [stderr] warning: `typst-agent-dev` (manifest) generated 1 warning
[INFO] [stderr] warning: `package.homepage` is redundant with `package.repository`
[INFO] [stderr]  --> crates/typst-layout/Cargo.toml:8:12
[INFO] [stderr]   |
[INFO] [stderr] 8 | homepage = { workspace = true }
[INFO] [stderr]   |            ^^^^^^^^^^^^^^^^^^^^
[INFO] [stderr] 9 | repository = { workspace = true }
[INFO] [stderr]   |              --------------------
[INFO] [stderr]   |
[INFO] [stderr]   = note: `cargo::redundant_homepage` is set to `warn` by default
[INFO] [stderr] help: consider removing `package.homepage`
[INFO] [stderr] warning: `typst-layout` (manifest) generated 1 warning
[INFO] [stderr] warning: `package.homepage` is redundant with `package.repository`
[INFO] [stderr]  --> crates/typst-bundle/Cargo.toml:8:12
[INFO] [stderr]   |
[INFO] [stderr] 8 | homepage = { workspace = true }
[INFO] [stderr]   |            ^^^^^^^^^^^^^^^^^^^^
[INFO] [stderr] 9 | repository = { workspace = true }
[INFO] [stderr]   |              --------------------
[INFO] [stderr]   |
[INFO] [stderr]   = note: `cargo::redundant_homepage` is set to `warn` by default
[INFO] [stderr] help: consider removing `package.homepage`
[INFO] [stderr] warning: `typst-bundle` (manifest) generated 1 warning
[INFO] [stderr] warning: `package.homepage` is redundant with `package.repository`
[INFO] [stderr]  --> crates/typst-render/Cargo.toml:8:12
[INFO] [stderr]   |
[INFO] [stderr] 8 | homepage = { workspace = true }
[INFO] [stderr]   |            ^^^^^^^^^^^^^^^^^^^^
[INFO] [stderr] 9 | repository = { workspace = true }
[INFO] [stderr]   |              --------------------
[INFO] [stderr]   |
[INFO] [stderr]   = note: `cargo::redundant_homepage` is set to `warn` by default
[INFO] [stderr] help: consider removing `package.homepage`
[INFO] [stderr] warning: `typst-render` (manifest) generated 1 warning
[INFO] [stderr] warning: `package.homepage` is redundant with `package.repository`
[INFO] [stderr]   --> crates/typst/Cargo.toml:10:12
[INFO] [stderr]    |
[INFO] [stderr] 10 | homepage = { workspace = true }
[INFO] [stderr]    |            ^^^^^^^^^^^^^^^^^^^^
[INFO] [stderr] 11 | repository = { workspace = true }
[INFO] [stderr]    |              --------------------
[INFO] [stderr]    |
[INFO] [stderr]    = note: `cargo::redundant_homepage` is set to `warn` by default
[INFO] [stderr] help: consider removing `package.homepage`
[INFO] [stderr] warning: `typst` (manifest) generated 1 warning
[INFO] [stderr] warning: `package.homepage` is redundant with `package.repository`
[INFO] [stderr]  --> crates/typst-svg/Cargo.toml:8:12
[INFO] [stderr]   |
[INFO] [stderr] 8 | homepage = { workspace = true }
[INFO] [stderr]   |            ^^^^^^^^^^^^^^^^^^^^
[INFO] [stderr] 9 | repository = { workspace = true }
[INFO] [stderr]   |              --------------------
[INFO] [stderr]   |
[INFO] [stderr]   = note: `cargo::redundant_homepage` is set to `warn` by default
[INFO] [stderr] help: consider removing `package.homepage`
[INFO] [stderr] warning: `typst-svg` (manifest) generated 1 warning
[INFO] [stderr] warning: `package.homepage` is redundant with `package.repository`
[INFO] [stderr]  --> crates/typst-macros/Cargo.toml:8:12
[INFO] [stderr]   |
[INFO] [stderr] 8 | homepage = { workspace = true }
[INFO] [stderr]   |            ^^^^^^^^^^^^^^^^^^^^
[INFO] [stderr] 9 | repository = { workspace = true }
[INFO] [stderr]   |              --------------------
[INFO] [stderr]   |
[INFO] [stderr]   = note: `cargo::redundant_homepage` is set to `warn` by default
[INFO] [stderr] help: consider removing `package.homepage`
[INFO] [stderr] warning: `typst-macros` (manifest) generated 1 warning
[INFO] [stderr]    Compiling quote v1.0.45
[INFO] [stderr]    Compiling proc-macro2 v1.0.101
[INFO] [stderr]    Compiling unicode-ident v1.0.16
[INFO] [stderr]    Compiling serde_core v1.0.228
[INFO] [stderr]    Compiling libc v0.2.169
[INFO] [stderr]    Compiling serde v1.0.228
[INFO] [stderr]    Compiling autocfg v1.4.0
[INFO] [stderr]     Checking cfg-if v1.0.0
[INFO] [stderr]     Checking smallvec v1.15.1
[INFO] [stderr]    Compiling crossbeam-utils v0.8.21
[INFO] [stderr]    Compiling crossbeam-epoch v0.9.20
[INFO] [stderr]     Checking memchr v2.8.0
[INFO] [stderr]     Checking stable_deref_trait v1.2.0
[INFO] [stderr]    Compiling rayon-core v1.13.0
[INFO] [stderr]    Compiling libm v0.2.11
[INFO] [stderr]    Compiling thiserror v2.0.18
[INFO] [stderr]     Checking simd-adler32 v0.3.7
[INFO] [stderr]     Checking either v1.13.0
[INFO] [stderr]    Compiling crc32fast v1.5.0
[INFO] [stderr]     Checking log v0.4.29
[INFO] [stderr]     Checking adler2 v2.0.0
[INFO] [stderr]     Checking itoa v1.0.14
[INFO] [stderr]     Checking zlib-rs v0.5.1
[INFO] [stderr]     Checking siphasher v1.0.1
[INFO] [stderr]     Checking miniz_oxide v0.8.5
[INFO] [stderr]     Checking hashbrown v0.16.1
[INFO] [stderr]     Checking arrayvec v0.7.6
[INFO] [stderr]     Checking equivalent v1.0.1
[INFO] [stderr]     Checking ryu v1.0.19
[INFO] [stderr]     Checking once_cell v1.21.4
[INFO] [stderr]    Compiling version_check v0.9.5
[INFO] [stderr]     Checking writeable v0.6.3
[INFO] [stderr]    Compiling heck v0.5.0
[INFO] [stderr]     Checking polycool v0.4.0
[INFO] [stderr]     Checking rustc-hash v2.1.1
[INFO] [stderr]     Checking utf8_iter v1.0.4
[INFO] [stderr]     Checking fearless_simd v0.4.0
[INFO] [stderr]    Compiling serde_json v1.0.138
[INFO] [stderr]     Checking fdeflate v0.3.7
[INFO] [stderr]    Compiling portable-atomic v1.10.0
[INFO] [stderr]    Compiling semver v1.0.25
[INFO] [stderr]     Checking kurbo v0.13.1
[INFO] [stderr]     Checking zune-core v0.5.1
[INFO] [stderr]    Compiling parking_lot_core v0.9.10
[INFO] [stderr]    Compiling icu_normalizer_data v2.2.0
[INFO] [stderr]    Compiling icu_properties_data v2.2.0
[INFO] [stderr]     Checking zune-jpeg v0.5.15
[INFO] [stderr]     Checking crossbeam-deque v0.8.6
[INFO] [stderr]     Checking base64 v0.22.1
[INFO] [stderr]     Checking scopeguard v1.2.0
[INFO] [stderr]     Checking core_maths v0.1.1
[INFO] [stderr]    Compiling syn v2.0.98
[INFO] [stderr]     Checking write16 v1.0.0
[INFO] [stderr]    Compiling num-traits v0.2.19
[INFO] [stderr]    Compiling lock_api v0.4.12
[INFO] [stderr]     Checking tinyvec_macros v0.1.1
[INFO] [stderr]     Checking hayro-ccitt v0.3.0 (https://github.com/LaurenzV/hayro?rev=d8e24e29eda62581e1ea15497effb2a884fb1608#d8e24e29)
[INFO] [stderr]    Compiling typst-utils v0.15.1 (/opt/rustwide/workdir/crates/typst-utils)
[INFO] [stderr]     Checking libz-rs-sys v0.5.1
[INFO] [stderr]     Checking utf16_iter v1.0.5
[INFO] [stderr]     Checking flate2 v1.1.2
[INFO] [stderr]     Checking tinyvec v1.8.1
[INFO] [stderr]    Compiling jobserver v0.1.32
[INFO] [stderr]     Checking quick-error v2.0.1
[INFO] [stderr]     Checking byteorder-lite v0.1.0
[INFO] [stderr]     Checking color_quant v1.1.0
[INFO] [stderr]     Checking parking_lot v0.12.3
[INFO] [stderr]    Compiling proc-macro-hack v0.5.20+deprecated
[INFO] [stderr]    Compiling shlex v1.3.0
[INFO] [stderr]     Checking weezl v0.1.12
[INFO] [stderr]     Checking rayon v1.12.0
[INFO] [stderr]    Compiling slotmap v1.0.7
[INFO] [stderr]     Checking image-webp v0.2.4
[INFO] [stderr]    Compiling cc v1.2.11
[INFO] [stderr]     Checking ttf-parser v0.25.1
[INFO] [stderr]    Compiling phf_shared v0.13.1
[INFO] [stderr]     Checking winnow v0.7.1
[INFO] [stderr]    Compiling fastrand v2.3.0
[INFO] [stderr]     Checking arrayref v0.3.9
[INFO] [stderr]    Compiling icu_locale_data v2.2.0
[INFO] [stderr]     Checking unicode-script v0.5.7
[INFO] [stderr]     Checking gif v0.14.2
[INFO] [stderr]     Checking float-cmp v0.9.0
[INFO] [stderr]     Checking pxfm v0.1.24
[INFO] [stderr]    Compiling phf_generator v0.13.1
[INFO] [stderr]     Checking strict-num v0.1.1
[INFO] [stderr]     Checking aho-corasick v1.1.3
[INFO] [stderr]     Checking regex-syntax v0.8.5
[INFO] [stderr]    Compiling time-core v0.1.9
[INFO] [stderr]    Compiling num-conv v0.2.2
[INFO] [stderr]     Checking percent-encoding v2.3.2
[INFO] [stderr]     Checking roxmltree v0.20.0
[INFO] [stderr]     Checking form_urlencoded v1.2.1
[INFO] [stderr]    Compiling time-macros v0.2.32
[INFO] [stderr]     Checking bitflags v2.11.1
[INFO] [stderr]     Checking litemap v0.8.2
[INFO] [stderr]     Checking memmap2 v0.9.5
[INFO] [stderr]     Checking fontconfig-parser v0.5.7
[INFO] [stderr]     Checking png v0.18.1
[INFO] [stderr]     Checking byteorder v1.5.0
[INFO] [stderr]     Checking unicode-properties v0.1.3
[INFO] [stderr]    Compiling icu_collator_data v2.2.0
[INFO] [stderr]     Checking unicode-math-class v0.1.0
[INFO] [stderr]     Checking unicode-segmentation v1.12.0
[INFO] [stderr]     Checking unicode-bidi-mirroring v0.4.0
[INFO] [stderr]     Checking unscanny v0.1.0
[INFO] [stderr]     Checking unicode-ccc v0.4.0
[INFO] [stderr]     Checking unsafe-libyaml v0.2.11
[INFO] [stderr]     Checking powerfmt v0.2.0
[INFO] [stderr]     Checking same-file v1.0.6
[INFO] [stderr]     Checking imagesize v0.14.0
[INFO] [stderr]    Compiling paste v1.0.15
[INFO] [stderr]     Checking thin-vec v0.2.18
[INFO] [stderr]     Checking deranged v0.5.8
[INFO] [stderr]     Checking bit-vec v0.8.0
[INFO] [stderr]     Checking xmlwriter v0.1.0
[INFO] [stderr]     Checking bit-set v0.8.0
[INFO] [stderr]     Checking walkdir v2.5.0
[INFO] [stderr]     Checking num-integer v0.1.46
[INFO] [stderr]     Checking svgtypes v0.16.1
[INFO] [stderr]     Checking roxmltree v0.21.1
[INFO] [stderr]     Checking moxcms v0.8.1
[INFO] [stderr]     Checking simplecss v0.2.2
[INFO] [stderr]     Checking half v2.4.1
[INFO] [stderr]     Checking linked-hash-map v0.5.6
[INFO] [stderr]     Checking pico-args v0.5.0
[INFO] [stderr]    Compiling wasmparser v0.228.0
[INFO] [stderr]     Checking fontdb v0.23.0
[INFO] [stderr]     Checking data-url v0.3.1
[INFO] [stderr]     Checking unicode-bidi v0.3.18
[INFO] [stderr]     Checking indexmap v2.12.1
[INFO] [stderr]     Checking hayro-jbig2 v0.3.0 (https://github.com/LaurenzV/hayro?rev=d8e24e29eda62581e1ea15497effb2a884fb1608#d8e24e29)
[INFO] [stderr]     Checking hayro-jpeg2000 v0.4.0 (https://github.com/LaurenzV/hayro?rev=d8e24e29eda62581e1ea15497effb2a884fb1608#d8e24e29)
[INFO] [stderr]     Checking ciborium-io v0.2.2
[INFO] [stderr]     Checking slab v0.4.11
[INFO] [stderr]     Checking unicode-vo v0.1.0
[INFO] [stderr]     Checking regex-automata v0.4.9
[INFO] [stderr]     Checking rand_core v0.6.4
[INFO] [stderr]     Checking ciborium-ll v0.2.2
[INFO] [stderr]     Checking yaml-rust v0.4.5
[INFO] [stderr]     Checking num-bigint v0.4.6
[INFO] [stderr]     Checking serde_path_to_error v0.1.20
[INFO] [stderr]     Checking unicode-normalization v0.1.24
[INFO] [stderr]     Checking wasmi_core v1.0.9
[INFO] [stderr]     Checking fnv v1.0.7
[INFO] [stderr]     Checking bumpalo v3.20.2
[INFO] [stderr]    Compiling rust_decimal v1.36.0
[INFO] [stderr]    Compiling codex v0.3.0
[INFO] [stderr]    Compiling palette v0.7.6
[INFO] [stderr]    Compiling by_address v1.2.1
[INFO] [stderr]     Checking chinese-variant v1.1.5
[INFO] [stderr]     Checking roman-numerals-rs v3.1.0
[INFO] [stderr]    Compiling az v1.2.1
[INFO] [stderr]     Checking rand v0.8.6
[INFO] [stderr]     Checking approx v0.5.1
[INFO] [stderr]     Checking hayro-syntax v0.7.2 (https://github.com/LaurenzV/hayro?rev=d8e24e29eda62581e1ea15497effb2a884fb1608#d8e24e29)
[INFO] [stderr]     Checking wasmi_ir v1.0.9
[INFO] [stderr]     Checking csv-core v0.1.11
[INFO] [stderr]     Checking mutate_once v0.1.1
[INFO] [stderr]     Checking fast-srgb8 v1.0.0
[INFO] [stderr]     Checking spin v0.9.9
[INFO] [stderr]     Checking wasmi_collections v1.0.9
[INFO] [stderr]     Checking kamadak-exif v0.6.1
[INFO] [stderr]     Checking typst-assets v0.15.1 (https://github.com/typst/typst-assets?rev=94dcb99#94dcb990)
[INFO] [stderr]     Checking typed-arena v2.0.2
[INFO] [stderr]     Checking glidesort v0.1.2
[INFO] [stderr]    Compiling icu_segmenter_data v2.2.0
[INFO] [stderr]     Checking euclid v0.22.14
[INFO] [stderr]     Checking linebender_resource_handle v0.1.1
[INFO] [stderr]     Checking foldhash v0.2.0
[INFO] [stderr]     Checking hypher v0.1.5
[INFO] [stderr]     Checking hayro-postscript v0.1.0 (https://github.com/LaurenzV/hayro?rev=d8e24e29eda62581e1ea15497effb2a884fb1608#d8e24e29)
[INFO] [stderr]     Checking pic-scale v0.7.9
[INFO] [stderr]     Checking pdf-writer v0.15.0
[INFO] [stderr]     Checking hashbrown v0.17.1
[INFO] [stderr]     Checking xmp-writer v0.3.3
[INFO] [stderr]     Checking pixglyph v0.6.1
[INFO] [stderr]     Checking hayro-cmap v0.1.0 (https://github.com/LaurenzV/hayro?rev=d8e24e29eda62581e1ea15497effb2a884fb1608#d8e24e29)
[INFO] [stderr]     Checking infer v0.19.0
[INFO] [stderr]    Compiling rustix v0.38.44
[INFO] [stderr]     Checking linux-raw-sys v0.4.15
[INFO] [stderr]    Compiling vcpkg v0.2.15
[INFO] [stderr]    Compiling pkg-config v0.3.31
[INFO] [stderr]     Checking guillotiere v0.7.0
[INFO] [stderr]     Checking utf8parse v0.2.2
[INFO] [stderr]     Checking anstyle-parse v0.2.6
[INFO] [stderr]     Checking colorchoice v1.0.3
[INFO] [stderr]     Checking foreign-types-shared v0.1.1
[INFO] [stderr]    Compiling synstructure v0.13.1
[INFO] [stderr]    Compiling openssl v0.10.80
[INFO] [stderr]     Checking is_terminal_polyfill v1.70.1
[INFO] [stderr]     Checking anstyle v1.0.10
[INFO] [stderr]     Checking anstyle-query v1.1.2
[INFO] [stderr]    Compiling getrandom v0.2.15
[INFO] [stderr]     Checking foreign-types v0.3.2
[INFO] [stderr]     Checking filetime v0.2.28
[INFO] [stderr]     Checking anstream v0.6.18
[INFO] [stderr]     Checking strsim v0.11.1
[INFO] [stderr]    Compiling native-tls v0.2.13
[INFO] [stderr]     Checking clap_lex v0.7.4
[INFO] [stderr]     Checking hayro-write v0.7.0 (https://github.com/LaurenzV/hayro?rev=d8e24e29eda62581e1ea15497effb2a884fb1608#d8e24e29)
[INFO] [stderr]     Checking inotify-sys v0.1.5
[INFO] [stderr]     Checking openssl-probe v0.1.6
[INFO] [stderr]     Checking option-ext v0.2.0
[INFO] [stderr]     Checking fancy-regex v0.16.2
[INFO] [stderr]     Checking regex v1.11.1
[INFO] [stderr]     Checking time v0.3.55
[INFO] [stderr]     Checking dirs-sys v0.5.0
[INFO] [stderr]     Checking inotify v0.11.0
[INFO] [stderr]    Compiling terminal_size v0.4.1
[INFO] [stderr]     Checking mio v1.0.4
[INFO] [stderr]    Compiling minimal-lexical v0.2.1
[INFO] [stderr]     Checking iana-time-zone v0.1.61
[INFO] [stderr]     Checking arbitrary v1.4.1
[INFO] [stderr]     Checking termcolor v1.4.1
[INFO] [stderr]     Checking notify-types v2.0.0
[INFO] [stderr]     Checking unicode-width v0.1.14
[INFO] [stderr]     Checking ascii v1.1.0
[INFO] [stderr]     Checking chunked_transfer v1.5.0
[INFO] [stderr]     Checking httpdate v1.0.3
[INFO] [stderr]     Checking codespan-reporting v0.11.1
[INFO] [stderr]     Checking notify v8.0.0
[INFO] [stderr]     Checking tiny_http v0.12.0
[INFO] [stderr]    Compiling clap_builder v4.5.27
[INFO] [stderr]     Checking chrono v0.4.39
[INFO] [stderr]    Compiling nom v7.1.3
[INFO] [stderr]     Checking dirs v6.0.0
[INFO] [stderr]     Checking xattr v1.4.0
[INFO] [stderr]     Checking tar v0.4.46
[INFO] [stderr]    Compiling generic-array v0.14.7
[INFO] [stderr]     Checking is-docker v0.2.0
[INFO] [stderr]    Compiling phf_shared v0.11.3
[INFO] [stderr]     Checking is-wsl v0.4.0
[INFO] [stderr]     Checking typenum v1.20.1
[INFO] [stderr]     Checking pathdiff v0.2.3
[INFO] [stderr]     Checking typst-dev-assets v0.15.1 (https://github.com/typst/typst-dev-assets?rev=0e7c92e#0e7c92e9)
[INFO] [stderr]     Checking wasmi v1.0.9
[INFO] [stderr]    Compiling psm v0.1.24
[INFO] [stderr]    Compiling stacker v0.1.21
[INFO] [stderr]    Compiling openssl-sys v0.9.116
[INFO] [stderr]    Compiling libfuzzer-sys v0.4.9
[INFO] [stderr]     Checking open v5.3.2
[INFO] [stderr]    Compiling getrandom v0.3.1
[INFO] [stderr]    Compiling roff v1.1.1
[INFO] [stderr]    Compiling libdeflate-sys v1.25.2
[INFO] [stderr]    Compiling radium v0.7.0
[INFO] [stderr]     Checking crypto-common v0.1.7
[INFO] [stderr]     Checking block-buffer v0.10.4
[INFO] [stderr]     Checking tap v1.0.1
[INFO] [stderr]     Checking wyz v0.5.1
[INFO] [stderr]     Checking phf v0.11.3
[INFO] [stderr]     Checking digest v0.10.7
[INFO] [stderr]     Checking tempfile v3.16.0
[INFO] [stderr]     Checking sigpipe v0.1.3
[INFO] [stderr]     Checking cpufeatures v0.2.17
[INFO] [stderr]     Checking fs_extra v1.3.0
[INFO] [stderr]     Checking funty v2.0.0
[INFO] [stderr]     Checking shell-escape v0.1.5
[INFO] [stderr]     Checking sha2 v0.10.9
[INFO] [stderr]     Checking crossbeam-channel v0.5.15
[INFO] [stderr]     Checking similar v3.1.0
[INFO] [stderr]     Checking bitvec v1.0.1
[INFO] [stderr] error: could not compile `syn` (lib)
[INFO] [stderr] 
[INFO] [stderr] Caused by:
[INFO] [stderr]   process didn't exit successfully: `/opt/rustwide/rustup-home/toolchains/3154cc1a3e6424e44f438a95007d043ed5ceaaf6/bin/rustc --crate-name syn --edition=2021 /opt/rustwide/cargo-home/registry/src/index.crates.io-1949cf8c6b5b557f/syn-2.0.98/src/lib.rs --error-format=json --json=diagnostic-rendered-ansi,artifacts,future-incompat,unused-externs-silent --crate-type lib --emit=dep-info,metadata,link -Z embed-metadata=no -C opt-level=2 -C embed-bitcode=no -C debug-assertions=on --cfg 'feature="clone-impls"' --cfg 'feature="default"' --cfg 'feature="derive"' --cfg 'feature="extra-traits"' --cfg 'feature="fold"' --cfg 'feature="full"' --cfg 'feature="parsing"' --cfg 'feature="printing"' --cfg 'feature="proc-macro"' --cfg 'feature="visit"' --check-cfg 'cfg(docsrs,test)' --check-cfg 'cfg(feature, values("clone-impls", "default", "derive", "extra-traits", "fold", "full", "parsing", "printing", "proc-macro", "test", "visit", "visit-mut"))' -C metadata=85783b9545ab0dff -C extra-filename=-59d4038b437762fe --out-dir /opt/rustwide/target/debug/build/syn/59d4038b437762fe/out -L dependency=/opt/rustwide/target/debug/build/proc-macro2/1b7ebd41b6773b30/out -L dependency=/opt/rustwide/target/debug/build/unicode-ident/dfa76561395f4785/out --extern proc_macro2=/opt/rustwide/target/debug/build/proc-macro2/1b7ebd41b6773b30/out/libproc_macro2-1b7ebd41b6773b30.rmeta --extern quote=/opt/rustwide/target/debug/build/quote/33d828706584fe7a/out/libquote-33d828706584fe7a.rmeta --extern unicode_ident=/opt/rustwide/target/debug/build/unicode-ident/dfa76561395f4785/out/libunicode_ident-dfa76561395f4785.rmeta --cap-lints allow --cap-lints=forbid --force-warn=unused_crate_dependencies` (signal: 9, SIGKILL: kill)
[INFO] [stderr] warning: build failed, waiting for other jobs to finish...
[INFO] [stderr] error: could not compile `clap_builder` (lib)
[INFO] [stderr] 
[INFO] [stderr] Caused by:
[INFO] [stderr]   process didn't exit successfully: `/opt/rustwide/rustup-home/toolchains/3154cc1a3e6424e44f438a95007d043ed5ceaaf6/bin/rustc --crate-name clap_builder --edition=2021 /opt/rustwide/cargo-home/registry/src/index.crates.io-1949cf8c6b5b557f/clap_builder-4.5.27/src/lib.rs --error-format=json --json=diagnostic-rendered-ansi,artifacts,future-incompat,unused-externs-silent --crate-type lib --emit=dep-info,metadata,link -Z embed-metadata=no -C opt-level=2 -C embed-bitcode=no -C debug-assertions=on --cfg 'feature="color"' --cfg 'feature="env"' --cfg 'feature="error-context"' --cfg 'feature="help"' --cfg 'feature="std"' --cfg 'feature="string"' --cfg 'feature="suggestions"' --cfg 'feature="usage"' --cfg 'feature="wrap_help"' --check-cfg 'cfg(docsrs,test)' --check-cfg 'cfg(feature, values("cargo", "color", "debug", "default", "deprecated", "env", "error-context", "help", "std", "string", "suggestions", "unicode", "unstable-doc", "unstable-ext", "unstable-styles", "unstable-v5", "usage", "wrap_help"))' -C metadata=acbf11df7a051ca0 -C extra-filename=-8a3a0e9a7d624816 --out-dir /opt/rustwide/target/debug/build/clap_builder/8a3a0e9a7d624816/out -L dependency=/opt/rustwide/target/debug/build/anstyle-parse/d5a868cd8d447f39/out -L dependency=/opt/rustwide/target/debug/build/anstyle-query/7641b856c1e0c9ca/out -L dependency=/opt/rustwide/target/debug/build/anstyle/d9d6ddcb1878c821/out -L dependency=/opt/rustwide/target/debug/build/bitflags/d9ed2a0b4916ffa0/out -L dependency=/opt/rustwide/target/debug/build/colorchoice/89b2562b33312f39/out -L dependency=/opt/rustwide/target/debug/build/is_terminal_polyfill/816d82e644a9045e/out -L dependency=/opt/rustwide/target/debug/build/linux-raw-sys/61b71501ab432e68/out -L dependency=/opt/rustwide/target/debug/build/rustix/2fd522482631dcd0/out -L dependency=/opt/rustwide/target/debug/build/utf8parse/6a22f3a33b37fa2e/out --extern anstream=/opt/rustwide/target/debug/build/anstream/7795de02f665dd82/out/libanstream-7795de02f665dd82.rmeta --extern anstyle=/opt/rustwide/target/debug/build/anstyle/d9d6ddcb1878c821/out/libanstyle-d9d6ddcb1878c821.rmeta --extern clap_lex=/opt/rustwide/target/debug/build/clap_lex/f80d793bbfaff26a/out/libclap_lex-f80d793bbfaff26a.rmeta --extern strsim=/opt/rustwide/target/debug/build/strsim/717420cbd34841fa/out/libstrsim-717420cbd34841fa.rmeta --extern terminal_size=/opt/rustwide/target/debug/build/terminal_size/00a3e5049ce727e8/out/libterminal_size-00a3e5049ce727e8.rmeta --cap-lints allow --cap-lints=forbid --force-warn=unused_crate_dependencies` (signal: 9, SIGKILL: kill)
[INFO] [stderr] error: could not compile `wasmi` (lib)
[INFO] [stderr] 
[INFO] [stderr] Caused by:
[INFO] [stderr]   process didn't exit successfully: `/opt/rustwide/rustup-home/toolchains/3154cc1a3e6424e44f438a95007d043ed5ceaaf6/bin/rustc --crate-name wasmi --edition=2021 /opt/rustwide/cargo-home/registry/src/index.crates.io-1949cf8c6b5b557f/wasmi-1.0.9/src/lib.rs --error-format=json --json=diagnostic-rendered-ansi,artifacts,future-incompat,unused-externs-silent --crate-type lib --emit=dep-info,metadata -C opt-level=2 -C embed-bitcode=no -C debuginfo=2 -C debug-assertions=on --cfg 'feature="simd"' --check-cfg 'cfg(docsrs,test)' --check-cfg 'cfg(feature, values("default", "extra-checks", "hash-collections", "prefer-btree-collections", "simd", "std", "wat"))' -C metadata=22f7b2dd98edee69 -C extra-filename=-bf31b30c3e58fe24 --out-dir /opt/rustwide/target/debug/build/wasmi/bf31b30c3e58fe24/out -L dependency=/opt/rustwide/target/debug/build/bitflags/ef58bb71d31fd022/out -L dependency=/opt/rustwide/target/debug/build/libm/47d66f8176aeef0b/out -L dependency=/opt/rustwide/target/debug/build/serde_core/d78f13a1bd5b2a50/out -L dependency=/opt/rustwide/target/debug/build/wasmi_core/384ba4a03e766d20/out --extern spin=/opt/rustwide/target/debug/build/spin/ef190ea8aeddf1d6/out/libspin-ef190ea8aeddf1d6.rmeta --extern wasmi_collections=/opt/rustwide/target/debug/build/wasmi_collections/4d7324a85a4b9497/out/libwasmi_collections-4d7324a85a4b9497.rmeta --extern wasmi_core=/opt/rustwide/target/debug/build/wasmi_core/384ba4a03e766d20/out/libwasmi_core-384ba4a03e766d20.rmeta --extern wasmi_ir=/opt/rustwide/target/debug/build/wasmi_ir/e301d14134717346/out/libwasmi_ir-e301d14134717346.rmeta --extern wasmparser=/opt/rustwide/target/debug/build/wasmparser/a7053247886c719d/out/libwasmparser-a7053247886c719d.rmeta --cap-lints allow --cap-lints=forbid --force-warn=unused_crate_dependencies` (signal: 9, SIGKILL: kill)
[INFO] [stderr] error: could not compile `syn` (lib)
[INFO] [stderr] 
[INFO] [stderr] Caused by:
[INFO] [stderr]   process didn't exit successfully: `/opt/rustwide/rustup-home/toolchains/3154cc1a3e6424e44f438a95007d043ed5ceaaf6/bin/rustc --crate-name syn --edition=2021 /opt/rustwide/cargo-home/registry/src/index.crates.io-1949cf8c6b5b557f/syn-2.0.98/src/lib.rs --error-format=json --json=diagnostic-rendered-ansi,artifacts,future-incompat,unused-externs-silent --crate-type lib --emit=dep-info,metadata -C opt-level=2 -C embed-bitcode=no -C debug-assertions=on --cfg 'feature="clone-impls"' --cfg 'feature="default"' --cfg 'feature="derive"' --cfg 'feature="extra-traits"' --cfg 'feature="fold"' --cfg 'feature="full"' --cfg 'feature="parsing"' --cfg 'feature="printing"' --cfg 'feature="proc-macro"' --cfg 'feature="visit"' --check-cfg 'cfg(docsrs,test)' --check-cfg 'cfg(feature, values("clone-impls", "default", "derive", "extra-traits", "fold", "full", "parsing", "printing", "proc-macro", "test", "visit", "visit-mut"))' -C metadata=5e03745638b2f97a -C extra-filename=-66582b7a3b97abdb --out-dir /opt/rustwide/target/debug/build/syn/66582b7a3b97abdb/out -L dependency=/opt/rustwide/target/debug/build/proc-macro2/7c2bb641f888e92c/out -L dependency=/opt/rustwide/target/debug/build/unicode-ident/059dd1b7251825ff/out --extern proc_macro2=/opt/rustwide/target/debug/build/proc-macro2/7c2bb641f888e92c/out/libproc_macro2-7c2bb641f888e92c.rmeta --extern quote=/opt/rustwide/target/debug/build/quote/2b81c622506fd7ee/out/libquote-2b81c622506fd7ee.rmeta --extern unicode_ident=/opt/rustwide/target/debug/build/unicode-ident/059dd1b7251825ff/out/libunicode_ident-059dd1b7251825ff.rmeta --cap-lints allow --cap-lints=forbid --force-warn=unused_crate_dependencies` (signal: 9, SIGKILL: kill)
[INFO] [stderr] error: could not compile `syn` (lib)
[INFO] [stderr] 
[INFO] [stderr] Caused by:
[INFO] [stderr]   process didn't exit successfully: `/opt/rustwide/rustup-home/toolchains/3154cc1a3e6424e44f438a95007d043ed5ceaaf6/bin/rustc --crate-name syn --edition=2021 /opt/rustwide/cargo-home/registry/src/index.crates.io-1949cf8c6b5b557f/syn-2.0.98/src/lib.rs --error-format=json --json=diagnostic-rendered-ansi,artifacts,future-incompat,unused-externs-silent --crate-type lib --emit=dep-info,metadata -C opt-level=2 -C embed-bitcode=no -C debuginfo=2 -C debug-assertions=on --cfg 'feature="clone-impls"' --cfg 'feature="default"' --cfg 'feature="derive"' --cfg 'feature="extra-traits"' --cfg 'feature="full"' --cfg 'feature="parsing"' --cfg 'feature="printing"' --cfg 'feature="proc-macro"' --check-cfg 'cfg(docsrs,test)' --check-cfg 'cfg(feature, values("clone-impls", "default", "derive", "extra-traits", "fold", "full", "parsing", "printing", "proc-macro", "test", "visit", "visit-mut"))' -C metadata=f00e20c42a4def2d -C extra-filename=-99980b7775dfc303 --out-dir /opt/rustwide/target/debug/build/syn/99980b7775dfc303/out -L dependency=/opt/rustwide/target/debug/build/proc-macro2/989d56ffd388ab50/out -L dependency=/opt/rustwide/target/debug/build/unicode-ident/059dd1b7251825ff/out --extern proc_macro2=/opt/rustwide/target/debug/build/proc-macro2/989d56ffd388ab50/out/libproc_macro2-989d56ffd388ab50.rmeta --extern quote=/opt/rustwide/target/debug/build/quote/01f1737cccdcd73e/out/libquote-01f1737cccdcd73e.rmeta --extern unicode_ident=/opt/rustwide/target/debug/build/unicode-ident/059dd1b7251825ff/out/libunicode_ident-059dd1b7251825ff.rmeta --cap-lints allow --cap-lints=forbid --force-warn=unused_crate_dependencies` (signal: 9, SIGKILL: kill)
[INFO] [stderr] warning: libfuzzer-sys@0.4.9: c++: fatal error: Killed signal terminated program cc1plus
[INFO] [stderr] warning: libfuzzer-sys@0.4.9: compilation terminated.
[INFO] [stderr] warning: libfuzzer-sys@0.4.9: ToolExecError: Command LC_ALL="C" "c++" "-O2" "-ffunction-sections" "-fdata-sections" "-fPIC" "-gdwarf-4" "-fno-omit-frame-pointer" "-m64" "-std=c++17" "-o" "/opt/rustwide/target/debug/build/libfuzzer-sys/5304842eaa39f29d/out/e5f0d71fb86e9d6b-FuzzerMerge.o" "-c" "libfuzzer/FuzzerMerge.cpp" with args c++ did not execute successfully (status code exit status: 1).cargo:warning=c++: fatal error: Killed signal terminated program cc1plus
[INFO] [stderr] warning: libfuzzer-sys@0.4.9: compilation terminated.
[INFO] [stderr] warning: libfuzzer-sys@0.4.9: ToolExecError: Command LC_ALL="C" "c++" "-O2" "-ffunction-sections" "-fdata-sections" "-fPIC" "-gdwarf-4" "-fno-omit-frame-pointer" "-m64" "-std=c++17" "-o" "/opt/rustwide/target/debug/build/libfuzzer-sys/5304842eaa39f29d/out/e5f0d71fb86e9d6b-FuzzerLoop.o" "-c" "libfuzzer/FuzzerLoop.cpp" with args c++ did not execute successfully (status code exit status: 1).cargo:warning=c++: fatal error: Killed signal terminated program cc1plus
[INFO] [stderr] warning: libfuzzer-sys@0.4.9: compilation terminated.
[INFO] [stderr] warning: libfuzzer-sys@0.4.9: ToolExecError: Command LC_ALL="C" "c++" "-O2" "-ffunction-sections" "-fdata-sections" "-fPIC" "-gdwarf-4" "-fno-omit-frame-pointer" "-m64" "-std=c++17" "-o" "/opt/rustwide/target/debug/build/libfuzzer-sys/5304842eaa39f29d/out/e5f0d71fb86e9d6b-FuzzerTracePC.o" "-c" "libfuzzer/FuzzerTracePC.cpp" with args c++ did not execute successfully (status code exit status: 1).cargo:warning=libfuzzer/FuzzerIOPosix.cpp: In function 'void fuzzer::RawPrint(const char*)':
[INFO] [stderr] warning: libfuzzer-sys@0.4.9: libfuzzer/FuzzerIOPosix.cpp:161:14: warning: ignoring return value of 'ssize_t write(int, const void*, size_t)' declared with attribute 'warn_unused_result' [-Wunused-result]
[INFO] [stderr] warning: libfuzzer-sys@0.4.9:   161 |   (void)write(2, Str, strlen(Str));
[INFO] [stderr] warning: libfuzzer-sys@0.4.9:       |         ~~~~~^~~~~~~~~~~~~~~~~~~~~
[INFO] [stderr] warning: libfuzzer-sys@0.4.9: c++: fatal error: Killed signal terminated program cc1plus
[INFO] [stderr] warning: libfuzzer-sys@0.4.9: compilation terminated.
[INFO] [stderr] warning: libfuzzer-sys@0.4.9: ToolExecError: Command LC_ALL="C" "c++" "-O2" "-ffunction-sections" "-fdata-sections" "-fPIC" "-gdwarf-4" "-fno-omit-frame-pointer" "-m64" "-std=c++17" "-o" "/opt/rustwide/target/debug/build/libfuzzer-sys/5304842eaa39f29d/out/e5f0d71fb86e9d6b-FuzzerFork.o" "-c" "libfuzzer/FuzzerFork.cpp" with args c++ did not execute successfully (status code exit status: 1).cargo:warning=c++: fatal error: Killed signal terminated program cc1plus
[INFO] [stderr] warning: libfuzzer-sys@0.4.9: compilation terminated.
[INFO] [stderr] warning: libfuzzer-sys@0.4.9: ToolExecError: Command LC_ALL="C" "c++" "-O2" "-ffunction-sections" "-fdata-sections" "-fPIC" "-gdwarf-4" "-fno-omit-frame-pointer" "-m64" "-std=c++17" "-o" "/opt/rustwide/target/debug/build/libfuzzer-sys/5304842eaa39f29d/out/e5f0d71fb86e9d6b-FuzzerDriver.o" "-c" "libfuzzer/FuzzerDriver.cpp" with args c++ did not execute successfully (status code exit status: 1).cargo:warning=c++: fatal error: Killed signal terminated program cc1plus
[INFO] [stderr] warning: libfuzzer-sys@0.4.9: compilation terminated.
[INFO] [stderr] warning: libfuzzer-sys@0.4.9: ToolExecError: Command LC_ALL="C" "c++" "-O2" "-ffunction-sections" "-fdata-sections" "-fPIC" "-gdwarf-4" "-fno-omit-frame-pointer" "-m64" "-std=c++17" "-o" "/opt/rustwide/target/debug/build/libfuzzer-sys/5304842eaa39f29d/out/e5f0d71fb86e9d6b-FuzzerDataFlowTrace.o" "-c" "libfuzzer/FuzzerDataFlowTrace.cpp" with args c++ did not execute successfully (status code exit status: 1).
[INFO] [stderr] error: failed to run custom build command for `libfuzzer-sys v0.4.9`
[INFO] [stderr] note: To improve backtraces for build dependencies, set the CARGO_PROFILE_DEV_BUILD_OVERRIDE_DEBUG=true environment variable to enable debug information generation.
[INFO] [stderr] 
[INFO] [stderr] Caused by:
[INFO] [stderr]   process didn't exit successfully: `/opt/rustwide/target/debug/build/libfuzzer-sys/159202ff0f56ab43/out/build_script_build` (exit status: 1)
[INFO] [stderr]   --- stdout
[INFO] [stderr]   cargo:rerun-if-env-changed=CUSTOM_LIBFUZZER_PATH
[INFO] [stderr]   cargo:rerun-if-changed=libfuzzer/FuzzerMerge.cpp
[INFO] [stderr]   cargo:rerun-if-changed=libfuzzer/FuzzerIOWindows.cpp
[INFO] [stderr]   cargo:rerun-if-changed=libfuzzer/FuzzerUtilDarwin.cpp
[INFO] [stderr]   cargo:rerun-if-changed=libfuzzer/FuzzerExtFunctionsDlsym.cpp
[INFO] [stderr]   cargo:rerun-if-changed=libfuzzer/FuzzerLoop.cpp
[INFO] [stderr]   cargo:rerun-if-changed=libfuzzer/FuzzerExtraCountersWindows.cpp
[INFO] [stderr]   cargo:rerun-if-changed=libfuzzer/FuzzerMain.cpp
[INFO] [stderr]   cargo:rerun-if-changed=libfuzzer/FuzzerDriver.cpp
[INFO] [stderr]   cargo:rerun-if-changed=libfuzzer/FuzzerDataFlowTrace.cpp
[INFO] [stderr]   cargo:rerun-if-changed=libfuzzer/FuzzerExtraCountersDarwin.cpp
[INFO] [stderr]   cargo:rerun-if-changed=libfuzzer/FuzzerTracePC.cpp
[INFO] [stderr]   cargo:rerun-if-changed=libfuzzer/FuzzerInterceptors.cpp
[INFO] [stderr]   cargo:rerun-if-changed=libfuzzer/FuzzerUtilLinux.cpp
[INFO] [stderr]   cargo:rerun-if-changed=libfuzzer/FuzzerUtilFuchsia.cpp
[INFO] [stderr]   cargo:rerun-if-changed=libfuzzer/FuzzerFork.cpp
[INFO] [stderr]   cargo:rerun-if-changed=libfuzzer/FuzzerExtraCounters.cpp
[INFO] [stderr]   cargo:rerun-if-changed=libfuzzer/FuzzerMutate.cpp
[INFO] [stderr]   cargo:rerun-if-changed=libfuzzer/FuzzerUtilWindows.cpp
[INFO] [stderr]   cargo:rerun-if-changed=libfuzzer/FuzzerExtFunctionsWeak.cpp
[INFO] [stderr]   cargo:rerun-if-changed=libfuzzer/FuzzerCrossOver.cpp
[INFO] [stderr]   cargo:rerun-if-changed=libfuzzer/FuzzerIO.cpp
[INFO] [stderr]   cargo:rerun-if-changed=libfuzzer/FuzzerUtilPosix.cpp
[INFO] [stderr]   cargo:rerun-if-changed=libfuzzer/FuzzerExtFunctionsWindows.cpp
[INFO] [stderr]   cargo:rerun-if-changed=libfuzzer/FuzzerSHA1.cpp
[INFO] [stderr]   cargo:rerun-if-changed=libfuzzer/FuzzerIOPosix.cpp
[INFO] [stderr]   cargo:rerun-if-changed=libfuzzer/FuzzerUtil.cpp
[INFO] [stderr]   OUT_DIR = Some(/opt/rustwide/target/debug/build/libfuzzer-sys/5304842eaa39f29d/out)
[INFO] [stderr]   OPT_LEVEL = Some(2)
[INFO] [stderr]   TARGET = Some(x86_64-unknown-linux-gnu)
[INFO] [stderr]   HOST = Some(x86_64-unknown-linux-gnu)
[INFO] [stderr]   cargo:rerun-if-env-changed=CXX_x86_64-unknown-linux-gnu
[INFO] [stderr]   CXX_x86_64-unknown-linux-gnu = None
[INFO] [stderr]   cargo:rerun-if-env-changed=CXX_x86_64_unknown_linux_gnu
[INFO] [stderr]   CXX_x86_64_unknown_linux_gnu = None
[INFO] [stderr]   cargo:rerun-if-env-changed=HOST_CXX
[INFO] [stderr]   HOST_CXX = None
[INFO] [stderr]   cargo:rerun-if-env-changed=CXX
[INFO] [stderr]   CXX = None
[INFO] [stderr]   cargo:rerun-if-env-changed=CC_ENABLE_DEBUG_OUTPUT
[INFO] [stderr]   RUSTC_WRAPPER = None
[INFO] [stderr]   cargo:rerun-if-env-changed=CRATE_CC_NO_DEFAULTS
[INFO] [stderr]   CRATE_CC_NO_DEFAULTS = None
[INFO] [stderr]   DEBUG = Some(true)
[INFO] [stderr]   CARGO_CFG_TARGET_FEATURE = Some(fxsr,sse,sse2,x87)
[INFO] [stderr]   cargo:rerun-if-env-changed=CXXFLAGS_x86_64-unknown-linux-gnu
[INFO] [stderr]   CXXFLAGS_x86_64-unknown-linux-gnu = None
[INFO] [stderr]   cargo:rerun-if-env-changed=CXXFLAGS_x86_64_unknown_linux_gnu
[INFO] [stderr]   CXXFLAGS_x86_64_unknown_linux_gnu = None
[INFO] [stderr]   cargo:rerun-if-env-changed=HOST_CXXFLAGS
[INFO] [stderr]   HOST_CXXFLAGS = None
[INFO] [stderr]   cargo:rerun-if-env-changed=CXXFLAGS
[INFO] [stderr]   CXXFLAGS = None
[INFO] [stderr]   CARGO_ENCODED_RUSTFLAGS = Some(--cap-lints=forbid)
[INFO] [stderr]   cargo:warning=c++: fatal error: Killed signal terminated program cc1plus
[INFO] [stderr]   cargo:warning=compilation terminated.
[INFO] [stderr]   exit status: 0
[INFO] [stderr]   exit status: 0
[INFO] [stderr]   exit status: 0
[INFO] [stderr]   exit status: 0
[INFO] [stderr]   exit status: 0
[INFO] [stderr]   exit status: 0
[INFO] [stderr]   exit status: 0
[INFO] [stderr]   exit status: 1
[INFO] [stderr]   cargo:warning=ToolExecError: Command LC_ALL="C" "c++" "-O2" "-ffunction-sections" "-fdata-sections" "-fPIC" "-gdwarf-4" "-fno-omit-frame-pointer" "-m64" "-std=c++17" "-o" "/opt/rustwide/target/debug/build/libfuzzer-sys/5304842eaa39f29d/out/e5f0d71fb86e9d6b-FuzzerMerge.o" "-c" "libfuzzer/FuzzerMerge.cpp" with args c++ did not execute successfully (status code exit status: 1).cargo:warning=c++: fatal error: Killed signal terminated program cc1plus
[INFO] [stderr]   cargo:warning=compilation terminated.
[INFO] [stderr] 
[INFO] [stderr]   exit status: 0
[INFO] [stderr]   exit status: 0
[INFO] [stderr]   exit status: 0
[INFO] [stderr]   exit status: 0
[INFO] [stderr]   exit status: 0
[INFO] [stderr]   exit status: 0
[INFO] [stderr]   exit status: 1
[INFO] [stderr]   cargo:warning=ToolExecError: Command LC_ALL="C" "c++" "-O2" "-ffunction-sections" "-fdata-sections" "-fPIC" "-gdwarf-4" "-fno-omit-frame-pointer" "-m64" "-std=c++17" "-o" "/opt/rustwide/target/debug/build/libfuzzer-sys/5304842eaa39f29d/out/e5f0d71fb86e9d6b-FuzzerLoop.o" "-c" "libfuzzer/FuzzerLoop.cpp" with args c++ did not execute successfully (status code exit status: 1).cargo:warning=c++: fatal error: Killed signal terminated program cc1plus
[INFO] [stderr]   cargo:warning=compilation terminated.
[INFO] [stderr] 
[INFO] [stderr]   exit status: 0
[INFO] [stderr]   exit status: 1
[INFO] [stderr]   cargo:warning=ToolExecError: Command LC_ALL="C" "c++" "-O2" "-ffunction-sections" "-fdata-sections" "-fPIC" "-gdwarf-4" "-fno-omit-frame-pointer" "-m64" "-std=c++17" "-o" "/opt/rustwide/target/debug/build/libfuzzer-sys/5304842eaa39f29d/out/e5f0d71fb86e9d6b-FuzzerTracePC.o" "-c" "libfuzzer/FuzzerTracePC.cpp" with args c++ did not execute successfully (status code exit status: 1).cargo:warning=libfuzzer/FuzzerIOPosix.cpp: In function 'void fuzzer::RawPrint(const char*)':
[INFO] [stderr]   cargo:warning=libfuzzer/FuzzerIOPosix.cpp:161:14: warning: ignoring return value of 'ssize_t write(int, const void*, size_t)' declared with attribute 'warn_unused_result' [-Wunused-result]
[INFO] [stderr]   cargo:warning=  161 |   (void)write(2, Str, strlen(Str));
[INFO] [stderr]   cargo:warning=      |         ~~~~~^~~~~~~~~~~~~~~~~~~~~
[INFO] [stderr]   cargo:warning=c++: fatal error: Killed signal terminated program cc1plus
[INFO] [stderr]   cargo:warning=compilation terminated.
[INFO] [stderr] 
[INFO] [stderr]   exit status: 1
[INFO] [stderr]   cargo:warning=ToolExecError: Command LC_ALL="C" "c++" "-O2" "-ffunction-sections" "-fdata-sections" "-fPIC" "-gdwarf-4" "-fno-omit-frame-pointer" "-m64" "-std=c++17" "-o" "/opt/rustwide/target/debug/build/libfuzzer-sys/5304842eaa39f29d/out/e5f0d71fb86e9d6b-FuzzerFork.o" "-c" "libfuzzer/FuzzerFork.cpp" with args c++ did not execute successfully (status code exit status: 1).cargo:warning=c++: fatal error: Killed signal terminated program cc1plus
[INFO] [stderr]   cargo:warning=compilation terminated.
[INFO] [stderr] 
[INFO] [stderr]   exit status: 1
[INFO] [stderr]   cargo:warning=ToolExecError: Command LC_ALL="C" "c++" "-O2" "-ffunction-sections" "-fdata-sections" "-fPIC" "-gdwarf-4" "-fno-omit-frame-pointer" "-m64" "-std=c++17" "-o" "/opt/rustwide/target/debug/build/libfuzzer-sys/5304842eaa39f29d/out/e5f0d71fb86e9d6b-FuzzerDriver.o" "-c" "libfuzzer/FuzzerDriver.cpp" with args c++ did not execute successfully (status code exit status: 1).cargo:warning=c++: fatal error: Killed signal terminated program cc1plus
[INFO] [stderr]   cargo:warning=compilation terminated.
[INFO] [stderr] 
[INFO] [stderr]   exit status: 1
[INFO] [stderr]   cargo:warning=ToolExecError: Command LC_ALL="C" "c++" "-O2" "-ffunction-sections" "-fdata-sections" "-fPIC" "-gdwarf-4" "-fno-omit-frame-pointer" "-m64" "-std=c++17" "-o" "/opt/rustwide/target/debug/build/libfuzzer-sys/5304842eaa39f29d/out/e5f0d71fb86e9d6b-FuzzerDataFlowTrace.o" "-c" "libfuzzer/FuzzerDataFlowTrace.cpp" with args c++ did not execute successfully (status code exit status: 1).
[INFO] [stderr]   exit status: 0
[INFO] [stderr]   exit status: 0
[INFO] [stderr]   exit status: 0
[INFO] [stderr]   exit status: 0
[INFO] [stderr]   exit status: 0
[INFO] [stderr]   exit status: 0
[INFO] [stderr] 
[INFO] [stderr]   --- stderr
[INFO] [stderr] 
[INFO] [stderr] 
[INFO] [stderr]   error occurred in cc-rs: Command LC_ALL="C" "c++" "-O2" "-ffunction-sections" "-fdata-sections" "-fPIC" "-gdwarf-4" "-fno-omit-frame-pointer" "-m64" "-std=c++17" "-o" "/opt/rustwide/target/debug/build/libfuzzer-sys/5304842eaa39f29d/out/e5f0d71fb86e9d6b-FuzzerDataFlowTrace.o" "-c" "libfuzzer/FuzzerDataFlowTrace.cpp" with args c++ did not execute successfully (status code exit status: 1).
[INFO] [stderr] 
[INFO] [stderr] 
[INFO] running `Command { std: "docker" "inspect" "091ebcf009f467b322f23cc10863cb2d39ff5cf037460e9c9851536af4778a9b", kill_on_drop: false }`
[INFO] running `Command { std: "docker" "rm" "-f" "091ebcf009f467b322f23cc10863cb2d39ff5cf037460e9c9851536af4778a9b", kill_on_drop: false }`
[INFO] [stdout] 091ebcf009f467b322f23cc10863cb2d39ff5cf037460e9c9851536af4778a9b
